[INFO] fetching crate pbni-rs 0.1.14...
[INFO] testing pbni-rs-0.1.14 against 1.75.0 for beta-1.76-1
[INFO] extracting crate pbni-rs 0.1.14 into /workspace/builds/worker-3-tc1/source
[INFO] validating manifest of crates.io crate pbni-rs 0.1.14 on toolchain 1.75.0
[INFO] running `Command { std: CARGO_HOME="/workspace/cargo-home" RUSTUP_HOME="/workspace/rustup-home" "/workspace/cargo-home/bin/cargo" "+1.75.0" "metadata" "--manifest-path" "Cargo.toml" "--no-deps", kill_on_drop: false }`
[INFO] started tweaking crates.io crate pbni-rs 0.1.14
[INFO] removed 0 missing examples
[INFO] finished tweaking crates.io crate pbni-rs 0.1.14
[INFO] tweaked toml for crates.io crate pbni-rs 0.1.14 written to /workspace/builds/worker-3-tc1/source/Cargo.toml
[INFO] crate crates.io crate pbni-rs 0.1.14 already has a lockfile, it will not be regenerated
[INFO] running `Command { std: CARGO_HOME="/workspace/cargo-home" RUSTUP_HOME="/workspace/rustup-home" "/workspace/cargo-home/bin/cargo" "+1.75.0" "fetch" "--manifest-path" "Cargo.toml", kill_on_drop: false }`
[INFO] [stderr]     Updating crates.io index
[INFO] [stderr]  Downloading crates ...
[INFO] [stderr]   Downloaded const-utf16 v0.2.1
[INFO] [stderr]   Downloaded pbni-codegen v0.1.0
[INFO] [stderr]   Downloaded static_init v1.0.1
[INFO] [stderr]   Downloaded rust_decimal v1.14.1
[INFO] [stderr]   Downloaded static_init_macro v1.0.1
[INFO] running `Command { std: "docker" "create" "-v" "/var/lib/crater-agent-workspace/builds/worker-3-tc1/target:/opt/rustwide/target:rw,Z" "-v" "/var/lib/crater-agent-workspace/builds/worker-3-tc1/source:/opt/rustwide/workdir:ro,Z" "-v" "/var/lib/crater-agent-workspace/cargo-home:/opt/rustwide/cargo-home:ro,Z" "-v" "/var/lib/crater-agent-workspace/rustup-home:/opt/rustwide/rustup-home:ro,Z" "-e" "SOURCE_DIR=/opt/rustwide/workdir" "-e" "CARGO_TARGET_DIR=/opt/rustwide/target" "-e" "CARGO_HOME=/opt/rustwide/cargo-home" "-e" "RUSTUP_HOME=/opt/rustwide/rustup-home" "-w" "/opt/rustwide/workdir" "-m" "1610612736" "--user" "0:0" "--network" "none" "ghcr.io/rust-lang/crates-build-env/linux@sha256:2788e3201cd34a07e3172128adcd8b3090168a8e3bcc40d7c032b9dda1df7d1c" "/opt/rustwide/cargo-home/bin/cargo" "+1.75.0" "metadata" "--no-deps" "--format-version=1", kill_on_drop: false }`
[INFO] [stdout] f11ae9984305a88c5d65a85471f90ee600fa45f4f68f886c0bd3e746dfa4b6e1
[INFO] running `Command { std: "docker" "start" "-a" "f11ae9984305a88c5d65a85471f90ee600fa45f4f68f886c0bd3e746dfa4b6e1", kill_on_drop: false }`
[INFO] running `Command { std: "docker" "inspect" "f11ae9984305a88c5d65a85471f90ee600fa45f4f68f886c0bd3e746dfa4b6e1", kill_on_drop: false }`
[INFO] running `Command { std: "docker" "rm" "-f" "f11ae9984305a88c5d65a85471f90ee600fa45f4f68f886c0bd3e746dfa4b6e1", kill_on_drop: false }`
[INFO] [stdout] f11ae9984305a88c5d65a85471f90ee600fa45f4f68f886c0bd3e746dfa4b6e1
[INFO] running `Command { std: "docker" "create" "-v" "/var/lib/crater-agent-workspace/builds/worker-3-tc1/target:/opt/rustwide/target:rw,Z" "-v" "/var/lib/crater-agent-workspace/builds/worker-3-tc1/source:/opt/rustwide/workdir:ro,Z" "-v" "/var/lib/crater-agent-workspace/cargo-home:/opt/rustwide/cargo-home:ro,Z" "-v" "/var/lib/crater-agent-workspace/rustup-home:/opt/rustwide/rustup-home:ro,Z" "-e" "SOURCE_DIR=/opt/rustwide/workdir" "-e" "CARGO_TARGET_DIR=/opt/rustwide/target" "-e" "CARGO_INCREMENTAL=0" "-e" "RUST_BACKTRACE=full" "-e" "RUSTFLAGS=--cap-lints=warn" "-e" "RUSTDOCFLAGS=--cap-lints=warn" "-e" "CARGO_HOME=/opt/rustwide/cargo-home" "-e" "RUSTUP_HOME=/opt/rustwide/rustup-home" "-w" "/opt/rustwide/workdir" "-m" "1610612736" "--user" "0:0" "--network" "none" "ghcr.io/rust-lang/crates-build-env/linux@sha256:2788e3201cd34a07e3172128adcd8b3090168a8e3bcc40d7c032b9dda1df7d1c" "/opt/rustwide/cargo-home/bin/cargo" "+1.75.0" "build" "--frozen" "--message-format=json", kill_on_drop: false }`
[INFO] [stdout] 06d3e4a997d53407b54603dec992df1b2a5d8fedecc4d57f859bff40e62795f0
[INFO] running `Command { std: "docker" "start" "-a" "06d3e4a997d53407b54603dec992df1b2a5d8fedecc4d57f859bff40e62795f0", kill_on_drop: false }`
[INFO] [stderr]    Compiling proc-macro2 v1.0.27
[INFO] [stderr]    Compiling unicode-xid v0.2.2
[INFO] [stderr]    Compiling cfg_aliases v0.1.1
[INFO] [stderr]    Compiling num-traits v0.2.14
[INFO] [stderr]    Compiling libc v0.2.95
[INFO] [stderr]    Compiling syn v1.0.72
[INFO] [stderr]    Compiling memchr v2.4.0
[INFO] [stderr]    Compiling num-integer v0.1.44
[INFO] [stderr]    Compiling serde v1.0.126
[INFO] [stderr]    Compiling cc v1.0.68
[INFO] [stderr]    Compiling winapi v0.3.9
[INFO] [stderr]    Compiling arrayvec v0.5.2
[INFO] [stderr]    Compiling const-utf16 v0.2.1
[INFO] [stderr]    Compiling widestring v0.4.3
[INFO] [stderr]    Compiling static_init_macro v1.0.1
[INFO] [stderr]    Compiling static_init v1.0.1
[INFO] [stderr]    Compiling pbni-rs v0.1.14 (/opt/rustwide/workdir)
[INFO] [stderr]    Compiling quote v1.0.9
[INFO] [stderr] The following warnings were emitted during compilation:
[INFO] [stderr] 
[INFO] [stderr] warning: pbni-rs@0.1.14: In file included from cpp/bindings.cpp:1:
[INFO] [stderr] warning: pbni-rs@0.1.14: cpp/PBEXT.H:23:10: fatal error: pbni.h: No such file or directory
[INFO] [stderr] warning: pbni-rs@0.1.14:    23 | #include "pbni.h"
[INFO] [stderr] warning: pbni-rs@0.1.14:       |          ^~~~~~~~
[INFO] [stderr] warning: pbni-rs@0.1.14: compilation terminated.
[INFO] [stderr] 
[INFO] [stderr] error: failed to run custom build command for `pbni-rs v0.1.14 (/opt/rustwide/workdir)`
[INFO] [stderr] note: To improve backtraces for build dependencies, set the CARGO_PROFILE_DEV_BUILD_OVERRIDE_DEBUG=true environment variable to enable debug information generation.
[INFO] [stderr] 
[INFO] [stderr] Caused by:
[INFO] [stderr]   process didn't exit successfully: `/opt/rustwide/target/debug/build/pbni-rs-b5f1d9be2893912a/build-script-build` (exit status: 1)
[INFO] [stderr]   --- stdout
[INFO] [stderr]   cargo:rerun-if-changed=cpp/bindings.cpp
[INFO] [stderr]   TARGET = Some("x86_64-unknown-linux-gnu")
[INFO] [stderr]   OPT_LEVEL = Some("0")
[INFO] [stderr]   HOST = Some("x86_64-unknown-linux-gnu")
[INFO] [stderr]   CXX_x86_64-unknown-linux-gnu = None
[INFO] [stderr]   CXX_x86_64_unknown_linux_gnu = None
[INFO] [stderr]   HOST_CXX = None
[INFO] [stderr]   CXX = None
[INFO] [stderr]   CXXFLAGS_x86_64-unknown-linux-gnu = None
[INFO] [stderr]   CXXFLAGS_x86_64_unknown_linux_gnu = None
[INFO] [stderr]   HOST_CXXFLAGS = None
[INFO] [stderr]   CXXFLAGS = None
[INFO] [stderr]   CRATE_CC_NO_DEFAULTS = None
[INFO] [stderr]   DEBUG = Some("true")
[INFO] [stderr]   CARGO_CFG_TARGET_FEATURE = Some("fxsr,sse,sse2")
[INFO] [stderr]   running: "c++" "-O0" "-ffunction-sections" "-fdata-sections" "-fPIC" "-g" "-fno-omit-frame-pointer" "-m64" "-I" "cpp" "-Wall" "-Wextra" "-DUNICODE" "-D_UNICODE" "-o" "/opt/rustwide/target/debug/build/pbni-rs-04deadbfd89d018f/out/cpp/bindings.o" "-c" "cpp/bindings.cpp"
[INFO] [stderr]   cargo:warning=In file included from cpp/bindings.cpp:1:
[INFO] [stderr]   cargo:warning=cpp/PBEXT.H:23:10: fatal error: pbni.h: No such file or directory
[INFO] [stderr]   cargo:warning=   23 | #include "pbni.h"
[INFO] [stderr]   cargo:warning=      |          ^~~~~~~~
[INFO] [stderr]   cargo:warning=compilation terminated.
[INFO] [stderr]   exit status: 1
[INFO] [stderr] 
[INFO] [stderr]   --- stderr
[INFO] [stderr] 
[INFO] [stderr] 
[INFO] [stderr]   error occurred: Command "c++" "-O0" "-ffunction-sections" "-fdata-sections" "-fPIC" "-g" "-fno-omit-frame-pointer" "-m64" "-I" "cpp" "-Wall" "-Wextra" "-DUNICODE" "-D_UNICODE" "-o" "/opt/rustwide/target/debug/build/pbni-rs-04deadbfd89d018f/out/cpp/bindings.o" "-c" "cpp/bindings.cpp" with args "c++" did not execute successfully (status code exit status: 1).
[INFO] [stderr] 
[INFO] [stderr] 
[INFO] [stderr] warning: build failed, waiting for other jobs to finish...
[INFO] running `Command { std: "docker" "inspect" "06d3e4a997d53407b54603dec992df1b2a5d8fedecc4d57f859bff40e62795f0", kill_on_drop: false }`
[INFO] running `Command { std: "docker" "rm" "-f" "06d3e4a997d53407b54603dec992df1b2a5d8fedecc4d57f859bff40e62795f0", kill_on_drop: false }`
[INFO] [stdout] 06d3e4a997d53407b54603dec992df1b2a5d8fedecc4d57f859bff40e62795f0
[INFO] testing pbni-rs-0.1.14 against beta-2023-12-22 for beta-1.76-1
[INFO] extracting crate pbni-rs 0.1.14 into /workspace/builds/worker-3-tc2/source
[INFO] validating manifest of crates.io crate pbni-rs 0.1.14 on toolchain beta-2023-12-22
[INFO] running `Command { std: CARGO_HOME="/workspace/cargo-home" RUSTUP_HOME="/workspace/rustup-home" "/workspace/cargo-home/bin/cargo" "+beta-2023-12-22" "metadata" "--manifest-path" "Cargo.toml" "--no-deps", kill_on_drop: false }`
[INFO] started tweaking crates.io crate pbni-rs 0.1.14
[INFO] removed 0 missing examples
[INFO] finished tweaking crates.io crate pbni-rs 0.1.14
[INFO] tweaked toml for crates.io crate pbni-rs 0.1.14 written to /workspace/builds/worker-3-tc2/source/Cargo.toml
[INFO] crate crates.io crate pbni-rs 0.1.14 already has a lockfile, it will not be regenerated
[INFO] running `Command { std: CARGO_HOME="/workspace/cargo-home" RUSTUP_HOME="/workspace/rustup-home" "/workspace/cargo-home/bin/cargo" "+beta-2023-12-22" "fetch" "--manifest-path" "Cargo.toml", kill_on_drop: false }`
[INFO] running `Command { std: "docker" "create" "-v" "/var/lib/crater-agent-workspace/builds/worker-3-tc2/target:/opt/rustwide/target:rw,Z" "-v" "/var/lib/crater-agent-workspace/builds/worker-3-tc2/source:/opt/rustwide/workdir:ro,Z" "-v" "/var/lib/crater-agent-workspace/cargo-home:/opt/rustwide/cargo-home:ro,Z" "-v" "/var/lib/crater-agent-workspace/rustup-home:/opt/rustwide/rustup-home:ro,Z" "-e" "SOURCE_DIR=/opt/rustwide/workdir" "-e" "CARGO_TARGET_DIR=/opt/rustwide/target" "-e" "CARGO_HOME=/opt/rustwide/cargo-home" "-e" "RUSTUP_HOME=/opt/rustwide/rustup-home" "-w" "/opt/rustwide/workdir" "-m" "1610612736" "--user" "0:0" "--network" "none" "ghcr.io/rust-lang/crates-build-env/linux@sha256:2788e3201cd34a07e3172128adcd8b3090168a8e3bcc40d7c032b9dda1df7d1c" "/opt/rustwide/cargo-home/bin/cargo" "+beta-2023-12-22" "metadata" "--no-deps" "--format-version=1", kill_on_drop: false }`
[INFO] [stdout] 597200acc82fc696b1b215eec29f06e46bd15ef098e08783de97cd907cc95daa
[INFO] running `Command { std: "docker" "start" "-a" "597200acc82fc696b1b215eec29f06e46bd15ef098e08783de97cd907cc95daa", kill_on_drop: false }`
[INFO] running `Command { std: "docker" "inspect" "597200acc82fc696b1b215eec29f06e46bd15ef098e08783de97cd907cc95daa", kill_on_drop: false }`
[INFO] running `Command { std: "docker" "rm" "-f" "597200acc82fc696b1b215eec29f06e46bd15ef098e08783de97cd907cc95daa", kill_on_drop: false }`
[INFO] [stdout] 597200acc82fc696b1b215eec29f06e46bd15ef098e08783de97cd907cc95daa
[INFO] running `Command { std: "docker" "create" "-v" "/var/lib/crater-agent-workspace/builds/worker-3-tc2/target:/opt/rustwide/target:rw,Z" "-v" "/var/lib/crater-agent-workspace/builds/worker-3-tc2/source:/opt/rustwide/workdir:ro,Z" "-v" "/var/lib/crater-agent-workspace/cargo-home:/opt/rustwide/cargo-home:ro,Z" "-v" "/var/lib/crater-agent-workspace/rustup-home:/opt/rustwide/rustup-home:ro,Z" "-e" "SOURCE_DIR=/opt/rustwide/workdir" "-e" "CARGO_TARGET_DIR=/opt/rustwide/target" "-e" "CARGO_INCREMENTAL=0" "-e" "RUST_BACKTRACE=full" "-e" "RUSTFLAGS=--cap-lints=warn" "-e" "RUSTDOCFLAGS=--cap-lints=warn" "-e" "CARGO_HOME=/opt/rustwide/cargo-home" "-e" "RUSTUP_HOME=/opt/rustwide/rustup-home" "-w" "/opt/rustwide/workdir" "-m" "1610612736" "--user" "0:0" "--network" "none" "ghcr.io/rust-lang/crates-build-env/linux@sha256:2788e3201cd34a07e3172128adcd8b3090168a8e3bcc40d7c032b9dda1df7d1c" "/opt/rustwide/cargo-home/bin/cargo" "+beta-2023-12-22" "build" "--frozen" "--message-format=json", kill_on_drop: false }`
[INFO] [stdout] 4ffefc08d2c73525132aa8ef6cdc248d212b3580705804c7ed51859a936542a2
[INFO] running `Command { std: "docker" "start" "-a" "4ffefc08d2c73525132aa8ef6cdc248d212b3580705804c7ed51859a936542a2", kill_on_drop: false }`
[INFO] [stderr]    Compiling proc-macro2 v1.0.27
[INFO] [stderr]    Compiling cfg_aliases v0.1.1
[INFO] [stderr]    Compiling unicode-xid v0.2.2
[INFO] [stderr]    Compiling num-traits v0.2.14
[INFO] [stderr]    Compiling syn v1.0.72
[INFO] [stderr]    Compiling libc v0.2.95
[INFO] [stderr]    Compiling memchr v2.4.0
[INFO] [stderr]    Compiling num-integer v0.1.44
[INFO] [stderr]    Compiling serde v1.0.126
[INFO] [stderr]    Compiling winapi v0.3.9
[INFO] [stderr]    Compiling cc v1.0.68
[INFO] [stderr]    Compiling arrayvec v0.5.2
[INFO] [stderr]    Compiling widestring v0.4.3
[INFO] [stderr]    Compiling const-utf16 v0.2.1
[INFO] [stderr]    Compiling static_init_macro v1.0.1
[INFO] [stderr]    Compiling static_init v1.0.1
[INFO] [stderr]    Compiling quote v1.0.9
[INFO] [stderr]    Compiling pbni-rs v0.1.14 (/opt/rustwide/workdir)
[INFO] [stderr]    Compiling time v0.1.44
[INFO] [stderr] The following warnings were emitted during compilation:
[INFO] [stderr] 
[INFO] [stderr] warning: pbni-rs@0.1.14: In file included from cpp/bindings.cpp:1:
[INFO] [stderr] warning: pbni-rs@0.1.14: cpp/PBEXT.H:23:10: fatal error: pbni.h: No such file or directory
[INFO] [stderr] warning: pbni-rs@0.1.14:    23 | #include "pbni.h"
[INFO] [stderr] warning: pbni-rs@0.1.14:       |          ^~~~~~~~
[INFO] [stderr] warning: pbni-rs@0.1.14: compilation terminated.
[INFO] [stderr] 
[INFO] [stderr] error: failed to run custom build command for `pbni-rs v0.1.14 (/opt/rustwide/workdir)`
[INFO] [stderr] note: To improve backtraces for build dependencies, set the CARGO_PROFILE_DEV_BUILD_OVERRIDE_DEBUG=true environment variable to enable debug information generation.
[INFO] [stderr] 
[INFO] [stderr] Caused by:
[INFO] [stderr]   process didn't exit successfully: `/opt/rustwide/target/debug/build/pbni-rs-6c7d75b6eea97c58/build-script-build` (exit status: 1)
[INFO] [stderr]   --- stdout
[INFO] [stderr]   cargo:rerun-if-changed=cpp/bindings.cpp
[INFO] [stderr]   TARGET = Some("x86_64-unknown-linux-gnu")
[INFO] [stderr]   OPT_LEVEL = Some("0")
[INFO] [stderr]   HOST = Some("x86_64-unknown-linux-gnu")
[INFO] [stderr]   CXX_x86_64-unknown-linux-gnu = None
[INFO] [stderr]   CXX_x86_64_unknown_linux_gnu = None
[INFO] [stderr]   HOST_CXX = None
[INFO] [stderr]   CXX = None
[INFO] [stderr]   CXXFLAGS_x86_64-unknown-linux-gnu = None
[INFO] [stderr]   CXXFLAGS_x86_64_unknown_linux_gnu = None
[INFO] [stderr]   HOST_CXXFLAGS = None
[INFO] [stderr]   CXXFLAGS = None
[INFO] [stderr]   CRATE_CC_NO_DEFAULTS = None
[INFO] [stderr]   DEBUG = Some("true")
[INFO] [stderr]   CARGO_CFG_TARGET_FEATURE = Some("fxsr,sse,sse2")
[INFO] [stderr]   running: "c++" "-O0" "-ffunction-sections" "-fdata-sections" "-fPIC" "-g" "-fno-omit-frame-pointer" "-m64" "-I" "cpp" "-Wall" "-Wextra" "-DUNICODE" "-D_UNICODE" "-o" "/opt/rustwide/target/debug/build/pbni-rs-03b513bbe7d8f1b8/out/cpp/bindings.o" "-c" "cpp/bindings.cpp"
[INFO] [stderr]   cargo:warning=In file included from cpp/bindings.cpp:1:
[INFO] [stderr]   cargo:warning=cpp/PBEXT.H:23:10: fatal error: pbni.h: No such file or directory
[INFO] [stderr]   cargo:warning=   23 | #include "pbni.h"
[INFO] [stderr]   cargo:warning=      |          ^~~~~~~~
[INFO] [stderr]   cargo:warning=compilation terminated.
[INFO] [stderr]   exit status: 1
[INFO] [stderr] 
[INFO] [stderr]   --- stderr
[INFO] [stderr] 
[INFO] [stderr] 
[INFO] [stderr]   error occurred: Command "c++" "-O0" "-ffunction-sections" "-fdata-sections" "-fPIC" "-g" "-fno-omit-frame-pointer" "-m64" "-I" "cpp" "-Wall" "-Wextra" "-DUNICODE" "-D_UNICODE" "-o" "/opt/rustwide/target/debug/build/pbni-rs-03b513bbe7d8f1b8/out/cpp/bindings.o" "-c" "cpp/bindings.cpp" with args "c++" did not execute successfully (status code exit status: 1).
[INFO] [stderr] 
[INFO] [stderr] 
[INFO] [stderr] warning: build failed, waiting for other jobs to finish...
[INFO] running `Command { std: "docker" "inspect" "4ffefc08d2c73525132aa8ef6cdc248d212b3580705804c7ed51859a936542a2", kill_on_drop: false }`
[INFO] running `Command { std: "docker" "rm" "-f" "4ffefc08d2c73525132aa8ef6cdc248d212b3580705804c7ed51859a936542a2", kill_on_drop: false }`
[INFO] [stdout] 4ffefc08d2c73525132aa8ef6cdc248d212b3580705804c7ed51859a936542a2
