[INFO] fetching crate pax-std-primitives 0.10.7...
[INFO] testing pax-std-primitives-0.10.7 against 1.75.0 for beta-1.76-1
[INFO] extracting crate pax-std-primitives 0.10.7 into /workspace/builds/worker-4-tc1/source
[INFO] validating manifest of crates.io crate pax-std-primitives 0.10.7 on toolchain 1.75.0
[INFO] running `Command { std: CARGO_HOME="/workspace/cargo-home" RUSTUP_HOME="/workspace/rustup-home" "/workspace/cargo-home/bin/cargo" "+1.75.0" "metadata" "--manifest-path" "Cargo.toml" "--no-deps", kill_on_drop: false }`
[INFO] started tweaking crates.io crate pax-std-primitives 0.10.7
[INFO] finished tweaking crates.io crate pax-std-primitives 0.10.7
[INFO] tweaked toml for crates.io crate pax-std-primitives 0.10.7 written to /workspace/builds/worker-4-tc1/source/Cargo.toml
[INFO] running `Command { std: CARGO_HOME="/workspace/cargo-home" RUSTUP_HOME="/workspace/rustup-home" "/workspace/cargo-home/bin/cargo" "+1.75.0" "generate-lockfile" "--manifest-path" "Cargo.toml", kill_on_drop: false }`
[INFO] [stderr]     Updating crates.io index
[INFO] running `Command { std: CARGO_HOME="/workspace/cargo-home" RUSTUP_HOME="/workspace/rustup-home" "/workspace/cargo-home/bin/cargo" "+1.75.0" "fetch" "--manifest-path" "Cargo.toml", kill_on_drop: false }`
[INFO] [stderr]  Downloading crates ...
[INFO] [stderr]   Downloaded utf16_lit v2.0.2
[INFO] [stderr]   Downloaded pax-message v0.10.10
[INFO] [stderr]   Downloaded mut_static v5.0.0
[INFO] [stderr]   Downloaded pangocairo-sys v0.16.3
[INFO] [stderr]   Downloaded pax-lang v0.10.10
[INFO] [stderr]   Downloaded pax-std v0.10.10
[INFO] [stderr]   Downloaded pangocairo v0.16.3
[INFO] [stderr]   Downloaded associative-cache v1.0.1
[INFO] [stderr]   Downloaded unic-bidi v0.9.0
[INFO] [stderr]   Downloaded unic-ucd-bidi v0.9.0
[INFO] [stderr]   Downloaded piet-direct2d v0.6.2
[INFO] [stderr]   Downloaded piet v0.6.2
[INFO] [stderr]   Downloaded piet-coregraphics v0.6.2
[INFO] [stderr]   Downloaded pax-core v0.10.10
[INFO] [stderr]   Downloaded pax-macro v0.10.10
[INFO] [stderr]   Downloaded pax-manifest v0.10.10
[INFO] [stderr]   Downloaded piet-cairo v0.6.2
[INFO] [stderr]   Downloaded piet-common v0.6.2
[INFO] [stderr]   Downloaded pax-runtime-api v0.10.10
[INFO] [stderr]   Downloaded piet-web v0.6.2
[INFO] [stderr]   Downloaded pax-properties-coproduct v0.10.10
[INFO] running `Command { std: "docker" "create" "-v" "/var/lib/crater-agent-workspace/builds/worker-4-tc1/target:/opt/rustwide/target:rw,Z" "-v" "/var/lib/crater-agent-workspace/builds/worker-4-tc1/source:/opt/rustwide/workdir:ro,Z" "-v" "/var/lib/crater-agent-workspace/cargo-home:/opt/rustwide/cargo-home:ro,Z" "-v" "/var/lib/crater-agent-workspace/rustup-home:/opt/rustwide/rustup-home:ro,Z" "-e" "SOURCE_DIR=/opt/rustwide/workdir" "-e" "CARGO_TARGET_DIR=/opt/rustwide/target" "-e" "CARGO_HOME=/opt/rustwide/cargo-home" "-e" "RUSTUP_HOME=/opt/rustwide/rustup-home" "-w" "/opt/rustwide/workdir" "-m" "1610612736" "--user" "0:0" "--network" "none" "ghcr.io/rust-lang/crates-build-env/linux@sha256:2788e3201cd34a07e3172128adcd8b3090168a8e3bcc40d7c032b9dda1df7d1c" "/opt/rustwide/cargo-home/bin/cargo" "+1.75.0" "metadata" "--no-deps" "--format-version=1", kill_on_drop: false }`
[INFO] [stdout] a2782fe4ad8bab65e056c7b4743a90717bbbdc683e713ae6514b2439bf4c53e6
[INFO] running `Command { std: "docker" "start" "-a" "a2782fe4ad8bab65e056c7b4743a90717bbbdc683e713ae6514b2439bf4c53e6", kill_on_drop: false }`
[INFO] running `Command { std: "docker" "inspect" "a2782fe4ad8bab65e056c7b4743a90717bbbdc683e713ae6514b2439bf4c53e6", kill_on_drop: false }`
[INFO] running `Command { std: "docker" "rm" "-f" "a2782fe4ad8bab65e056c7b4743a90717bbbdc683e713ae6514b2439bf4c53e6", kill_on_drop: false }`
[INFO] [stdout] a2782fe4ad8bab65e056c7b4743a90717bbbdc683e713ae6514b2439bf4c53e6
[INFO] running `Command { std: "docker" "create" "-v" "/var/lib/crater-agent-workspace/builds/worker-4-tc1/target:/opt/rustwide/target:rw,Z" "-v" "/var/lib/crater-agent-workspace/builds/worker-4-tc1/source:/opt/rustwide/workdir:ro,Z" "-v" "/var/lib/crater-agent-workspace/cargo-home:/opt/rustwide/cargo-home:ro,Z" "-v" "/var/lib/crater-agent-workspace/rustup-home:/opt/rustwide/rustup-home:ro,Z" "-e" "SOURCE_DIR=/opt/rustwide/workdir" "-e" "CARGO_TARGET_DIR=/opt/rustwide/target" "-e" "CARGO_INCREMENTAL=0" "-e" "RUST_BACKTRACE=full" "-e" "RUSTFLAGS=--cap-lints=warn" "-e" "RUSTDOCFLAGS=--cap-lints=warn" "-e" "CARGO_HOME=/opt/rustwide/cargo-home" "-e" "RUSTUP_HOME=/opt/rustwide/rustup-home" "-w" "/opt/rustwide/workdir" "-m" "1610612736" "--user" "0:0" "--network" "none" "ghcr.io/rust-lang/crates-build-env/linux@sha256:2788e3201cd34a07e3172128adcd8b3090168a8e3bcc40d7c032b9dda1df7d1c" "/opt/rustwide/cargo-home/bin/cargo" "+1.75.0" "build" "--frozen" "--message-format=json", kill_on_drop: false }`
[INFO] [stdout] e8f71549a24dfb81edd7c324ffd13c93e10a64a7bf7e1ca0f72573cc4667bf0b
[INFO] running `Command { std: "docker" "start" "-a" "e8f71549a24dfb81edd7c324ffd13c93e10a64a7bf7e1ca0f72573cc4667bf0b", kill_on_drop: false }`
[INFO] [stderr]    Compiling proc-macro2 v1.0.75
[INFO] [stderr]    Compiling serde v1.0.194
[INFO] [stderr]    Compiling equivalent v1.0.1
[INFO] [stderr]    Compiling hashbrown v0.14.3
[INFO] [stderr]    Compiling winnow v0.5.32
[INFO] [stderr]    Compiling target-lexicon v0.12.13
[INFO] [stderr]    Compiling heck v0.4.1
[INFO] [stderr]    Compiling pkg-config v0.3.28
[INFO] [stderr]    Compiling version-compare v0.1.1
[INFO] [stderr]    Compiling once_cell v1.19.0
[INFO] [stderr]    Compiling syn v1.0.109
[INFO] [stderr]    Compiling wasm-bindgen-shared v0.2.89
[INFO] [stderr]    Compiling anyhow v1.0.79
[INFO] [stderr]    Compiling bumpalo v3.14.0
[INFO] [stderr]    Compiling memchr v2.7.1
[INFO] [stderr]    Compiling log v0.4.20
[INFO] [stderr]    Compiling arrayvec v0.7.4
[INFO] [stderr]    Compiling futures-channel v0.3.30
[INFO] [stderr]    Compiling unic-char-range v0.9.0
[INFO] [stderr]    Compiling kurbo v0.9.5
[INFO] [stderr]    Compiling wasm-bindgen v0.2.89
[INFO] [stderr]    Compiling unic-common v0.9.0
[INFO] [stderr]    Compiling unic-ucd-version v0.9.0
[INFO] [stderr]    Compiling unic-char-property v0.9.0
[INFO] [stderr]    Compiling ucd-trie v0.1.6
[INFO] [stderr]    Compiling sailfish-compiler v0.6.1
[INFO] [stderr]    Compiling gio v0.16.7
[INFO] [stderr]    Compiling unic-ucd-bidi v0.9.0
[INFO] [stderr]    Compiling filetime v0.2.23
[INFO] [stderr]    Compiling getrandom v0.2.11
[INFO] [stderr]    Compiling futures-io v0.3.30
[INFO] [stderr]    Compiling home v0.5.9
[INFO] [stderr]    Compiling matches v0.1.10
[INFO] [stderr]    Compiling error-chain v0.10.0
[INFO] [stderr]    Compiling uuid v0.8.2
[INFO] [stderr]    Compiling unic-bidi v0.9.0
[INFO] [stderr]    Compiling sailfish v0.6.1
[INFO] [stderr]    Compiling itoap v1.0.1
[INFO] [stderr]    Compiling unicode-segmentation v1.10.1
[INFO] [stderr]    Compiling xi-unicode v0.3.0
[INFO] [stderr]    Compiling indexmap v2.1.0
[INFO] [stderr]    Compiling mut_static v5.0.0
[INFO] [stderr]    Compiling cfg-expr v0.15.6
[INFO] [stderr]    Compiling quote v1.0.35
[INFO] [stderr]    Compiling litrs v0.4.1
[INFO] [stderr]    Compiling piet v0.6.2
[INFO] [stderr]    Compiling syn v2.0.48
[INFO] [stderr]    Compiling proc-macro-error-attr v1.0.4
[INFO] [stderr]    Compiling wasm-bindgen-backend v0.2.89
[INFO] [stderr]    Compiling proc-macro-error v1.0.4
[INFO] [stderr]    Compiling serde_derive v1.0.194
[INFO] [stderr]    Compiling thiserror-impl v1.0.56
[INFO] [stderr]    Compiling futures-macro v0.3.30
[INFO] [stderr]    Compiling wasm-bindgen-macro-support v0.2.89
[INFO] [stderr]    Compiling wasm-bindgen-macro v0.2.89
[INFO] [stderr]    Compiling futures-util v0.3.30
[INFO] [stderr]    Compiling thiserror v1.0.56
[INFO] [stderr]    Compiling pest v2.7.6
[INFO] [stderr]    Compiling pest_meta v2.7.6
[INFO] [stderr]    Compiling futures-executor v0.3.30
[INFO] [stderr]    Compiling pest_generator v2.7.6
[INFO] [stderr]    Compiling pest_derive v2.7.6
[INFO] [stderr]    Compiling serde_spanned v0.6.5
[INFO] [stderr]    Compiling toml_datetime v0.6.5
[INFO] [stderr]    Compiling serde_json v1.0.111
[INFO] [stderr]    Compiling toml_edit v0.21.0
[INFO] [stderr]    Compiling toml_edit v0.19.15
[INFO] [stderr]    Compiling pax-manifest v0.10.10
[INFO] [stderr]    Compiling pax-message v0.10.10
[INFO] [stderr]    Compiling toml v0.8.8
[INFO] [stderr]    Compiling proc-macro-crate v1.3.1
[INFO] [stderr]    Compiling toml v0.7.8
[INFO] [stderr]    Compiling system-deps v6.2.0
[INFO] [stderr]    Compiling pax-runtime-api v0.10.10
[INFO] [stderr]    Compiling pax-properties-coproduct v0.10.10
[INFO] [stderr]    Compiling glib-macros v0.16.8
[INFO] [stderr]    Compiling glib-sys v0.16.3
[INFO] [stderr]    Compiling gobject-sys v0.16.3
[INFO] [stderr]    Compiling gio-sys v0.16.3
[INFO] [stderr]    Compiling pango-sys v0.16.3
[INFO] [stderr]    Compiling cairo-sys-rs v0.16.3
[INFO] [stderr]    Compiling pangocairo-sys v0.16.3
[INFO] [stderr]    Compiling sailfish-macros v0.6.1
[INFO] [stderr]    Compiling pax-macro v0.10.10
[INFO] [stderr]    Compiling glib v0.16.9
[INFO] [stderr]    Compiling pax-lang v0.10.10
[INFO] [stderr]    Compiling pax-std v0.10.10
[INFO] [stderr]    Compiling cairo-rs v0.16.7
[INFO] [stderr]    Compiling pango v0.16.5
[INFO] [stderr]    Compiling pangocairo v0.16.3
[INFO] [stderr]    Compiling piet-cairo v0.6.2
[INFO] [stderr]    Compiling piet-common v0.6.2
[INFO] [stderr]    Compiling pax-core v0.10.10
[INFO] [stderr]    Compiling pax-std-primitives v0.10.7 (/opt/rustwide/workdir)
[INFO] [stdout] error[E0308]: mismatched types
[INFO] [stdout]   --> src/image.rs:72:33
[INFO] [stdout]    |
[INFO] [stdout] 72 |             properties.path.set(new_value);
[INFO] [stdout]    |                             --- ^^^^^^^^^ expected `StringBox`, found `String`
[INFO] [stdout]    |                             |
[INFO] [stdout]    |                             arguments to this method are incorrect
[INFO] [stdout]    |
[INFO] [stdout] note: method defined here
[INFO] [stdout]   --> /opt/rustwide/cargo-home/registry/src/index.crates.io-6f17d22bba15001f/pax-runtime-api-0.10.10/src/lib.rs:34:8
[INFO] [stdout]    |
[INFO] [stdout] 34 |     fn set(&mut self, value: T);
[INFO] [stdout]    |        ^^^
[INFO] [stdout] help: try wrapping the expression in `pax_runtime_api::StringBox`
[INFO] [stdout]    |
[INFO] [stdout] 72 |             properties.path.set(pax_runtime_api::StringBox { string: new_value });
[INFO] [stdout]    |                                 ++++++++++++++++++++++++++++++++++++           +
[INFO] [stdout] 
[INFO] [stdout] 
[INFO] [stdout] error[E0599]: `&pax_runtime_api::StringBox` is not an iterator
[INFO] [stdout]     --> src/image.rs:100:40
[INFO] [stdout]      |
[INFO] [stdout] 100  |             Some(cached_value) => !val.eq(cached_value),
[INFO] [stdout]      |                                        ^^ `&pax_runtime_api::StringBox` is not an iterator
[INFO] [stdout]      |
[INFO] [stdout]     ::: /opt/rustwide/cargo-home/registry/src/index.crates.io-6f17d22bba15001f/pax-runtime-api-0.10.10/src/lib.rs:1071:1
[INFO] [stdout]      |
[INFO] [stdout] 1071 | pub struct StringBox {
[INFO] [stdout]      | -------------------- doesn't satisfy `pax_runtime_api::StringBox: Iterator`
[INFO] [stdout]      |
[INFO] [stdout]      = note: the following trait bounds were not satisfied:
[INFO] [stdout]              `&pax_runtime_api::StringBox: Iterator`
[INFO] [stdout]              which is required by `&mut &pax_runtime_api::StringBox: Iterator`
[INFO] [stdout]              `pax_runtime_api::StringBox: Iterator`
[INFO] [stdout]              which is required by `&mut pax_runtime_api::StringBox: Iterator`
[INFO] [stdout] 
[INFO] [stdout] 
[INFO] [stdout] error[E0308]: mismatched types
[INFO] [stdout]    --> src/image.rs:104:37
[INFO] [stdout]     |
[INFO] [stdout] 104 |             new_message.path = Some(val.clone());
[INFO] [stdout]     |                                ---- ^^^^^^^^^^^ expected `String`, found `StringBox`
[INFO] [stdout]     |                                |
[INFO] [stdout]     |                                arguments to this enum variant are incorrect
[INFO] [stdout]     |
[INFO] [stdout] help: the type constructed contains `pax_runtime_api::StringBox` due to the type of the argument passed
[INFO] [stdout]    --> src/image.rs:104:32
[INFO] [stdout]     |
[INFO] [stdout] 104 |             new_message.path = Some(val.clone());
[INFO] [stdout]     |                                ^^^^^-----------^
[INFO] [stdout]     |                                     |
[INFO] [stdout]     |                                     this argument influences the type of `Some`
[INFO] [stdout] note: tuple variant defined here
[INFO] [stdout]    --> /rustc/82e1608dfa6e0b5569232559e3d385fea5a93112/library/core/src/option.rs:577:5
[INFO] [stdout] help: call `Into::into` on this expression to convert `pax_runtime_api::StringBox` into `std::string::String`
[INFO] [stdout]     |
[INFO] [stdout] 104 |             new_message.path = Some(val.clone().into());
[INFO] [stdout]     |                                                +++++++
[INFO] [stdout] 
[INFO] [stdout] 
[INFO] [stdout] error[E0308]: mismatched types
[INFO] [stdout]    --> src/image.rs:105:36
[INFO] [stdout]     |
[INFO] [stdout] 105 |             last_patch.path = Some(val.clone());
[INFO] [stdout]     |                               ---- ^^^^^^^^^^^ expected `String`, found `StringBox`
[INFO] [stdout]     |                               |
[INFO] [stdout]     |                               arguments to this enum variant are incorrect
[INFO] [stdout]     |
[INFO] [stdout] help: the type constructed contains `pax_runtime_api::StringBox` due to the type of the argument passed
[INFO] [stdout]    --> src/image.rs:105:31
[INFO] [stdout]     |
[INFO] [stdout] 105 |             last_patch.path = Some(val.clone());
[INFO] [stdout]     |                               ^^^^^-----------^
[INFO] [stdout]     |                                    |
[INFO] [stdout]     |                                    this argument influences the type of `Some`
[INFO] [stdout] note: tuple variant defined here
[INFO] [stdout]    --> /rustc/82e1608dfa6e0b5569232559e3d385fea5a93112/library/core/src/option.rs:577:5
[INFO] [stdout] help: call `Into::into` on this expression to convert `pax_runtime_api::StringBox` into `std::string::String`
[INFO] [stdout]     |
[INFO] [stdout] 105 |             last_patch.path = Some(val.clone().into());
[INFO] [stdout]     |                                               +++++++
[INFO] [stdout] 
[INFO] [stdout] 
[INFO] [stdout] error[E0308]: mismatched types
[INFO] [stdout]   --> src/text.rs:69:33
[INFO] [stdout]    |
[INFO] [stdout] 69 |             properties.text.set(new_value);
[INFO] [stdout]    |                             --- ^^^^^^^^^ expected `StringBox`, found `String`
[INFO] [stdout]    |                             |
[INFO] [stdout]    |                             arguments to this method are incorrect
[INFO] [stdout]    |
[INFO] [stdout] note: method defined here
[INFO] [stdout]   --> /opt/rustwide/cargo-home/registry/src/index.crates.io-6f17d22bba15001f/pax-runtime-api-0.10.10/src/lib.rs:34:8
[INFO] [stdout]    |
[INFO] [stdout] 34 |     fn set(&mut self, value: T);
[INFO] [stdout]    |        ^^^
[INFO] [stdout] help: try wrapping the expression in `pax_runtime_api::StringBox`
[INFO] [stdout]    |
[INFO] [stdout] 69 |             properties.text.set(pax_runtime_api::StringBox { string: new_value });
[INFO] [stdout]    |                                 ++++++++++++++++++++++++++++++++++++           +
[INFO] [stdout] 
[INFO] [stdout] 
[INFO] [stdout] error[E0599]: `&pax_runtime_api::StringBox` is not an iterator
[INFO] [stdout]     --> src/text.rs:202:40
[INFO] [stdout]      |
[INFO] [stdout] 202  |             Some(cached_value) => !val.eq(cached_value),
[INFO] [stdout]      |                                        ^^ `&pax_runtime_api::StringBox` is not an iterator
[INFO] [stdout]      |
[INFO] [stdout]     ::: /opt/rustwide/cargo-home/registry/src/index.crates.io-6f17d22bba15001f/pax-runtime-api-0.10.10/src/lib.rs:1071:1
[INFO] [stdout]      |
[INFO] [stdout] 1071 | pub struct StringBox {
[INFO] [stdout]      | -------------------- doesn't satisfy `pax_runtime_api::StringBox: Iterator`
[INFO] [stdout]      |
[INFO] [stdout]      = note: the following trait bounds were not satisfied:
[INFO] [stdout]              `&pax_runtime_api::StringBox: Iterator`
[INFO] [stdout]              which is required by `&mut &pax_runtime_api::StringBox: Iterator`
[INFO] [stdout]              `pax_runtime_api::StringBox: Iterator`
[INFO] [stdout]              which is required by `&mut pax_runtime_api::StringBox: Iterator`
[INFO] [stdout] 
[INFO] [stdout] 
[INFO] [stdout] error[E0308]: mismatched types
[INFO] [stdout]    --> src/text.rs:207:40
[INFO] [stdout]     |
[INFO] [stdout] 207 |             new_message.content = Some(val.clone());
[INFO] [stdout]     |                                   ---- ^^^^^^^^^^^ expected `String`, found `StringBox`
[INFO] [stdout]     |                                   |
[INFO] [stdout]     |                                   arguments to this enum variant are incorrect
[INFO] [stdout]     |
[INFO] [stdout] help: the type constructed contains `pax_runtime_api::StringBox` due to the type of the argument passed
[INFO] [stdout]    --> src/text.rs:207:35
[INFO] [stdout]     |
[INFO] [stdout] 207 |             new_message.content = Some(val.clone());
[INFO] [stdout]     |                                   ^^^^^-----------^
[INFO] [stdout]     |                                        |
[INFO] [stdout]     |                                        this argument influences the type of `Some`
[INFO] [stdout] note: tuple variant defined here
[INFO] [stdout]    --> /rustc/82e1608dfa6e0b5569232559e3d385fea5a93112/library/core/src/option.rs:577:5
[INFO] [stdout] help: call `Into::into` on this expression to convert `pax_runtime_api::StringBox` into `std::string::String`
[INFO] [stdout]     |
[INFO] [stdout] 207 |             new_message.content = Some(val.clone().into());
[INFO] [stdout]     |                                                   +++++++
[INFO] [stdout] 
[INFO] [stdout] 
[INFO] [stdout] error[E0308]: mismatched types
[INFO] [stdout]    --> src/text.rs:208:39
[INFO] [stdout]     |
[INFO] [stdout] 208 |             last_patch.content = Some(val.clone());
[INFO] [stdout]     |                                  ---- ^^^^^^^^^^^ expected `String`, found `StringBox`
[INFO] [stdout]     |                                  |
[INFO] [stdout]     |                                  arguments to this enum variant are incorrect
[INFO] [stdout]     |
[INFO] [stdout] help: the type constructed contains `pax_runtime_api::StringBox` due to the type of the argument passed
[INFO] [stdout]    --> src/text.rs:208:34
[INFO] [stdout]     |
[INFO] [stdout] 208 |             last_patch.content = Some(val.clone());
[INFO] [stdout]     |                                  ^^^^^-----------^
[INFO] [stdout]     |                                       |
[INFO] [stdout]     |                                       this argument influences the type of `Some`
[INFO] [stdout] note: tuple variant defined here
[INFO] [stdout]    --> /rustc/82e1608dfa6e0b5569232559e3d385fea5a93112/library/core/src/option.rs:577:5
[INFO] [stdout] help: call `Into::into` on this expression to convert `pax_runtime_api::StringBox` into `std::string::String`
[INFO] [stdout]     |
[INFO] [stdout] 208 |             last_patch.content = Some(val.clone().into());
[INFO] [stdout]     |                                                  +++++++
[INFO] [stdout] 
[INFO] [stdout] 
[INFO] [stdout] error: aborting due to 8 previous errors
[INFO] [stdout] 
[INFO] [stdout] 
[INFO] [stdout] Some errors have detailed explanations: E0308, E0599.
[INFO] [stdout] 
[INFO] [stdout] For more information about an error, try `rustc --explain E0308`.
[INFO] [stdout] 
[INFO] [stderr] error: could not compile `pax-std-primitives` (lib) due to 9 previous errors
[INFO] [stderr] warning: build failed, waiting for other jobs to finish...
[INFO] running `Command { std: "docker" "inspect" "e8f71549a24dfb81edd7c324ffd13c93e10a64a7bf7e1ca0f72573cc4667bf0b", kill_on_drop: false }`
[INFO] running `Command { std: "docker" "rm" "-f" "e8f71549a24dfb81edd7c324ffd13c93e10a64a7bf7e1ca0f72573cc4667bf0b", kill_on_drop: false }`
[INFO] [stdout] e8f71549a24dfb81edd7c324ffd13c93e10a64a7bf7e1ca0f72573cc4667bf0b
[INFO] testing pax-std-primitives-0.10.7 against beta-2023-12-22 for beta-1.76-1
[INFO] extracting crate pax-std-primitives 0.10.7 into /workspace/builds/worker-4-tc2/source
[INFO] validating manifest of crates.io crate pax-std-primitives 0.10.7 on toolchain beta-2023-12-22
[INFO] running `Command { std: CARGO_HOME="/workspace/cargo-home" RUSTUP_HOME="/workspace/rustup-home" "/workspace/cargo-home/bin/cargo" "+beta-2023-12-22" "metadata" "--manifest-path" "Cargo.toml" "--no-deps", kill_on_drop: false }`
[INFO] started tweaking crates.io crate pax-std-primitives 0.10.7
[INFO] finished tweaking crates.io crate pax-std-primitives 0.10.7
[INFO] tweaked toml for crates.io crate pax-std-primitives 0.10.7 written to /workspace/builds/worker-4-tc2/source/Cargo.toml
[INFO] running `Command { std: CARGO_HOME="/workspace/cargo-home" RUSTUP_HOME="/workspace/rustup-home" "/workspace/cargo-home/bin/cargo" "+beta-2023-12-22" "generate-lockfile" "--manifest-path" "Cargo.toml", kill_on_drop: false }`
[INFO] [stderr]     Updating crates.io index
[INFO] running `Command { std: CARGO_HOME="/workspace/cargo-home" RUSTUP_HOME="/workspace/rustup-home" "/workspace/cargo-home/bin/cargo" "+beta-2023-12-22" "fetch" "--manifest-path" "Cargo.toml", kill_on_drop: false }`
[INFO] running `Command { std: "docker" "create" "-v" "/var/lib/crater-agent-workspace/builds/worker-4-tc2/target:/opt/rustwide/target:rw,Z" "-v" "/var/lib/crater-agent-workspace/builds/worker-4-tc2/source:/opt/rustwide/workdir:ro,Z" "-v" "/var/lib/crater-agent-workspace/cargo-home:/opt/rustwide/cargo-home:ro,Z" "-v" "/var/lib/crater-agent-workspace/rustup-home:/opt/rustwide/rustup-home:ro,Z" "-e" "SOURCE_DIR=/opt/rustwide/workdir" "-e" "CARGO_TARGET_DIR=/opt/rustwide/target" "-e" "CARGO_HOME=/opt/rustwide/cargo-home" "-e" "RUSTUP_HOME=/opt/rustwide/rustup-home" "-w" "/opt/rustwide/workdir" "-m" "1610612736" "--user" "0:0" "--network" "none" "ghcr.io/rust-lang/crates-build-env/linux@sha256:2788e3201cd34a07e3172128adcd8b3090168a8e3bcc40d7c032b9dda1df7d1c" "/opt/rustwide/cargo-home/bin/cargo" "+beta-2023-12-22" "metadata" "--no-deps" "--format-version=1", kill_on_drop: false }`
[INFO] [stdout] b9c652f2e27c3329bb08b3d3e831996f892047d3f91aff26b4c8340fa02756f2
[INFO] running `Command { std: "docker" "start" "-a" "b9c652f2e27c3329bb08b3d3e831996f892047d3f91aff26b4c8340fa02756f2", kill_on_drop: false }`
[INFO] running `Command { std: "docker" "inspect" "b9c652f2e27c3329bb08b3d3e831996f892047d3f91aff26b4c8340fa02756f2", kill_on_drop: false }`
[INFO] running `Command { std: "docker" "rm" "-f" "b9c652f2e27c3329bb08b3d3e831996f892047d3f91aff26b4c8340fa02756f2", kill_on_drop: false }`
[INFO] [stdout] b9c652f2e27c3329bb08b3d3e831996f892047d3f91aff26b4c8340fa02756f2
[INFO] running `Command { std: "docker" "create" "-v" "/var/lib/crater-agent-workspace/builds/worker-4-tc2/target:/opt/rustwide/target:rw,Z" "-v" "/var/lib/crater-agent-workspace/builds/worker-4-tc2/source:/opt/rustwide/workdir:ro,Z" "-v" "/var/lib/crater-agent-workspace/cargo-home:/opt/rustwide/cargo-home:ro,Z" "-v" "/var/lib/crater-agent-workspace/rustup-home:/opt/rustwide/rustup-home:ro,Z" "-e" "SOURCE_DIR=/opt/rustwide/workdir" "-e" "CARGO_TARGET_DIR=/opt/rustwide/target" "-e" "CARGO_INCREMENTAL=0" "-e" "RUST_BACKTRACE=full" "-e" "RUSTFLAGS=--cap-lints=warn" "-e" "RUSTDOCFLAGS=--cap-lints=warn" "-e" "CARGO_HOME=/opt/rustwide/cargo-home" "-e" "RUSTUP_HOME=/opt/rustwide/rustup-home" "-w" "/opt/rustwide/workdir" "-m" "1610612736" "--user" "0:0" "--network" "none" "ghcr.io/rust-lang/crates-build-env/linux@sha256:2788e3201cd34a07e3172128adcd8b3090168a8e3bcc40d7c032b9dda1df7d1c" "/opt/rustwide/cargo-home/bin/cargo" "+beta-2023-12-22" "build" "--frozen" "--message-format=json", kill_on_drop: false }`
[INFO] [stdout] 1b826048ef299c6f2e57944b0689dcc3e1ab4c2a71f9e4cde49193f405470320
[INFO] running `Command { std: "docker" "start" "-a" "1b826048ef299c6f2e57944b0689dcc3e1ab4c2a71f9e4cde49193f405470320", kill_on_drop: false }`
[INFO] [stderr]    Compiling proc-macro2 v1.0.75
[INFO] [stderr]    Compiling serde v1.0.194
[INFO] [stderr]    Compiling equivalent v1.0.1
[INFO] [stderr]    Compiling hashbrown v0.14.3
[INFO] [stderr]    Compiling winnow v0.5.32
[INFO] [stderr]    Compiling target-lexicon v0.12.13
[INFO] [stderr]    Compiling heck v0.4.1
[INFO] [stderr]    Compiling version-compare v0.1.1
[INFO] [stderr]    Compiling pkg-config v0.3.28
[INFO] [stderr]    Compiling once_cell v1.19.0
[INFO] [stderr]    Compiling syn v1.0.109
[INFO] [stderr]    Compiling wasm-bindgen-shared v0.2.89
[INFO] [stderr]    Compiling anyhow v1.0.79
[INFO] [stderr]    Compiling memchr v2.7.1
[INFO] [stderr]    Compiling bumpalo v3.14.0
[INFO] [stderr]    Compiling log v0.4.20
[INFO] [stderr]    Compiling arrayvec v0.7.4
[INFO] [stderr]    Compiling futures-channel v0.3.30
[INFO] [stderr]    Compiling wasm-bindgen v0.2.89
[INFO] [stderr]    Compiling kurbo v0.9.5
[INFO] [stderr]    Compiling unic-common v0.9.0
[INFO] [stderr]    Compiling unic-char-range v0.9.0
[INFO] [stderr]    Compiling sailfish-compiler v0.6.1
[INFO] [stderr]    Compiling unic-ucd-version v0.9.0
[INFO] [stderr]    Compiling unic-char-property v0.9.0
[INFO] [stderr]    Compiling gio v0.16.7
[INFO] [stderr]    Compiling ucd-trie v0.1.6
[INFO] [stderr]    Compiling filetime v0.2.23
[INFO] [stderr]    Compiling getrandom v0.2.11
[INFO] [stderr]    Compiling unic-ucd-bidi v0.9.0
[INFO] [stderr]    Compiling futures-io v0.3.30
[INFO] [stderr]    Compiling error-chain v0.10.0
[INFO] [stderr]    Compiling home v0.5.9
[INFO] [stderr]    Compiling matches v0.1.10
[INFO] [stderr]    Compiling mut_static v5.0.0
[INFO] [stderr]    Compiling uuid v0.8.2
[INFO] [stderr]    Compiling sailfish v0.6.1
[INFO] [stderr]    Compiling unic-bidi v0.9.0
[INFO] [stderr]    Compiling itoap v1.0.1
[INFO] [stderr]    Compiling xi-unicode v0.3.0
[INFO] [stderr]    Compiling unicode-segmentation v1.10.1
[INFO] [stderr]    Compiling indexmap v2.1.0
[INFO] [stderr]    Compiling cfg-expr v0.15.6
[INFO] [stderr]    Compiling quote v1.0.35
[INFO] [stderr]    Compiling litrs v0.4.1
[INFO] [stderr]    Compiling piet v0.6.2
[INFO] [stderr]    Compiling syn v2.0.48
[INFO] [stderr]    Compiling proc-macro-error-attr v1.0.4
[INFO] [stderr]    Compiling wasm-bindgen-backend v0.2.89
[INFO] [stderr]    Compiling proc-macro-error v1.0.4
[INFO] [stderr]    Compiling serde_derive v1.0.194
[INFO] [stderr]    Compiling thiserror-impl v1.0.56
[INFO] [stderr]    Compiling futures-macro v0.3.30
[INFO] [stderr]    Compiling wasm-bindgen-macro-support v0.2.89
[INFO] [stderr]    Compiling wasm-bindgen-macro v0.2.89
[INFO] [stderr]    Compiling futures-util v0.3.30
[INFO] [stderr]    Compiling thiserror v1.0.56
[INFO] [stderr]    Compiling pest v2.7.6
[INFO] [stderr]    Compiling pest_meta v2.7.6
[INFO] [stderr]    Compiling futures-executor v0.3.30
[INFO] [stderr]    Compiling pest_generator v2.7.6
[INFO] [stderr]    Compiling pest_derive v2.7.6
[INFO] [stderr]    Compiling serde_spanned v0.6.5
[INFO] [stderr]    Compiling toml_datetime v0.6.5
[INFO] [stderr]    Compiling serde_json v1.0.111
[INFO] [stderr]    Compiling toml_edit v0.21.0
[INFO] [stderr]    Compiling toml_edit v0.19.15
[INFO] [stderr]    Compiling pax-manifest v0.10.10
[INFO] [stderr]    Compiling pax-message v0.10.10
[INFO] [stderr]    Compiling proc-macro-crate v1.3.1
[INFO] [stderr]    Compiling toml v0.7.8
[INFO] [stderr]    Compiling toml v0.8.8
[INFO] [stderr]    Compiling pax-runtime-api v0.10.10
[INFO] [stderr]    Compiling system-deps v6.2.0
[INFO] [stderr]    Compiling pax-properties-coproduct v0.10.10
[INFO] [stderr]    Compiling glib-macros v0.16.8
[INFO] [stderr]    Compiling glib-sys v0.16.3
[INFO] [stderr]    Compiling gobject-sys v0.16.3
[INFO] [stderr]    Compiling gio-sys v0.16.3
[INFO] [stderr]    Compiling pango-sys v0.16.3
[INFO] [stderr]    Compiling cairo-sys-rs v0.16.3
[INFO] [stderr]    Compiling pangocairo-sys v0.16.3
[INFO] [stderr]    Compiling sailfish-macros v0.6.1
[INFO] [stderr]    Compiling pax-macro v0.10.10
[INFO] [stderr]    Compiling glib v0.16.9
[INFO] [stderr]    Compiling pax-lang v0.10.10
[INFO] [stderr]    Compiling pax-std v0.10.10
[INFO] [stderr]    Compiling cairo-rs v0.16.7
[INFO] [stderr]    Compiling pango v0.16.5
[INFO] [stderr]    Compiling pangocairo v0.16.3
[INFO] [stderr]    Compiling piet-cairo v0.6.2
[INFO] [stderr]    Compiling piet-common v0.6.2
[INFO] [stderr]    Compiling pax-core v0.10.10
[INFO] [stderr]    Compiling pax-std-primitives v0.10.7 (/opt/rustwide/workdir)
[INFO] [stdout] error[E0308]: mismatched types
[INFO] [stdout]   --> src/image.rs:72:33
[INFO] [stdout]    |
[INFO] [stdout] 72 |             properties.path.set(new_value);
[INFO] [stdout]    |                             --- ^^^^^^^^^ expected `StringBox`, found `String`
[INFO] [stdout]    |                             |
[INFO] [stdout]    |                             arguments to this method are incorrect
[INFO] [stdout]    |
[INFO] [stdout] note: method defined here
[INFO] [stdout]   --> /opt/rustwide/cargo-home/registry/src/index.crates.io-6f17d22bba15001f/pax-runtime-api-0.10.10/src/lib.rs:34:8
[INFO] [stdout]    |
[INFO] [stdout] 34 |     fn set(&mut self, value: T);
[INFO] [stdout]    |        ^^^
[INFO] [stdout] help: try wrapping the expression in `pax_runtime_api::StringBox`
[INFO] [stdout]    |
[INFO] [stdout] 72 |             properties.path.set(pax_runtime_api::StringBox { string: new_value });
[INFO] [stdout]    |                                 ++++++++++++++++++++++++++++++++++++           +
[INFO] [stdout] 
[INFO] [stdout] 
[INFO] [stdout] error[E0599]: `&pax_runtime_api::StringBox` is not an iterator
[INFO] [stdout]     --> src/image.rs:100:40
[INFO] [stdout]      |
[INFO] [stdout] 100  |             Some(cached_value) => !val.eq(cached_value),
[INFO] [stdout]      |                                        ^^ `&pax_runtime_api::StringBox` is not an iterator
[INFO] [stdout]      |
[INFO] [stdout]     ::: /opt/rustwide/cargo-home/registry/src/index.crates.io-6f17d22bba15001f/pax-runtime-api-0.10.10/src/lib.rs:1071:1
[INFO] [stdout]      |
[INFO] [stdout] 1071 | pub struct StringBox {
[INFO] [stdout]      | -------------------- doesn't satisfy `pax_runtime_api::StringBox: Iterator`
[INFO] [stdout]      |
[INFO] [stdout]      = note: the following trait bounds were not satisfied:
[INFO] [stdout]              `&pax_runtime_api::StringBox: Iterator`
[INFO] [stdout]              which is required by `&mut &pax_runtime_api::StringBox: Iterator`
[INFO] [stdout]              `pax_runtime_api::StringBox: Iterator`
[INFO] [stdout]              which is required by `&mut pax_runtime_api::StringBox: Iterator`
[INFO] [stdout] 
[INFO] [stdout] 
[INFO] [stdout] error[E0308]: mismatched types
[INFO] [stdout]    --> src/image.rs:104:37
[INFO] [stdout]     |
[INFO] [stdout] 104 |             new_message.path = Some(val.clone());
[INFO] [stdout]     |                                ---- ^^^^^^^^^^^ expected `String`, found `StringBox`
[INFO] [stdout]     |                                |
[INFO] [stdout]     |                                arguments to this enum variant are incorrect
[INFO] [stdout]     |
[INFO] [stdout] help: the type constructed contains `pax_runtime_api::StringBox` due to the type of the argument passed
[INFO] [stdout]    --> src/image.rs:104:32
[INFO] [stdout]     |
[INFO] [stdout] 104 |             new_message.path = Some(val.clone());
[INFO] [stdout]     |                                ^^^^^-----------^
[INFO] [stdout]     |                                     |
[INFO] [stdout]     |                                     this argument influences the type of `Some`
[INFO] [stdout] note: tuple variant defined here
[INFO] [stdout]    --> /rustc/0e09125c6c3c2fd70d7de961bcf0e51575235fad/library/core/src/option.rs:578:5
[INFO] [stdout] help: call `Into::into` on this expression to convert `pax_runtime_api::StringBox` into `std::string::String`
[INFO] [stdout]     |
[INFO] [stdout] 104 |             new_message.path = Some(val.clone().into());
[INFO] [stdout]     |                                                +++++++
[INFO] [stdout] 
[INFO] [stdout] 
[INFO] [stdout] error[E0308]: mismatched types
[INFO] [stdout]    --> src/image.rs:105:36
[INFO] [stdout]     |
[INFO] [stdout] 105 |             last_patch.path = Some(val.clone());
[INFO] [stdout]     |                               ---- ^^^^^^^^^^^ expected `String`, found `StringBox`
[INFO] [stdout]     |                               |
[INFO] [stdout]     |                               arguments to this enum variant are incorrect
[INFO] [stdout]     |
[INFO] [stdout] help: the type constructed contains `pax_runtime_api::StringBox` due to the type of the argument passed
[INFO] [stdout]    --> src/image.rs:105:31
[INFO] [stdout]     |
[INFO] [stdout] 105 |             last_patch.path = Some(val.clone());
[INFO] [stdout]     |                               ^^^^^-----------^
[INFO] [stdout]     |                                    |
[INFO] [stdout]     |                                    this argument influences the type of `Some`
[INFO] [stdout] note: tuple variant defined here
[INFO] [stdout]    --> /rustc/0e09125c6c3c2fd70d7de961bcf0e51575235fad/library/core/src/option.rs:578:5
[INFO] [stdout] help: call `Into::into` on this expression to convert `pax_runtime_api::StringBox` into `std::string::String`
[INFO] [stdout]     |
[INFO] [stdout] 105 |             last_patch.path = Some(val.clone().into());
[INFO] [stdout]     |                                               +++++++
[INFO] [stdout] 
[INFO] [stdout] 
[INFO] [stdout] error[E0308]: mismatched types
[INFO] [stdout]   --> src/text.rs:69:33
[INFO] [stdout]    |
[INFO] [stdout] 69 |             properties.text.set(new_value);
[INFO] [stdout]    |                             --- ^^^^^^^^^ expected `StringBox`, found `String`
[INFO] [stdout]    |                             |
[INFO] [stdout]    |                             arguments to this method are incorrect
[INFO] [stdout]    |
[INFO] [stdout] note: method defined here
[INFO] [stdout]   --> /opt/rustwide/cargo-home/registry/src/index.crates.io-6f17d22bba15001f/pax-runtime-api-0.10.10/src/lib.rs:34:8
[INFO] [stdout]    |
[INFO] [stdout] 34 |     fn set(&mut self, value: T);
[INFO] [stdout]    |        ^^^
[INFO] [stdout] help: try wrapping the expression in `pax_runtime_api::StringBox`
[INFO] [stdout]    |
[INFO] [stdout] 69 |             properties.text.set(pax_runtime_api::StringBox { string: new_value });
[INFO] [stdout]    |                                 ++++++++++++++++++++++++++++++++++++           +
[INFO] [stdout] 
[INFO] [stdout] 
[INFO] [stdout] error[E0599]: `&pax_runtime_api::StringBox` is not an iterator
[INFO] [stdout]     --> src/text.rs:202:40
[INFO] [stdout]      |
[INFO] [stdout] 202  |             Some(cached_value) => !val.eq(cached_value),
[INFO] [stdout]      |                                        ^^ `&pax_runtime_api::StringBox` is not an iterator
[INFO] [stdout]      |
[INFO] [stdout]     ::: /opt/rustwide/cargo-home/registry/src/index.crates.io-6f17d22bba15001f/pax-runtime-api-0.10.10/src/lib.rs:1071:1
[INFO] [stdout]      |
[INFO] [stdout] 1071 | pub struct StringBox {
[INFO] [stdout]      | -------------------- doesn't satisfy `pax_runtime_api::StringBox: Iterator`
[INFO] [stdout]      |
[INFO] [stdout]      = note: the following trait bounds were not satisfied:
[INFO] [stdout]              `&pax_runtime_api::StringBox: Iterator`
[INFO] [stdout]              which is required by `&mut &pax_runtime_api::StringBox: Iterator`
[INFO] [stdout]              `pax_runtime_api::StringBox: Iterator`
[INFO] [stdout]              which is required by `&mut pax_runtime_api::StringBox: Iterator`
[INFO] [stdout] 
[INFO] [stdout] 
[INFO] [stdout] error[E0308]: mismatched types
[INFO] [stdout]    --> src/text.rs:207:40
[INFO] [stdout]     |
[INFO] [stdout] 207 |             new_message.content = Some(val.clone());
[INFO] [stdout]     |                                   ---- ^^^^^^^^^^^ expected `String`, found `StringBox`
[INFO] [stdout]     |                                   |
[INFO] [stdout]     |                                   arguments to this enum variant are incorrect
[INFO] [stdout]     |
[INFO] [stdout] help: the type constructed contains `pax_runtime_api::StringBox` due to the type of the argument passed
[INFO] [stdout]    --> src/text.rs:207:35
[INFO] [stdout]     |
[INFO] [stdout] 207 |             new_message.content = Some(val.clone());
[INFO] [stdout]     |                                   ^^^^^-----------^
[INFO] [stdout]     |                                        |
[INFO] [stdout]     |                                        this argument influences the type of `Some`
[INFO] [stdout] note: tuple variant defined here
[INFO] [stdout]    --> /rustc/0e09125c6c3c2fd70d7de961bcf0e51575235fad/library/core/src/option.rs:578:5
[INFO] [stdout] help: call `Into::into` on this expression to convert `pax_runtime_api::StringBox` into `std::string::String`
[INFO] [stdout]     |
[INFO] [stdout] 207 |             new_message.content = Some(val.clone().into());
[INFO] [stdout]     |                                                   +++++++
[INFO] [stdout] 
[INFO] [stdout] 
[INFO] [stdout] error[E0308]: mismatched types
[INFO] [stdout]    --> src/text.rs:208:39
[INFO] [stdout]     |
[INFO] [stdout] 208 |             last_patch.content = Some(val.clone());
[INFO] [stdout]     |                                  ---- ^^^^^^^^^^^ expected `String`, found `StringBox`
[INFO] [stdout]     |                                  |
[INFO] [stdout]     |                                  arguments to this enum variant are incorrect
[INFO] [stdout]     |
[INFO] [stdout] help: the type constructed contains `pax_runtime_api::StringBox` due to the type of the argument passed
[INFO] [stdout]    --> src/text.rs:208:34
[INFO] [stdout]     |
[INFO] [stdout] 208 |             last_patch.content = Some(val.clone());
[INFO] [stdout]     |                                  ^^^^^-----------^
[INFO] [stdout]     |                                       |
[INFO] [stdout]     |                                       this argument influences the type of `Some`
[INFO] [stdout] note: tuple variant defined here
[INFO] [stdout]    --> /rustc/0e09125c6c3c2fd70d7de961bcf0e51575235fad/library/core/src/option.rs:578:5
[INFO] [stdout] help: call `Into::into` on this expression to convert `pax_runtime_api::StringBox` into `std::string::String`
[INFO] [stdout]     |
[INFO] [stdout] 208 |             last_patch.content = Some(val.clone().into());
[INFO] [stdout]     |                                                  +++++++
[INFO] [stdout] 
[INFO] [stdout] 
[INFO] [stdout] error: aborting due to 8 previous errors
[INFO] [stdout] 
[INFO] [stdout] 
[INFO] [stdout] Some errors have detailed explanations: E0308, E0599.
[INFO] [stdout] 
[INFO] [stdout] For more information about an error, try `rustc --explain E0308`.
[INFO] [stdout] 
[INFO] [stderr] error: could not compile `pax-std-primitives` (lib) due to 9 previous errors
[INFO] [stderr] warning: build failed, waiting for other jobs to finish...
[INFO] running `Command { std: "docker" "inspect" "1b826048ef299c6f2e57944b0689dcc3e1ab4c2a71f9e4cde49193f405470320", kill_on_drop: false }`
[INFO] running `Command { std: "docker" "rm" "-f" "1b826048ef299c6f2e57944b0689dcc3e1ab4c2a71f9e4cde49193f405470320", kill_on_drop: false }`
[INFO] [stdout] 1b826048ef299c6f2e57944b0689dcc3e1ab4c2a71f9e4cde49193f405470320
