[INFO] fetching crate pauli_tracker 0.3.1...
[INFO] testing pauli_tracker-0.3.1 against 1.75.0 for beta-1.76-1
[INFO] extracting crate pauli_tracker 0.3.1 into /workspace/builds/worker-1-tc1/source
[INFO] validating manifest of crates.io crate pauli_tracker 0.3.1 on toolchain 1.75.0
[INFO] running `Command { std: CARGO_HOME="/workspace/cargo-home" RUSTUP_HOME="/workspace/rustup-home" "/workspace/cargo-home/bin/cargo" "+1.75.0" "metadata" "--manifest-path" "Cargo.toml" "--no-deps", kill_on_drop: false }`
[INFO] removed /workspace/builds/worker-1-tc1/source/.cargo/config.toml
[INFO] started tweaking crates.io crate pauli_tracker 0.3.1
[INFO] finished tweaking crates.io crate pauli_tracker 0.3.1
[INFO] tweaked toml for crates.io crate pauli_tracker 0.3.1 written to /workspace/builds/worker-1-tc1/source/Cargo.toml
[INFO] running `Command { std: CARGO_HOME="/workspace/cargo-home" RUSTUP_HOME="/workspace/rustup-home" "/workspace/cargo-home/bin/cargo" "+1.75.0" "generate-lockfile" "--manifest-path" "Cargo.toml", kill_on_drop: false }`
[INFO] [stderr]     Updating crates.io index
[INFO] running `Command { std: CARGO_HOME="/workspace/cargo-home" RUSTUP_HOME="/workspace/rustup-home" "/workspace/cargo-home/bin/cargo" "+1.75.0" "fetch" "--manifest-path" "Cargo.toml", kill_on_drop: false }`
[INFO] [stderr]  Downloading crates ...
[INFO] [stderr]   Downloaded bitvec_simd v0.20.5
[INFO] [stderr]   Downloaded coverage-helper v0.2.0
[INFO] running `Command { std: "docker" "create" "-v" "/var/lib/crater-agent-workspace/builds/worker-1-tc1/target:/opt/rustwide/target:rw,Z" "-v" "/var/lib/crater-agent-workspace/builds/worker-1-tc1/source:/opt/rustwide/workdir:ro,Z" "-v" "/var/lib/crater-agent-workspace/cargo-home:/opt/rustwide/cargo-home:ro,Z" "-v" "/var/lib/crater-agent-workspace/rustup-home:/opt/rustwide/rustup-home:ro,Z" "-e" "SOURCE_DIR=/opt/rustwide/workdir" "-e" "CARGO_TARGET_DIR=/opt/rustwide/target" "-e" "CARGO_HOME=/opt/rustwide/cargo-home" "-e" "RUSTUP_HOME=/opt/rustwide/rustup-home" "-w" "/opt/rustwide/workdir" "-m" "1610612736" "--user" "0:0" "--network" "none" "ghcr.io/rust-lang/crates-build-env/linux@sha256:2788e3201cd34a07e3172128adcd8b3090168a8e3bcc40d7c032b9dda1df7d1c" "/opt/rustwide/cargo-home/bin/cargo" "+1.75.0" "metadata" "--no-deps" "--format-version=1", kill_on_drop: false }`
[INFO] [stdout] 763729e2af8460222ff5546cdfb2534a0a923a1636fef0b958ef2b461486e3c5
[INFO] running `Command { std: "docker" "start" "-a" "763729e2af8460222ff5546cdfb2534a0a923a1636fef0b958ef2b461486e3c5", kill_on_drop: false }`
[INFO] running `Command { std: "docker" "inspect" "763729e2af8460222ff5546cdfb2534a0a923a1636fef0b958ef2b461486e3c5", kill_on_drop: false }`
[INFO] running `Command { std: "docker" "rm" "-f" "763729e2af8460222ff5546cdfb2534a0a923a1636fef0b958ef2b461486e3c5", kill_on_drop: false }`
[INFO] [stdout] 763729e2af8460222ff5546cdfb2534a0a923a1636fef0b958ef2b461486e3c5
[INFO] running `Command { std: "docker" "create" "-v" "/var/lib/crater-agent-workspace/builds/worker-1-tc1/target:/opt/rustwide/target:rw,Z" "-v" "/var/lib/crater-agent-workspace/builds/worker-1-tc1/source:/opt/rustwide/workdir:ro,Z" "-v" "/var/lib/crater-agent-workspace/cargo-home:/opt/rustwide/cargo-home:ro,Z" "-v" "/var/lib/crater-agent-workspace/rustup-home:/opt/rustwide/rustup-home:ro,Z" "-e" "SOURCE_DIR=/opt/rustwide/workdir" "-e" "CARGO_TARGET_DIR=/opt/rustwide/target" "-e" "CARGO_INCREMENTAL=0" "-e" "RUST_BACKTRACE=full" "-e" "RUSTFLAGS=--cap-lints=warn" "-e" "RUSTDOCFLAGS=--cap-lints=warn" "-e" "CARGO_HOME=/opt/rustwide/cargo-home" "-e" "RUSTUP_HOME=/opt/rustwide/rustup-home" "-w" "/opt/rustwide/workdir" "-m" "1610612736" "--user" "0:0" "--network" "none" "ghcr.io/rust-lang/crates-build-env/linux@sha256:2788e3201cd34a07e3172128adcd8b3090168a8e3bcc40d7c032b9dda1df7d1c" "/opt/rustwide/cargo-home/bin/cargo" "+1.75.0" "build" "--frozen" "--message-format=json", kill_on_drop: false }`
[INFO] [stdout] 4785577474d69ffc55687853674e86040d8d5e6c3d06b0f2f9e931e881dae85e
[INFO] running `Command { std: "docker" "start" "-a" "4785577474d69ffc55687853674e86040d8d5e6c3d06b0f2f9e931e881dae85e", kill_on_drop: false }`
[INFO] [stderr]    Compiling once_cell v1.19.0
[INFO] [stderr]    Compiling allocator-api2 v0.2.16
[INFO] [stderr]    Compiling pauli_tracker v0.3.1 (/opt/rustwide/workdir)
[INFO] [stderr]    Compiling itertools v0.11.0
[INFO] [stderr]    Compiling syn v2.0.48
[INFO] [stderr]    Compiling ahash v0.8.7
[INFO] [stderr]    Compiling hashbrown v0.14.3
[INFO] [stderr]    Compiling thiserror-impl v1.0.56
[INFO] [stderr]    Compiling thiserror v1.0.56
[INFO] [stderr]     Finished dev [unoptimized + debuginfo] target(s) in 2.73s
[INFO] running `Command { std: "docker" "inspect" "4785577474d69ffc55687853674e86040d8d5e6c3d06b0f2f9e931e881dae85e", kill_on_drop: false }`
[INFO] running `Command { std: "docker" "rm" "-f" "4785577474d69ffc55687853674e86040d8d5e6c3d06b0f2f9e931e881dae85e", kill_on_drop: false }`
[INFO] [stdout] 4785577474d69ffc55687853674e86040d8d5e6c3d06b0f2f9e931e881dae85e
[INFO] running `Command { std: "docker" "create" "-v" "/var/lib/crater-agent-workspace/builds/worker-1-tc1/target:/opt/rustwide/target:rw,Z" "-v" "/var/lib/crater-agent-workspace/builds/worker-1-tc1/source:/opt/rustwide/workdir:ro,Z" "-v" "/var/lib/crater-agent-workspace/cargo-home:/opt/rustwide/cargo-home:ro,Z" "-v" "/var/lib/crater-agent-workspace/rustup-home:/opt/rustwide/rustup-home:ro,Z" "-e" "SOURCE_DIR=/opt/rustwide/workdir" "-e" "CARGO_TARGET_DIR=/opt/rustwide/target" "-e" "CARGO_INCREMENTAL=0" "-e" "RUST_BACKTRACE=full" "-e" "RUSTFLAGS=--cap-lints=warn" "-e" "RUSTDOCFLAGS=--cap-lints=warn" "-e" "CARGO_HOME=/opt/rustwide/cargo-home" "-e" "RUSTUP_HOME=/opt/rustwide/rustup-home" "-w" "/opt/rustwide/workdir" "-m" "1610612736" "--user" "0:0" "--network" "none" "ghcr.io/rust-lang/crates-build-env/linux@sha256:2788e3201cd34a07e3172128adcd8b3090168a8e3bcc40d7c032b9dda1df7d1c" "/opt/rustwide/cargo-home/bin/cargo" "+1.75.0" "test" "--frozen" "--no-run" "--message-format=json", kill_on_drop: false }`
[INFO] [stdout] a198761ae580ac5f2a0c84f7c5df535fcc5841e68c77c74f7621b4b159bccef4
[INFO] running `Command { std: "docker" "start" "-a" "a198761ae580ac5f2a0c84f7c5df535fcc5841e68c77c74f7621b4b159bccef4", kill_on_drop: false }`
[INFO] [stderr]    Compiling rustix v0.38.28
[INFO] [stderr]    Compiling libm v0.2.8
[INFO] [stderr]    Compiling num-traits v0.2.17
[INFO] [stderr]    Compiling plotters-backend v0.3.5
[INFO] [stderr]    Compiling fastrand v2.0.1
[INFO] [stderr]    Compiling clap_lex v0.6.0
[INFO] [stderr]    Compiling anstyle v1.0.4
[INFO] [stderr]    Compiling regex-automata v0.4.3
[INFO] [stderr]    Compiling wait-timeout v0.2.0
[INFO] [stderr]    Compiling coverage-helper v0.2.0
[INFO] [stderr]    Compiling same-file v1.0.6
[INFO] [stderr]    Compiling quick-error v1.2.3
[INFO] [stderr]    Compiling cast v0.3.0
[INFO] [stderr]    Compiling serde_derive v1.0.194
[INFO] [stderr]    Compiling bit-vec v0.6.3
[INFO] [stderr]    Compiling hashbrown v0.14.3
[INFO] [stderr]    Compiling rayon v1.8.0
[INFO] [stderr]    Compiling plotters-svg v0.3.5
[INFO] [stderr]    Compiling clap_builder v4.4.12
[INFO] [stderr]    Compiling bit-set v0.5.3
[INFO] [stderr]    Compiling criterion-plot v0.5.0
[INFO] [stderr]    Compiling walkdir v2.4.0
[INFO] [stderr]    Compiling rand v0.8.5
[INFO] [stderr]    Compiling rand_xorshift v0.3.0
[INFO] [stderr]    Compiling unarray v0.1.4
[INFO] [stderr]    Compiling anes v0.1.6
[INFO] [stderr]    Compiling oorandom v11.1.3
[INFO] [stderr]    Compiling rand_pcg v0.3.1
[INFO] [stderr]    Compiling pauli_tracker v0.3.1 (/opt/rustwide/workdir)
[INFO] [stderr]    Compiling plotters v0.3.5
[INFO] [stderr]    Compiling regex v1.10.2
[INFO] [stderr]    Compiling clap v4.4.13
[INFO] [stderr]    Compiling tempfile v3.9.0
[INFO] [stderr]    Compiling is-terminal v0.4.10
[INFO] [stderr]    Compiling rusty-fork v0.3.0
[INFO] [stderr]    Compiling proptest v1.4.0
[INFO] [stderr]    Compiling serde v1.0.194
[INFO] [stderr]    Compiling serde_json v1.0.111
[INFO] [stderr]    Compiling ciborium v0.2.1
[INFO] [stderr]    Compiling tinytemplate v1.2.1
[INFO] [stderr]    Compiling criterion v0.5.1
[INFO] [stdout] error[E0433]: failed to resolve: could not find `scheduler` in `pauli_tracker`
[INFO] [stdout]   --> tests/roundtrips/scheduling.rs:21:5
[INFO] [stdout]    |
[INFO] [stdout] 21 |     scheduler::{
[INFO] [stdout]    |     ^^^^^^^^^ could not find `scheduler` in `pauli_tracker`
[INFO] [stdout] 
[INFO] [stdout] 
[INFO] [stdout] error[E0432]: unresolved imports `pauli_tracker::circuit`, `pauli_tracker::scheduler`
[INFO] [stdout]   --> tests/roundtrips/scheduling.rs:13:5
[INFO] [stdout]    |
[INFO] [stdout] 13 |     circuit::{
[INFO] [stdout]    |     ^^^^^^^ could not find `circuit` in `pauli_tracker`
[INFO] [stdout] ...
[INFO] [stdout] 21 |     scheduler::{
[INFO] [stdout]    |     ^^^^^^^^^ could not find `scheduler` in `pauli_tracker`
[INFO] [stdout] 
[INFO] [stdout] 
[INFO] [stdout] error[E0432]: unresolved imports `super::tracking`, `super::tracking`
[INFO] [stdout]   --> tests/roundtrips/scheduling.rs:56:12
[INFO] [stdout]    |
[INFO] [stdout] 56 | use super::tracking::{
[INFO] [stdout]    |            ^^^^^^^^ could not find `tracking` in `super`
[INFO] [stdout] 57 |     self,
[INFO] [stdout]    |     ^^^^ no `tracking` in `roundtrips`
[INFO] [stdout]    |
[INFO] [stdout] note: found an item that was configured out
[INFO] [stdout]   --> tests/roundtrips/mod.rs:2:9
[INFO] [stdout]    |
[INFO] [stdout] 2  | pub mod tracking;
[INFO] [stdout]    |         ^^^^^^^^
[INFO] [stdout]    = note: the item is gated behind the `circuit` feature
[INFO] [stdout] 
[INFO] [stdout] 
[INFO] [stdout] error[E0432]: unresolved import `super::tracking`
[INFO] [stdout]   --> tests/roundtrips/scheduling.rs:64:12
[INFO] [stdout]    |
[INFO] [stdout] 64 | use super::tracking::Storage;
[INFO] [stdout]    |            ^^^^^^^^ could not find `tracking` in `super`
[INFO] [stdout] 
[INFO] [stdout] 
[INFO] [stdout] error[E0432]: unresolved import `rustc_hash`
[INFO] [stdout]   --> tests/roundtrips/scheduling.rs:54:5
[INFO] [stdout]    |
[INFO] [stdout] 54 | use rustc_hash::FxHasher;
[INFO] [stdout]    |     ^^^^^^^^^^ use of undeclared crate or module `rustc_hash`
[INFO] [stdout] 
[INFO] [stdout] 
[INFO] [stdout] error[E0433]: failed to resolve: could not find `bitvec_simd` in `boolean_vector`
[INFO] [stdout]   --> src/lib.rs:99:34
[INFO] [stdout]    |
[INFO] [stdout] 99 |         normal::<boolean_vector::bitvec_simd::Iter>();
[INFO] [stdout]    |                                  ^^^^^^^^^^^ could not find `bitvec_simd` in `boolean_vector`
[INFO] [stdout] 
[INFO] [stdout] 
[INFO] [stdout] error[E0106]: missing lifetime specifier
[INFO] [stdout]    --> tests/roundtrips/scheduling.rs:271:25
[INFO] [stdout]     |
[INFO] [stdout] 271 |     ) -> InstructedSweep<T::IntoIter> {
[INFO] [stdout]     |                         ^ expected named lifetime parameter
[INFO] [stdout]     |
[INFO] [stdout]     = help: this function's return type contains a borrowed value, but there is no value for it to be borrowed from
[INFO] [stdout] help: consider using the `'static` lifetime
[INFO] [stdout]     |
[INFO] [stdout] 271 |     ) -> InstructedSweep<'static, T::IntoIter> {
[INFO] [stdout]     |                          ++++++++
[INFO] [stdout] 
[INFO] [stdout] 
[INFO] [stdout] error[E0433]: failed to resolve: could not find `bitvec_simd` in `boolean_vector`
[INFO] [stdout]    --> src/lib.rs:100:34
[INFO] [stdout]     |
[INFO] [stdout] 100 |         normal::<boolean_vector::bitvec_simd::IterFromRef>();
[INFO] [stdout]     |                                  ^^^^^^^^^^^ could not find `bitvec_simd` in `boolean_vector`
[INFO] [stdout] 
[INFO] [stdout] 
[INFO] [stdout] error[E0433]: failed to resolve: could not find `bitvec_simd` in `boolean_vector`
[INFO] [stdout]    --> src/lib.rs:101:34
[INFO] [stdout]     |
[INFO] [stdout] 101 |         normal::<boolean_vector::bitvec_simd::SimdBitVec>();
[INFO] [stdout]     |                                  ^^^^^^^^^^^ could not find `bitvec_simd` in `boolean_vector`
[INFO] [stdout] 
[INFO] [stdout] 
[INFO] [stdout] error[E0433]: failed to resolve: use of undeclared crate or module `scheduler`
[INFO] [stdout]    --> src/lib.rs:112:18
[INFO] [stdout]     |
[INFO] [stdout] 112 |         normal::<scheduler::space::AlreadyMeasured>();
[INFO] [stdout]     |                  ^^^^^^^^^ use of undeclared crate or module `scheduler`
[INFO] [stdout] 
[INFO] [stdout] 
[INFO] [stdout] error[E0433]: failed to resolve: use of undeclared crate or module `scheduler`
[INFO] [stdout]    --> src/lib.rs:113:18
[INFO] [stdout]     |
[INFO] [stdout] 113 |         normal::<scheduler::space::Graph>();
[INFO] [stdout]     |                  ^^^^^^^^^ use of undeclared crate or module `scheduler`
[INFO] [stdout] 
[INFO] [stdout] 
[INFO] [stdout] error[E0433]: failed to resolve: use of undeclared crate or module `scheduler`
[INFO] [stdout]    --> src/lib.rs:114:18
[INFO] [stdout]     |
[INFO] [stdout] 114 |         normal::<scheduler::space::GraphBuffer>();
[INFO] [stdout]     |                  ^^^^^^^^^ use of undeclared crate or module `scheduler`
[INFO] [stdout] 
[INFO] [stdout] 
[INFO] [stdout] error[E0433]: failed to resolve: use of undeclared crate or module `scheduler`
[INFO] [stdout]    --> src/lib.rs:115:18
[INFO] [stdout]     |
[INFO] [stdout] 115 |         normal::<scheduler::time::DependencyBuffer>();
[INFO] [stdout]     |                  ^^^^^^^^^ use of undeclared crate or module `scheduler`
[INFO] [stdout] 
[INFO] [stdout] 
[INFO] [stdout] error[E0433]: failed to resolve: use of undeclared crate or module `scheduler`
[INFO] [stdout]    --> src/lib.rs:116:18
[INFO] [stdout]     |
[INFO] [stdout] 116 |         normal::<scheduler::time::NotMeasurable>();
[INFO] [stdout]     |                  ^^^^^^^^^ use of undeclared crate or module `scheduler`
[INFO] [stdout] 
[INFO] [stdout] 
[INFO] [stdout] error[E0433]: failed to resolve: use of undeclared crate or module `scheduler`
[INFO] [stdout]    --> src/lib.rs:117:18
[INFO] [stdout]     |
[INFO] [stdout] 117 |         normal::<scheduler::time::PathGenerator<()>>();
[INFO] [stdout]     |                  ^^^^^^^^^ use of undeclared crate or module `scheduler`
[INFO] [stdout] 
[INFO] [stdout] 
[INFO] [stdout] error[E0433]: failed to resolve: use of undeclared crate or module `scheduler`
[INFO] [stdout]    --> src/lib.rs:118:18
[INFO] [stdout]     |
[INFO] [stdout] 118 |         normal::<scheduler::tree::EmptyStack>();
[INFO] [stdout]     |                  ^^^^^^^^^ use of undeclared crate or module `scheduler`
[INFO] [stdout] 
[INFO] [stdout] 
[INFO] [stdout] error[E0433]: failed to resolve: use of undeclared crate or module `scheduler`
[INFO] [stdout]    --> src/lib.rs:119:18
[INFO] [stdout]     |
[INFO] [stdout] 119 |         normal::<scheduler::tree::Sweep<()>>();
[INFO] [stdout]     |                  ^^^^^^^^^ use of undeclared crate or module `scheduler`
[INFO] [stdout] 
[INFO] [stdout] 
[INFO] [stdout] error[E0433]: failed to resolve: use of undeclared crate or module `scheduler`
[INFO] [stdout]    --> src/lib.rs:127:18
[INFO] [stdout]     |
[INFO] [stdout] 127 |         normal::<scheduler::space::State>();
[INFO] [stdout]     |                  ^^^^^^^^^ use of undeclared crate or module `scheduler`
[INFO] [stdout] 
[INFO] [stdout] 
[INFO] [stdout] error[E0433]: failed to resolve: use of undeclared crate or module `scheduler`
[INFO] [stdout]    --> src/lib.rs:128:18
[INFO] [stdout]     |
[INFO] [stdout] 128 |         normal::<scheduler::tree::Step<(), ()>>();
[INFO] [stdout]     |                  ^^^^^^^^^ use of undeclared crate or module `scheduler`
[INFO] [stdout] 
[INFO] [stdout] 
[INFO] [stdout] error: aborting due to 6 previous errors
[INFO] [stdout] 
[INFO] [stdout] 
[INFO] [stdout] Some errors have detailed explanations: E0106, E0432, E0433.
[INFO] [stdout] 
[INFO] [stdout] For more information about an error, try `rustc --explain E0106`.
[INFO] [stdout] 
[INFO] [stderr] error: could not compile `pauli_tracker` (test "roundtripping") due to 7 previous errors
[INFO] [stderr] warning: build failed, waiting for other jobs to finish...
[INFO] [stdout] error[E0433]: failed to resolve: use of undeclared crate or module `bit_vec`
[INFO] [stdout]    --> src/tracker/frames.rs:422:61
[INFO] [stdout]     |
[INFO] [stdout] 422 |         type ThisTracker = Frames<BufferedVector<PauliStack<bit_vec::BitVec>>>;
[INFO] [stdout]     |                                                             ^^^^^^^ use of undeclared crate or module `bit_vec`
[INFO] [stdout] 
[INFO] [stdout] 
[INFO] [stdout] error[E0433]: failed to resolve: use of undeclared crate or module `circuit`
[INFO] [stdout]    --> src/lib.rs:102:18
[INFO] [stdout]     |
[INFO] [stdout] 102 |         normal::<circuit::DummyCircuit>();
[INFO] [stdout]     |                  ^^^^^^^ use of undeclared crate or module `circuit`
[INFO] [stdout] 
[INFO] [stdout] 
[INFO] [stdout] error[E0433]: failed to resolve: use of undeclared crate or module `circuit`
[INFO] [stdout]    --> src/lib.rs:103:18
[INFO] [stdout]     |
[INFO] [stdout] 103 |         normal::<circuit::RandomMeasurementCircuit>();
[INFO] [stdout]     |                  ^^^^^^^ use of undeclared crate or module `circuit`
[INFO] [stdout] 
[INFO] [stdout] 
[INFO] [stdout] error[E0433]: failed to resolve: use of undeclared crate or module `circuit`
[INFO] [stdout]    --> src/lib.rs:104:18
[INFO] [stdout]     |
[INFO] [stdout] 104 |         normal::<circuit::TrackedCircuit<(), (), ()>>();
[INFO] [stdout]     |                  ^^^^^^^ use of undeclared crate or module `circuit`
[INFO] [stdout] 
[INFO] [stdout] 
[INFO] [stdout] error[E0433]: failed to resolve: use of undeclared crate or module `scheduler`
[INFO] [stdout]    --> src/lib.rs:111:18
[INFO] [stdout]     |
[INFO] [stdout] 111 |         normal::<scheduler::Scheduler<()>>();
[INFO] [stdout]     |                  ^^^^^^^^^ use of undeclared crate or module `scheduler`
[INFO] [stdout] 
[INFO] [stdout] 
[INFO] [stdout] error[E0433]: failed to resolve: use of undeclared crate or module `scheduler`
[INFO] [stdout]    --> src/lib.rs:126:18
[INFO] [stdout]     |
[INFO] [stdout] 126 |         normal::<scheduler::InstructionError>();
[INFO] [stdout]     |                  ^^^^^^^^^ use of undeclared crate or module `scheduler`
[INFO] [stdout] 
[INFO] [stdout] 
[INFO] [stdout] error: aborting due to 19 previous errors
[INFO] [stdout] 
[INFO] [stdout] 
[INFO] [stdout] For more information about this error, try `rustc --explain E0433`.
[INFO] [stdout] 
[INFO] [stderr] error: could not compile `pauli_tracker` (lib test) due to 20 previous errors
[INFO] running `Command { std: "docker" "inspect" "a198761ae580ac5f2a0c84f7c5df535fcc5841e68c77c74f7621b4b159bccef4", kill_on_drop: false }`
[INFO] running `Command { std: "docker" "rm" "-f" "a198761ae580ac5f2a0c84f7c5df535fcc5841e68c77c74f7621b4b159bccef4", kill_on_drop: false }`
[INFO] [stdout] a198761ae580ac5f2a0c84f7c5df535fcc5841e68c77c74f7621b4b159bccef4
[INFO] testing pauli_tracker-0.3.1 against beta-2023-12-22 for beta-1.76-1
[INFO] extracting crate pauli_tracker 0.3.1 into /workspace/builds/worker-1-tc2/source
[INFO] validating manifest of crates.io crate pauli_tracker 0.3.1 on toolchain beta-2023-12-22
[INFO] running `Command { std: CARGO_HOME="/workspace/cargo-home" RUSTUP_HOME="/workspace/rustup-home" "/workspace/cargo-home/bin/cargo" "+beta-2023-12-22" "metadata" "--manifest-path" "Cargo.toml" "--no-deps", kill_on_drop: false }`
[INFO] removed /workspace/builds/worker-1-tc2/source/.cargo/config.toml
[INFO] started tweaking crates.io crate pauli_tracker 0.3.1
[INFO] finished tweaking crates.io crate pauli_tracker 0.3.1
[INFO] tweaked toml for crates.io crate pauli_tracker 0.3.1 written to /workspace/builds/worker-1-tc2/source/Cargo.toml
[INFO] running `Command { std: CARGO_HOME="/workspace/cargo-home" RUSTUP_HOME="/workspace/rustup-home" "/workspace/cargo-home/bin/cargo" "+beta-2023-12-22" "generate-lockfile" "--manifest-path" "Cargo.toml", kill_on_drop: false }`
[INFO] [stderr]     Updating crates.io index
[INFO] running `Command { std: CARGO_HOME="/workspace/cargo-home" RUSTUP_HOME="/workspace/rustup-home" "/workspace/cargo-home/bin/cargo" "+beta-2023-12-22" "fetch" "--manifest-path" "Cargo.toml", kill_on_drop: false }`
[INFO] running `Command { std: "docker" "create" "-v" "/var/lib/crater-agent-workspace/builds/worker-1-tc2/target:/opt/rustwide/target:rw,Z" "-v" "/var/lib/crater-agent-workspace/builds/worker-1-tc2/source:/opt/rustwide/workdir:ro,Z" "-v" "/var/lib/crater-agent-workspace/cargo-home:/opt/rustwide/cargo-home:ro,Z" "-v" "/var/lib/crater-agent-workspace/rustup-home:/opt/rustwide/rustup-home:ro,Z" "-e" "SOURCE_DIR=/opt/rustwide/workdir" "-e" "CARGO_TARGET_DIR=/opt/rustwide/target" "-e" "CARGO_HOME=/opt/rustwide/cargo-home" "-e" "RUSTUP_HOME=/opt/rustwide/rustup-home" "-w" "/opt/rustwide/workdir" "-m" "1610612736" "--user" "0:0" "--network" "none" "ghcr.io/rust-lang/crates-build-env/linux@sha256:2788e3201cd34a07e3172128adcd8b3090168a8e3bcc40d7c032b9dda1df7d1c" "/opt/rustwide/cargo-home/bin/cargo" "+beta-2023-12-22" "metadata" "--no-deps" "--format-version=1", kill_on_drop: false }`
[INFO] [stdout] 641d51ef86538629d8133c61a783d9242f69c0b1d4f53e9e890db0c07b4fa7e6
[INFO] running `Command { std: "docker" "start" "-a" "641d51ef86538629d8133c61a783d9242f69c0b1d4f53e9e890db0c07b4fa7e6", kill_on_drop: false }`
[INFO] running `Command { std: "docker" "inspect" "641d51ef86538629d8133c61a783d9242f69c0b1d4f53e9e890db0c07b4fa7e6", kill_on_drop: false }`
[INFO] running `Command { std: "docker" "rm" "-f" "641d51ef86538629d8133c61a783d9242f69c0b1d4f53e9e890db0c07b4fa7e6", kill_on_drop: false }`
[INFO] [stdout] 641d51ef86538629d8133c61a783d9242f69c0b1d4f53e9e890db0c07b4fa7e6
[INFO] running `Command { std: "docker" "create" "-v" "/var/lib/crater-agent-workspace/builds/worker-1-tc2/target:/opt/rustwide/target:rw,Z" "-v" "/var/lib/crater-agent-workspace/builds/worker-1-tc2/source:/opt/rustwide/workdir:ro,Z" "-v" "/var/lib/crater-agent-workspace/cargo-home:/opt/rustwide/cargo-home:ro,Z" "-v" "/var/lib/crater-agent-workspace/rustup-home:/opt/rustwide/rustup-home:ro,Z" "-e" "SOURCE_DIR=/opt/rustwide/workdir" "-e" "CARGO_TARGET_DIR=/opt/rustwide/target" "-e" "CARGO_INCREMENTAL=0" "-e" "RUST_BACKTRACE=full" "-e" "RUSTFLAGS=--cap-lints=warn" "-e" "RUSTDOCFLAGS=--cap-lints=warn" "-e" "CARGO_HOME=/opt/rustwide/cargo-home" "-e" "RUSTUP_HOME=/opt/rustwide/rustup-home" "-w" "/opt/rustwide/workdir" "-m" "1610612736" "--user" "0:0" "--network" "none" "ghcr.io/rust-lang/crates-build-env/linux@sha256:2788e3201cd34a07e3172128adcd8b3090168a8e3bcc40d7c032b9dda1df7d1c" "/opt/rustwide/cargo-home/bin/cargo" "+beta-2023-12-22" "build" "--frozen" "--message-format=json", kill_on_drop: false }`
[INFO] [stdout] 4e95c6feeda173b8ac78b892f06fe6613808b0165f61f423559fb389b137e52a
[INFO] running `Command { std: "docker" "start" "-a" "4e95c6feeda173b8ac78b892f06fe6613808b0165f61f423559fb389b137e52a", kill_on_drop: false }`
[INFO] [stderr]    Compiling once_cell v1.19.0
[INFO] [stderr]    Compiling allocator-api2 v0.2.16
[INFO] [stderr]    Compiling pauli_tracker v0.3.1 (/opt/rustwide/workdir)
[INFO] [stderr]    Compiling itertools v0.11.0
[INFO] [stderr]    Compiling syn v2.0.48
[INFO] [stderr]    Compiling ahash v0.8.7
[INFO] [stderr]    Compiling hashbrown v0.14.3
[INFO] [stderr]    Compiling thiserror-impl v1.0.56
[INFO] [stderr]    Compiling thiserror v1.0.56
[INFO] [stderr]     Finished dev [unoptimized + debuginfo] target(s) in 3.27s
[INFO] running `Command { std: "docker" "inspect" "4e95c6feeda173b8ac78b892f06fe6613808b0165f61f423559fb389b137e52a", kill_on_drop: false }`
[INFO] running `Command { std: "docker" "rm" "-f" "4e95c6feeda173b8ac78b892f06fe6613808b0165f61f423559fb389b137e52a", kill_on_drop: false }`
[INFO] [stdout] 4e95c6feeda173b8ac78b892f06fe6613808b0165f61f423559fb389b137e52a
[INFO] running `Command { std: "docker" "create" "-v" "/var/lib/crater-agent-workspace/builds/worker-1-tc2/target:/opt/rustwide/target:rw,Z" "-v" "/var/lib/crater-agent-workspace/builds/worker-1-tc2/source:/opt/rustwide/workdir:ro,Z" "-v" "/var/lib/crater-agent-workspace/cargo-home:/opt/rustwide/cargo-home:ro,Z" "-v" "/var/lib/crater-agent-workspace/rustup-home:/opt/rustwide/rustup-home:ro,Z" "-e" "SOURCE_DIR=/opt/rustwide/workdir" "-e" "CARGO_TARGET_DIR=/opt/rustwide/target" "-e" "CARGO_INCREMENTAL=0" "-e" "RUST_BACKTRACE=full" "-e" "RUSTFLAGS=--cap-lints=warn" "-e" "RUSTDOCFLAGS=--cap-lints=warn" "-e" "CARGO_HOME=/opt/rustwide/cargo-home" "-e" "RUSTUP_HOME=/opt/rustwide/rustup-home" "-w" "/opt/rustwide/workdir" "-m" "1610612736" "--user" "0:0" "--network" "none" "ghcr.io/rust-lang/crates-build-env/linux@sha256:2788e3201cd34a07e3172128adcd8b3090168a8e3bcc40d7c032b9dda1df7d1c" "/opt/rustwide/cargo-home/bin/cargo" "+beta-2023-12-22" "test" "--frozen" "--no-run" "--message-format=json", kill_on_drop: false }`
[INFO] [stdout] 0d4955d0230fefe2faf18631b2c1ff9c5f6d46b35a43e306b992fb9703647e27
[INFO] running `Command { std: "docker" "start" "-a" "0d4955d0230fefe2faf18631b2c1ff9c5f6d46b35a43e306b992fb9703647e27", kill_on_drop: false }`
[INFO] [stderr]    Compiling rustix v0.38.28
[INFO] [stderr]    Compiling libm v0.2.8
[INFO] [stderr]    Compiling num-traits v0.2.17
[INFO] [stderr]    Compiling plotters-backend v0.3.5
[INFO] [stderr]    Compiling anstyle v1.0.4
[INFO] [stderr]    Compiling clap_lex v0.6.0
[INFO] [stderr]    Compiling fastrand v2.0.1
[INFO] [stderr]    Compiling regex-automata v0.4.3
[INFO] [stderr]    Compiling wait-timeout v0.2.0
[INFO] [stderr]    Compiling quick-error v1.2.3
[INFO] [stderr]    Compiling serde_derive v1.0.194
[INFO] [stderr]    Compiling coverage-helper v0.2.0
[INFO] [stderr]    Compiling same-file v1.0.6
[INFO] [stderr]    Compiling cast v0.3.0
[INFO] [stderr]    Compiling bit-vec v0.6.3
[INFO] [stderr]    Compiling hashbrown v0.14.3
[INFO] [stderr]    Compiling rand v0.8.5
[INFO] [stderr]    Compiling walkdir v2.4.0
[INFO] [stderr]    Compiling plotters-svg v0.3.5
[INFO] [stderr]    Compiling clap_builder v4.4.12
[INFO] [stderr]    Compiling bit-set v0.5.3
[INFO] [stderr]    Compiling criterion-plot v0.5.0
[INFO] [stderr]    Compiling rayon v1.8.0
[INFO] [stderr]    Compiling rand_xorshift v0.3.0
[INFO] [stderr]    Compiling oorandom v11.1.3
[INFO] [stderr]    Compiling unarray v0.1.4
[INFO] [stderr]    Compiling anes v0.1.6
[INFO] [stderr]    Compiling rand_pcg v0.3.1
[INFO] [stderr]    Compiling pauli_tracker v0.3.1 (/opt/rustwide/workdir)
[INFO] [stderr]    Compiling regex v1.10.2
[INFO] [stderr]    Compiling plotters v0.3.5
[INFO] [stderr]    Compiling clap v4.4.13
[INFO] [stderr]    Compiling tempfile v3.9.0
[INFO] [stderr]    Compiling is-terminal v0.4.10
[INFO] [stderr]    Compiling rusty-fork v0.3.0
[INFO] [stderr]    Compiling proptest v1.4.0
[INFO] [stderr]    Compiling serde v1.0.194
[INFO] [stderr]    Compiling serde_json v1.0.111
[INFO] [stderr]    Compiling ciborium v0.2.1
[INFO] [stderr]    Compiling tinytemplate v1.2.1
[INFO] [stderr]    Compiling criterion v0.5.1
[INFO] [stdout] error[E0433]: failed to resolve: could not find `scheduler` in `pauli_tracker`
[INFO] [stdout]   --> tests/roundtrips/scheduling.rs:21:5
[INFO] [stdout]    |
[INFO] [stdout] 21 |     scheduler::{
[INFO] [stdout]    |     ^^^^^^^^^ could not find `scheduler` in `pauli_tracker`
[INFO] [stdout] 
[INFO] [stdout] 
[INFO] [stdout] error[E0433]: failed to resolve: could not find `bitvec_simd` in `boolean_vector`
[INFO] [stdout]   --> src/lib.rs:99:34
[INFO] [stdout]    |
[INFO] [stdout] 99 |         normal::<boolean_vector::bitvec_simd::Iter>();
[INFO] [stdout]    |                                  ^^^^^^^^^^^ could not find `bitvec_simd` in `boolean_vector`
[INFO] [stdout] 
[INFO] [stdout] 
[INFO] [stdout] error[E0433]: failed to resolve: could not find `bitvec_simd` in `boolean_vector`
[INFO] [stdout]    --> src/lib.rs:100:34
[INFO] [stdout]     |
[INFO] [stdout] 100 |         normal::<boolean_vector::bitvec_simd::IterFromRef>();
[INFO] [stdout]     |                                  ^^^^^^^^^^^ could not find `bitvec_simd` in `boolean_vector`
[INFO] [stdout] 
[INFO] [stdout] 
[INFO] [stdout] error[E0433]: failed to resolve: could not find `bitvec_simd` in `boolean_vector`
[INFO] [stdout]    --> src/lib.rs:101:34
[INFO] [stdout]     |
[INFO] [stdout] 101 |         normal::<boolean_vector::bitvec_simd::SimdBitVec>();
[INFO] [stdout]     |                                  ^^^^^^^^^^^ could not find `bitvec_simd` in `boolean_vector`
[INFO] [stdout] 
[INFO] [stdout] 
[INFO] [stdout] error[E0432]: unresolved imports `pauli_tracker::circuit`, `pauli_tracker::scheduler`
[INFO] [stdout]   --> tests/roundtrips/scheduling.rs:13:5
[INFO] [stdout]    |
[INFO] [stdout] 13 |     circuit::{
[INFO] [stdout]    |     ^^^^^^^ could not find `circuit` in `pauli_tracker`
[INFO] [stdout] ...
[INFO] [stdout] 21 |     scheduler::{
[INFO] [stdout]    |     ^^^^^^^^^ could not find `scheduler` in `pauli_tracker`
[INFO] [stdout] 
[INFO] [stdout] 
[INFO] [stdout] error[E0432]: unresolved imports `super::tracking`, `super::tracking`
[INFO] [stdout]   --> tests/roundtrips/scheduling.rs:56:12
[INFO] [stdout]    |
[INFO] [stdout] 56 | use super::tracking::{
[INFO] [stdout]    |            ^^^^^^^^ could not find `tracking` in `super`
[INFO] [stdout] 57 |     self,
[INFO] [stdout]    |     ^^^^ no `tracking` in `roundtrips`
[INFO] [stdout]    |
[INFO] [stdout] note: found an item that was configured out
[INFO] [stdout]   --> tests/roundtrips/mod.rs:2:9
[INFO] [stdout]    |
[INFO] [stdout] 2  | pub mod tracking;
[INFO] [stdout]    |         ^^^^^^^^
[INFO] [stdout]    = note: the item is gated behind the `circuit` feature
[INFO] [stdout] 
[INFO] [stdout] 
[INFO] [stdout] error[E0432]: unresolved import `super::tracking`
[INFO] [stdout]   --> tests/roundtrips/scheduling.rs:64:12
[INFO] [stdout]    |
[INFO] [stdout] 64 | use super::tracking::Storage;
[INFO] [stdout]    |            ^^^^^^^^ could not find `tracking` in `super`
[INFO] [stdout] 
[INFO] [stdout] 
[INFO] [stdout] error[E0432]: unresolved import `rustc_hash`
[INFO] [stdout]   --> tests/roundtrips/scheduling.rs:54:5
[INFO] [stdout]    |
[INFO] [stdout] 54 | use rustc_hash::FxHasher;
[INFO] [stdout]    |     ^^^^^^^^^^ use of undeclared crate or module `rustc_hash`
[INFO] [stdout] 
[INFO] [stdout] 
[INFO] [stdout] error[E0106]: missing lifetime specifier
[INFO] [stdout]    --> tests/roundtrips/scheduling.rs:271:25
[INFO] [stdout]     |
[INFO] [stdout] 271 |     ) -> InstructedSweep<T::IntoIter> {
[INFO] [stdout]     |                         ^ expected named lifetime parameter
[INFO] [stdout]     |
[INFO] [stdout]     = help: this function's return type contains a borrowed value, but there is no value for it to be borrowed from
[INFO] [stdout] help: consider using the `'static` lifetime, but this is uncommon unless you're returning a borrowed value from a `const` or a `static`, or if you will only have owned values
[INFO] [stdout]     |
[INFO] [stdout] 271 |     ) -> InstructedSweep<'static, T::IntoIter> {
[INFO] [stdout]     |                          ++++++++
[INFO] [stdout] 
[INFO] [stdout] 
[INFO] [stdout] error[E0433]: failed to resolve: use of undeclared crate or module `scheduler`
[INFO] [stdout]    --> src/lib.rs:112:18
[INFO] [stdout]     |
[INFO] [stdout] 112 |         normal::<scheduler::space::AlreadyMeasured>();
[INFO] [stdout]     |                  ^^^^^^^^^ use of undeclared crate or module `scheduler`
[INFO] [stdout] 
[INFO] [stdout] 
[INFO] [stdout] error[E0433]: failed to resolve: use of undeclared crate or module `scheduler`
[INFO] [stdout]    --> src/lib.rs:113:18
[INFO] [stdout]     |
[INFO] [stdout] 113 |         normal::<scheduler::space::Graph>();
[INFO] [stdout]     |                  ^^^^^^^^^ use of undeclared crate or module `scheduler`
[INFO] [stdout] 
[INFO] [stdout] 
[INFO] [stdout] error[E0433]: failed to resolve: use of undeclared crate or module `scheduler`
[INFO] [stdout]    --> src/lib.rs:114:18
[INFO] [stdout]     |
[INFO] [stdout] 114 |         normal::<scheduler::space::GraphBuffer>();
[INFO] [stdout]     |                  ^^^^^^^^^ use of undeclared crate or module `scheduler`
[INFO] [stdout] 
[INFO] [stdout] 
[INFO] [stdout] error[E0433]: failed to resolve: use of undeclared crate or module `scheduler`
[INFO] [stdout]    --> src/lib.rs:115:18
[INFO] [stdout]     |
[INFO] [stdout] 115 |         normal::<scheduler::time::DependencyBuffer>();
[INFO] [stdout]     |                  ^^^^^^^^^ use of undeclared crate or module `scheduler`
[INFO] [stdout] 
[INFO] [stdout] 
[INFO] [stdout] error[E0433]: failed to resolve: use of undeclared crate or module `scheduler`
[INFO] [stdout]    --> src/lib.rs:116:18
[INFO] [stdout]     |
[INFO] [stdout] 116 |         normal::<scheduler::time::NotMeasurable>();
[INFO] [stdout]     |                  ^^^^^^^^^ use of undeclared crate or module `scheduler`
[INFO] [stdout] 
[INFO] [stdout] 
[INFO] [stdout] error[E0433]: failed to resolve: use of undeclared crate or module `scheduler`
[INFO] [stdout]    --> src/lib.rs:117:18
[INFO] [stdout]     |
[INFO] [stdout] 117 |         normal::<scheduler::time::PathGenerator<()>>();
[INFO] [stdout]     |                  ^^^^^^^^^ use of undeclared crate or module `scheduler`
[INFO] [stdout] 
[INFO] [stdout] 
[INFO] [stdout] error[E0433]: failed to resolve: use of undeclared crate or module `scheduler`
[INFO] [stdout]    --> src/lib.rs:118:18
[INFO] [stdout]     |
[INFO] [stdout] 118 |         normal::<scheduler::tree::EmptyStack>();
[INFO] [stdout]     |                  ^^^^^^^^^ use of undeclared crate or module `scheduler`
[INFO] [stdout] 
[INFO] [stdout] 
[INFO] [stdout] error[E0433]: failed to resolve: use of undeclared crate or module `scheduler`
[INFO] [stdout]    --> src/lib.rs:119:18
[INFO] [stdout]     |
[INFO] [stdout] 119 |         normal::<scheduler::tree::Sweep<()>>();
[INFO] [stdout]     |                  ^^^^^^^^^ use of undeclared crate or module `scheduler`
[INFO] [stdout] 
[INFO] [stdout] 
[INFO] [stdout] error[E0433]: failed to resolve: use of undeclared crate or module `scheduler`
[INFO] [stdout]    --> src/lib.rs:127:18
[INFO] [stdout]     |
[INFO] [stdout] 127 |         normal::<scheduler::space::State>();
[INFO] [stdout]     |                  ^^^^^^^^^ use of undeclared crate or module `scheduler`
[INFO] [stdout] 
[INFO] [stdout] 
[INFO] [stdout] error[E0433]: failed to resolve: use of undeclared crate or module `scheduler`
[INFO] [stdout]    --> src/lib.rs:128:18
[INFO] [stdout]     |
[INFO] [stdout] 128 |         normal::<scheduler::tree::Step<(), ()>>();
[INFO] [stdout]     |                  ^^^^^^^^^ use of undeclared crate or module `scheduler`
[INFO] [stdout] 
[INFO] [stdout] 
[INFO] [stdout] error: aborting due to 6 previous errors
[INFO] [stdout] 
[INFO] [stdout] 
[INFO] [stdout] Some errors have detailed explanations: E0106, E0432, E0433.
[INFO] [stdout] 
[INFO] [stdout] For more information about an error, try `rustc --explain E0106`.
[INFO] [stdout] 
[INFO] [stderr] error: could not compile `pauli_tracker` (test "roundtripping") due to 7 previous errors
[INFO] [stderr] warning: build failed, waiting for other jobs to finish...
[INFO] [stdout] error[E0433]: failed to resolve: use of undeclared crate or module `bit_vec`
[INFO] [stdout]    --> src/tracker/frames.rs:422:61
[INFO] [stdout]     |
[INFO] [stdout] 422 |         type ThisTracker = Frames<BufferedVector<PauliStack<bit_vec::BitVec>>>;
[INFO] [stdout]     |                                                             ^^^^^^^ use of undeclared crate or module `bit_vec`
[INFO] [stdout] 
[INFO] [stdout] 
[INFO] [stdout] error[E0433]: failed to resolve: use of undeclared crate or module `circuit`
[INFO] [stdout]    --> src/lib.rs:102:18
[INFO] [stdout]     |
[INFO] [stdout] 102 |         normal::<circuit::DummyCircuit>();
[INFO] [stdout]     |                  ^^^^^^^ use of undeclared crate or module `circuit`
[INFO] [stdout] 
[INFO] [stdout] 
[INFO] [stdout] error[E0433]: failed to resolve: use of undeclared crate or module `circuit`
[INFO] [stdout]    --> src/lib.rs:103:18
[INFO] [stdout]     |
[INFO] [stdout] 103 |         normal::<circuit::RandomMeasurementCircuit>();
[INFO] [stdout]     |                  ^^^^^^^ use of undeclared crate or module `circuit`
[INFO] [stdout] 
[INFO] [stdout] 
[INFO] [stdout] error[E0433]: failed to resolve: use of undeclared crate or module `circuit`
[INFO] [stdout]    --> src/lib.rs:104:18
[INFO] [stdout]     |
[INFO] [stdout] 104 |         normal::<circuit::TrackedCircuit<(), (), ()>>();
[INFO] [stdout]     |                  ^^^^^^^ use of undeclared crate or module `circuit`
[INFO] [stdout] 
[INFO] [stdout] 
[INFO] [stdout] error[E0433]: failed to resolve: use of undeclared crate or module `scheduler`
[INFO] [stdout]    --> src/lib.rs:111:18
[INFO] [stdout]     |
[INFO] [stdout] 111 |         normal::<scheduler::Scheduler<()>>();
[INFO] [stdout]     |                  ^^^^^^^^^ use of undeclared crate or module `scheduler`
[INFO] [stdout] 
[INFO] [stdout] 
[INFO] [stdout] error[E0433]: failed to resolve: use of undeclared crate or module `scheduler`
[INFO] [stdout]    --> src/lib.rs:126:18
[INFO] [stdout]     |
[INFO] [stdout] 126 |         normal::<scheduler::InstructionError>();
[INFO] [stdout]     |                  ^^^^^^^^^ use of undeclared crate or module `scheduler`
[INFO] [stdout] 
[INFO] [stdout] 
[INFO] [stdout] error: aborting due to 19 previous errors
[INFO] [stdout] 
[INFO] [stdout] 
[INFO] [stdout] For more information about this error, try `rustc --explain E0433`.
[INFO] [stdout] 
[INFO] [stderr] error: could not compile `pauli_tracker` (lib test) due to 20 previous errors
[INFO] running `Command { std: "docker" "inspect" "0d4955d0230fefe2faf18631b2c1ff9c5f6d46b35a43e306b992fb9703647e27", kill_on_drop: false }`
[INFO] running `Command { std: "docker" "rm" "-f" "0d4955d0230fefe2faf18631b2c1ff9c5f6d46b35a43e306b992fb9703647e27", kill_on_drop: false }`
[INFO] [stdout] 0d4955d0230fefe2faf18631b2c1ff9c5f6d46b35a43e306b992fb9703647e27
