[INFO] fetching crate parity-rocksdb 0.5.1...
[INFO] testing parity-rocksdb-0.5.1 against 1.75.0 for beta-1.76-1
[INFO] extracting crate parity-rocksdb 0.5.1 into /workspace/builds/worker-2-tc1/source
[INFO] validating manifest of crates.io crate parity-rocksdb 0.5.1 on toolchain 1.75.0
[INFO] running `Command { std: CARGO_HOME="/workspace/cargo-home" RUSTUP_HOME="/workspace/rustup-home" "/workspace/cargo-home/bin/cargo" "+1.75.0" "metadata" "--manifest-path" "Cargo.toml" "--no-deps", kill_on_drop: false }`
[INFO] started tweaking crates.io crate parity-rocksdb 0.5.1
[INFO] removed 1 missing tests
[INFO] finished tweaking crates.io crate parity-rocksdb 0.5.1
[INFO] tweaked toml for crates.io crate parity-rocksdb 0.5.1 written to /workspace/builds/worker-2-tc1/source/Cargo.toml
[INFO] running `Command { std: CARGO_HOME="/workspace/cargo-home" RUSTUP_HOME="/workspace/rustup-home" "/workspace/cargo-home/bin/cargo" "+1.75.0" "generate-lockfile" "--manifest-path" "Cargo.toml", kill_on_drop: false }`
[INFO] [stderr]     Updating crates.io index
[INFO] running `Command { std: CARGO_HOME="/workspace/cargo-home" RUSTUP_HOME="/workspace/rustup-home" "/workspace/cargo-home/bin/cargo" "+1.75.0" "fetch" "--manifest-path" "Cargo.toml", kill_on_drop: false }`
[INFO] [stderr]  Downloading crates ...
[INFO] [stderr]   Downloaded skeptic v0.4.0
[INFO] [stderr]   Downloaded local-encoding v0.2.0
[INFO] [stderr]   Downloaded pulldown-cmark v0.0.3
[INFO] [stderr]   Downloaded parity-snappy-sys v0.1.2
[INFO] [stderr]   Downloaded parity-rocksdb-sys v0.5.6
[INFO] running `Command { std: "docker" "create" "-v" "/var/lib/crater-agent-workspace/builds/worker-2-tc1/target:/opt/rustwide/target:rw,Z" "-v" "/var/lib/crater-agent-workspace/builds/worker-2-tc1/source:/opt/rustwide/workdir:ro,Z" "-v" "/var/lib/crater-agent-workspace/cargo-home:/opt/rustwide/cargo-home:ro,Z" "-v" "/var/lib/crater-agent-workspace/rustup-home:/opt/rustwide/rustup-home:ro,Z" "-e" "SOURCE_DIR=/opt/rustwide/workdir" "-e" "CARGO_TARGET_DIR=/opt/rustwide/target" "-e" "CARGO_HOME=/opt/rustwide/cargo-home" "-e" "RUSTUP_HOME=/opt/rustwide/rustup-home" "-w" "/opt/rustwide/workdir" "-m" "1610612736" "--user" "0:0" "--network" "none" "ghcr.io/rust-lang/crates-build-env/linux@sha256:2788e3201cd34a07e3172128adcd8b3090168a8e3bcc40d7c032b9dda1df7d1c" "/opt/rustwide/cargo-home/bin/cargo" "+1.75.0" "metadata" "--no-deps" "--format-version=1", kill_on_drop: false }`
[INFO] [stdout] 2a19f0e9722bc78a349135da98dca9f0a4d1ec70aff8b8a49ef7ae7e2e9537e4
[INFO] running `Command { std: "docker" "start" "-a" "2a19f0e9722bc78a349135da98dca9f0a4d1ec70aff8b8a49ef7ae7e2e9537e4", kill_on_drop: false }`
[INFO] running `Command { std: "docker" "inspect" "2a19f0e9722bc78a349135da98dca9f0a4d1ec70aff8b8a49ef7ae7e2e9537e4", kill_on_drop: false }`
[INFO] running `Command { std: "docker" "rm" "-f" "2a19f0e9722bc78a349135da98dca9f0a4d1ec70aff8b8a49ef7ae7e2e9537e4", kill_on_drop: false }`
[INFO] [stdout] 2a19f0e9722bc78a349135da98dca9f0a4d1ec70aff8b8a49ef7ae7e2e9537e4
[INFO] running `Command { std: "docker" "create" "-v" "/var/lib/crater-agent-workspace/builds/worker-2-tc1/target:/opt/rustwide/target:rw,Z" "-v" "/var/lib/crater-agent-workspace/builds/worker-2-tc1/source:/opt/rustwide/workdir:ro,Z" "-v" "/var/lib/crater-agent-workspace/cargo-home:/opt/rustwide/cargo-home:ro,Z" "-v" "/var/lib/crater-agent-workspace/rustup-home:/opt/rustwide/rustup-home:ro,Z" "-e" "SOURCE_DIR=/opt/rustwide/workdir" "-e" "CARGO_TARGET_DIR=/opt/rustwide/target" "-e" "CARGO_INCREMENTAL=0" "-e" "RUST_BACKTRACE=full" "-e" "RUSTFLAGS=--cap-lints=warn" "-e" "RUSTDOCFLAGS=--cap-lints=warn" "-e" "CARGO_HOME=/opt/rustwide/cargo-home" "-e" "RUSTUP_HOME=/opt/rustwide/rustup-home" "-w" "/opt/rustwide/workdir" "-m" "1610612736" "--user" "0:0" "--network" "none" "ghcr.io/rust-lang/crates-build-env/linux@sha256:2788e3201cd34a07e3172128adcd8b3090168a8e3bcc40d7c032b9dda1df7d1c" "/opt/rustwide/cargo-home/bin/cargo" "+1.75.0" "build" "--frozen" "--message-format=json", kill_on_drop: false }`
[INFO] [stdout] 890671cc7871f2792f1e71e1ecb6bbf9eabb2345f4f917bce126ee52067cbe4e
[INFO] running `Command { std: "docker" "start" "-a" "890671cc7871f2792f1e71e1ecb6bbf9eabb2345f4f917bce126ee52067cbe4e", kill_on_drop: false }`
[INFO] [stderr]    Compiling libc v0.2.151
[INFO] [stderr]    Compiling unicode-width v0.1.11
[INFO] [stderr]    Compiling remove_dir_all v0.5.3
[INFO] [stderr]    Compiling getopts v0.2.21
[INFO] [stderr]    Compiling pulldown-cmark v0.0.3
[INFO] [stderr]    Compiling cc v1.0.83
[INFO] [stderr]    Compiling rand v0.4.6
[INFO] [stderr]    Compiling tempdir v0.3.7
[INFO] [stderr]    Compiling skeptic v0.4.0
[INFO] [stderr]    Compiling cmake v0.1.50
[INFO] [stderr]    Compiling local-encoding v0.2.0
[INFO] [stderr]    Compiling parity-snappy-sys v0.1.2
[INFO] [stderr]    Compiling parity-rocksdb-sys v0.5.6
[INFO] [stderr] error: failed to run custom build command for `parity-rocksdb-sys v0.5.6`
[INFO] [stderr] note: To improve backtraces for build dependencies, set the CARGO_PROFILE_DEV_BUILD_OVERRIDE_DEBUG=true environment variable to enable debug information generation.
[INFO] [stderr] 
[INFO] [stderr] Caused by:
[INFO] [stderr]   process didn't exit successfully: `/opt/rustwide/target/debug/build/parity-rocksdb-sys-6b6bb437d280d9d4/build-script-build` (exit status: 101)
[INFO] [stderr]   --- stdout
[INFO] [stderr]   CMAKE_TOOLCHAIN_FILE_x86_64-unknown-linux-gnu = None
[INFO] [stderr]   CMAKE_TOOLCHAIN_FILE_x86_64_unknown_linux_gnu = None
[INFO] [stderr]   HOST_CMAKE_TOOLCHAIN_FILE = None
[INFO] [stderr]   CMAKE_TOOLCHAIN_FILE = None
[INFO] [stderr]   CMAKE_GENERATOR_x86_64-unknown-linux-gnu = None
[INFO] [stderr]   CMAKE_GENERATOR_x86_64_unknown_linux_gnu = None
[INFO] [stderr]   HOST_CMAKE_GENERATOR = None
[INFO] [stderr]   CMAKE_GENERATOR = None
[INFO] [stderr]   CMAKE_PREFIX_PATH_x86_64-unknown-linux-gnu = None
[INFO] [stderr]   CMAKE_PREFIX_PATH_x86_64_unknown_linux_gnu = None
[INFO] [stderr]   HOST_CMAKE_PREFIX_PATH = None
[INFO] [stderr]   CMAKE_PREFIX_PATH = None
[INFO] [stderr]   CMAKE_x86_64-unknown-linux-gnu = None
[INFO] [stderr]   CMAKE_x86_64_unknown_linux_gnu = None
[INFO] [stderr]   HOST_CMAKE = None
[INFO] [stderr]   CMAKE = None
[INFO] [stderr]   running: cd "/opt/rustwide/target/debug/build/parity-rocksdb-sys-d93bdbe6ef03c54c/out/build" && CMAKE_PREFIX_PATH="/opt/rustwide/target/debug/build/parity-snappy-sys-6ced286d6f271b04/out:" "cmake" "/opt/rustwide/cargo-home/registry/src/index.crates.io-6f17d22bba15001f/parity-rocksdb-sys-0.5.6/rocksdb" "-DCMAKE_VERBOSE_MAKEFILE=ON" "-DWITH_SNAPPY=ON" "-DFAIL_ON_WARNINGS=OFF" "-DSNAPPY_INCLUDE_DIR=/opt/rustwide/target/debug/build/parity-snappy-sys-6ced286d6f271b04/out/build" "-DSNAPPY_LIBRARIES=/dev/null" "-DPORTABLE=ON" "-DCMAKE_INSTALL_PREFIX=/opt/rustwide/target/debug/build/parity-rocksdb-sys-d93bdbe6ef03c54c/out" "-DCMAKE_C_FLAGS= -ffunction-sections -fdata-sections -fPIC -m64" "-DCMAKE_C_COMPILER=/usr/bin/cc" "-DCMAKE_CXX_FLAGS= -ffunction-sections -fdata-sections -fPIC -m64" "-DCMAKE_CXX_COMPILER=/usr/bin/c++" "-DCMAKE_ASM_FLAGS= -ffunction-sections -fdata-sections -fPIC -m64" "-DCMAKE_ASM_COMPILER=/usr/bin/cc" "-DCMAKE_BUILD_TYPE=Debug"
[INFO] [stderr]   -- The C compiler identification is GNU 11.4.0
[INFO] [stderr]   -- The CXX compiler identification is GNU 11.4.0
[INFO] [stderr]   -- Detecting C compiler ABI info
[INFO] [stderr]   -- Detecting C compiler ABI info - done
[INFO] [stderr]   -- Check for working C compiler: /usr/bin/cc - skipped
[INFO] [stderr]   -- Detecting C compile features
[INFO] [stderr]   -- Detecting C compile features - done
[INFO] [stderr]   -- Detecting CXX compiler ABI info
[INFO] [stderr]   -- Detecting CXX compiler ABI info - done
[INFO] [stderr]   -- Check for working CXX compiler: /usr/bin/c++ - skipped
[INFO] [stderr]   -- Detecting CXX compile features
[INFO] [stderr]   -- Detecting CXX compile features - done
[INFO] [stderr]   -- The ASM compiler identification is GNU
[INFO] [stderr]   -- Found assembler: /usr/bin/cc
[INFO] [stderr]   -- Found snappy: /dev/null  
[INFO] [stderr]   -- Found Git: /usr/bin/git (found version "2.34.1") 
[INFO] [stderr]   -- Enabling RTTI in Debug builds only (default)
[INFO] [stderr]   -- Looking for malloc_usable_size
[INFO] [stderr]   -- Looking for malloc_usable_size - found
[INFO] [stderr]   -- Looking for sched_getcpu
[INFO] [stderr]   -- Looking for sched_getcpu - found
[INFO] [stderr]   -- Looking for pthread.h
[INFO] [stderr]   -- Looking for pthread.h - found
[INFO] [stderr]   -- Performing Test CMAKE_HAVE_LIBC_PTHREAD
[INFO] [stderr]   -- Performing Test CMAKE_HAVE_LIBC_PTHREAD - Success
[INFO] [stderr]   -- Found Threads: TRUE  
[INFO] [stderr]   -- JNI library is disabled
[INFO] [stderr]   -- Configuring done
[INFO] [stderr]   -- Generating done
[INFO] [stderr]   -- Build files have been written to: /opt/rustwide/target/debug/build/parity-rocksdb-sys-d93bdbe6ef03c54c/out/build
[INFO] [stderr]   running: cd "/opt/rustwide/target/debug/build/parity-rocksdb-sys-d93bdbe6ef03c54c/out/build" && MAKEFLAGS="-j --jobserver-fds=7,8 --jobserver-auth=7,8" "cmake" "--build" "." "--target" "rocksdb" "--config" "Debug"
[INFO] [stderr]   /usr/bin/cmake -S/opt/rustwide/cargo-home/registry/src/index.crates.io-6f17d22bba15001f/parity-rocksdb-sys-0.5.6/rocksdb -B/opt/rustwide/target/debug/build/parity-rocksdb-sys-d93bdbe6ef03c54c/out/build --check-build-system CMakeFiles/Makefile.cmake 0
[INFO] [stderr]   /usr/bin/gmake  -f CMakeFiles/Makefile2 rocksdb
[INFO] [stderr]   gmake[1]: Entering directory '/opt/rustwide/target/debug/build/parity-rocksdb-sys-d93bdbe6ef03c54c/out/build'
[INFO] [stderr]   /usr/bin/cmake -S/opt/rustwide/cargo-home/registry/src/index.crates.io-6f17d22bba15001f/parity-rocksdb-sys-0.5.6/rocksdb -B/opt/rustwide/target/debug/build/parity-rocksdb-sys-d93bdbe6ef03c54c/out/build --check-build-system CMakeFiles/Makefile.cmake 0
[INFO] [stderr]   /usr/bin/cmake -E cmake_progress_start /opt/rustwide/target/debug/build/parity-rocksdb-sys-d93bdbe6ef03c54c/out/build/CMakeFiles 29
[INFO] [stderr]   /usr/bin/gmake  -f CMakeFiles/Makefile2 CMakeFiles/rocksdb.dir/all
[INFO] [stderr]   gmake[2]: Entering directory '/opt/rustwide/target/debug/build/parity-rocksdb-sys-d93bdbe6ef03c54c/out/build'
[INFO] [stderr]   /usr/bin/gmake  -f CMakeFiles/build_version.dir/build.make CMakeFiles/build_version.dir/depend
[INFO] [stderr]   gmake[3]: Entering directory '/opt/rustwide/target/debug/build/parity-rocksdb-sys-d93bdbe6ef03c54c/out/build'
[INFO] [stderr]   cd /opt/rustwide/target/debug/build/parity-rocksdb-sys-d93bdbe6ef03c54c/out/build && /usr/bin/cmake -E cmake_depends "Unix Makefiles" /opt/rustwide/cargo-home/registry/src/index.crates.io-6f17d22bba15001f/parity-rocksdb-sys-0.5.6/rocksdb /opt/rustwide/cargo-home/registry/src/index.crates.io-6f17d22bba15001f/parity-rocksdb-sys-0.5.6/rocksdb /opt/rustwide/target/debug/build/parity-rocksdb-sys-d93bdbe6ef03c54c/out/build /opt/rustwide/target/debug/build/parity-rocksdb-sys-d93bdbe6ef03c54c/out/build /opt/rustwide/target/debug/build/parity-rocksdb-sys-d93bdbe6ef03c54c/out/build/CMakeFiles/build_version.dir/DependInfo.cmake --color=
[INFO] [stderr]   gmake[3]: Leaving directory '/opt/rustwide/target/debug/build/parity-rocksdb-sys-d93bdbe6ef03c54c/out/build'
[INFO] [stderr]   /usr/bin/gmake  -f CMakeFiles/build_version.dir/build.make CMakeFiles/build_version.dir/build
[INFO] [stderr]   gmake[3]: Entering directory '/opt/rustwide/target/debug/build/parity-rocksdb-sys-d93bdbe6ef03c54c/out/build'
[INFO] [stderr]   [  0%] Building CXX object CMakeFiles/build_version.dir/build_version.cc.o
[INFO] [stderr]   /usr/bin/c++ -DOS_LINUX -DROCKSDB_LIB_IO_POSIX -DROCKSDB_MALLOC_USABLE_SIZE -DROCKSDB_PLATFORM_POSIX -DROCKSDB_SCHED_GETCPU_PRESENT -DSNAPPY -I/opt/rustwide/target/debug/build/parity-snappy-sys-6ced286d6f271b04/out/build -I/opt/rustwide/cargo-home/registry/src/index.crates.io-6f17d22bba15001f/parity-rocksdb-sys-0.5.6/rocksdb/util -I/opt/rustwide/cargo-home/registry/src/index.crates.io-6f17d22bba15001f/parity-rocksdb-sys-0.5.6/rocksdb -I/opt/rustwide/cargo-home/registry/src/index.crates.io-6f17d22bba15001f/parity-rocksdb-sys-0.5.6/rocksdb/include -isystem /opt/rustwide/cargo-home/registry/src/index.crates.io-6f17d22bba15001f/parity-rocksdb-sys-0.5.6/rocksdb/third-party/gtest-1.7.0/fused-src -ffunction-sections -fdata-sections -fPIC -m64 -W -Wextra -Wall -Wsign-compare -Wshadow -Wno-unused-parameter -Wno-unused-variable -Woverloaded-virtual -Wnon-virtual-dtor -Wno-missing-field-initializers -Wno-strict-aliasing -std=c++11 -fno-builtin-memcmp -g -DROCKSDB_USE_RTTI -MD -MT CMakeFiles/build_version.dir/build_version.cc.o -MF CMakeFiles/build_version.dir/build_version.cc.o.d -o CMakeFiles/build_version.dir/build_version.cc.o -c /opt/rustwide/target/debug/build/parity-rocksdb-sys-d93bdbe6ef03c54c/out/build/build_version.cc
[INFO] [stderr]   gmake[3]: Leaving directory '/opt/rustwide/target/debug/build/parity-rocksdb-sys-d93bdbe6ef03c54c/out/build'
[INFO] [stderr]   [  0%] Built target build_version
[INFO] [stderr]   /usr/bin/gmake  -f CMakeFiles/rocksdb.dir/build.make CMakeFiles/rocksdb.dir/depend
[INFO] [stderr]   gmake[3]: Entering directory '/opt/rustwide/target/debug/build/parity-rocksdb-sys-d93bdbe6ef03c54c/out/build'
[INFO] [stderr]   cd /opt/rustwide/target/debug/build/parity-rocksdb-sys-d93bdbe6ef03c54c/out/build && /usr/bin/cmake -E cmake_depends "Unix Makefiles" /opt/rustwide/cargo-home/registry/src/index.crates.io-6f17d22bba15001f/parity-rocksdb-sys-0.5.6/rocksdb /opt/rustwide/cargo-home/registry/src/index.crates.io-6f17d22bba15001f/parity-rocksdb-sys-0.5.6/rocksdb /opt/rustwide/target/debug/build/parity-rocksdb-sys-d93bdbe6ef03c54c/out/build /opt/rustwide/target/debug/build/parity-rocksdb-sys-d93bdbe6ef03c54c/out/build /opt/rustwide/target/debug/build/parity-rocksdb-sys-d93bdbe6ef03c54c/out/build/CMakeFiles/rocksdb.dir/DependInfo.cmake --color=
[INFO] [stderr]   gmake[3]: Leaving directory '/opt/rustwide/target/debug/build/parity-rocksdb-sys-d93bdbe6ef03c54c/out/build'
[INFO] [stderr]   /usr/bin/gmake  -f CMakeFiles/rocksdb.dir/build.make CMakeFiles/rocksdb.dir/build
[INFO] [stderr]   gmake[3]: Entering directory '/opt/rustwide/target/debug/build/parity-rocksdb-sys-d93bdbe6ef03c54c/out/build'
[INFO] [stderr]   [  0%] Building CXX object CMakeFiles/rocksdb.dir/cache/clock_cache.cc.o
[INFO] [stderr]   [  0%] Building CXX object CMakeFiles/rocksdb.dir/db/builder.cc.o
[INFO] [stderr]   /usr/bin/c++ -DOS_LINUX -DROCKSDB_LIB_IO_POSIX -DROCKSDB_MALLOC_USABLE_SIZE -DROCKSDB_PLATFORM_POSIX -DROCKSDB_SCHED_GETCPU_PRESENT -DSNAPPY -I/opt/rustwide/target/debug/build/parity-snappy-sys-6ced286d6f271b04/out/build -I/opt/rustwide/cargo-home/registry/src/index.crates.io-6f17d22bba15001f/parity-rocksdb-sys-0.5.6/rocksdb -I/opt/rustwide/cargo-home/registry/src/index.crates.io-6f17d22bba15001f/parity-rocksdb-sys-0.5.6/rocksdb/include -isystem /opt/rustwide/cargo-home/registry/src/index.crates.io-6f17d22bba15001f/parity-rocksdb-sys-0.5.6/rocksdb/third-party/gtest-1.7.0/fused-src -ffunction-sections -fdata-sections -fPIC -m64 -W -Wextra -Wall -Wsign-compare -Wshadow -Wno-unused-parameter -Wno-unused-variable -Woverloaded-virtual -Wnon-virtual-dtor -Wno-missing-field-initializers -Wno-strict-aliasing -std=c++11 -fno-builtin-memcmp -g -DROCKSDB_USE_RTTI -MD -MT CMakeFiles/rocksdb.dir/db/builder.cc.o -MF CMakeFiles/rocksdb.dir/db/builder.cc.o.d -o CMakeFiles/rocksdb.dir/db/builder.cc.o -c /opt/rustwide/cargo-home/registry/src/index.crates.io-6f17d22bba15001f/parity-rocksdb-sys-0.5.6/rocksdb/db/builder.cc
[INFO] [stderr]   /usr/bin/c++ -DOS_LINUX -DROCKSDB_LIB_IO_POSIX -DROCKSDB_MALLOC_USABLE_SIZE -DROCKSDB_PLATFORM_POSIX -DROCKSDB_SCHED_GETCPU_PRESENT -DSNAPPY -I/opt/rustwide/target/debug/build/parity-snappy-sys-6ced286d6f271b04/out/build -I/opt/rustwide/cargo-home/registry/src/index.crates.io-6f17d22bba15001f/parity-rocksdb-sys-0.5.6/rocksdb -I/opt/rustwide/cargo-home/registry/src/index.crates.io-6f17d22bba15001f/parity-rocksdb-sys-0.5.6/rocksdb/include -isystem /opt/rustwide/cargo-home/registry/src/index.crates.io-6f17d22bba15001f/parity-rocksdb-sys-0.5.6/rocksdb/third-party/gtest-1.7.0/fused-src -ffunction-sections -fdata-sections -fPIC -m64 -W -Wextra -Wall -Wsign-compare -Wshadow -Wno-unused-parameter -Wno-unused-variable -Woverloaded-virtual -Wnon-virtual-dtor -Wno-missing-field-initializers -Wno-strict-aliasing -std=c++11 -fno-builtin-memcmp -g -DROCKSDB_USE_RTTI -MD -MT CMakeFiles/rocksdb.dir/cache/clock_cache.cc.o -MF CMakeFiles/rocksdb.dir/cache/clock_cache.cc.o.d -o CMakeFiles/rocksdb.dir/cache/clock_cache.cc.o -c /opt/rustwide/cargo-home/registry/src/index.crates.io-6f17d22bba15001f/parity-rocksdb-sys-0.5.6/rocksdb/cache/clock_cache.cc
[INFO] [stderr]   [  0%] Building CXX object CMakeFiles/rocksdb.dir/cache/lru_cache.cc.o
[INFO] [stderr]   [  0%] Building CXX object CMakeFiles/rocksdb.dir/db/column_family.cc.o
[INFO] [stderr]   [  3%] Building CXX object CMakeFiles/rocksdb.dir/db/compacted_db_impl.cc.o
[INFO] [stderr]   /usr/bin/c++ -DOS_LINUX -DROCKSDB_LIB_IO_POSIX -DROCKSDB_MALLOC_USABLE_SIZE -DROCKSDB_PLATFORM_POSIX -DROCKSDB_SCHED_GETCPU_PRESENT -DSNAPPY -I/opt/rustwide/target/debug/build/parity-snappy-sys-6ced286d6f271b04/out/build -I/opt/rustwide/cargo-home/registry/src/index.crates.io-6f17d22bba15001f/parity-rocksdb-sys-0.5.6/rocksdb -I/opt/rustwide/cargo-home/registry/src/index.crates.io-6f17d22bba15001f/parity-rocksdb-sys-0.5.6/rocksdb/include -isystem /opt/rustwide/cargo-home/registry/src/index.crates.io-6f17d22bba15001f/parity-rocksdb-sys-0.5.6/rocksdb/third-party/gtest-1.7.0/fused-src -ffunction-sections -fdata-sections -fPIC -m64 -W -Wextra -Wall -Wsign-compare -Wshadow -Wno-unused-parameter -Wno-unused-variable -Woverloaded-virtual -Wnon-virtual-dtor -Wno-missing-field-initializers -Wno-strict-aliasing -std=c++11 -fno-builtin-memcmp -g -DROCKSDB_USE_RTTI -MD -MT CMakeFiles/rocksdb.dir/db/compacted_db_impl.cc.o -MF CMakeFiles/rocksdb.dir/db/compacted_db_impl.cc.o.d -o CMakeFiles/rocksdb.dir/db/compacted_db_impl.cc.o -c /opt/rustwide/cargo-home/registry/src/index.crates.io-6f17d22bba15001f/parity-rocksdb-sys-0.5.6/rocksdb/db/compacted_db_impl.cc
[INFO] [stderr]   /usr/bin/c++ -DOS_LINUX -DROCKSDB_LIB_IO_POSIX -DROCKSDB_MALLOC_USABLE_SIZE -DROCKSDB_PLATFORM_POSIX -DROCKSDB_SCHED_GETCPU_PRESENT -DSNAPPY -I/opt/rustwide/target/debug/build/parity-snappy-sys-6ced286d6f271b04/out/build -I/opt/rustwide/cargo-home/registry/src/index.crates.io-6f17d22bba15001f/parity-rocksdb-sys-0.5.6/rocksdb -I/opt/rustwide/cargo-home/registry/src/index.crates.io-6f17d22bba15001f/parity-rocksdb-sys-0.5.6/rocksdb/include -isystem /opt/rustwide/cargo-home/registry/src/index.crates.io-6f17d22bba15001f/parity-rocksdb-sys-0.5.6/rocksdb/third-party/gtest-1.7.0/fused-src -ffunction-sections -fdata-sections -fPIC -m64 -W -Wextra -Wall -Wsign-compare -Wshadow -Wno-unused-parameter -Wno-unused-variable -Woverloaded-virtual -Wnon-virtual-dtor -Wno-missing-field-initializers -Wno-strict-aliasing -std=c++11 -fno-builtin-memcmp -g -DROCKSDB_USE_RTTI -MD -MT CMakeFiles/rocksdb.dir/cache/lru_cache.cc.o -MF CMakeFiles/rocksdb.dir/cache/lru_cache.cc.o.d -o CMakeFiles/rocksdb.dir/cache/lru_cache.cc.o -c /opt/rustwide/cargo-home/registry/src/index.crates.io-6f17d22bba15001f/parity-rocksdb-sys-0.5.6/rocksdb/cache/lru_cache.cc
[INFO] [stderr]   [  0%] Building CXX object CMakeFiles/rocksdb.dir/cache/sharded_cache.cc.o
[INFO] [stderr]   [  3%] Building CXX object CMakeFiles/rocksdb.dir/db/c.cc.o
[INFO] [stderr]   /usr/bin/c++ -DOS_LINUX -DROCKSDB_LIB_IO_POSIX -DROCKSDB_MALLOC_USABLE_SIZE -DROCKSDB_PLATFORM_POSIX -DROCKSDB_SCHED_GETCPU_PRESENT -DSNAPPY -I/opt/rustwide/target/debug/build/parity-snappy-sys-6ced286d6f271b04/out/build -I/opt/rustwide/cargo-home/registry/src/index.crates.io-6f17d22bba15001f/parity-rocksdb-sys-0.5.6/rocksdb -I/opt/rustwide/cargo-home/registry/src/index.crates.io-6f17d22bba15001f/parity-rocksdb-sys-0.5.6/rocksdb/include -isystem /opt/rustwide/cargo-home/registry/src/index.crates.io-6f17d22bba15001f/parity-rocksdb-sys-0.5.6/rocksdb/third-party/gtest-1.7.0/fused-src -ffunction-sections -fdata-sections -fPIC -m64 -W -Wextra -Wall -Wsign-compare -Wshadow -Wno-unused-parameter -Wno-unused-variable -Woverloaded-virtual -Wnon-virtual-dtor -Wno-missing-field-initializers -Wno-strict-aliasing -std=c++11 -fno-builtin-memcmp -g -DROCKSDB_USE_RTTI -MD -MT CMakeFiles/rocksdb.dir/cache/sharded_cache.cc.o -MF CMakeFiles/rocksdb.dir/cache/sharded_cache.cc.o.d -o CMakeFiles/rocksdb.dir/cache/sharded_cache.cc.o -c /opt/rustwide/cargo-home/registry/src/index.crates.io-6f17d22bba15001f/parity-rocksdb-sys-0.5.6/rocksdb/cache/sharded_cache.cc
[INFO] [stderr]   [  3%] Building CXX object CMakeFiles/rocksdb.dir/db/compaction.cc.o
[INFO] [stderr]   /usr/bin/c++ -DOS_LINUX -DROCKSDB_LIB_IO_POSIX -DROCKSDB_MALLOC_USABLE_SIZE -DROCKSDB_PLATFORM_POSIX -DROCKSDB_SCHED_GETCPU_PRESENT -DSNAPPY -I/opt/rustwide/target/debug/build/parity-snappy-sys-6ced286d6f271b04/out/build -I/opt/rustwide/cargo-home/registry/src/index.crates.io-6f17d22bba15001f/parity-rocksdb-sys-0.5.6/rocksdb -I/opt/rustwide/cargo-home/registry/src/index.crates.io-6f17d22bba15001f/parity-rocksdb-sys-0.5.6/rocksdb/include -isystem /opt/rustwide/cargo-home/registry/src/index.crates.io-6f17d22bba15001f/parity-rocksdb-sys-0.5.6/rocksdb/third-party/gtest-1.7.0/fused-src -ffunction-sections -fdata-sections -fPIC -m64 -W -Wextra -Wall -Wsign-compare -Wshadow -Wno-unused-parameter -Wno-unused-variable -Woverloaded-virtual -Wnon-virtual-dtor -Wno-missing-field-initializers -Wno-strict-aliasing -std=c++11 -fno-builtin-memcmp -g -DROCKSDB_USE_RTTI -MD -MT CMakeFiles/rocksdb.dir/db/c.cc.o -MF CMakeFiles/rocksdb.dir/db/c.cc.o.d -o CMakeFiles/rocksdb.dir/db/c.cc.o -c /opt/rustwide/cargo-home/registry/src/index.crates.io-6f17d22bba15001f/parity-rocksdb-sys-0.5.6/rocksdb/db/c.cc
[INFO] [stderr]   /usr/bin/c++ -DOS_LINUX -DROCKSDB_LIB_IO_POSIX -DROCKSDB_MALLOC_USABLE_SIZE -DROCKSDB_PLATFORM_POSIX -DROCKSDB_SCHED_GETCPU_PRESENT -DSNAPPY -I/opt/rustwide/target/debug/build/parity-snappy-sys-6ced286d6f271b04/out/build -I/opt/rustwide/cargo-home/registry/src/index.crates.io-6f17d22bba15001f/parity-rocksdb-sys-0.5.6/rocksdb -I/opt/rustwide/cargo-home/registry/src/index.crates.io-6f17d22bba15001f/parity-rocksdb-sys-0.5.6/rocksdb/include -isystem /opt/rustwide/cargo-home/registry/src/index.crates.io-6f17d22bba15001f/parity-rocksdb-sys-0.5.6/rocksdb/third-party/gtest-1.7.0/fused-src -ffunction-sections -fdata-sections -fPIC -m64 -W -Wextra -Wall -Wsign-compare -Wshadow -Wno-unused-parameter -Wno-unused-variable -Woverloaded-virtual -Wnon-virtual-dtor -Wno-missing-field-initializers -Wno-strict-aliasing -std=c++11 -fno-builtin-memcmp -g -DROCKSDB_USE_RTTI -MD -MT CMakeFiles/rocksdb.dir/db/column_family.cc.o -MF CMakeFiles/rocksdb.dir/db/column_family.cc.o.d -o CMakeFiles/rocksdb.dir/db/column_family.cc.o -c /opt/rustwide/cargo-home/registry/src/index.crates.io-6f17d22bba15001f/parity-rocksdb-sys-0.5.6/rocksdb/db/column_family.cc
[INFO] [stderr]   /usr/bin/c++ -DOS_LINUX -DROCKSDB_LIB_IO_POSIX -DROCKSDB_MALLOC_USABLE_SIZE -DROCKSDB_PLATFORM_POSIX -DROCKSDB_SCHED_GETCPU_PRESENT -DSNAPPY -I/opt/rustwide/target/debug/build/parity-snappy-sys-6ced286d6f271b04/out/build -I/opt/rustwide/cargo-home/registry/src/index.crates.io-6f17d22bba15001f/parity-rocksdb-sys-0.5.6/rocksdb -I/opt/rustwide/cargo-home/registry/src/index.crates.io-6f17d22bba15001f/parity-rocksdb-sys-0.5.6/rocksdb/include -isystem /opt/rustwide/cargo-home/registry/src/index.crates.io-6f17d22bba15001f/parity-rocksdb-sys-0.5.6/rocksdb/third-party/gtest-1.7.0/fused-src -ffunction-sections -fdata-sections -fPIC -m64 -W -Wextra -Wall -Wsign-compare -Wshadow -Wno-unused-parameter -Wno-unused-variable -Woverloaded-virtual -Wnon-virtual-dtor -Wno-missing-field-initializers -Wno-strict-aliasing -std=c++11 -fno-builtin-memcmp -g -DROCKSDB_USE_RTTI -MD -MT CMakeFiles/rocksdb.dir/db/compaction.cc.o -MF CMakeFiles/rocksdb.dir/db/compaction.cc.o.d -o CMakeFiles/rocksdb.dir/db/compaction.cc.o -c /opt/rustwide/cargo-home/registry/src/index.crates.io-6f17d22bba15001f/parity-rocksdb-sys-0.5.6/rocksdb/db/compaction.cc
[INFO] [stderr]   [  3%] Building CXX object CMakeFiles/rocksdb.dir/db/compaction_iterator.cc.o
[INFO] [stderr]   /usr/bin/c++ -DOS_LINUX -DROCKSDB_LIB_IO_POSIX -DROCKSDB_MALLOC_USABLE_SIZE -DROCKSDB_PLATFORM_POSIX -DROCKSDB_SCHED_GETCPU_PRESENT -DSNAPPY -I/opt/rustwide/target/debug/build/parity-snappy-sys-6ced286d6f271b04/out/build -I/opt/rustwide/cargo-home/registry/src/index.crates.io-6f17d22bba15001f/parity-rocksdb-sys-0.5.6/rocksdb -I/opt/rustwide/cargo-home/registry/src/index.crates.io-6f17d22bba15001f/parity-rocksdb-sys-0.5.6/rocksdb/include -isystem /opt/rustwide/cargo-home/registry/src/index.crates.io-6f17d22bba15001f/parity-rocksdb-sys-0.5.6/rocksdb/third-party/gtest-1.7.0/fused-src -ffunction-sections -fdata-sections -fPIC -m64 -W -Wextra -Wall -Wsign-compare -Wshadow -Wno-unused-parameter -Wno-unused-variable -Woverloaded-virtual -Wnon-virtual-dtor -Wno-missing-field-initializers -Wno-strict-aliasing -std=c++11 -fno-builtin-memcmp -g -DROCKSDB_USE_RTTI -MD -MT CMakeFiles/rocksdb.dir/db/compaction_iterator.cc.o -MF CMakeFiles/rocksdb.dir/db/compaction_iterator.cc.o.d -o CMakeFiles/rocksdb.dir/db/compaction_iterator.cc.o -c /opt/rustwide/cargo-home/registry/src/index.crates.io-6f17d22bba15001f/parity-rocksdb-sys-0.5.6/rocksdb/db/compaction_iterator.cc
[INFO] [stderr]   [  3%] Building CXX object CMakeFiles/rocksdb.dir/db/compaction_job.cc.o
[INFO] [stderr]   /usr/bin/c++ -DOS_LINUX -DROCKSDB_LIB_IO_POSIX -DROCKSDB_MALLOC_USABLE_SIZE -DROCKSDB_PLATFORM_POSIX -DROCKSDB_SCHED_GETCPU_PRESENT -DSNAPPY -I/opt/rustwide/target/debug/build/parity-snappy-sys-6ced286d6f271b04/out/build -I/opt/rustwide/cargo-home/registry/src/index.crates.io-6f17d22bba15001f/parity-rocksdb-sys-0.5.6/rocksdb -I/opt/rustwide/cargo-home/registry/src/index.crates.io-6f17d22bba15001f/parity-rocksdb-sys-0.5.6/rocksdb/include -isystem /opt/rustwide/cargo-home/registry/src/index.crates.io-6f17d22bba15001f/parity-rocksdb-sys-0.5.6/rocksdb/third-party/gtest-1.7.0/fused-src -ffunction-sections -fdata-sections -fPIC -m64 -W -Wextra -Wall -Wsign-compare -Wshadow -Wno-unused-parameter -Wno-unused-variable -Woverloaded-virtual -Wnon-virtual-dtor -Wno-missing-field-initializers -Wno-strict-aliasing -std=c++11 -fno-builtin-memcmp -g -DROCKSDB_USE_RTTI -MD -MT CMakeFiles/rocksdb.dir/db/compaction_job.cc.o -MF CMakeFiles/rocksdb.dir/db/compaction_job.cc.o.d -o CMakeFiles/rocksdb.dir/db/compaction_job.cc.o -c /opt/rustwide/cargo-home/registry/src/index.crates.io-6f17d22bba15001f/parity-rocksdb-sys-0.5.6/rocksdb/db/compaction_job.cc
[INFO] [stderr]   [  3%] Building CXX object CMakeFiles/rocksdb.dir/db/compaction_picker.cc.o
[INFO] [stderr]   /usr/bin/c++ -DOS_LINUX -DROCKSDB_LIB_IO_POSIX -DROCKSDB_MALLOC_USABLE_SIZE -DROCKSDB_PLATFORM_POSIX -DROCKSDB_SCHED_GETCPU_PRESENT -DSNAPPY -I/opt/rustwide/target/debug/build/parity-snappy-sys-6ced286d6f271b04/out/build -I/opt/rustwide/cargo-home/registry/src/index.crates.io-6f17d22bba15001f/parity-rocksdb-sys-0.5.6/rocksdb -I/opt/rustwide/cargo-home/registry/src/index.crates.io-6f17d22bba15001f/parity-rocksdb-sys-0.5.6/rocksdb/include -isystem /opt/rustwide/cargo-home/registry/src/index.crates.io-6f17d22bba15001f/parity-rocksdb-sys-0.5.6/rocksdb/third-party/gtest-1.7.0/fused-src -ffunction-sections -fdata-sections -fPIC -m64 -W -Wextra -Wall -Wsign-compare -Wshadow -Wno-unused-parameter -Wno-unused-variable -Woverloaded-virtual -Wnon-virtual-dtor -Wno-missing-field-initializers -Wno-strict-aliasing -std=c++11 -fno-builtin-memcmp -g -DROCKSDB_USE_RTTI -MD -MT CMakeFiles/rocksdb.dir/db/compaction_picker.cc.o -MF CMakeFiles/rocksdb.dir/db/compaction_picker.cc.o.d -o CMakeFiles/rocksdb.dir/db/compaction_picker.cc.o -c /opt/rustwide/cargo-home/registry/src/index.crates.io-6f17d22bba15001f/parity-rocksdb-sys-0.5.6/rocksdb/db/compaction_picker.cc
[INFO] [stderr]   gmake[3]: Leaving directory '/opt/rustwide/target/debug/build/parity-rocksdb-sys-d93bdbe6ef03c54c/out/build'
[INFO] [stderr]   gmake[2]: Leaving directory '/opt/rustwide/target/debug/build/parity-rocksdb-sys-d93bdbe6ef03c54c/out/build'
[INFO] [stderr]   gmake[1]: Leaving directory '/opt/rustwide/target/debug/build/parity-rocksdb-sys-d93bdbe6ef03c54c/out/build'
[INFO] [stderr] 
[INFO] [stderr]   --- stderr
[INFO] [stderr]   CMake Warning at CMakeLists.txt:74 (find_package):
[INFO] [stderr]     By not providing "Findgflags.cmake" in CMAKE_MODULE_PATH this project has
[INFO] [stderr]     asked CMake to find a package configuration file provided by "gflags", but
[INFO] [stderr]     CMake did not find one.
[INFO] [stderr] 
[INFO] [stderr]     Could not find a package configuration file provided by "gflags" with any
[INFO] [stderr]     of the following names:
[INFO] [stderr] 
[INFO] [stderr]       gflagsConfig.cmake
[INFO] [stderr]       gflags-config.cmake
[INFO] [stderr] 
[INFO] [stderr]     Add the installation prefix of "gflags" to CMAKE_PREFIX_PATH or set
[INFO] [stderr]     "gflags_DIR" to a directory containing one of the above files.  If "gflags"
[INFO] [stderr]     provides a separate development package or SDK, be sure it has been
[INFO] [stderr]     installed.
[INFO] [stderr] 
[INFO] [stderr] 
[INFO] [stderr]   In file included from /opt/rustwide/cargo-home/registry/src/index.crates.io-6f17d22bba15001f/parity-rocksdb-sys-0.5.6/rocksdb/db/range_del_aggregator.h:16,
[INFO] [stderr]                    from /opt/rustwide/cargo-home/registry/src/index.crates.io-6f17d22bba15001f/parity-rocksdb-sys-0.5.6/rocksdb/db/memtable.h:19,
[INFO] [stderr]                    from /opt/rustwide/cargo-home/registry/src/index.crates.io-6f17d22bba15001f/parity-rocksdb-sys-0.5.6/rocksdb/db/memtable_list.h:17,
[INFO] [stderr]                    from /opt/rustwide/cargo-home/registry/src/index.crates.io-6f17d22bba15001f/parity-rocksdb-sys-0.5.6/rocksdb/db/column_family.h:17,
[INFO] [stderr]                    from /opt/rustwide/cargo-home/registry/src/index.crates.io-6f17d22bba15001f/parity-rocksdb-sys-0.5.6/rocksdb/db/column_family.cc:10:
[INFO] [stderr]   /opt/rustwide/cargo-home/registry/src/index.crates.io-6f17d22bba15001f/parity-rocksdb-sys-0.5.6/rocksdb/db/version_edit.h: In constructor 'rocksdb::FdWithKeyRange::FdWithKeyRange(rocksdb::FileDescriptor, rocksdb::Slice, rocksdb::Slice, rocksdb::FileMetaData*)':
[INFO] [stderr]   /opt/rustwide/cargo-home/registry/src/index.crates.io-6f17d22bba15001f/parity-rocksdb-sys-0.5.6/rocksdb/db/version_edit.h:154:9: warning: implicitly-declared 'constexpr rocksdb::FileDescriptor::FileDescriptor(const rocksdb::FileDescriptor&)' is deprecated [-Wdeprecated-copy]
[INFO] [stderr]     154 |       : fd(_fd),
[INFO] [stderr]         |         ^~~~~~~
[INFO] [stderr]   /opt/rustwide/cargo-home/registry/src/index.crates.io-6f17d22bba15001f/parity-rocksdb-sys-0.5.6/rocksdb/db/version_edit.h:47:19: note: because 'rocksdb::FileDescriptor' has user-provided 'rocksdb::FileDescriptor& rocksdb::FileDescriptor::operator=(const rocksdb::FileDescriptor&)'
[INFO] [stderr]      47 |   FileDescriptor& operator=(const FileDescriptor& fd) {
[INFO] [stderr]         |                   ^~~~~~~~
[INFO] [stderr]   In file included from /opt/rustwide/cargo-home/registry/src/index.crates.io-6f17d22bba15001f/parity-rocksdb-sys-0.5.6/rocksdb/db/range_del_aggregator.h:16,
[INFO] [stderr]                    from /opt/rustwide/cargo-home/registry/src/index.crates.io-6f17d22bba15001f/parity-rocksdb-sys-0.5.6/rocksdb/db/memtable.h:19,
[INFO] [stderr]                    from /opt/rustwide/cargo-home/registry/src/index.crates.io-6f17d22bba15001f/parity-rocksdb-sys-0.5.6/rocksdb/db/memtable_list.h:17,
[INFO] [stderr]                    from /opt/rustwide/cargo-home/registry/src/index.crates.io-6f17d22bba15001f/parity-rocksdb-sys-0.5.6/rocksdb/db/column_family.h:17,
[INFO] [stderr]                    from /opt/rustwide/cargo-home/registry/src/index.crates.io-6f17d22bba15001f/parity-rocksdb-sys-0.5.6/rocksdb/db/version_set.h:31,
[INFO] [stderr]                    from /opt/rustwide/cargo-home/registry/src/index.crates.io-6f17d22bba15001f/parity-rocksdb-sys-0.5.6/rocksdb/db/compaction.h:11,
[INFO] [stderr]                    from /opt/rustwide/cargo-home/registry/src/index.crates.io-6f17d22bba15001f/parity-rocksdb-sys-0.5.6/rocksdb/db/compaction_iterator.h:12,
[INFO] [stderr]                    from /opt/rustwide/cargo-home/registry/src/index.crates.io-6f17d22bba15001f/parity-rocksdb-sys-0.5.6/rocksdb/db/builder.cc:16:
[INFO] [stderr]   /opt/rustwide/cargo-home/registry/src/index.crates.io-6f17d22bba15001f/parity-rocksdb-sys-0.5.6/rocksdb/db/version_edit.h: In constructor 'rocksdb::FdWithKeyRange::FdWithKeyRange(rocksdb::FileDescriptor, rocksdb::Slice, rocksdb::Slice, rocksdb::FileMetaData*)':
[INFO] [stderr]   /opt/rustwide/cargo-home/registry/src/index.crates.io-6f17d22bba15001f/parity-rocksdb-sys-0.5.6/rocksdb/db/version_edit.h:154:9: warning: implicitly-declared 'constexpr rocksdb::FileDescriptor::FileDescriptor(const rocksdb::FileDescriptor&)' is deprecated [-Wdeprecated-copy]
[INFO] [stderr]     154 |       : fd(_fd),
[INFO] [stderr]         |         ^~~~~~~
[INFO] [stderr]   /opt/rustwide/cargo-home/registry/src/index.crates.io-6f17d22bba15001f/parity-rocksdb-sys-0.5.6/rocksdb/db/version_edit.h:47:19: note: because 'rocksdb::FileDescriptor' has user-provided 'rocksdb::FileDescriptor& rocksdb::FileDescriptor::operator=(const rocksdb::FileDescriptor&)'
[INFO] [stderr]      47 |   FileDescriptor& operator=(const FileDescriptor& fd) {
[INFO] [stderr]         |                   ^~~~~~~~
[INFO] [stderr]   In file included from /opt/rustwide/cargo-home/registry/src/index.crates.io-6f17d22bba15001f/parity-rocksdb-sys-0.5.6/rocksdb/db/range_del_aggregator.h:16,
[INFO] [stderr]                    from /opt/rustwide/cargo-home/registry/src/index.crates.io-6f17d22bba15001f/parity-rocksdb-sys-0.5.6/rocksdb/db/memtable.h:19,
[INFO] [stderr]                    from /opt/rustwide/cargo-home/registry/src/index.crates.io-6f17d22bba15001f/parity-rocksdb-sys-0.5.6/rocksdb/db/memtable_list.h:17,
[INFO] [stderr]                    from /opt/rustwide/cargo-home/registry/src/index.crates.io-6f17d22bba15001f/parity-rocksdb-sys-0.5.6/rocksdb/db/column_family.h:17,
[INFO] [stderr]                    from /opt/rustwide/cargo-home/registry/src/index.crates.io-6f17d22bba15001f/parity-rocksdb-sys-0.5.6/rocksdb/db/db_impl.h:22,
[INFO] [stderr]                    from /opt/rustwide/cargo-home/registry/src/index.crates.io-6f17d22bba15001f/parity-rocksdb-sys-0.5.6/rocksdb/db/compacted_db_impl.h:8,
[INFO] [stderr]                    from /opt/rustwide/cargo-home/registry/src/index.crates.io-6f17d22bba15001f/parity-rocksdb-sys-0.5.6/rocksdb/db/compacted_db_impl.cc:7:
[INFO] [stderr]   /opt/rustwide/cargo-home/registry/src/index.crates.io-6f17d22bba15001f/parity-rocksdb-sys-0.5.6/rocksdb/db/version_edit.h: In constructor 'rocksdb::FdWithKeyRange::FdWithKeyRange(rocksdb::FileDescriptor, rocksdb::Slice, rocksdb::Slice, rocksdb::FileMetaData*)':
[INFO] [stderr]   /opt/rustwide/cargo-home/registry/src/index.crates.io-6f17d22bba15001f/parity-rocksdb-sys-0.5.6/rocksdb/db/version_edit.h:154:9: warning: implicitly-declared 'constexpr rocksdb::FileDescriptor::FileDescriptor(const rocksdb::FileDescriptor&)' is deprecated [-Wdeprecated-copy]
[INFO] [stderr]     154 |       : fd(_fd),
[INFO] [stderr]         |         ^~~~~~~
[INFO] [stderr]   /opt/rustwide/cargo-home/registry/src/index.crates.io-6f17d22bba15001f/parity-rocksdb-sys-0.5.6/rocksdb/db/version_edit.h:47:19: note: because 'rocksdb::FileDescriptor' has user-provided 'rocksdb::FileDescriptor& rocksdb::FileDescriptor::operator=(const rocksdb::FileDescriptor&)'
[INFO] [stderr]      47 |   FileDescriptor& operator=(const FileDescriptor& fd) {
[INFO] [stderr]         |                   ^~~~~~~~
[INFO] [stderr]   In file included from /opt/rustwide/cargo-home/registry/src/index.crates.io-6f17d22bba15001f/parity-rocksdb-sys-0.5.6/rocksdb/db/range_del_aggregator.h:16,
[INFO] [stderr]                    from /opt/rustwide/cargo-home/registry/src/index.crates.io-6f17d22bba15001f/parity-rocksdb-sys-0.5.6/rocksdb/db/memtable.h:19,
[INFO] [stderr]                    from /opt/rustwide/cargo-home/registry/src/index.crates.io-6f17d22bba15001f/parity-rocksdb-sys-0.5.6/rocksdb/db/memtable_list.h:17,
[INFO] [stderr]                    from /opt/rustwide/cargo-home/registry/src/index.crates.io-6f17d22bba15001f/parity-rocksdb-sys-0.5.6/rocksdb/db/column_family.h:17,
[INFO] [stderr]                    from /opt/rustwide/cargo-home/registry/src/index.crates.io-6f17d22bba15001f/parity-rocksdb-sys-0.5.6/rocksdb/db/version_set.h:31,
[INFO] [stderr]                    from /opt/rustwide/cargo-home/registry/src/index.crates.io-6f17d22bba15001f/parity-rocksdb-sys-0.5.6/rocksdb/db/compaction.h:11,
[INFO] [stderr]                    from /opt/rustwide/cargo-home/registry/src/index.crates.io-6f17d22bba15001f/parity-rocksdb-sys-0.5.6/rocksdb/db/compaction.cc:10:
[INFO] [stderr]   /opt/rustwide/cargo-home/registry/src/index.crates.io-6f17d22bba15001f/parity-rocksdb-sys-0.5.6/rocksdb/db/version_edit.h: In constructor 'rocksdb::FdWithKeyRange::FdWithKeyRange(rocksdb::FileDescriptor, rocksdb::Slice, rocksdb::Slice, rocksdb::FileMetaData*)':
[INFO] [stderr]   /opt/rustwide/cargo-home/registry/src/index.crates.io-6f17d22bba15001f/parity-rocksdb-sys-0.5.6/rocksdb/db/version_edit.h:154:9: warning: implicitly-declared 'constexpr rocksdb::FileDescriptor::FileDescriptor(const rocksdb::FileDescriptor&)' is deprecated [-Wdeprecated-copy]
[INFO] [stderr]     154 |       : fd(_fd),
[INFO] [stderr]         |         ^~~~~~~
[INFO] [stderr]   /opt/rustwide/cargo-home/registry/src/index.crates.io-6f17d22bba15001f/parity-rocksdb-sys-0.5.6/rocksdb/db/version_edit.h:47:19: note: because 'rocksdb::FileDescriptor' has user-provided 'rocksdb::FileDescriptor& rocksdb::FileDescriptor::operator=(const rocksdb::FileDescriptor&)'
[INFO] [stderr]      47 |   FileDescriptor& operator=(const FileDescriptor& fd) {
[INFO] [stderr]         |                   ^~~~~~~~
[INFO] [stderr]   c++: fatal error: Killed signal terminated program cc1plus
[INFO] [stderr]   compilation terminated.
[INFO] [stderr]   gmake[3]: *** [CMakeFiles/rocksdb.dir/build.make:149: CMakeFiles/rocksdb.dir/db/column_family.cc.o] Error 1
[INFO] [stderr]   gmake[3]: *** Waiting for unfinished jobs....
[INFO] [stderr]   /opt/rustwide/cargo-home/registry/src/index.crates.io-6f17d22bba15001f/parity-rocksdb-sys-0.5.6/rocksdb/db/version_edit.h: In instantiation of 'constexpr std::pair<_T1, _T2>::pair(_U1&&, _U2&&) [with _U1 = int&; _U2 = rocksdb::FileMetaData; typename std::enable_if<(std::_PCC<true, _T1, _T2>::_MoveConstructiblePair<_U1, _U2>() && std::_PCC<true, _T1, _T2>::_ImplicitlyMoveConvertiblePair<_U1, _U2>()), bool>::type <anonymous> = true; _T1 = int; _T2 = rocksdb::FileMetaData]':
[INFO] [stderr]   /usr/include/c++/11/ext/new_allocator.h:162:4:   required from 'void __gnu_cxx::new_allocator<_Tp>::construct(_Up*, _Args&& ...) [with _Up = std::pair<int, rocksdb::FileMetaData>; _Args = {int&, rocksdb::FileMetaData}; _Tp = std::pair<int, rocksdb::FileMetaData>]'
[INFO] [stderr]   /usr/include/c++/11/bits/alloc_traits.h:516:17:   required from 'static void std::allocator_traits<std::allocator<_CharT> >::construct(std::allocator_traits<std::allocator<_CharT> >::allocator_type&, _Up*, _Args&& ...) [with _Up = std::pair<int, rocksdb::FileMetaData>; _Args = {int&, rocksdb::FileMetaData}; _Tp = std::pair<int, rocksdb::FileMetaData>; std::allocator_traits<std::allocator<_CharT> >::allocator_type = std::allocator<std::pair<int, rocksdb::FileMetaData> >]'
[INFO] [stderr]   /usr/include/c++/11/bits/vector.tcc:115:30:   required from 'void std::vector<_Tp, _Alloc>::emplace_back(_Args&& ...) [with _Args = {int&, rocksdb::FileMetaData}; _Tp = std::pair<int, rocksdb::FileMetaData>; _Alloc = std::allocator<std::pair<int, rocksdb::FileMetaData> >]'
[INFO] [stderr]   /opt/rustwide/cargo-home/registry/src/index.crates.io-6f17d22bba15001f/parity-rocksdb-sys-0.5.6/rocksdb/db/version_edit.h:227:28:   required from here
[INFO] [stderr]   /opt/rustwide/cargo-home/registry/src/index.crates.io-6f17d22bba15001f/parity-rocksdb-sys-0.5.6/rocksdb/db/version_edit.h:76:8: warning: implicitly-declared 'constexpr rocksdb::FileDescriptor::FileDescriptor(const rocksdb::FileDescriptor&)' is deprecated [-Wdeprecated-copy]
[INFO] [stderr]      76 | struct FileMetaData {
[INFO] [stderr]         |        ^~~~~~~~~~~~
[INFO] [stderr]   /opt/rustwide/cargo-home/registry/src/index.crates.io-6f17d22bba15001f/parity-rocksdb-sys-0.5.6/rocksdb/db/version_edit.h:47:19: note: because 'rocksdb::FileDescriptor' has user-provided 'rocksdb::FileDescriptor& rocksdb::FileDescriptor::operator=(const rocksdb::FileDescriptor&)'
[INFO] [stderr]      47 |   FileDescriptor& operator=(const FileDescriptor& fd) {
[INFO] [stderr]         |                   ^~~~~~~~
[INFO] [stderr]   In file included from /usr/include/c++/11/bits/stl_algobase.h:64,
[INFO] [stderr]                    from /usr/include/c++/11/bits/char_traits.h:39,
[INFO] [stderr]                    from /usr/include/c++/11/string:40,
[INFO] [stderr]                    from /opt/rustwide/cargo-home/registry/src/index.crates.io-6f17d22bba15001f/parity-rocksdb-sys-0.5.6/rocksdb/db/builder.h:9,
[INFO] [stderr]                    from /opt/rustwide/cargo-home/registry/src/index.crates.io-6f17d22bba15001f/parity-rocksdb-sys-0.5.6/rocksdb/db/builder.cc:10:
[INFO] [stderr]   /usr/include/c++/11/bits/stl_pair.h:353:42: note: synthesized method 'rocksdb::FileMetaData::FileMetaData(rocksdb::FileMetaData&&)' first required here
[INFO] [stderr]     353 |         : first(std::forward<_U1>(__x)), second(std::forward<_U2>(__y)) { }
[INFO] [stderr]         |                                          ^~~~~~~~~~~~~~~~~~~~~~~~~~~~~~
[INFO] [stderr]   In file included from /opt/rustwide/cargo-home/registry/src/index.crates.io-6f17d22bba15001f/parity-rocksdb-sys-0.5.6/rocksdb/db/range_del_aggregator.h:16,
[INFO] [stderr]                    from /opt/rustwide/cargo-home/registry/src/index.crates.io-6f17d22bba15001f/parity-rocksdb-sys-0.5.6/rocksdb/db/memtable.h:19,
[INFO] [stderr]                    from /opt/rustwide/cargo-home/registry/src/index.crates.io-6f17d22bba15001f/parity-rocksdb-sys-0.5.6/rocksdb/db/memtable_list.h:17,
[INFO] [stderr]                    from /opt/rustwide/cargo-home/registry/src/index.crates.io-6f17d22bba15001f/parity-rocksdb-sys-0.5.6/rocksdb/db/column_family.h:17,
[INFO] [stderr]                    from /opt/rustwide/cargo-home/registry/src/index.crates.io-6f17d22bba15001f/parity-rocksdb-sys-0.5.6/rocksdb/db/version_set.h:31,
[INFO] [stderr]                    from /opt/rustwide/cargo-home/registry/src/index.crates.io-6f17d22bba15001f/parity-rocksdb-sys-0.5.6/rocksdb/db/compaction.h:11,
[INFO] [stderr]                    from /opt/rustwide/cargo-home/registry/src/index.crates.io-6f17d22bba15001f/parity-rocksdb-sys-0.5.6/rocksdb/db/compaction_iterator.h:12,
[INFO] [stderr]                    from /opt/rustwide/cargo-home/registry/src/index.crates.io-6f17d22bba15001f/parity-rocksdb-sys-0.5.6/rocksdb/db/builder.cc:16:
[INFO] [stderr]   /opt/rustwide/cargo-home/registry/src/index.crates.io-6f17d22bba15001f/parity-rocksdb-sys-0.5.6/rocksdb/db/version_edit.h: In instantiation of 'constexpr std::pair<_T1, _T2>::pair(_U1&&, const _T2&) [with _U1 = int&; typename std::enable_if<std::_PCC<true, _T1, _T2>::_MoveCopyPair<true, _U1, _T2>(), bool>::type <anonymous> = true; _T1 = int; _T2 = rocksdb::FileMetaData]':
[INFO] [stderr]   /usr/include/c++/11/ext/new_allocator.h:162:4:   required from 'void __gnu_cxx::new_allocator<_Tp>::construct(_Up*, _Args&& ...) [with _Up = std::pair<int, rocksdb::FileMetaData>; _Args = {int&, const rocksdb::FileMetaData&}; _Tp = std::pair<int, rocksdb::FileMetaData>]'
[INFO] [stderr]   /usr/include/c++/11/bits/alloc_traits.h:516:17:   required from 'static void std::allocator_traits<std::allocator<_CharT> >::construct(std::allocator_traits<std::allocator<_CharT> >::allocator_type&, _Up*, _Args&& ...) [with _Up = std::pair<int, rocksdb::FileMetaData>; _Args = {int&, const rocksdb::FileMetaData&}; _Tp = std::pair<int, rocksdb::FileMetaData>; std::allocator_traits<std::allocator<_CharT> >::allocator_type = std::allocator<std::pair<int, rocksdb::FileMetaData> >]'
[INFO] [stderr]   /usr/include/c++/11/bits/vector.tcc:115:30:   required from 'void std::vector<_Tp, _Alloc>::emplace_back(_Args&& ...) [with _Args = {int&, const rocksdb::FileMetaData&}; _Tp = std::pair<int, rocksdb::FileMetaData>; _Alloc = std::allocator<std::pair<int, rocksdb::FileMetaData> >]'
[INFO] [stderr]   /opt/rustwide/cargo-home/registry/src/index.crates.io-6f17d22bba15001f/parity-rocksdb-sys-0.5.6/rocksdb/db/version_edit.h:232:28:   required from here
[INFO] [stderr]   /opt/rustwide/cargo-home/registry/src/index.crates.io-6f17d22bba15001f/parity-rocksdb-sys-0.5.6/rocksdb/db/version_edit.h:76:8: warning: implicitly-declared 'constexpr rocksdb::FileDescriptor::FileDescriptor(const rocksdb::FileDescriptor&)' is deprecated [-Wdeprecated-copy]
[INFO] [stderr]      76 | struct FileMetaData {
[INFO] [stderr]         |        ^~~~~~~~~~~~
[INFO] [stderr]   /opt/rustwide/cargo-home/registry/src/index.crates.io-6f17d22bba15001f/parity-rocksdb-sys-0.5.6/rocksdb/db/version_edit.h:47:19: note: because 'rocksdb::FileDescriptor' has user-provided 'rocksdb::FileDescriptor& rocksdb::FileDescriptor::operator=(const rocksdb::FileDescriptor&)'
[INFO] [stderr]      47 |   FileDescriptor& operator=(const FileDescriptor& fd) {
[INFO] [stderr]         |                   ^~~~~~~~
[INFO] [stderr]   In file included from /usr/include/c++/11/bits/stl_algobase.h:64,
[INFO] [stderr]                    from /usr/include/c++/11/bits/char_traits.h:39,
[INFO] [stderr]                    from /usr/include/c++/11/string:40,
[INFO] [stderr]                    from /opt/rustwide/cargo-home/registry/src/index.crates.io-6f17d22bba15001f/parity-rocksdb-sys-0.5.6/rocksdb/db/builder.h:9,
[INFO] [stderr]                    from /opt/rustwide/cargo-home/registry/src/index.crates.io-6f17d22bba15001f/parity-rocksdb-sys-0.5.6/rocksdb/db/builder.cc:10:
[INFO] [stderr]   /usr/include/c++/11/bits/stl_pair.h:323:41: note: synthesized method 'rocksdb::FileMetaData::FileMetaData(const rocksdb::FileMetaData&)' first required here
[INFO] [stderr]     323 |        : first(std::forward<_U1>(__x)), second(__y) { }
[INFO] [stderr]         |                                         ^~~~~~~~~~~
[INFO] [stderr]   /opt/rustwide/cargo-home/registry/src/index.crates.io-6f17d22bba15001f/parity-rocksdb-sys-0.5.6/rocksdb/db/version_edit.h: In instantiation of 'constexpr std::pair<_T1, _T2>::pair(_U1&&, _U2&&) [with _U1 = int&; _U2 = rocksdb::FileMetaData; typename std::enable_if<(std::_PCC<true, _T1, _T2>::_MoveConstructiblePair<_U1, _U2>() && std::_PCC<true, _T1, _T2>::_ImplicitlyMoveConvertiblePair<_U1, _U2>()), bool>::type <anonymous> = true; _T1 = int; _T2 = rocksdb::FileMetaData]':
[INFO] [stderr]   /usr/include/c++/11/ext/new_allocator.h:162:4:   required from 'void __gnu_cxx::new_allocator<_Tp>::construct(_Up*, _Args&& ...) [with _Up = std::pair<int, rocksdb::FileMetaData>; _Args = {int&, rocksdb::FileMetaData}; _Tp = std::pair<int, rocksdb::FileMetaData>]'
[INFO] [stderr]   /usr/include/c++/11/bits/alloc_traits.h:516:17:   required from 'static void std::allocator_traits<std::allocator<_Tp1> >::construct(std::allocator_traits<std::allocator<_Tp1> >::allocator_type&, _Up*, _Args&& ...) [with _Up = std::pair<int, rocksdb::FileMetaData>; _Args = {int&, rocksdb::FileMetaData}; _Tp = std::pair<int, rocksdb::FileMetaData>; std::allocator_traits<std::allocator<_Tp1> >::allocator_type = std::allocator<std::pair<int, rocksdb::FileMetaData> >]'
[INFO] [stderr]   /usr/include/c++/11/bits/vector.tcc:115:30:   required from 'void std::vector<_Tp, _Alloc>::emplace_back(_Args&& ...) [with _Args = {int&, rocksdb::FileMetaData}; _Tp = std::pair<int, rocksdb::FileMetaData>; _Alloc = std::allocator<std::pair<int, rocksdb::FileMetaData> >]'
[INFO] [stderr]   /opt/rustwide/cargo-home/registry/src/index.crates.io-6f17d22bba15001f/parity-rocksdb-sys-0.5.6/rocksdb/db/version_edit.h:227:28:   required from here
[INFO] [stderr]   /opt/rustwide/cargo-home/registry/src/index.crates.io-6f17d22bba15001f/parity-rocksdb-sys-0.5.6/rocksdb/db/version_edit.h:76:8: warning: implicitly-declared 'constexpr rocksdb::FileDescriptor::FileDescriptor(const rocksdb::FileDescriptor&)' is deprecated [-Wdeprecated-copy]
[INFO] [stderr]      76 | struct FileMetaData {
[INFO] [stderr]         |        ^~~~~~~~~~~~
[INFO] [stderr]   /opt/rustwide/cargo-home/registry/src/index.crates.io-6f17d22bba15001f/parity-rocksdb-sys-0.5.6/rocksdb/db/version_edit.h:47:19: note: because 'rocksdb::FileDescriptor' has user-provided 'rocksdb::FileDescriptor& rocksdb::FileDescriptor::operator=(const rocksdb::FileDescriptor&)'
[INFO] [stderr]      47 |   FileDescriptor& operator=(const FileDescriptor& fd) {
[INFO] [stderr]         |                   ^~~~~~~~
[INFO] [stderr]   In file included from /usr/include/c++/11/bits/stl_algobase.h:64,
[INFO] [stderr]                    from /usr/include/c++/11/deque:60,
[INFO] [stderr]                    from /opt/rustwide/cargo-home/registry/src/index.crates.io-6f17d22bba15001f/parity-rocksdb-sys-0.5.6/rocksdb/db/version_set.h:22,
[INFO] [stderr]                    from /opt/rustwide/cargo-home/registry/src/index.crates.io-6f17d22bba15001f/parity-rocksdb-sys-0.5.6/rocksdb/db/compaction.h:11,
[INFO] [stderr]                    from /opt/rustwide/cargo-home/registry/src/index.crates.io-6f17d22bba15001f/parity-rocksdb-sys-0.5.6/rocksdb/db/compaction.cc:10:
[INFO] [stderr]   /usr/include/c++/11/bits/stl_pair.h:353:42: note: synthesized method 'rocksdb::FileMetaData::FileMetaData(rocksdb::FileMetaData&&)' first required here
[INFO] [stderr]     353 |         : first(std::forward<_U1>(__x)), second(std::forward<_U2>(__y)) { }
[INFO] [stderr]         |                                          ^~~~~~~~~~~~~~~~~~~~~~~~~~~~~~
[INFO] [stderr]   In file included from /opt/rustwide/cargo-home/registry/src/index.crates.io-6f17d22bba15001f/parity-rocksdb-sys-0.5.6/rocksdb/db/range_del_aggregator.h:16,
[INFO] [stderr]                    from /opt/rustwide/cargo-home/registry/src/index.crates.io-6f17d22bba15001f/parity-rocksdb-sys-0.5.6/rocksdb/db/memtable.h:19,
[INFO] [stderr]                    from /opt/rustwide/cargo-home/registry/src/index.crates.io-6f17d22bba15001f/parity-rocksdb-sys-0.5.6/rocksdb/db/memtable_list.h:17,
[INFO] [stderr]                    from /opt/rustwide/cargo-home/registry/src/index.crates.io-6f17d22bba15001f/parity-rocksdb-sys-0.5.6/rocksdb/db/column_family.h:17,
[INFO] [stderr]                    from /opt/rustwide/cargo-home/registry/src/index.crates.io-6f17d22bba15001f/parity-rocksdb-sys-0.5.6/rocksdb/db/version_set.h:31,
[INFO] [stderr]                    from /opt/rustwide/cargo-home/registry/src/index.crates.io-6f17d22bba15001f/parity-rocksdb-sys-0.5.6/rocksdb/db/compaction.h:11,
[INFO] [stderr]                    from /opt/rustwide/cargo-home/registry/src/index.crates.io-6f17d22bba15001f/parity-rocksdb-sys-0.5.6/rocksdb/db/compaction.cc:10:
[INFO] [stderr]   /opt/rustwide/cargo-home/registry/src/index.crates.io-6f17d22bba15001f/parity-rocksdb-sys-0.5.6/rocksdb/db/version_edit.h: In instantiation of 'constexpr std::pair<_T1, _T2>::pair(_U1&&, const _T2&) [with _U1 = int&; typename std::enable_if<std::_PCC<true, _T1, _T2>::_MoveCopyPair<true, _U1, _T2>(), bool>::type <anonymous> = true; _T1 = int; _T2 = rocksdb::FileMetaData]':
[INFO] [stderr]   /usr/include/c++/11/ext/new_allocator.h:162:4:   required from 'void __gnu_cxx::new_allocator<_Tp>::construct(_Up*, _Args&& ...) [with _Up = std::pair<int, rocksdb::FileMetaData>; _Args = {int&, const rocksdb::FileMetaData&}; _Tp = std::pair<int, rocksdb::FileMetaData>]'
[INFO] [stderr]   /usr/include/c++/11/bits/alloc_traits.h:516:17:   required from 'static void std::allocator_traits<std::allocator<_Tp1> >::construct(std::allocator_traits<std::allocator<_Tp1> >::allocator_type&, _Up*, _Args&& ...) [with _Up = std::pair<int, rocksdb::FileMetaData>; _Args = {int&, const rocksdb::FileMetaData&}; _Tp = std::pair<int, rocksdb::FileMetaData>; std::allocator_traits<std::allocator<_Tp1> >::allocator_type = std::allocator<std::pair<int, rocksdb::FileMetaData> >]'
[INFO] [stderr]   /usr/include/c++/11/bits/vector.tcc:115:30:   required from 'void std::vector<_Tp, _Alloc>::emplace_back(_Args&& ...) [with _Args = {int&, const rocksdb::FileMetaData&}; _Tp = std::pair<int, rocksdb::FileMetaData>; _Alloc = std::allocator<std::pair<int, rocksdb::FileMetaData> >]'
[INFO] [stderr]   /opt/rustwide/cargo-home/registry/src/index.crates.io-6f17d22bba15001f/parity-rocksdb-sys-0.5.6/rocksdb/db/version_edit.h:232:28:   required from here
[INFO] [stderr]   /opt/rustwide/cargo-home/registry/src/index.crates.io-6f17d22bba15001f/parity-rocksdb-sys-0.5.6/rocksdb/db/version_edit.h:76:8: warning: implicitly-declared 'constexpr rocksdb::FileDescriptor::FileDescriptor(const rocksdb::FileDescriptor&)' is deprecated [-Wdeprecated-copy]
[INFO] [stderr]      76 | struct FileMetaData {
[INFO] [stderr]         |        ^~~~~~~~~~~~
[INFO] [stderr]   /opt/rustwide/cargo-home/registry/src/index.crates.io-6f17d22bba15001f/parity-rocksdb-sys-0.5.6/rocksdb/db/version_edit.h:47:19: note: because 'rocksdb::FileDescriptor' has user-provided 'rocksdb::FileDescriptor& rocksdb::FileDescriptor::operator=(const rocksdb::FileDescriptor&)'
[INFO] [stderr]      47 |   FileDescriptor& operator=(const FileDescriptor& fd) {
[INFO] [stderr]         |                   ^~~~~~~~
[INFO] [stderr]   In file included from /usr/include/c++/11/bits/stl_algobase.h:64,
[INFO] [stderr]                    from /usr/include/c++/11/deque:60,
[INFO] [stderr]                    from /opt/rustwide/cargo-home/registry/src/index.crates.io-6f17d22bba15001f/parity-rocksdb-sys-0.5.6/rocksdb/db/version_set.h:22,
[INFO] [stderr]                    from /opt/rustwide/cargo-home/registry/src/index.crates.io-6f17d22bba15001f/parity-rocksdb-sys-0.5.6/rocksdb/db/compaction.h:11,
[INFO] [stderr]                    from /opt/rustwide/cargo-home/registry/src/index.crates.io-6f17d22bba15001f/parity-rocksdb-sys-0.5.6/rocksdb/db/compaction.cc:10:
[INFO] [stderr]   /usr/include/c++/11/bits/stl_pair.h:323:41: note: synthesized method 'rocksdb::FileMetaData::FileMetaData(const rocksdb::FileMetaData&)' first required here
[INFO] [stderr]     323 |        : first(std::forward<_U1>(__x)), second(__y) { }
[INFO] [stderr]         |                                         ^~~~~~~~~~~
[INFO] [stderr]   In file included from /opt/rustwide/cargo-home/registry/src/index.crates.io-6f17d22bba15001f/parity-rocksdb-sys-0.5.6/rocksdb/db/range_del_aggregator.h:16,
[INFO] [stderr]                    from /opt/rustwide/cargo-home/registry/src/index.crates.io-6f17d22bba15001f/parity-rocksdb-sys-0.5.6/rocksdb/db/memtable.h:19,
[INFO] [stderr]                    from /opt/rustwide/cargo-home/registry/src/index.crates.io-6f17d22bba15001f/parity-rocksdb-sys-0.5.6/rocksdb/db/memtable_list.h:17,
[INFO] [stderr]                    from /opt/rustwide/cargo-home/registry/src/index.crates.io-6f17d22bba15001f/parity-rocksdb-sys-0.5.6/rocksdb/db/column_family.h:17,
[INFO] [stderr]                    from /opt/rustwide/cargo-home/registry/src/index.crates.io-6f17d22bba15001f/parity-rocksdb-sys-0.5.6/rocksdb/db/version_set.h:31,
[INFO] [stderr]                    from /opt/rustwide/cargo-home/registry/src/index.crates.io-6f17d22bba15001f/parity-rocksdb-sys-0.5.6/rocksdb/db/compaction.h:11,
[INFO] [stderr]                    from /opt/rustwide/cargo-home/registry/src/index.crates.io-6f17d22bba15001f/parity-rocksdb-sys-0.5.6/rocksdb/db/compaction_iterator.h:12,
[INFO] [stderr]                    from /opt/rustwide/cargo-home/registry/src/index.crates.io-6f17d22bba15001f/parity-rocksdb-sys-0.5.6/rocksdb/db/compaction_iterator.cc:6:
[INFO] [stderr]   /opt/rustwide/cargo-home/registry/src/index.crates.io-6f17d22bba15001f/parity-rocksdb-sys-0.5.6/rocksdb/db/version_edit.h: In constructor 'rocksdb::FdWithKeyRange::FdWithKeyRange(rocksdb::FileDescriptor, rocksdb::Slice, rocksdb::Slice, rocksdb::FileMetaData*)':
[INFO] [stderr]   /opt/rustwide/cargo-home/registry/src/index.crates.io-6f17d22bba15001f/parity-rocksdb-sys-0.5.6/rocksdb/db/version_edit.h:154:9: warning: implicitly-declared 'constexpr rocksdb::FileDescriptor::FileDescriptor(const rocksdb::FileDescriptor&)' is deprecated [-Wdeprecated-copy]
[INFO] [stderr]     154 |       : fd(_fd),
[INFO] [stderr]         |         ^~~~~~~
[INFO] [stderr]   /opt/rustwide/cargo-home/registry/src/index.crates.io-6f17d22bba15001f/parity-rocksdb-sys-0.5.6/rocksdb/db/version_edit.h:47:19: note: because 'rocksdb::FileDescriptor' has user-provided 'rocksdb::FileDescriptor& rocksdb::FileDescriptor::operator=(const rocksdb::FileDescriptor&)'
[INFO] [stderr]      47 |   FileDescriptor& operator=(const FileDescriptor& fd) {
[INFO] [stderr]         |                   ^~~~~~~~
[INFO] [stderr]   In file included from /opt/rustwide/cargo-home/registry/src/index.crates.io-6f17d22bba15001f/parity-rocksdb-sys-0.5.6/rocksdb/db/range_del_aggregator.h:16,
[INFO] [stderr]                    from /opt/rustwide/cargo-home/registry/src/index.crates.io-6f17d22bba15001f/parity-rocksdb-sys-0.5.6/rocksdb/db/memtable.h:19,
[INFO] [stderr]                    from /opt/rustwide/cargo-home/registry/src/index.crates.io-6f17d22bba15001f/parity-rocksdb-sys-0.5.6/rocksdb/db/memtable_list.h:17,
[INFO] [stderr]                    from /opt/rustwide/cargo-home/registry/src/index.crates.io-6f17d22bba15001f/parity-rocksdb-sys-0.5.6/rocksdb/db/column_family.h:17,
[INFO] [stderr]                    from /opt/rustwide/cargo-home/registry/src/index.crates.io-6f17d22bba15001f/parity-rocksdb-sys-0.5.6/rocksdb/db/compaction_job.h:20,
[INFO] [stderr]                    from /opt/rustwide/cargo-home/registry/src/index.crates.io-6f17d22bba15001f/parity-rocksdb-sys-0.5.6/rocksdb/db/compaction_job.cc:10:
[INFO] [stderr]   /opt/rustwide/cargo-home/registry/src/index.crates.io-6f17d22bba15001f/parity-rocksdb-sys-0.5.6/rocksdb/db/version_edit.h: In constructor 'rocksdb::FdWithKeyRange::FdWithKeyRange(rocksdb::FileDescriptor, rocksdb::Slice, rocksdb::Slice, rocksdb::FileMetaData*)':
[INFO] [stderr]   /opt/rustwide/cargo-home/registry/src/index.crates.io-6f17d22bba15001f/parity-rocksdb-sys-0.5.6/rocksdb/db/version_edit.h:154:9: warning: implicitly-declared 'constexpr rocksdb::FileDescriptor::FileDescriptor(const rocksdb::FileDescriptor&)' is deprecated [-Wdeprecated-copy]
[INFO] [stderr]     154 |       : fd(_fd),
[INFO] [stderr]         |         ^~~~~~~
[INFO] [stderr]   /opt/rustwide/cargo-home/registry/src/index.crates.io-6f17d22bba15001f/parity-rocksdb-sys-0.5.6/rocksdb/db/version_edit.h:47:19: note: because 'rocksdb::FileDescriptor' has user-provided 'rocksdb::FileDescriptor& rocksdb::FileDescriptor::operator=(const rocksdb::FileDescriptor&)'
[INFO] [stderr]      47 |   FileDescriptor& operator=(const FileDescriptor& fd) {
[INFO] [stderr]         |                   ^~~~~~~~
[INFO] [stderr]   In file included from /opt/rustwide/cargo-home/registry/src/index.crates.io-6f17d22bba15001f/parity-rocksdb-sys-0.5.6/rocksdb/db/range_del_aggregator.h:16,
[INFO] [stderr]                    from /opt/rustwide/cargo-home/registry/src/index.crates.io-6f17d22bba15001f/parity-rocksdb-sys-0.5.6/rocksdb/db/memtable.h:19,
[INFO] [stderr]                    from /opt/rustwide/cargo-home/registry/src/index.crates.io-6f17d22bba15001f/parity-rocksdb-sys-0.5.6/rocksdb/db/memtable_list.h:17,
[INFO] [stderr]                    from /opt/rustwide/cargo-home/registry/src/index.crates.io-6f17d22bba15001f/parity-rocksdb-sys-0.5.6/rocksdb/db/column_family.h:17,
[INFO] [stderr]                    from /opt/rustwide/cargo-home/registry/src/index.crates.io-6f17d22bba15001f/parity-rocksdb-sys-0.5.6/rocksdb/db/version_set.h:31,
[INFO] [stderr]                    from /opt/rustwide/cargo-home/registry/src/index.crates.io-6f17d22bba15001f/parity-rocksdb-sys-0.5.6/rocksdb/db/compaction.h:11,
[INFO] [stderr]                    from /opt/rustwide/cargo-home/registry/src/index.crates.io-6f17d22bba15001f/parity-rocksdb-sys-0.5.6/rocksdb/db/compaction_picker.h:18,
[INFO] [stderr]                    from /opt/rustwide/cargo-home/registry/src/index.crates.io-6f17d22bba15001f/parity-rocksdb-sys-0.5.6/rocksdb/db/compaction_picker.cc:10:
[INFO] [stderr]   /opt/rustwide/cargo-home/registry/src/index.crates.io-6f17d22bba15001f/parity-rocksdb-sys-0.5.6/rocksdb/db/version_edit.h: In constructor 'rocksdb::FdWithKeyRange::FdWithKeyRange(rocksdb::FileDescriptor, rocksdb::Slice, rocksdb::Slice, rocksdb::FileMetaData*)':
[INFO] [stderr]   /opt/rustwide/cargo-home/registry/src/index.crates.io-6f17d22bba15001f/parity-rocksdb-sys-0.5.6/rocksdb/db/version_edit.h:154:9: warning: implicitly-declared 'constexpr rocksdb::FileDescriptor::FileDescriptor(const rocksdb::FileDescriptor&)' is deprecated [-Wdeprecated-copy]
[INFO] [stderr]     154 |       : fd(_fd),
[INFO] [stderr]         |         ^~~~~~~
[INFO] [stderr]   /opt/rustwide/cargo-home/registry/src/index.crates.io-6f17d22bba15001f/parity-rocksdb-sys-0.5.6/rocksdb/db/version_edit.h:47:19: note: because 'rocksdb::FileDescriptor' has user-provided 'rocksdb::FileDescriptor& rocksdb::FileDescriptor::operator=(const rocksdb::FileDescriptor&)'
[INFO] [stderr]      47 |   FileDescriptor& operator=(const FileDescriptor& fd) {
[INFO] [stderr]         |                   ^~~~~~~~
[INFO] [stderr]   c++: fatal error: Killed signal terminated program cc1plus
[INFO] [stderr]   compilation terminated.
[INFO] [stderr]   gmake[3]: *** [CMakeFiles/rocksdb.dir/build.make:121: CMakeFiles/rocksdb.dir/db/builder.cc.o] Error 1
[INFO] [stderr]   c++: fatal error: Killed signal terminated program cc1plus
[INFO] [stderr]   compilation terminated.
[INFO] [stderr]   gmake[3]: *** [CMakeFiles/rocksdb.dir/build.make:177: CMakeFiles/rocksdb.dir/db/compaction.cc.o] Error 1
[INFO] [stderr]   /opt/rustwide/cargo-home/registry/src/index.crates.io-6f17d22bba15001f/parity-rocksdb-sys-0.5.6/rocksdb/db/version_edit.h: In instantiation of 'constexpr std::pair<_T1, _T2>::pair(_U1&&, _U2&&) [with _U1 = int&; _U2 = rocksdb::FileMetaData; typename std::enable_if<(std::_PCC<true, _T1, _T2>::_MoveConstructiblePair<_U1, _U2>() && std::_PCC<true, _T1, _T2>::_ImplicitlyMoveConvertiblePair<_U1, _U2>()), bool>::type <anonymous> = true; _T1 = int; _T2 = rocksdb::FileMetaData]':
[INFO] [stderr]   /usr/include/c++/11/ext/new_allocator.h:162:4:   required from 'void __gnu_cxx::new_allocator<_Tp>::construct(_Up*, _Args&& ...) [with _Up = std::pair<int, rocksdb::FileMetaData>; _Args = {int&, rocksdb::FileMetaData}; _Tp = std::pair<int, rocksdb::FileMetaData>]'
[INFO] [stderr]   /usr/include/c++/11/bits/alloc_traits.h:516:17:   required from 'static void std::allocator_traits<std::allocator<_Tp1> >::construct(std::allocator_traits<std::allocator<_Tp1> >::allocator_type&, _Up*, _Args&& ...) [with _Up = std::pair<int, rocksdb::FileMetaData>; _Args = {int&, rocksdb::FileMetaData}; _Tp = std::pair<int, rocksdb::FileMetaData>; std::allocator_traits<std::allocator<_Tp1> >::allocator_type = std::allocator<std::pair<int, rocksdb::FileMetaData> >]'
[INFO] [stderr]   /usr/include/c++/11/bits/vector.tcc:115:30:   required from 'void std::vector<_Tp, _Alloc>::emplace_back(_Args&& ...) [with _Args = {int&, rocksdb::FileMetaData}; _Tp = std::pair<int, rocksdb::FileMetaData>; _Alloc = std::allocator<std::pair<int, rocksdb::FileMetaData> >]'
[INFO] [stderr]   /opt/rustwide/cargo-home/registry/src/index.crates.io-6f17d22bba15001f/parity-rocksdb-sys-0.5.6/rocksdb/db/version_edit.h:227:28:   required from here
[INFO] [stderr]   /opt/rustwide/cargo-home/registry/src/index.crates.io-6f17d22bba15001f/parity-rocksdb-sys-0.5.6/rocksdb/db/version_edit.h:76:8: warning: implicitly-declared 'constexpr rocksdb::FileDescriptor::FileDescriptor(const rocksdb::FileDescriptor&)' is deprecated [-Wdeprecated-copy]
[INFO] [stderr]      76 | struct FileMetaData {
[INFO] [stderr]         |        ^~~~~~~~~~~~
[INFO] [stderr]   /opt/rustwide/cargo-home/registry/src/index.crates.io-6f17d22bba15001f/parity-rocksdb-sys-0.5.6/rocksdb/db/version_edit.h:47:19: note: because 'rocksdb::FileDescriptor' has user-provided 'rocksdb::FileDescriptor& rocksdb::FileDescriptor::operator=(const rocksdb::FileDescriptor&)'
[INFO] [stderr]      47 |   FileDescriptor& operator=(const FileDescriptor& fd) {
[INFO] [stderr]         |                   ^~~~~~~~
[INFO] [stderr]   In file included from /usr/include/c++/11/utility:70,
[INFO] [stderr]                    from /usr/include/c++/11/algorithm:60,
[INFO] [stderr]                    from /opt/rustwide/cargo-home/registry/src/index.crates.io-6f17d22bba15001f/parity-rocksdb-sys-0.5.6/rocksdb/db/compaction_iterator.h:7,
[INFO] [stderr]                    from /opt/rustwide/cargo-home/registry/src/index.crates.io-6f17d22bba15001f/parity-rocksdb-sys-0.5.6/rocksdb/db/compaction_iterator.cc:6:
[INFO] [stderr]   /usr/include/c++/11/bits/stl_pair.h:353:42: note: synthesized method 'rocksdb::FileMetaData::FileMetaData(rocksdb::FileMetaData&&)' first required here
[INFO] [stderr]     353 |         : first(std::forward<_U1>(__x)), second(std::forward<_U2>(__y)) { }
[INFO] [stderr]         |                                          ^~~~~~~~~~~~~~~~~~~~~~~~~~~~~~
[INFO] [stderr]   In file included from /opt/rustwide/cargo-home/registry/src/index.crates.io-6f17d22bba15001f/parity-rocksdb-sys-0.5.6/rocksdb/db/range_del_aggregator.h:16,
[INFO] [stderr]                    from /opt/rustwide/cargo-home/registry/src/index.crates.io-6f17d22bba15001f/parity-rocksdb-sys-0.5.6/rocksdb/db/memtable.h:19,
[INFO] [stderr]                    from /opt/rustwide/cargo-home/registry/src/index.crates.io-6f17d22bba15001f/parity-rocksdb-sys-0.5.6/rocksdb/db/memtable_list.h:17,
[INFO] [stderr]                    from /opt/rustwide/cargo-home/registry/src/index.crates.io-6f17d22bba15001f/parity-rocksdb-sys-0.5.6/rocksdb/db/column_family.h:17,
[INFO] [stderr]                    from /opt/rustwide/cargo-home/registry/src/index.crates.io-6f17d22bba15001f/parity-rocksdb-sys-0.5.6/rocksdb/db/version_set.h:31,
[INFO] [stderr]                    from /opt/rustwide/cargo-home/registry/src/index.crates.io-6f17d22bba15001f/parity-rocksdb-sys-0.5.6/rocksdb/db/compaction.h:11,
[INFO] [stderr]                    from /opt/rustwide/cargo-home/registry/src/index.crates.io-6f17d22bba15001f/parity-rocksdb-sys-0.5.6/rocksdb/db/compaction_iterator.h:12,
[INFO] [stderr]                    from /opt/rustwide/cargo-home/registry/src/index.crates.io-6f17d22bba15001f/parity-rocksdb-sys-0.5.6/rocksdb/db/compaction_iterator.cc:6:
[INFO] [stderr]   /opt/rustwide/cargo-home/registry/src/index.crates.io-6f17d22bba15001f/parity-rocksdb-sys-0.5.6/rocksdb/db/version_edit.h: In instantiation of 'constexpr std::pair<_T1, _T2>::pair(_U1&&, const _T2&) [with _U1 = int&; typename std::enable_if<std::_PCC<true, _T1, _T2>::_MoveCopyPair<true, _U1, _T2>(), bool>::type <anonymous> = true; _T1 = int; _T2 = rocksdb::FileMetaData]':
[INFO] [stderr]   /usr/include/c++/11/ext/new_allocator.h:162:4:   required from 'void __gnu_cxx::new_allocator<_Tp>::construct(_Up*, _Args&& ...) [with _Up = std::pair<int, rocksdb::FileMetaData>; _Args = {int&, const rocksdb::FileMetaData&}; _Tp = std::pair<int, rocksdb::FileMetaData>]'
[INFO] [stderr]   /usr/include/c++/11/bits/alloc_traits.h:516:17:   required from 'static void std::allocator_traits<std::allocator<_Tp1> >::construct(std::allocator_traits<std::allocator<_Tp1> >::allocator_type&, _Up*, _Args&& ...) [with _Up = std::pair<int, rocksdb::FileMetaData>; _Args = {int&, const rocksdb::FileMetaData&}; _Tp = std::pair<int, rocksdb::FileMetaData>; std::allocator_traits<std::allocator<_Tp1> >::allocator_type = std::allocator<std::pair<int, rocksdb::FileMetaData> >]'
[INFO] [stderr]   /usr/include/c++/11/bits/vector.tcc:115:30:   required from 'void std::vector<_Tp, _Alloc>::emplace_back(_Args&& ...) [with _Args = {int&, const rocksdb::FileMetaData&}; _Tp = std::pair<int, rocksdb::FileMetaData>; _Alloc = std::allocator<std::pair<int, rocksdb::FileMetaData> >]'
[INFO] [stderr]   /opt/rustwide/cargo-home/registry/src/index.crates.io-6f17d22bba15001f/parity-rocksdb-sys-0.5.6/rocksdb/db/version_edit.h:232:28:   required from here
[INFO] [stderr]   /opt/rustwide/cargo-home/registry/src/index.crates.io-6f17d22bba15001f/parity-rocksdb-sys-0.5.6/rocksdb/db/version_edit.h:76:8: warning: implicitly-declared 'constexpr rocksdb::FileDescriptor::FileDescriptor(const rocksdb::FileDescriptor&)' is deprecated [-Wdeprecated-copy]
[INFO] [stderr]      76 | struct FileMetaData {
[INFO] [stderr]         |        ^~~~~~~~~~~~
[INFO] [stderr]   /opt/rustwide/cargo-home/registry/src/index.crates.io-6f17d22bba15001f/parity-rocksdb-sys-0.5.6/rocksdb/db/version_edit.h:47:19: note: because 'rocksdb::FileDescriptor' has user-provided 'rocksdb::FileDescriptor& rocksdb::FileDescriptor::operator=(const rocksdb::FileDescriptor&)'
[INFO] [stderr]      47 |   FileDescriptor& operator=(const FileDescriptor& fd) {
[INFO] [stderr]         |                   ^~~~~~~~
[INFO] [stderr]   In file included from /usr/include/c++/11/utility:70,
[INFO] [stderr]                    from /usr/include/c++/11/algorithm:60,
[INFO] [stderr]                    from /opt/rustwide/cargo-home/registry/src/index.crates.io-6f17d22bba15001f/parity-rocksdb-sys-0.5.6/rocksdb/db/compaction_iterator.h:7,
[INFO] [stderr]                    from /opt/rustwide/cargo-home/registry/src/index.crates.io-6f17d22bba15001f/parity-rocksdb-sys-0.5.6/rocksdb/db/compaction_iterator.cc:6:
[INFO] [stderr]   /usr/include/c++/11/bits/stl_pair.h:323:41: note: synthesized method 'rocksdb::FileMetaData::FileMetaData(const rocksdb::FileMetaData&)' first required here
[INFO] [stderr]     323 |        : first(std::forward<_U1>(__x)), second(__y) { }
[INFO] [stderr]         |                                         ^~~~~~~~~~~
[INFO] [stderr]   /opt/rustwide/cargo-home/registry/src/index.crates.io-6f17d22bba15001f/parity-rocksdb-sys-0.5.6/rocksdb/db/version_edit.h: In instantiation of 'constexpr std::pair<_T1, _T2>::pair(_U1&&, _U2&&) [with _U1 = int&; _U2 = rocksdb::FileMetaData; typename std::enable_if<(std::_PCC<true, _T1, _T2>::_MoveConstructiblePair<_U1, _U2>() && std::_PCC<true, _T1, _T2>::_ImplicitlyMoveConvertiblePair<_U1, _U2>()), bool>::type <anonymous> = true; _T1 = int; _T2 = rocksdb::FileMetaData]':
[INFO] [stderr]   /usr/include/c++/11/ext/new_allocator.h:162:4:   required from 'void __gnu_cxx::new_allocator<_Tp>::construct(_Up*, _Args&& ...) [with _Up = std::pair<int, rocksdb::FileMetaData>; _Args = {int&, rocksdb::FileMetaData}; _Tp = std::pair<int, rocksdb::FileMetaData>]'
[INFO] [stderr]   /usr/include/c++/11/bits/alloc_traits.h:516:17:   required from 'static void std::allocator_traits<std::allocator<_Tp1> >::construct(std::allocator_traits<std::allocator<_Tp1> >::allocator_type&, _Up*, _Args&& ...) [with _Up = std::pair<int, rocksdb::FileMetaData>; _Args = {int&, rocksdb::FileMetaData}; _Tp = std::pair<int, rocksdb::FileMetaData>; std::allocator_traits<std::allocator<_Tp1> >::allocator_type = std::allocator<std::pair<int, rocksdb::FileMetaData> >]'
[INFO] [stderr]   /usr/include/c++/11/bits/vector.tcc:115:30:   required from 'void std::vector<_Tp, _Alloc>::emplace_back(_Args&& ...) [with _Args = {int&, rocksdb::FileMetaData}; _Tp = std::pair<int, rocksdb::FileMetaData>; _Alloc = std::allocator<std::pair<int, rocksdb::FileMetaData> >]'
[INFO] [stderr]   /opt/rustwide/cargo-home/registry/src/index.crates.io-6f17d22bba15001f/parity-rocksdb-sys-0.5.6/rocksdb/db/version_edit.h:227:28:   required from here
[INFO] [stderr]   /opt/rustwide/cargo-home/registry/src/index.crates.io-6f17d22bba15001f/parity-rocksdb-sys-0.5.6/rocksdb/db/version_edit.h:76:8: warning: implicitly-declared 'constexpr rocksdb::FileDescriptor::FileDescriptor(const rocksdb::FileDescriptor&)' is deprecated [-Wdeprecated-copy]
[INFO] [stderr]      76 | struct FileMetaData {
[INFO] [stderr]         |        ^~~~~~~~~~~~
[INFO] [stderr]   /opt/rustwide/cargo-home/registry/src/index.crates.io-6f17d22bba15001f/parity-rocksdb-sys-0.5.6/rocksdb/db/version_edit.h:47:19: note: because 'rocksdb::FileDescriptor' has user-provided 'rocksdb::FileDescriptor& rocksdb::FileDescriptor::operator=(const rocksdb::FileDescriptor&)'
[INFO] [stderr]      47 |   FileDescriptor& operator=(const FileDescriptor& fd) {
[INFO] [stderr]         |                   ^~~~~~~~
[INFO] [stderr]   In file included from /usr/include/c++/11/bits/stl_algobase.h:64,
[INFO] [stderr]                    from /usr/include/c++/11/deque:60,
[INFO] [stderr]                    from /opt/rustwide/cargo-home/registry/src/index.crates.io-6f17d22bba15001f/parity-rocksdb-sys-0.5.6/rocksdb/db/db_impl.h:12,
[INFO] [stderr]                    from /opt/rustwide/cargo-home/registry/src/index.crates.io-6f17d22bba15001f/parity-rocksdb-sys-0.5.6/rocksdb/db/compacted_db_impl.h:8,
[INFO] [stderr]                    from /opt/rustwide/cargo-home/registry/src/index.crates.io-6f17d22bba15001f/parity-rocksdb-sys-0.5.6/rocksdb/db/compacted_db_impl.cc:7:
[INFO] [stderr]   /usr/include/c++/11/bits/stl_pair.h:353:42: note: synthesized method 'rocksdb::FileMetaData::FileMetaData(rocksdb::FileMetaData&&)' first required here
[INFO] [stderr]     353 |         : first(std::forward<_U1>(__x)), second(std::forward<_U2>(__y)) { }
[INFO] [stderr]         |                                          ^~~~~~~~~~~~~~~~~~~~~~~~~~~~~~
[INFO] [stderr]   In file included from /opt/rustwide/cargo-home/registry/src/index.crates.io-6f17d22bba15001f/parity-rocksdb-sys-0.5.6/rocksdb/db/range_del_aggregator.h:16,
[INFO] [stderr]                    from /opt/rustwide/cargo-home/registry/src/index.crates.io-6f17d22bba15001f/parity-rocksdb-sys-0.5.6/rocksdb/db/memtable.h:19,
[INFO] [stderr]                    from /opt/rustwide/cargo-home/registry/src/index.crates.io-6f17d22bba15001f/parity-rocksdb-sys-0.5.6/rocksdb/db/memtable_list.h:17,
[INFO] [stderr]                    from /opt/rustwide/cargo-home/registry/src/index.crates.io-6f17d22bba15001f/parity-rocksdb-sys-0.5.6/rocksdb/db/column_family.h:17,
[INFO] [stderr]                    from /opt/rustwide/cargo-home/registry/src/index.crates.io-6f17d22bba15001f/parity-rocksdb-sys-0.5.6/rocksdb/db/db_impl.h:22,
[INFO] [stderr]                    from /opt/rustwide/cargo-home/registry/src/index.crates.io-6f17d22bba15001f/parity-rocksdb-sys-0.5.6/rocksdb/db/compacted_db_impl.h:8,
[INFO] [stderr]                    from /opt/rustwide/cargo-home/registry/src/index.crates.io-6f17d22bba15001f/parity-rocksdb-sys-0.5.6/rocksdb/db/compacted_db_impl.cc:7:
[INFO] [stderr]   /opt/rustwide/cargo-home/registry/src/index.crates.io-6f17d22bba15001f/parity-rocksdb-sys-0.5.6/rocksdb/db/version_edit.h: In instantiation of 'constexpr std::pair<_T1, _T2>::pair(_U1&&, const _T2&) [with _U1 = int&; typename std::enable_if<std::_PCC<true, _T1, _T2>::_MoveCopyPair<true, _U1, _T2>(), bool>::type <anonymous> = true; _T1 = int; _T2 = rocksdb::FileMetaData]':
[INFO] [stderr]   /usr/include/c++/11/ext/new_allocator.h:162:4:   required from 'void __gnu_cxx::new_allocator<_Tp>::construct(_Up*, _Args&& ...) [with _Up = std::pair<int, rocksdb::FileMetaData>; _Args = {int&, const rocksdb::FileMetaData&}; _Tp = std::pair<int, rocksdb::FileMetaData>]'
[INFO] [stderr]   /usr/include/c++/11/bits/alloc_traits.h:516:17:   required from 'static void std::allocator_traits<std::allocator<_Tp1> >::construct(std::allocator_traits<std::allocator<_Tp1> >::allocator_type&, _Up*, _Args&& ...) [with _Up = std::pair<int, rocksdb::FileMetaData>; _Args = {int&, const rocksdb::FileMetaData&}; _Tp = std::pair<int, rocksdb::FileMetaData>; std::allocator_traits<std::allocator<_Tp1> >::allocator_type = std::allocator<std::pair<int, rocksdb::FileMetaData> >]'
[INFO] [stderr]   /usr/include/c++/11/bits/vector.tcc:115:30:   required from 'void std::vector<_Tp, _Alloc>::emplace_back(_Args&& ...) [with _Args = {int&, const rocksdb::FileMetaData&}; _Tp = std::pair<int, rocksdb::FileMetaData>; _Alloc = std::allocator<std::pair<int, rocksdb::FileMetaData> >]'
[INFO] [stderr]   /opt/rustwide/cargo-home/registry/src/index.crates.io-6f17d22bba15001f/parity-rocksdb-sys-0.5.6/rocksdb/db/version_edit.h:232:28:   required from here
[INFO] [stderr]   /opt/rustwide/cargo-home/registry/src/index.crates.io-6f17d22bba15001f/parity-rocksdb-sys-0.5.6/rocksdb/db/version_edit.h:76:8: warning: implicitly-declared 'constexpr rocksdb::FileDescriptor::FileDescriptor(const rocksdb::FileDescriptor&)' is deprecated [-Wdeprecated-copy]
[INFO] [stderr]      76 | struct FileMetaData {
[INFO] [stderr]         |        ^~~~~~~~~~~~
[INFO] [stderr]   /opt/rustwide/cargo-home/registry/src/index.crates.io-6f17d22bba15001f/parity-rocksdb-sys-0.5.6/rocksdb/db/version_edit.h:47:19: note: because 'rocksdb::FileDescriptor' has user-provided 'rocksdb::FileDescriptor& rocksdb::FileDescriptor::operator=(const rocksdb::FileDescriptor&)'
[INFO] [stderr]      47 |   FileDescriptor& operator=(const FileDescriptor& fd) {
[INFO] [stderr]         |                   ^~~~~~~~
[INFO] [stderr]   In file included from /usr/include/c++/11/bits/stl_algobase.h:64,
[INFO] [stderr]                    from /usr/include/c++/11/deque:60,
[INFO] [stderr]                    from /opt/rustwide/cargo-home/registry/src/index.crates.io-6f17d22bba15001f/parity-rocksdb-sys-0.5.6/rocksdb/db/db_impl.h:12,
[INFO] [stderr]                    from /opt/rustwide/cargo-home/registry/src/index.crates.io-6f17d22bba15001f/parity-rocksdb-sys-0.5.6/rocksdb/db/compacted_db_impl.h:8,
[INFO] [stderr]                    from /opt/rustwide/cargo-home/registry/src/index.crates.io-6f17d22bba15001f/parity-rocksdb-sys-0.5.6/rocksdb/db/compacted_db_impl.cc:7:
[INFO] [stderr]   /usr/include/c++/11/bits/stl_pair.h:323:41: note: synthesized method 'rocksdb::FileMetaData::FileMetaData(const rocksdb::FileMetaData&)' first required here
[INFO] [stderr]     323 |        : first(std::forward<_U1>(__x)), second(__y) { }
[INFO] [stderr]         |                                         ^~~~~~~~~~~
[INFO] [stderr]   /opt/rustwide/cargo-home/registry/src/index.crates.io-6f17d22bba15001f/parity-rocksdb-sys-0.5.6/rocksdb/db/version_edit.h: In instantiation of 'constexpr std::pair<_T1, _T2>::pair(_U1&&, _U2&&) [with _U1 = int&; _U2 = rocksdb::FileMetaData; typename std::enable_if<(std::_PCC<true, _T1, _T2>::_MoveConstructiblePair<_U1, _U2>() && std::_PCC<true, _T1, _T2>::_ImplicitlyMoveConvertiblePair<_U1, _U2>()), bool>::type <anonymous> = true; _T1 = int; _T2 = rocksdb::FileMetaData]':
[INFO] [stderr]   /usr/include/c++/11/ext/new_allocator.h:162:4:   required from 'void __gnu_cxx::new_allocator<_Tp>::construct(_Up*, _Args&& ...) [with _Up = std::pair<int, rocksdb::FileMetaData>; _Args = {int&, rocksdb::FileMetaData}; _Tp = std::pair<int, rocksdb::FileMetaData>]'
[INFO] [stderr]   /usr/include/c++/11/bits/alloc_traits.h:516:17:   required from 'static void std::allocator_traits<std::allocator<_Tp1> >::construct(std::allocator_traits<std::allocator<_Tp1> >::allocator_type&, _Up*, _Args&& ...) [with _Up = std::pair<int, rocksdb::FileMetaData>; _Args = {int&, rocksdb::FileMetaData}; _Tp = std::pair<int, rocksdb::FileMetaData>; std::allocator_traits<std::allocator<_Tp1> >::allocator_type = std::allocator<std::pair<int, rocksdb::FileMetaData> >]'
[INFO] [stderr]   /usr/include/c++/11/bits/vector.tcc:115:30:   required from 'void std::vector<_Tp, _Alloc>::emplace_back(_Args&& ...) [with _Args = {int&, rocksdb::FileMetaData}; _Tp = std::pair<int, rocksdb::FileMetaData>; _Alloc = std::allocator<std::pair<int, rocksdb::FileMetaData> >]'
[INFO] [stderr]   /opt/rustwide/cargo-home/registry/src/index.crates.io-6f17d22bba15001f/parity-rocksdb-sys-0.5.6/rocksdb/db/version_edit.h:227:28:   required from here
[INFO] [stderr]   /opt/rustwide/cargo-home/registry/src/index.crates.io-6f17d22bba15001f/parity-rocksdb-sys-0.5.6/rocksdb/db/version_edit.h:76:8: warning: implicitly-declared 'constexpr rocksdb::FileDescriptor::FileDescriptor(const rocksdb::FileDescriptor&)' is deprecated [-Wdeprecated-copy]
[INFO] [stderr]      76 | struct FileMetaData {
[INFO] [stderr]         |        ^~~~~~~~~~~~
[INFO] [stderr]   /opt/rustwide/cargo-home/registry/src/index.crates.io-6f17d22bba15001f/parity-rocksdb-sys-0.5.6/rocksdb/db/version_edit.h:47:19: note: because 'rocksdb::FileDescriptor' has user-provided 'rocksdb::FileDescriptor& rocksdb::FileDescriptor::operator=(const rocksdb::FileDescriptor&)'
[INFO] [stderr]      47 |   FileDescriptor& operator=(const FileDescriptor& fd) {
[INFO] [stderr]         |                   ^~~~~~~~
[INFO] [stderr]   In file included from /usr/include/c++/11/bits/stl_algobase.h:64,
[INFO] [stderr]                    from /usr/include/c++/11/memory:63,
[INFO] [stderr]                    from /opt/rustwide/cargo-home/registry/src/index.crates.io-6f17d22bba15001f/parity-rocksdb-sys-0.5.6/rocksdb/db/compaction_picker.h:12,
[INFO] [stderr]                    from /opt/rustwide/cargo-home/registry/src/index.crates.io-6f17d22bba15001f/parity-rocksdb-sys-0.5.6/rocksdb/db/compaction_picker.cc:10:
[INFO] [stderr]   /usr/include/c++/11/bits/stl_pair.h:353:42: note: synthesized method 'rocksdb::FileMetaData::FileMetaData(rocksdb::FileMetaData&&)' first required here
[INFO] [stderr]     353 |         : first(std::forward<_U1>(__x)), second(std::forward<_U2>(__y)) { }
[INFO] [stderr]         |                                          ^~~~~~~~~~~~~~~~~~~~~~~~~~~~~~
[INFO] [stderr]   In file included from /opt/rustwide/cargo-home/registry/src/index.crates.io-6f17d22bba15001f/parity-rocksdb-sys-0.5.6/rocksdb/db/range_del_aggregator.h:16,
[INFO] [stderr]                    from /opt/rustwide/cargo-home/registry/src/index.crates.io-6f17d22bba15001f/parity-rocksdb-sys-0.5.6/rocksdb/db/memtable.h:19,
[INFO] [stderr]                    from /opt/rustwide/cargo-home/registry/src/index.crates.io-6f17d22bba15001f/parity-rocksdb-sys-0.5.6/rocksdb/db/memtable_list.h:17,
[INFO] [stderr]                    from /opt/rustwide/cargo-home/registry/src/index.crates.io-6f17d22bba15001f/parity-rocksdb-sys-0.5.6/rocksdb/db/column_family.h:17,
[INFO] [stderr]                    from /opt/rustwide/cargo-home/registry/src/index.crates.io-6f17d22bba15001f/parity-rocksdb-sys-0.5.6/rocksdb/db/version_set.h:31,
[INFO] [stderr]                    from /opt/rustwide/cargo-home/registry/src/index.crates.io-6f17d22bba15001f/parity-rocksdb-sys-0.5.6/rocksdb/db/compaction.h:11,
[INFO] [stderr]                    from /opt/rustwide/cargo-home/registry/src/index.crates.io-6f17d22bba15001f/parity-rocksdb-sys-0.5.6/rocksdb/db/compaction_picker.h:18,
[INFO] [stderr]                    from /opt/rustwide/cargo-home/registry/src/index.crates.io-6f17d22bba15001f/parity-rocksdb-sys-0.5.6/rocksdb/db/compaction_picker.cc:10:
[INFO] [stderr]   /opt/rustwide/cargo-home/registry/src/index.crates.io-6f17d22bba15001f/parity-rocksdb-sys-0.5.6/rocksdb/db/version_edit.h: In instantiation of 'constexpr std::pair<_T1, _T2>::pair(_U1&&, const _T2&) [with _U1 = int&; typename std::enable_if<std::_PCC<true, _T1, _T2>::_MoveCopyPair<true, _U1, _T2>(), bool>::type <anonymous> = true; _T1 = int; _T2 = rocksdb::FileMetaData]':
[INFO] [stderr]   /usr/include/c++/11/ext/new_allocator.h:162:4:   required from 'void __gnu_cxx::new_allocator<_Tp>::construct(_Up*, _Args&& ...) [with _Up = std::pair<int, rocksdb::FileMetaData>; _Args = {int&, const rocksdb::FileMetaData&}; _Tp = std::pair<int, rocksdb::FileMetaData>]'
[INFO] [stderr]   /usr/include/c++/11/bits/alloc_traits.h:516:17:   required from 'static void std::allocator_traits<std::allocator<_Tp1> >::construct(std::allocator_traits<std::allocator<_Tp1> >::allocator_type&, _Up*, _Args&& ...) [with _Up = std::pair<int, rocksdb::FileMetaData>; _Args = {int&, const rocksdb::FileMetaData&}; _Tp = std::pair<int, rocksdb::FileMetaData>; std::allocator_traits<std::allocator<_Tp1> >::allocator_type = std::allocator<std::pair<int, rocksdb::FileMetaData> >]'
[INFO] [stderr]   /usr/include/c++/11/bits/vector.tcc:115:30:   required from 'void std::vector<_Tp, _Alloc>::emplace_back(_Args&& ...) [with _Args = {int&, const rocksdb::FileMetaData&}; _Tp = std::pair<int, rocksdb::FileMetaData>; _Alloc = std::allocator<std::pair<int, rocksdb::FileMetaData> >]'
[INFO] [stderr]   /opt/rustwide/cargo-home/registry/src/index.crates.io-6f17d22bba15001f/parity-rocksdb-sys-0.5.6/rocksdb/db/version_edit.h:232:28:   required from here
[INFO] [stderr]   /opt/rustwide/cargo-home/registry/src/index.crates.io-6f17d22bba15001f/parity-rocksdb-sys-0.5.6/rocksdb/db/version_edit.h:76:8: warning: implicitly-declared 'constexpr rocksdb::FileDescriptor::FileDescriptor(const rocksdb::FileDescriptor&)' is deprecated [-Wdeprecated-copy]
[INFO] [stderr]      76 | struct FileMetaData {
[INFO] [stderr]         |        ^~~~~~~~~~~~
[INFO] [stderr]   /opt/rustwide/cargo-home/registry/src/index.crates.io-6f17d22bba15001f/parity-rocksdb-sys-0.5.6/rocksdb/db/version_edit.h:47:19: note: because 'rocksdb::FileDescriptor' has user-provided 'rocksdb::FileDescriptor& rocksdb::FileDescriptor::operator=(const rocksdb::FileDescriptor&)'
[INFO] [stderr]      47 |   FileDescriptor& operator=(const FileDescriptor& fd) {
[INFO] [stderr]         |                   ^~~~~~~~
[INFO] [stderr]   In file included from /usr/include/c++/11/bits/stl_algobase.h:64,
[INFO] [stderr]                    from /usr/include/c++/11/memory:63,
[INFO] [stderr]                    from /opt/rustwide/cargo-home/registry/src/index.crates.io-6f17d22bba15001f/parity-rocksdb-sys-0.5.6/rocksdb/db/compaction_picker.h:12,
[INFO] [stderr]                    from /opt/rustwide/cargo-home/registry/src/index.crates.io-6f17d22bba15001f/parity-rocksdb-sys-0.5.6/rocksdb/db/compaction_picker.cc:10:
[INFO] [stderr]   /usr/include/c++/11/bits/stl_pair.h:323:41: note: synthesized method 'rocksdb::FileMetaData::FileMetaData(const rocksdb::FileMetaData&)' first required here
[INFO] [stderr]     323 |        : first(std::forward<_U1>(__x)), second(__y) { }
[INFO] [stderr]         |                                         ^~~~~~~~~~~
[INFO] [stderr]   /opt/rustwide/cargo-home/registry/src/index.crates.io-6f17d22bba15001f/parity-rocksdb-sys-0.5.6/rocksdb/db/version_edit.h: In instantiation of 'void __gnu_cxx::new_allocator<_Tp>::construct(_Up*, _Args&& ...) [with _Up = rocksdb::CompactionJob::SubcompactionState::Output; _Args = {const rocksdb::CompactionJob::SubcompactionState::Output&}; _Tp = rocksdb::CompactionJob::SubcompactionState::Output]':
[INFO] [stderr]   /usr/include/c++/11/bits/alloc_traits.h:516:17:   required from 'static void std::allocator_traits<std::allocator<_Tp1> >::construct(std::allocator_traits<std::allocator<_Tp1> >::allocator_type&, _Up*, _Args&& ...) [with _Up = rocksdb::CompactionJob::SubcompactionState::Output; _Args = {const rocksdb::CompactionJob::SubcompactionState::Output&}; _Tp = rocksdb::CompactionJob::SubcompactionState::Output; std::allocator_traits<std::allocator<_Tp1> >::allocator_type = std::allocator<rocksdb::CompactionJob::SubcompactionState::Output>]'
[INFO] [stderr]   /usr/include/c++/11/bits/stl_vector.h:1192:30:   required from 'void std::vector<_Tp, _Alloc>::push_back(const value_type&) [with _Tp = rocksdb::CompactionJob::SubcompactionState::Output; _Alloc = std::allocator<rocksdb::CompactionJob::SubcompactionState::Output>; std::vector<_Tp, _Alloc>::value_type = rocksdb::CompactionJob::SubcompactionState::Output]'
[INFO] [stderr]   /opt/rustwide/cargo-home/registry/src/index.crates.io-6f17d22bba15001f/parity-rocksdb-sys-0.5.6/rocksdb/db/compaction_job.cc:1358:33:   required from here
[INFO] [stderr]   /opt/rustwide/cargo-home/registry/src/index.crates.io-6f17d22bba15001f/parity-rocksdb-sys-0.5.6/rocksdb/db/version_edit.h:76:8: warning: implicitly-declared 'constexpr rocksdb::FileDescriptor::FileDescriptor(const rocksdb::FileDescriptor&)' is deprecated [-Wdeprecated-copy]
[INFO] [stderr]      76 | struct FileMetaData {
[INFO] [stderr]         |        ^~~~~~~~~~~~
[INFO] [stderr]   /opt/rustwide/cargo-home/registry/src/index.crates.io-6f17d22bba15001f/parity-rocksdb-sys-0.5.6/rocksdb/db/version_edit.h:47:19: note: because 'rocksdb::FileDescriptor' has user-provided 'rocksdb::FileDescriptor& rocksdb::FileDescriptor::operator=(const rocksdb::FileDescriptor&)'
[INFO] [stderr]      47 |   FileDescriptor& operator=(const FileDescriptor& fd) {
[INFO] [stderr]         |                   ^~~~~~~~
[INFO] [stderr]   /opt/rustwide/cargo-home/registry/src/index.crates.io-6f17d22bba15001f/parity-rocksdb-sys-0.5.6/rocksdb/db/compaction_job.cc:119:10: note: synthesized method 'rocksdb::FileMetaData::FileMetaData(const rocksdb::FileMetaData&)' first required here
[INFO] [stderr]     119 |   struct Output {
[INFO] [stderr]         |          ^~~~~~
[INFO] [stderr]   In file included from /usr/include/x86_64-linux-gnu/c++/11/bits/c++allocator.h:33,
[INFO] [stderr]                    from /usr/include/c++/11/bits/allocator.h:46,
[INFO] [stderr]                    from /usr/include/c++/11/deque:64,
[INFO] [stderr]                    from /opt/rustwide/cargo-home/registry/src/index.crates.io-6f17d22bba15001f/parity-rocksdb-sys-0.5.6/rocksdb/db/compaction_job.h:12,
[INFO] [stderr]                    from /opt/rustwide/cargo-home/registry/src/index.crates.io-6f17d22bba15001f/parity-rocksdb-sys-0.5.6/rocksdb/db/compaction_job.cc:10:
[INFO] [stderr]   /usr/include/c++/11/ext/new_allocator.h:162:11: note: synthesized method 'rocksdb::CompactionJob::SubcompactionState::Output::Output(const rocksdb::CompactionJob::SubcompactionState::Output&)' first required here
[INFO] [stderr]     162 |         { ::new((void *)__p) _Up(std::forward<_Args>(__args)...); }
[INFO] [stderr]         |           ^~~~~~~~~~~~~~~~~~~~~~~~~~~~~~~~~~~~~~~~~~~~~~~~~~~~~~
[INFO] [stderr]   In file included from /opt/rustwide/cargo-home/registry/src/index.crates.io-6f17d22bba15001f/parity-rocksdb-sys-0.5.6/rocksdb/db/range_del_aggregator.h:16,
[INFO] [stderr]                    from /opt/rustwide/cargo-home/registry/src/index.crates.io-6f17d22bba15001f/parity-rocksdb-sys-0.5.6/rocksdb/db/memtable.h:19,
[INFO] [stderr]                    from /opt/rustwide/cargo-home/registry/src/index.crates.io-6f17d22bba15001f/parity-rocksdb-sys-0.5.6/rocksdb/db/memtable_list.h:17,
[INFO] [stderr]                    from /opt/rustwide/cargo-home/registry/src/index.crates.io-6f17d22bba15001f/parity-rocksdb-sys-0.5.6/rocksdb/db/column_family.h:17,
[INFO] [stderr]                    from /opt/rustwide/cargo-home/registry/src/index.crates.io-6f17d22bba15001f/parity-rocksdb-sys-0.5.6/rocksdb/db/compaction_job.h:20,
[INFO] [stderr]                    from /opt/rustwide/cargo-home/registry/src/index.crates.io-6f17d22bba15001f/parity-rocksdb-sys-0.5.6/rocksdb/db/compaction_job.cc:10:
[INFO] [stderr]   /opt/rustwide/cargo-home/registry/src/index.crates.io-6f17d22bba15001f/parity-rocksdb-sys-0.5.6/rocksdb/db/version_edit.h: In instantiation of 'constexpr std::pair<_T1, _T2>::pair(_U1&&, _U2&&) [with _U1 = int&; _U2 = rocksdb::FileMetaData; typename std::enable_if<(std::_PCC<true, _T1, _T2>::_MoveConstructiblePair<_U1, _U2>() && std::_PCC<true, _T1, _T2>::_ImplicitlyMoveConvertiblePair<_U1, _U2>()), bool>::type <anonymous> = true; _T1 = int; _T2 = rocksdb::FileMetaData]':
[INFO] [stderr]   /usr/include/c++/11/ext/new_allocator.h:162:4:   required from 'void __gnu_cxx::new_allocator<_Tp>::construct(_Up*, _Args&& ...) [with _Up = std::pair<int, rocksdb::FileMetaData>; _Args = {int&, rocksdb::FileMetaData}; _Tp = std::pair<int, rocksdb::FileMetaData>]'
[INFO] [stderr]   /usr/include/c++/11/bits/alloc_traits.h:516:17:   required from 'static void std::allocator_traits<std::allocator<_Tp1> >::construct(std::allocator_traits<std::allocator<_Tp1> >::allocator_type&, _Up*, _Args&& ...) [with _Up = std::pair<int, rocksdb::FileMetaData>; _Args = {int&, rocksdb::FileMetaData}; _Tp = std::pair<int, rocksdb::FileMetaData>; std::allocator_traits<std::allocator<_Tp1> >::allocator_type = std::allocator<std::pair<int, rocksdb::FileMetaData> >]'
[INFO] [stderr]   /usr/include/c++/11/bits/vector.tcc:115:30:   required from 'void std::vector<_Tp, _Alloc>::emplace_back(_Args&& ...) [with _Args = {int&, rocksdb::FileMetaData}; _Tp = std::pair<int, rocksdb::FileMetaData>; _Alloc = std::allocator<std::pair<int, rocksdb::FileMetaData> >]'
[INFO] [stderr]   /opt/rustwide/cargo-home/registry/src/index.crates.io-6f17d22bba15001f/parity-rocksdb-sys-0.5.6/rocksdb/db/version_edit.h:227:28:   required from here
[INFO] [stderr]   /opt/rustwide/cargo-home/registry/src/index.crates.io-6f17d22bba15001f/parity-rocksdb-sys-0.5.6/rocksdb/db/version_edit.h:76:8: warning: implicitly-declared 'constexpr rocksdb::FileDescriptor::FileDescriptor(const rocksdb::FileDescriptor&)' is deprecated [-Wdeprecated-copy]
[INFO] [stderr]      76 | struct FileMetaData {
[INFO] [stderr]         |        ^~~~~~~~~~~~
[INFO] [stderr]   /opt/rustwide/cargo-home/registry/src/index.crates.io-6f17d22bba15001f/parity-rocksdb-sys-0.5.6/rocksdb/db/version_edit.h:47:19: note: because 'rocksdb::FileDescriptor' has user-provided 'rocksdb::FileDescriptor& rocksdb::FileDescriptor::operator=(const rocksdb::FileDescriptor&)'
[INFO] [stderr]      47 |   FileDescriptor& operator=(const FileDescriptor& fd) {
[INFO] [stderr]         |                   ^~~~~~~~
[INFO] [stderr]   In file included from /usr/include/c++/11/bits/stl_algobase.h:64,
[INFO] [stderr]                    from /usr/include/c++/11/deque:60,
[INFO] [stderr]                    from /opt/rustwide/cargo-home/registry/src/index.crates.io-6f17d22bba15001f/parity-rocksdb-sys-0.5.6/rocksdb/db/compaction_job.h:12,
[INFO] [stderr]                    from /opt/rustwide/cargo-home/registry/src/index.crates.io-6f17d22bba15001f/parity-rocksdb-sys-0.5.6/rocksdb/db/compaction_job.cc:10:
[INFO] [stderr]   /usr/include/c++/11/bits/stl_pair.h:353:42: note: synthesized method 'rocksdb::FileMetaData::FileMetaData(rocksdb::FileMetaData&&)' first required here
[INFO] [stderr]     353 |         : first(std::forward<_U1>(__x)), second(std::forward<_U2>(__y)) { }
[INFO] [stderr]         |                                          ^~~~~~~~~~~~~~~~~~~~~~~~~~~~~~
[INFO] [stderr]   gmake[2]: *** [CMakeFiles/Makefile2:484: CMakeFiles/rocksdb.dir/all] Error 2
[INFO] [stderr]   gmake[1]: *** [CMakeFiles/Makefile2:491: CMakeFiles/rocksdb.dir/rule] Error 2
[INFO] [stderr]   gmake: *** [Makefile:208: rocksdb] Error 2
[INFO] [stderr]   thread 'main' panicked at /opt/rustwide/cargo-home/registry/src/index.crates.io-6f17d22bba15001f/cmake-0.1.50/src/lib.rs:1098:5:
[INFO] [stderr] 
[INFO] [stderr]   command did not execute successfully, got: exit status: 2
[INFO] [stderr] 
[INFO] [stderr]   build script failed, must exit now
[INFO] [stderr]   stack backtrace:
[INFO] [stderr]      0:     0x55dcb261774c - std::backtrace_rs::backtrace::libunwind::trace::ha637c64ce894333a
[INFO] [stderr]                                  at /rustc/82e1608dfa6e0b5569232559e3d385fea5a93112/library/std/src/../../backtrace/src/backtrace/libunwind.rs:104:5
[INFO] [stderr]      1:     0x55dcb261774c - std::backtrace_rs::backtrace::trace_unsynchronized::h47f62dea28e0c88d
[INFO] [stderr]                                  at /rustc/82e1608dfa6e0b5569232559e3d385fea5a93112/library/std/src/../../backtrace/src/backtrace/mod.rs:66:5
[INFO] [stderr]      2:     0x55dcb261774c - std::sys_common::backtrace::_print_fmt::h9eef0abe20ede486
[INFO] [stderr]                                  at /rustc/82e1608dfa6e0b5569232559e3d385fea5a93112/library/std/src/sys_common/backtrace.rs:67:5
[INFO] [stderr]      3:     0x55dcb261774c - <std::sys_common::backtrace::_print::DisplayBacktrace as core::fmt::Display>::fmt::hed7f999df88cc644
[INFO] [stderr]                                  at /rustc/82e1608dfa6e0b5569232559e3d385fea5a93112/library/std/src/sys_common/backtrace.rs:44:22
[INFO] [stderr]      4:     0x55dcb263dc50 - core::fmt::rt::Argument::fmt::h1539a9308b8d058d
[INFO] [stderr]                                  at /rustc/82e1608dfa6e0b5569232559e3d385fea5a93112/library/core/src/fmt/rt.rs:142:9
[INFO] [stderr]      5:     0x55dcb263dc50 - core::fmt::write::h3a39390d8560d9c9
[INFO] [stderr]                                  at /rustc/82e1608dfa6e0b5569232559e3d385fea5a93112/library/core/src/fmt/mod.rs:1120:17
[INFO] [stderr]      6:     0x55dcb2614e9f - std::io::Write::write_fmt::h5fc9997dfe05f882
[INFO] [stderr]                                  at /rustc/82e1608dfa6e0b5569232559e3d385fea5a93112/library/std/src/io/mod.rs:1762:15
[INFO] [stderr]      7:     0x55dcb2617534 - std::sys_common::backtrace::_print::h894006fb5c6f3d45
[INFO] [stderr]                                  at /rustc/82e1608dfa6e0b5569232559e3d385fea5a93112/library/std/src/sys_common/backtrace.rs:47:5
[INFO] [stderr]      8:     0x55dcb2617534 - std::sys_common::backtrace::print::h23a2d212c6fff936
[INFO] [stderr]                                  at /rustc/82e1608dfa6e0b5569232559e3d385fea5a93112/library/std/src/sys_common/backtrace.rs:34:9
[INFO] [stderr]      9:     0x55dcb2618d47 - std::panicking::default_hook::{{closure}}::h8a1d2ee00185001a
[INFO] [stderr]     10:     0x55dcb2618aaf - std::panicking::default_hook::h6038f2eba384e475
[INFO] [stderr]                                  at /rustc/82e1608dfa6e0b5569232559e3d385fea5a93112/library/std/src/panicking.rs:292:9
[INFO] [stderr]     11:     0x55dcb26191c8 - std::panicking::rust_panic_with_hook::h2b5517d590cab22e
[INFO] [stderr]                                  at /rustc/82e1608dfa6e0b5569232559e3d385fea5a93112/library/std/src/panicking.rs:779:13
[INFO] [stderr]     12:     0x55dcb26190ae - std::panicking::begin_panic_handler::{{closure}}::h233112c06e0ef43e
[INFO] [stderr]                                  at /rustc/82e1608dfa6e0b5569232559e3d385fea5a93112/library/std/src/panicking.rs:657:13
[INFO] [stderr]     13:     0x55dcb2617c16 - std::sys_common::backtrace::__rust_end_short_backtrace::h6e893f24d7ebbff8
[INFO] [stderr]                                  at /rustc/82e1608dfa6e0b5569232559e3d385fea5a93112/library/std/src/sys_common/backtrace.rs:170:18
[INFO] [stderr]     14:     0x55dcb2618e12 - rust_begin_unwind
[INFO] [stderr]                                  at /rustc/82e1608dfa6e0b5569232559e3d385fea5a93112/library/std/src/panicking.rs:645:5
[INFO] [stderr]     15:     0x55dcb2598625 - core::panicking::panic_fmt::hbf0e066aabfa482c
[INFO] [stderr]                                  at /rustc/82e1608dfa6e0b5569232559e3d385fea5a93112/library/core/src/panicking.rs:72:14
[INFO] [stderr]     16:     0x55dcb25ad9a1 - cmake::fail::h1843160193bf402d
[INFO] [stderr]     17:     0x55dcb25ad127 - cmake::run::h8c9e6e8664a70025
[INFO] [stderr]     18:     0x55dcb25a9a41 - cmake::Config::build::h6bf3790fdf8e8b77
[INFO] [stderr]     19:     0x55dcb259b261 - build_script_build::main::h5b4c3411ff02aa1a
[INFO] [stderr]     20:     0x55dcb2599223 - core::ops::function::FnOnce::call_once::hd8ca58b16e736b41
[INFO] [stderr]     21:     0x55dcb2598e16 - std::sys_common::backtrace::__rust_begin_short_backtrace::h659c840d2ee5c46f
[INFO] [stderr]     22:     0x55dcb2598f59 - std::rt::lang_start::{{closure}}::h7f5fbf730531b592
[INFO] [stderr]     23:     0x55dcb2610d67 - core::ops::function::impls::<impl core::ops::function::FnOnce<A> for &F>::call_once::hd95060ecd5e1ca24
[INFO] [stderr]                                  at /rustc/82e1608dfa6e0b5569232559e3d385fea5a93112/library/core/src/ops/function.rs:284:13
[INFO] [stderr]     24:     0x55dcb2610d67 - std::panicking::try::do_call::h6e8cf51db32a6e4b
[INFO] [stderr]                                  at /rustc/82e1608dfa6e0b5569232559e3d385fea5a93112/library/std/src/panicking.rs:552:40
[INFO] [stderr]     25:     0x55dcb2610d67 - std::panicking::try::h3a52eefe24fe3c29
[INFO] [stderr]                                  at /rustc/82e1608dfa6e0b5569232559e3d385fea5a93112/library/std/src/panicking.rs:516:19
[INFO] [stderr]     26:     0x55dcb2610d67 - std::panic::catch_unwind::h24c28c23c02c3841
[INFO] [stderr]                                  at /rustc/82e1608dfa6e0b5569232559e3d385fea5a93112/library/std/src/panic.rs:142:14
[INFO] [stderr]     27:     0x55dcb2610d67 - std::rt::lang_start_internal::{{closure}}::h705d3c9cbc06ef47
[INFO] [stderr]                                  at /rustc/82e1608dfa6e0b5569232559e3d385fea5a93112/library/std/src/rt.rs:148:48
[INFO] [stderr]     28:     0x55dcb2610d67 - std::panicking::try::do_call::ha21f52ba13158470
[INFO] [stderr]                                  at /rustc/82e1608dfa6e0b5569232559e3d385fea5a93112/library/std/src/panicking.rs:552:40
[INFO] [stderr]     29:     0x55dcb2610d67 - std::panicking::try::h5581346bf6aeb1f8
[INFO] [stderr]                                  at /rustc/82e1608dfa6e0b5569232559e3d385fea5a93112/library/std/src/panicking.rs:516:19
[INFO] [stderr]     30:     0x55dcb2610d67 - std::panic::catch_unwind::h7919645a6b72e25b
[INFO] [stderr]                                  at /rustc/82e1608dfa6e0b5569232559e3d385fea5a93112/library/std/src/panic.rs:142:14
[INFO] [stderr]     31:     0x55dcb2610d67 - std::rt::lang_start_internal::h12de51168669836e
[INFO] [stderr]                                  at /rustc/82e1608dfa6e0b5569232559e3d385fea5a93112/library/std/src/rt.rs:148:20
[INFO] [stderr]     32:     0x55dcb2598f37 - std::rt::lang_start::h7fedaefce3b1f978
[INFO] [stderr]     33:     0x55dcb259baf5 - main
[INFO] [stderr]     34:     0x7fbf553f5d90 - <unknown>
[INFO] [stderr]     35:     0x7fbf553f5e40 - __libc_start_main
[INFO] [stderr]     36:     0x55dcb2598d45 - _start
[INFO] [stderr]     37:                0x0 - <unknown>
[INFO] running `Command { std: "docker" "inspect" "890671cc7871f2792f1e71e1ecb6bbf9eabb2345f4f917bce126ee52067cbe4e", kill_on_drop: false }`
[INFO] running `Command { std: "docker" "rm" "-f" "890671cc7871f2792f1e71e1ecb6bbf9eabb2345f4f917bce126ee52067cbe4e", kill_on_drop: false }`
[INFO] [stdout] 890671cc7871f2792f1e71e1ecb6bbf9eabb2345f4f917bce126ee52067cbe4e
[INFO] testing parity-rocksdb-0.5.1 against beta-2023-12-22 for beta-1.76-1
[INFO] extracting crate parity-rocksdb 0.5.1 into /workspace/builds/worker-2-tc2/source
[INFO] validating manifest of crates.io crate parity-rocksdb 0.5.1 on toolchain beta-2023-12-22
[INFO] running `Command { std: CARGO_HOME="/workspace/cargo-home" RUSTUP_HOME="/workspace/rustup-home" "/workspace/cargo-home/bin/cargo" "+beta-2023-12-22" "metadata" "--manifest-path" "Cargo.toml" "--no-deps", kill_on_drop: false }`
[INFO] started tweaking crates.io crate parity-rocksdb 0.5.1
[INFO] removed 1 missing tests
[INFO] finished tweaking crates.io crate parity-rocksdb 0.5.1
[INFO] tweaked toml for crates.io crate parity-rocksdb 0.5.1 written to /workspace/builds/worker-2-tc2/source/Cargo.toml
[INFO] running `Command { std: CARGO_HOME="/workspace/cargo-home" RUSTUP_HOME="/workspace/rustup-home" "/workspace/cargo-home/bin/cargo" "+beta-2023-12-22" "generate-lockfile" "--manifest-path" "Cargo.toml", kill_on_drop: false }`
[INFO] [stderr]     Updating crates.io index
[INFO] running `Command { std: CARGO_HOME="/workspace/cargo-home" RUSTUP_HOME="/workspace/rustup-home" "/workspace/cargo-home/bin/cargo" "+beta-2023-12-22" "fetch" "--manifest-path" "Cargo.toml", kill_on_drop: false }`
[INFO] running `Command { std: "docker" "create" "-v" "/var/lib/crater-agent-workspace/builds/worker-2-tc2/target:/opt/rustwide/target:rw,Z" "-v" "/var/lib/crater-agent-workspace/builds/worker-2-tc2/source:/opt/rustwide/workdir:ro,Z" "-v" "/var/lib/crater-agent-workspace/cargo-home:/opt/rustwide/cargo-home:ro,Z" "-v" "/var/lib/crater-agent-workspace/rustup-home:/opt/rustwide/rustup-home:ro,Z" "-e" "SOURCE_DIR=/opt/rustwide/workdir" "-e" "CARGO_TARGET_DIR=/opt/rustwide/target" "-e" "CARGO_HOME=/opt/rustwide/cargo-home" "-e" "RUSTUP_HOME=/opt/rustwide/rustup-home" "-w" "/opt/rustwide/workdir" "-m" "1610612736" "--user" "0:0" "--network" "none" "ghcr.io/rust-lang/crates-build-env/linux@sha256:2788e3201cd34a07e3172128adcd8b3090168a8e3bcc40d7c032b9dda1df7d1c" "/opt/rustwide/cargo-home/bin/cargo" "+beta-2023-12-22" "metadata" "--no-deps" "--format-version=1", kill_on_drop: false }`
[INFO] [stdout] f8cf34beec44f14188230e975846f98924e147cb221f6b4697706f5044b4cef7
[INFO] running `Command { std: "docker" "start" "-a" "f8cf34beec44f14188230e975846f98924e147cb221f6b4697706f5044b4cef7", kill_on_drop: false }`
[INFO] running `Command { std: "docker" "inspect" "f8cf34beec44f14188230e975846f98924e147cb221f6b4697706f5044b4cef7", kill_on_drop: false }`
[INFO] running `Command { std: "docker" "rm" "-f" "f8cf34beec44f14188230e975846f98924e147cb221f6b4697706f5044b4cef7", kill_on_drop: false }`
[INFO] [stdout] f8cf34beec44f14188230e975846f98924e147cb221f6b4697706f5044b4cef7
[INFO] running `Command { std: "docker" "create" "-v" "/var/lib/crater-agent-workspace/builds/worker-2-tc2/target:/opt/rustwide/target:rw,Z" "-v" "/var/lib/crater-agent-workspace/builds/worker-2-tc2/source:/opt/rustwide/workdir:ro,Z" "-v" "/var/lib/crater-agent-workspace/cargo-home:/opt/rustwide/cargo-home:ro,Z" "-v" "/var/lib/crater-agent-workspace/rustup-home:/opt/rustwide/rustup-home:ro,Z" "-e" "SOURCE_DIR=/opt/rustwide/workdir" "-e" "CARGO_TARGET_DIR=/opt/rustwide/target" "-e" "CARGO_INCREMENTAL=0" "-e" "RUST_BACKTRACE=full" "-e" "RUSTFLAGS=--cap-lints=warn" "-e" "RUSTDOCFLAGS=--cap-lints=warn" "-e" "CARGO_HOME=/opt/rustwide/cargo-home" "-e" "RUSTUP_HOME=/opt/rustwide/rustup-home" "-w" "/opt/rustwide/workdir" "-m" "1610612736" "--user" "0:0" "--network" "none" "ghcr.io/rust-lang/crates-build-env/linux@sha256:2788e3201cd34a07e3172128adcd8b3090168a8e3bcc40d7c032b9dda1df7d1c" "/opt/rustwide/cargo-home/bin/cargo" "+beta-2023-12-22" "build" "--frozen" "--message-format=json", kill_on_drop: false }`
[INFO] [stdout] 24d7f0e224a6b3e8eba3084df2401d66b8aec7843f99908f6621cb7db92df713
[INFO] running `Command { std: "docker" "start" "-a" "24d7f0e224a6b3e8eba3084df2401d66b8aec7843f99908f6621cb7db92df713", kill_on_drop: false }`
[INFO] [stderr]    Compiling libc v0.2.151
[INFO] [stderr]    Compiling unicode-width v0.1.11
[INFO] [stderr]    Compiling remove_dir_all v0.5.3
[INFO] [stderr]    Compiling getopts v0.2.21
[INFO] [stderr]    Compiling pulldown-cmark v0.0.3
[INFO] [stderr]    Compiling cc v1.0.83
[INFO] [stderr]    Compiling rand v0.4.6
[INFO] [stderr]    Compiling cmake v0.1.50
[INFO] [stderr]    Compiling tempdir v0.3.7
[INFO] [stderr]    Compiling skeptic v0.4.0
[INFO] [stderr]    Compiling parity-snappy-sys v0.1.2
[INFO] [stderr]    Compiling parity-rocksdb-sys v0.5.6
[INFO] [stderr]    Compiling local-encoding v0.2.0
[INFO] [stderr] error: failed to run custom build command for `parity-rocksdb-sys v0.5.6`
[INFO] [stderr] note: To improve backtraces for build dependencies, set the CARGO_PROFILE_DEV_BUILD_OVERRIDE_DEBUG=true environment variable to enable debug information generation.
[INFO] [stderr] 
[INFO] [stderr] Caused by:
[INFO] [stderr]   process didn't exit successfully: `/opt/rustwide/target/debug/build/parity-rocksdb-sys-0cfa802257cf82b0/build-script-build` (exit status: 101)
[INFO] [stderr]   --- stdout
[INFO] [stderr]   CMAKE_TOOLCHAIN_FILE_x86_64-unknown-linux-gnu = None
[INFO] [stderr]   CMAKE_TOOLCHAIN_FILE_x86_64_unknown_linux_gnu = None
[INFO] [stderr]   HOST_CMAKE_TOOLCHAIN_FILE = None
[INFO] [stderr]   CMAKE_TOOLCHAIN_FILE = None
[INFO] [stderr]   CMAKE_GENERATOR_x86_64-unknown-linux-gnu = None
[INFO] [stderr]   CMAKE_GENERATOR_x86_64_unknown_linux_gnu = None
[INFO] [stderr]   HOST_CMAKE_GENERATOR = None
[INFO] [stderr]   CMAKE_GENERATOR = None
[INFO] [stderr]   CMAKE_PREFIX_PATH_x86_64-unknown-linux-gnu = None
[INFO] [stderr]   CMAKE_PREFIX_PATH_x86_64_unknown_linux_gnu = None
[INFO] [stderr]   HOST_CMAKE_PREFIX_PATH = None
[INFO] [stderr]   CMAKE_PREFIX_PATH = None
[INFO] [stderr]   CMAKE_x86_64-unknown-linux-gnu = None
[INFO] [stderr]   CMAKE_x86_64_unknown_linux_gnu = None
[INFO] [stderr]   HOST_CMAKE = None
[INFO] [stderr]   CMAKE = None
[INFO] [stderr]   running: cd "/opt/rustwide/target/debug/build/parity-rocksdb-sys-eacc893c9b139f4a/out/build" && CMAKE_PREFIX_PATH="/opt/rustwide/target/debug/build/parity-snappy-sys-c70b5750419a3408/out:" "cmake" "/opt/rustwide/cargo-home/registry/src/index.crates.io-6f17d22bba15001f/parity-rocksdb-sys-0.5.6/rocksdb" "-DCMAKE_VERBOSE_MAKEFILE=ON" "-DWITH_SNAPPY=ON" "-DFAIL_ON_WARNINGS=OFF" "-DSNAPPY_INCLUDE_DIR=/opt/rustwide/target/debug/build/parity-snappy-sys-c70b5750419a3408/out/build" "-DSNAPPY_LIBRARIES=/dev/null" "-DPORTABLE=ON" "-DCMAKE_INSTALL_PREFIX=/opt/rustwide/target/debug/build/parity-rocksdb-sys-eacc893c9b139f4a/out" "-DCMAKE_C_FLAGS= -ffunction-sections -fdata-sections -fPIC -m64" "-DCMAKE_C_COMPILER=/usr/bin/cc" "-DCMAKE_CXX_FLAGS= -ffunction-sections -fdata-sections -fPIC -m64" "-DCMAKE_CXX_COMPILER=/usr/bin/c++" "-DCMAKE_ASM_FLAGS= -ffunction-sections -fdata-sections -fPIC -m64" "-DCMAKE_ASM_COMPILER=/usr/bin/cc" "-DCMAKE_BUILD_TYPE=Debug"
[INFO] [stderr]   -- The C compiler identification is GNU 11.4.0
[INFO] [stderr]   -- The CXX compiler identification is GNU 11.4.0
[INFO] [stderr]   -- Detecting C compiler ABI info
[INFO] [stderr]   -- Detecting C compiler ABI info - done
[INFO] [stderr]   -- Check for working C compiler: /usr/bin/cc - skipped
[INFO] [stderr]   -- Detecting C compile features
[INFO] [stderr]   -- Detecting C compile features - done
[INFO] [stderr]   -- Detecting CXX compiler ABI info
[INFO] [stderr]   -- Detecting CXX compiler ABI info - done
[INFO] [stderr]   -- Check for working CXX compiler: /usr/bin/c++ - skipped
[INFO] [stderr]   -- Detecting CXX compile features
[INFO] [stderr]   -- Detecting CXX compile features - done
[INFO] [stderr]   -- The ASM compiler identification is GNU
[INFO] [stderr]   -- Found assembler: /usr/bin/cc
[INFO] [stderr]   -- Found snappy: /dev/null  
[INFO] [stderr]   -- Found Git: /usr/bin/git (found version "2.34.1") 
[INFO] [stderr]   -- Enabling RTTI in Debug builds only (default)
[INFO] [stderr]   -- Looking for malloc_usable_size
[INFO] [stderr]   -- Looking for malloc_usable_size - found
[INFO] [stderr]   -- Looking for sched_getcpu
[INFO] [stderr]   -- Looking for sched_getcpu - found
[INFO] [stderr]   -- Looking for pthread.h
[INFO] [stderr]   -- Looking for pthread.h - found
[INFO] [stderr]   -- Performing Test CMAKE_HAVE_LIBC_PTHREAD
[INFO] [stderr]   -- Performing Test CMAKE_HAVE_LIBC_PTHREAD - Success
[INFO] [stderr]   -- Found Threads: TRUE  
[INFO] [stderr]   -- JNI library is disabled
[INFO] [stderr]   -- Configuring done
[INFO] [stderr]   -- Generating done
[INFO] [stderr]   -- Build files have been written to: /opt/rustwide/target/debug/build/parity-rocksdb-sys-eacc893c9b139f4a/out/build
[INFO] [stderr]   running: cd "/opt/rustwide/target/debug/build/parity-rocksdb-sys-eacc893c9b139f4a/out/build" && MAKEFLAGS="-j --jobserver-fds=7,8 --jobserver-auth=7,8" "cmake" "--build" "." "--target" "rocksdb" "--config" "Debug"
[INFO] [stderr]   /usr/bin/cmake -S/opt/rustwide/cargo-home/registry/src/index.crates.io-6f17d22bba15001f/parity-rocksdb-sys-0.5.6/rocksdb -B/opt/rustwide/target/debug/build/parity-rocksdb-sys-eacc893c9b139f4a/out/build --check-build-system CMakeFiles/Makefile.cmake 0
[INFO] [stderr]   /usr/bin/gmake  -f CMakeFiles/Makefile2 rocksdb
[INFO] [stderr]   gmake[1]: Entering directory '/opt/rustwide/target/debug/build/parity-rocksdb-sys-eacc893c9b139f4a/out/build'
[INFO] [stderr]   /usr/bin/cmake -S/opt/rustwide/cargo-home/registry/src/index.crates.io-6f17d22bba15001f/parity-rocksdb-sys-0.5.6/rocksdb -B/opt/rustwide/target/debug/build/parity-rocksdb-sys-eacc893c9b139f4a/out/build --check-build-system CMakeFiles/Makefile.cmake 0
[INFO] [stderr]   /usr/bin/cmake -E cmake_progress_start /opt/rustwide/target/debug/build/parity-rocksdb-sys-eacc893c9b139f4a/out/build/CMakeFiles 29
[INFO] [stderr]   /usr/bin/gmake  -f CMakeFiles/Makefile2 CMakeFiles/rocksdb.dir/all
[INFO] [stderr]   gmake[2]: Entering directory '/opt/rustwide/target/debug/build/parity-rocksdb-sys-eacc893c9b139f4a/out/build'
[INFO] [stderr]   /usr/bin/gmake  -f CMakeFiles/build_version.dir/build.make CMakeFiles/build_version.dir/depend
[INFO] [stderr]   gmake[3]: Entering directory '/opt/rustwide/target/debug/build/parity-rocksdb-sys-eacc893c9b139f4a/out/build'
[INFO] [stderr]   cd /opt/rustwide/target/debug/build/parity-rocksdb-sys-eacc893c9b139f4a/out/build && /usr/bin/cmake -E cmake_depends "Unix Makefiles" /opt/rustwide/cargo-home/registry/src/index.crates.io-6f17d22bba15001f/parity-rocksdb-sys-0.5.6/rocksdb /opt/rustwide/cargo-home/registry/src/index.crates.io-6f17d22bba15001f/parity-rocksdb-sys-0.5.6/rocksdb /opt/rustwide/target/debug/build/parity-rocksdb-sys-eacc893c9b139f4a/out/build /opt/rustwide/target/debug/build/parity-rocksdb-sys-eacc893c9b139f4a/out/build /opt/rustwide/target/debug/build/parity-rocksdb-sys-eacc893c9b139f4a/out/build/CMakeFiles/build_version.dir/DependInfo.cmake --color=
[INFO] [stderr]   gmake[3]: Leaving directory '/opt/rustwide/target/debug/build/parity-rocksdb-sys-eacc893c9b139f4a/out/build'
[INFO] [stderr]   /usr/bin/gmake  -f CMakeFiles/build_version.dir/build.make CMakeFiles/build_version.dir/build
[INFO] [stderr]   gmake[3]: Entering directory '/opt/rustwide/target/debug/build/parity-rocksdb-sys-eacc893c9b139f4a/out/build'
[INFO] [stderr]   [  0%] Building CXX object CMakeFiles/build_version.dir/build_version.cc.o
[INFO] [stderr]   /usr/bin/c++ -DOS_LINUX -DROCKSDB_LIB_IO_POSIX -DROCKSDB_MALLOC_USABLE_SIZE -DROCKSDB_PLATFORM_POSIX -DROCKSDB_SCHED_GETCPU_PRESENT -DSNAPPY -I/opt/rustwide/target/debug/build/parity-snappy-sys-c70b5750419a3408/out/build -I/opt/rustwide/cargo-home/registry/src/index.crates.io-6f17d22bba15001f/parity-rocksdb-sys-0.5.6/rocksdb/util -I/opt/rustwide/cargo-home/registry/src/index.crates.io-6f17d22bba15001f/parity-rocksdb-sys-0.5.6/rocksdb -I/opt/rustwide/cargo-home/registry/src/index.crates.io-6f17d22bba15001f/parity-rocksdb-sys-0.5.6/rocksdb/include -isystem /opt/rustwide/cargo-home/registry/src/index.crates.io-6f17d22bba15001f/parity-rocksdb-sys-0.5.6/rocksdb/third-party/gtest-1.7.0/fused-src -ffunction-sections -fdata-sections -fPIC -m64 -W -Wextra -Wall -Wsign-compare -Wshadow -Wno-unused-parameter -Wno-unused-variable -Woverloaded-virtual -Wnon-virtual-dtor -Wno-missing-field-initializers -Wno-strict-aliasing -std=c++11 -fno-builtin-memcmp -g -DROCKSDB_USE_RTTI -MD -MT CMakeFiles/build_version.dir/build_version.cc.o -MF CMakeFiles/build_version.dir/build_version.cc.o.d -o CMakeFiles/build_version.dir/build_version.cc.o -c /opt/rustwide/target/debug/build/parity-rocksdb-sys-eacc893c9b139f4a/out/build/build_version.cc
[INFO] [stderr]   gmake[3]: Leaving directory '/opt/rustwide/target/debug/build/parity-rocksdb-sys-eacc893c9b139f4a/out/build'
[INFO] [stderr]   [  0%] Built target build_version
[INFO] [stderr]   /usr/bin/gmake  -f CMakeFiles/rocksdb.dir/build.make CMakeFiles/rocksdb.dir/depend
[INFO] [stderr]   gmake[3]: Entering directory '/opt/rustwide/target/debug/build/parity-rocksdb-sys-eacc893c9b139f4a/out/build'
[INFO] [stderr]   cd /opt/rustwide/target/debug/build/parity-rocksdb-sys-eacc893c9b139f4a/out/build && /usr/bin/cmake -E cmake_depends "Unix Makefiles" /opt/rustwide/cargo-home/registry/src/index.crates.io-6f17d22bba15001f/parity-rocksdb-sys-0.5.6/rocksdb /opt/rustwide/cargo-home/registry/src/index.crates.io-6f17d22bba15001f/parity-rocksdb-sys-0.5.6/rocksdb /opt/rustwide/target/debug/build/parity-rocksdb-sys-eacc893c9b139f4a/out/build /opt/rustwide/target/debug/build/parity-rocksdb-sys-eacc893c9b139f4a/out/build /opt/rustwide/target/debug/build/parity-rocksdb-sys-eacc893c9b139f4a/out/build/CMakeFiles/rocksdb.dir/DependInfo.cmake --color=
[INFO] [stderr]   gmake[3]: Leaving directory '/opt/rustwide/target/debug/build/parity-rocksdb-sys-eacc893c9b139f4a/out/build'
[INFO] [stderr]   /usr/bin/gmake  -f CMakeFiles/rocksdb.dir/build.make CMakeFiles/rocksdb.dir/build
[INFO] [stderr]   gmake[3]: Entering directory '/opt/rustwide/target/debug/build/parity-rocksdb-sys-eacc893c9b139f4a/out/build'
[INFO] [stderr]   [  0%] Building CXX object CMakeFiles/rocksdb.dir/cache/clock_cache.cc.o
[INFO] [stderr]   [  0%] Building CXX object CMakeFiles/rocksdb.dir/cache/lru_cache.cc.o
[INFO] [stderr]   /usr/bin/c++ -DOS_LINUX -DROCKSDB_LIB_IO_POSIX -DROCKSDB_MALLOC_USABLE_SIZE -DROCKSDB_PLATFORM_POSIX -DROCKSDB_SCHED_GETCPU_PRESENT -DSNAPPY -I/opt/rustwide/target/debug/build/parity-snappy-sys-c70b5750419a3408/out/build -I/opt/rustwide/cargo-home/registry/src/index.crates.io-6f17d22bba15001f/parity-rocksdb-sys-0.5.6/rocksdb -I/opt/rustwide/cargo-home/registry/src/index.crates.io-6f17d22bba15001f/parity-rocksdb-sys-0.5.6/rocksdb/include -isystem /opt/rustwide/cargo-home/registry/src/index.crates.io-6f17d22bba15001f/parity-rocksdb-sys-0.5.6/rocksdb/third-party/gtest-1.7.0/fused-src -ffunction-sections -fdata-sections -fPIC -m64 -W -Wextra -Wall -Wsign-compare -Wshadow -Wno-unused-parameter -Wno-unused-variable -Woverloaded-virtual -Wnon-virtual-dtor -Wno-missing-field-initializers -Wno-strict-aliasing -std=c++11 -fno-builtin-memcmp -g -DROCKSDB_USE_RTTI -MD -MT CMakeFiles/rocksdb.dir/cache/clock_cache.cc.o -MF CMakeFiles/rocksdb.dir/cache/clock_cache.cc.o.d -o CMakeFiles/rocksdb.dir/cache/clock_cache.cc.o -c /opt/rustwide/cargo-home/registry/src/index.crates.io-6f17d22bba15001f/parity-rocksdb-sys-0.5.6/rocksdb/cache/clock_cache.cc
[INFO] [stderr]   [  0%] Building CXX object CMakeFiles/rocksdb.dir/cache/sharded_cache.cc.o
[INFO] [stderr]   [  0%] Building CXX object CMakeFiles/rocksdb.dir/db/builder.cc.o
[INFO] [stderr]   /usr/bin/c++ -DOS_LINUX -DROCKSDB_LIB_IO_POSIX -DROCKSDB_MALLOC_USABLE_SIZE -DROCKSDB_PLATFORM_POSIX -DROCKSDB_SCHED_GETCPU_PRESENT -DSNAPPY -I/opt/rustwide/target/debug/build/parity-snappy-sys-c70b5750419a3408/out/build -I/opt/rustwide/cargo-home/registry/src/index.crates.io-6f17d22bba15001f/parity-rocksdb-sys-0.5.6/rocksdb -I/opt/rustwide/cargo-home/registry/src/index.crates.io-6f17d22bba15001f/parity-rocksdb-sys-0.5.6/rocksdb/include -isystem /opt/rustwide/cargo-home/registry/src/index.crates.io-6f17d22bba15001f/parity-rocksdb-sys-0.5.6/rocksdb/third-party/gtest-1.7.0/fused-src -ffunction-sections -fdata-sections -fPIC -m64 -W -Wextra -Wall -Wsign-compare -Wshadow -Wno-unused-parameter -Wno-unused-variable -Woverloaded-virtual -Wnon-virtual-dtor -Wno-missing-field-initializers -Wno-strict-aliasing -std=c++11 -fno-builtin-memcmp -g -DROCKSDB_USE_RTTI -MD -MT CMakeFiles/rocksdb.dir/cache/lru_cache.cc.o -MF CMakeFiles/rocksdb.dir/cache/lru_cache.cc.o.d -o CMakeFiles/rocksdb.dir/cache/lru_cache.cc.o -c /opt/rustwide/cargo-home/registry/src/index.crates.io-6f17d22bba15001f/parity-rocksdb-sys-0.5.6/rocksdb/cache/lru_cache.cc
[INFO] [stderr]   [  0%] Building CXX object CMakeFiles/rocksdb.dir/db/c.cc.o
[INFO] [stderr]   [  0%] Building CXX object CMakeFiles/rocksdb.dir/db/column_family.cc.o
[INFO] [stderr]   /usr/bin/c++ -DOS_LINUX -DROCKSDB_LIB_IO_POSIX -DROCKSDB_MALLOC_USABLE_SIZE -DROCKSDB_PLATFORM_POSIX -DROCKSDB_SCHED_GETCPU_PRESENT -DSNAPPY -I/opt/rustwide/target/debug/build/parity-snappy-sys-c70b5750419a3408/out/build -I/opt/rustwide/cargo-home/registry/src/index.crates.io-6f17d22bba15001f/parity-rocksdb-sys-0.5.6/rocksdb -I/opt/rustwide/cargo-home/registry/src/index.crates.io-6f17d22bba15001f/parity-rocksdb-sys-0.5.6/rocksdb/include -isystem /opt/rustwide/cargo-home/registry/src/index.crates.io-6f17d22bba15001f/parity-rocksdb-sys-0.5.6/rocksdb/third-party/gtest-1.7.0/fused-src -ffunction-sections -fdata-sections -fPIC -m64 -W -Wextra -Wall -Wsign-compare -Wshadow -Wno-unused-parameter -Wno-unused-variable -Woverloaded-virtual -Wnon-virtual-dtor -Wno-missing-field-initializers -Wno-strict-aliasing -std=c++11 -fno-builtin-memcmp -g -DROCKSDB_USE_RTTI -MD -MT CMakeFiles/rocksdb.dir/cache/sharded_cache.cc.o -MF CMakeFiles/rocksdb.dir/cache/sharded_cache.cc.o.d -o CMakeFiles/rocksdb.dir/cache/sharded_cache.cc.o -c /opt/rustwide/cargo-home/registry/src/index.crates.io-6f17d22bba15001f/parity-rocksdb-sys-0.5.6/rocksdb/cache/sharded_cache.cc
[INFO] [stderr]   /usr/bin/c++ -DOS_LINUX -DROCKSDB_LIB_IO_POSIX -DROCKSDB_MALLOC_USABLE_SIZE -DROCKSDB_PLATFORM_POSIX -DROCKSDB_SCHED_GETCPU_PRESENT -DSNAPPY -I/opt/rustwide/target/debug/build/parity-snappy-sys-c70b5750419a3408/out/build -I/opt/rustwide/cargo-home/registry/src/index.crates.io-6f17d22bba15001f/parity-rocksdb-sys-0.5.6/rocksdb -I/opt/rustwide/cargo-home/registry/src/index.crates.io-6f17d22bba15001f/parity-rocksdb-sys-0.5.6/rocksdb/include -isystem /opt/rustwide/cargo-home/registry/src/index.crates.io-6f17d22bba15001f/parity-rocksdb-sys-0.5.6/rocksdb/third-party/gtest-1.7.0/fused-src -ffunction-sections -fdata-sections -fPIC -m64 -W -Wextra -Wall -Wsign-compare -Wshadow -Wno-unused-parameter -Wno-unused-variable -Woverloaded-virtual -Wnon-virtual-dtor -Wno-missing-field-initializers -Wno-strict-aliasing -std=c++11 -fno-builtin-memcmp -g -DROCKSDB_USE_RTTI -MD -MT CMakeFiles/rocksdb.dir/db/builder.cc.o -MF CMakeFiles/rocksdb.dir/db/builder.cc.o.d -o CMakeFiles/rocksdb.dir/db/builder.cc.o -c /opt/rustwide/cargo-home/registry/src/index.crates.io-6f17d22bba15001f/parity-rocksdb-sys-0.5.6/rocksdb/db/builder.cc
[INFO] [stderr]   /usr/bin/c++ -DOS_LINUX -DROCKSDB_LIB_IO_POSIX -DROCKSDB_MALLOC_USABLE_SIZE -DROCKSDB_PLATFORM_POSIX -DROCKSDB_SCHED_GETCPU_PRESENT -DSNAPPY -I/opt/rustwide/target/debug/build/parity-snappy-sys-c70b5750419a3408/out/build -I/opt/rustwide/cargo-home/registry/src/index.crates.io-6f17d22bba15001f/parity-rocksdb-sys-0.5.6/rocksdb -I/opt/rustwide/cargo-home/registry/src/index.crates.io-6f17d22bba15001f/parity-rocksdb-sys-0.5.6/rocksdb/include -isystem /opt/rustwide/cargo-home/registry/src/index.crates.io-6f17d22bba15001f/parity-rocksdb-sys-0.5.6/rocksdb/third-party/gtest-1.7.0/fused-src -ffunction-sections -fdata-sections -fPIC -m64 -W -Wextra -Wall -Wsign-compare -Wshadow -Wno-unused-parameter -Wno-unused-variable -Woverloaded-virtual -Wnon-virtual-dtor -Wno-missing-field-initializers -Wno-strict-aliasing -std=c++11 -fno-builtin-memcmp -g -DROCKSDB_USE_RTTI -MD -MT CMakeFiles/rocksdb.dir/db/c.cc.o -MF CMakeFiles/rocksdb.dir/db/c.cc.o.d -o CMakeFiles/rocksdb.dir/db/c.cc.o -c /opt/rustwide/cargo-home/registry/src/index.crates.io-6f17d22bba15001f/parity-rocksdb-sys-0.5.6/rocksdb/db/c.cc
[INFO] [stderr]   /usr/bin/c++ -DOS_LINUX -DROCKSDB_LIB_IO_POSIX -DROCKSDB_MALLOC_USABLE_SIZE -DROCKSDB_PLATFORM_POSIX -DROCKSDB_SCHED_GETCPU_PRESENT -DSNAPPY -I/opt/rustwide/target/debug/build/parity-snappy-sys-c70b5750419a3408/out/build -I/opt/rustwide/cargo-home/registry/src/index.crates.io-6f17d22bba15001f/parity-rocksdb-sys-0.5.6/rocksdb -I/opt/rustwide/cargo-home/registry/src/index.crates.io-6f17d22bba15001f/parity-rocksdb-sys-0.5.6/rocksdb/include -isystem /opt/rustwide/cargo-home/registry/src/index.crates.io-6f17d22bba15001f/parity-rocksdb-sys-0.5.6/rocksdb/third-party/gtest-1.7.0/fused-src -ffunction-sections -fdata-sections -fPIC -m64 -W -Wextra -Wall -Wsign-compare -Wshadow -Wno-unused-parameter -Wno-unused-variable -Woverloaded-virtual -Wnon-virtual-dtor -Wno-missing-field-initializers -Wno-strict-aliasing -std=c++11 -fno-builtin-memcmp -g -DROCKSDB_USE_RTTI -MD -MT CMakeFiles/rocksdb.dir/db/column_family.cc.o -MF CMakeFiles/rocksdb.dir/db/column_family.cc.o.d -o CMakeFiles/rocksdb.dir/db/column_family.cc.o -c /opt/rustwide/cargo-home/registry/src/index.crates.io-6f17d22bba15001f/parity-rocksdb-sys-0.5.6/rocksdb/db/column_family.cc
[INFO] [stderr]   [  3%] Building CXX object CMakeFiles/rocksdb.dir/db/compacted_db_impl.cc.o
[INFO] [stderr]   /usr/bin/c++ -DOS_LINUX -DROCKSDB_LIB_IO_POSIX -DROCKSDB_MALLOC_USABLE_SIZE -DROCKSDB_PLATFORM_POSIX -DROCKSDB_SCHED_GETCPU_PRESENT -DSNAPPY -I/opt/rustwide/target/debug/build/parity-snappy-sys-c70b5750419a3408/out/build -I/opt/rustwide/cargo-home/registry/src/index.crates.io-6f17d22bba15001f/parity-rocksdb-sys-0.5.6/rocksdb -I/opt/rustwide/cargo-home/registry/src/index.crates.io-6f17d22bba15001f/parity-rocksdb-sys-0.5.6/rocksdb/include -isystem /opt/rustwide/cargo-home/registry/src/index.crates.io-6f17d22bba15001f/parity-rocksdb-sys-0.5.6/rocksdb/third-party/gtest-1.7.0/fused-src -ffunction-sections -fdata-sections -fPIC -m64 -W -Wextra -Wall -Wsign-compare -Wshadow -Wno-unused-parameter -Wno-unused-variable -Woverloaded-virtual -Wnon-virtual-dtor -Wno-missing-field-initializers -Wno-strict-aliasing -std=c++11 -fno-builtin-memcmp -g -DROCKSDB_USE_RTTI -MD -MT CMakeFiles/rocksdb.dir/db/compacted_db_impl.cc.o -MF CMakeFiles/rocksdb.dir/db/compacted_db_impl.cc.o.d -o CMakeFiles/rocksdb.dir/db/compacted_db_impl.cc.o -c /opt/rustwide/cargo-home/registry/src/index.crates.io-6f17d22bba15001f/parity-rocksdb-sys-0.5.6/rocksdb/db/compacted_db_impl.cc
[INFO] [stderr]   [  3%] Building CXX object CMakeFiles/rocksdb.dir/db/compaction.cc.o
[INFO] [stderr]   /usr/bin/c++ -DOS_LINUX -DROCKSDB_LIB_IO_POSIX -DROCKSDB_MALLOC_USABLE_SIZE -DROCKSDB_PLATFORM_POSIX -DROCKSDB_SCHED_GETCPU_PRESENT -DSNAPPY -I/opt/rustwide/target/debug/build/parity-snappy-sys-c70b5750419a3408/out/build -I/opt/rustwide/cargo-home/registry/src/index.crates.io-6f17d22bba15001f/parity-rocksdb-sys-0.5.6/rocksdb -I/opt/rustwide/cargo-home/registry/src/index.crates.io-6f17d22bba15001f/parity-rocksdb-sys-0.5.6/rocksdb/include -isystem /opt/rustwide/cargo-home/registry/src/index.crates.io-6f17d22bba15001f/parity-rocksdb-sys-0.5.6/rocksdb/third-party/gtest-1.7.0/fused-src -ffunction-sections -fdata-sections -fPIC -m64 -W -Wextra -Wall -Wsign-compare -Wshadow -Wno-unused-parameter -Wno-unused-variable -Woverloaded-virtual -Wnon-virtual-dtor -Wno-missing-field-initializers -Wno-strict-aliasing -std=c++11 -fno-builtin-memcmp -g -DROCKSDB_USE_RTTI -MD -MT CMakeFiles/rocksdb.dir/db/compaction.cc.o -MF CMakeFiles/rocksdb.dir/db/compaction.cc.o.d -o CMakeFiles/rocksdb.dir/db/compaction.cc.o -c /opt/rustwide/cargo-home/registry/src/index.crates.io-6f17d22bba15001f/parity-rocksdb-sys-0.5.6/rocksdb/db/compaction.cc
[INFO] [stderr]   [  3%] Building CXX object CMakeFiles/rocksdb.dir/db/compaction_iterator.cc.o
[INFO] [stderr]   /usr/bin/c++ -DOS_LINUX -DROCKSDB_LIB_IO_POSIX -DROCKSDB_MALLOC_USABLE_SIZE -DROCKSDB_PLATFORM_POSIX -DROCKSDB_SCHED_GETCPU_PRESENT -DSNAPPY -I/opt/rustwide/target/debug/build/parity-snappy-sys-c70b5750419a3408/out/build -I/opt/rustwide/cargo-home/registry/src/index.crates.io-6f17d22bba15001f/parity-rocksdb-sys-0.5.6/rocksdb -I/opt/rustwide/cargo-home/registry/src/index.crates.io-6f17d22bba15001f/parity-rocksdb-sys-0.5.6/rocksdb/include -isystem /opt/rustwide/cargo-home/registry/src/index.crates.io-6f17d22bba15001f/parity-rocksdb-sys-0.5.6/rocksdb/third-party/gtest-1.7.0/fused-src -ffunction-sections -fdata-sections -fPIC -m64 -W -Wextra -Wall -Wsign-compare -Wshadow -Wno-unused-parameter -Wno-unused-variable -Woverloaded-virtual -Wnon-virtual-dtor -Wno-missing-field-initializers -Wno-strict-aliasing -std=c++11 -fno-builtin-memcmp -g -DROCKSDB_USE_RTTI -MD -MT CMakeFiles/rocksdb.dir/db/compaction_iterator.cc.o -MF CMakeFiles/rocksdb.dir/db/compaction_iterator.cc.o.d -o CMakeFiles/rocksdb.dir/db/compaction_iterator.cc.o -c /opt/rustwide/cargo-home/registry/src/index.crates.io-6f17d22bba15001f/parity-rocksdb-sys-0.5.6/rocksdb/db/compaction_iterator.cc
[INFO] [stderr]   [  3%] Building CXX object CMakeFiles/rocksdb.dir/db/compaction_job.cc.o
[INFO] [stderr]   /usr/bin/c++ -DOS_LINUX -DROCKSDB_LIB_IO_POSIX -DROCKSDB_MALLOC_USABLE_SIZE -DROCKSDB_PLATFORM_POSIX -DROCKSDB_SCHED_GETCPU_PRESENT -DSNAPPY -I/opt/rustwide/target/debug/build/parity-snappy-sys-c70b5750419a3408/out/build -I/opt/rustwide/cargo-home/registry/src/index.crates.io-6f17d22bba15001f/parity-rocksdb-sys-0.5.6/rocksdb -I/opt/rustwide/cargo-home/registry/src/index.crates.io-6f17d22bba15001f/parity-rocksdb-sys-0.5.6/rocksdb/include -isystem /opt/rustwide/cargo-home/registry/src/index.crates.io-6f17d22bba15001f/parity-rocksdb-sys-0.5.6/rocksdb/third-party/gtest-1.7.0/fused-src -ffunction-sections -fdata-sections -fPIC -m64 -W -Wextra -Wall -Wsign-compare -Wshadow -Wno-unused-parameter -Wno-unused-variable -Woverloaded-virtual -Wnon-virtual-dtor -Wno-missing-field-initializers -Wno-strict-aliasing -std=c++11 -fno-builtin-memcmp -g -DROCKSDB_USE_RTTI -MD -MT CMakeFiles/rocksdb.dir/db/compaction_job.cc.o -MF CMakeFiles/rocksdb.dir/db/compaction_job.cc.o.d -o CMakeFiles/rocksdb.dir/db/compaction_job.cc.o -c /opt/rustwide/cargo-home/registry/src/index.crates.io-6f17d22bba15001f/parity-rocksdb-sys-0.5.6/rocksdb/db/compaction_job.cc
[INFO] [stderr]   [  3%] Building CXX object CMakeFiles/rocksdb.dir/db/compaction_picker.cc.o
[INFO] [stderr]   /usr/bin/c++ -DOS_LINUX -DROCKSDB_LIB_IO_POSIX -DROCKSDB_MALLOC_USABLE_SIZE -DROCKSDB_PLATFORM_POSIX -DROCKSDB_SCHED_GETCPU_PRESENT -DSNAPPY -I/opt/rustwide/target/debug/build/parity-snappy-sys-c70b5750419a3408/out/build -I/opt/rustwide/cargo-home/registry/src/index.crates.io-6f17d22bba15001f/parity-rocksdb-sys-0.5.6/rocksdb -I/opt/rustwide/cargo-home/registry/src/index.crates.io-6f17d22bba15001f/parity-rocksdb-sys-0.5.6/rocksdb/include -isystem /opt/rustwide/cargo-home/registry/src/index.crates.io-6f17d22bba15001f/parity-rocksdb-sys-0.5.6/rocksdb/third-party/gtest-1.7.0/fused-src -ffunction-sections -fdata-sections -fPIC -m64 -W -Wextra -Wall -Wsign-compare -Wshadow -Wno-unused-parameter -Wno-unused-variable -Woverloaded-virtual -Wnon-virtual-dtor -Wno-missing-field-initializers -Wno-strict-aliasing -std=c++11 -fno-builtin-memcmp -g -DROCKSDB_USE_RTTI -MD -MT CMakeFiles/rocksdb.dir/db/compaction_picker.cc.o -MF CMakeFiles/rocksdb.dir/db/compaction_picker.cc.o.d -o CMakeFiles/rocksdb.dir/db/compaction_picker.cc.o -c /opt/rustwide/cargo-home/registry/src/index.crates.io-6f17d22bba15001f/parity-rocksdb-sys-0.5.6/rocksdb/db/compaction_picker.cc
[INFO] [stderr]   gmake[3]: Leaving directory '/opt/rustwide/target/debug/build/parity-rocksdb-sys-eacc893c9b139f4a/out/build'
[INFO] [stderr]   gmake[2]: Leaving directory '/opt/rustwide/target/debug/build/parity-rocksdb-sys-eacc893c9b139f4a/out/build'
[INFO] [stderr]   gmake[1]: Leaving directory '/opt/rustwide/target/debug/build/parity-rocksdb-sys-eacc893c9b139f4a/out/build'
[INFO] [stderr] 
[INFO] [stderr]   --- stderr
[INFO] [stderr]   CMake Warning at CMakeLists.txt:74 (find_package):
[INFO] [stderr]     By not providing "Findgflags.cmake" in CMAKE_MODULE_PATH this project has
[INFO] [stderr]     asked CMake to find a package configuration file provided by "gflags", but
[INFO] [stderr]     CMake did not find one.
[INFO] [stderr] 
[INFO] [stderr]     Could not find a package configuration file provided by "gflags" with any
[INFO] [stderr]     of the following names:
[INFO] [stderr] 
[INFO] [stderr]       gflagsConfig.cmake
[INFO] [stderr]       gflags-config.cmake
[INFO] [stderr] 
[INFO] [stderr]     Add the installation prefix of "gflags" to CMAKE_PREFIX_PATH or set
[INFO] [stderr]     "gflags_DIR" to a directory containing one of the above files.  If "gflags"
[INFO] [stderr]     provides a separate development package or SDK, be sure it has been
[INFO] [stderr]     installed.
[INFO] [stderr] 
[INFO] [stderr] 
[INFO] [stderr]   In file included from /opt/rustwide/cargo-home/registry/src/index.crates.io-6f17d22bba15001f/parity-rocksdb-sys-0.5.6/rocksdb/db/range_del_aggregator.h:16,
[INFO] [stderr]                    from /opt/rustwide/cargo-home/registry/src/index.crates.io-6f17d22bba15001f/parity-rocksdb-sys-0.5.6/rocksdb/db/memtable.h:19,
[INFO] [stderr]                    from /opt/rustwide/cargo-home/registry/src/index.crates.io-6f17d22bba15001f/parity-rocksdb-sys-0.5.6/rocksdb/db/memtable_list.h:17,
[INFO] [stderr]                    from /opt/rustwide/cargo-home/registry/src/index.crates.io-6f17d22bba15001f/parity-rocksdb-sys-0.5.6/rocksdb/db/column_family.h:17,
[INFO] [stderr]                    from /opt/rustwide/cargo-home/registry/src/index.crates.io-6f17d22bba15001f/parity-rocksdb-sys-0.5.6/rocksdb/db/version_set.h:31,
[INFO] [stderr]                    from /opt/rustwide/cargo-home/registry/src/index.crates.io-6f17d22bba15001f/parity-rocksdb-sys-0.5.6/rocksdb/db/compaction.h:11,
[INFO] [stderr]                    from /opt/rustwide/cargo-home/registry/src/index.crates.io-6f17d22bba15001f/parity-rocksdb-sys-0.5.6/rocksdb/db/compaction.cc:10:
[INFO] [stderr]   /opt/rustwide/cargo-home/registry/src/index.crates.io-6f17d22bba15001f/parity-rocksdb-sys-0.5.6/rocksdb/db/version_edit.h: In constructor 'rocksdb::FdWithKeyRange::FdWithKeyRange(rocksdb::FileDescriptor, rocksdb::Slice, rocksdb::Slice, rocksdb::FileMetaData*)':
[INFO] [stderr]   /opt/rustwide/cargo-home/registry/src/index.crates.io-6f17d22bba15001f/parity-rocksdb-sys-0.5.6/rocksdb/db/version_edit.h:154:9: warning: implicitly-declared 'constexpr rocksdb::FileDescriptor::FileDescriptor(const rocksdb::FileDescriptor&)' is deprecated [-Wdeprecated-copy]
[INFO] [stderr]     154 |       : fd(_fd),
[INFO] [stderr]         |         ^~~~~~~
[INFO] [stderr]   /opt/rustwide/cargo-home/registry/src/index.crates.io-6f17d22bba15001f/parity-rocksdb-sys-0.5.6/rocksdb/db/version_edit.h:47:19: note: because 'rocksdb::FileDescriptor' has user-provided 'rocksdb::FileDescriptor& rocksdb::FileDescriptor::operator=(const rocksdb::FileDescriptor&)'
[INFO] [stderr]      47 |   FileDescriptor& operator=(const FileDescriptor& fd) {
[INFO] [stderr]         |                   ^~~~~~~~
[INFO] [stderr]   In file included from /opt/rustwide/cargo-home/registry/src/index.crates.io-6f17d22bba15001f/parity-rocksdb-sys-0.5.6/rocksdb/db/range_del_aggregator.h:16,
[INFO] [stderr]                    from /opt/rustwide/cargo-home/registry/src/index.crates.io-6f17d22bba15001f/parity-rocksdb-sys-0.5.6/rocksdb/db/memtable.h:19,
[INFO] [stderr]                    from /opt/rustwide/cargo-home/registry/src/index.crates.io-6f17d22bba15001f/parity-rocksdb-sys-0.5.6/rocksdb/db/memtable_list.h:17,
[INFO] [stderr]                    from /opt/rustwide/cargo-home/registry/src/index.crates.io-6f17d22bba15001f/parity-rocksdb-sys-0.5.6/rocksdb/db/column_family.h:17,
[INFO] [stderr]                    from /opt/rustwide/cargo-home/registry/src/index.crates.io-6f17d22bba15001f/parity-rocksdb-sys-0.5.6/rocksdb/db/version_set.h:31,
[INFO] [stderr]                    from /opt/rustwide/cargo-home/registry/src/index.crates.io-6f17d22bba15001f/parity-rocksdb-sys-0.5.6/rocksdb/db/compaction.h:11,
[INFO] [stderr]                    from /opt/rustwide/cargo-home/registry/src/index.crates.io-6f17d22bba15001f/parity-rocksdb-sys-0.5.6/rocksdb/db/compaction_iterator.h:12,
[INFO] [stderr]                    from /opt/rustwide/cargo-home/registry/src/index.crates.io-6f17d22bba15001f/parity-rocksdb-sys-0.5.6/rocksdb/db/builder.cc:16:
[INFO] [stderr]   /opt/rustwide/cargo-home/registry/src/index.crates.io-6f17d22bba15001f/parity-rocksdb-sys-0.5.6/rocksdb/db/version_edit.h: In constructor 'rocksdb::FdWithKeyRange::FdWithKeyRange(rocksdb::FileDescriptor, rocksdb::Slice, rocksdb::Slice, rocksdb::FileMetaData*)':
[INFO] [stderr]   /opt/rustwide/cargo-home/registry/src/index.crates.io-6f17d22bba15001f/parity-rocksdb-sys-0.5.6/rocksdb/db/version_edit.h:154:9: warning: implicitly-declared 'constexpr rocksdb::FileDescriptor::FileDescriptor(const rocksdb::FileDescriptor&)' is deprecated [-Wdeprecated-copy]
[INFO] [stderr]     154 |       : fd(_fd),
[INFO] [stderr]         |         ^~~~~~~
[INFO] [stderr]   /opt/rustwide/cargo-home/registry/src/index.crates.io-6f17d22bba15001f/parity-rocksdb-sys-0.5.6/rocksdb/db/version_edit.h:47:19: note: because 'rocksdb::FileDescriptor' has user-provided 'rocksdb::FileDescriptor& rocksdb::FileDescriptor::operator=(const rocksdb::FileDescriptor&)'
[INFO] [stderr]      47 |   FileDescriptor& operator=(const FileDescriptor& fd) {
[INFO] [stderr]         |                   ^~~~~~~~
[INFO] [stderr]   In file included from /opt/rustwide/cargo-home/registry/src/index.crates.io-6f17d22bba15001f/parity-rocksdb-sys-0.5.6/rocksdb/db/range_del_aggregator.h:16,
[INFO] [stderr]                    from /opt/rustwide/cargo-home/registry/src/index.crates.io-6f17d22bba15001f/parity-rocksdb-sys-0.5.6/rocksdb/db/memtable.h:19,
[INFO] [stderr]                    from /opt/rustwide/cargo-home/registry/src/index.crates.io-6f17d22bba15001f/parity-rocksdb-sys-0.5.6/rocksdb/db/memtable_list.h:17,
[INFO] [stderr]                    from /opt/rustwide/cargo-home/registry/src/index.crates.io-6f17d22bba15001f/parity-rocksdb-sys-0.5.6/rocksdb/db/column_family.h:17,
[INFO] [stderr]                    from /opt/rustwide/cargo-home/registry/src/index.crates.io-6f17d22bba15001f/parity-rocksdb-sys-0.5.6/rocksdb/db/db_impl.h:22,
[INFO] [stderr]                    from /opt/rustwide/cargo-home/registry/src/index.crates.io-6f17d22bba15001f/parity-rocksdb-sys-0.5.6/rocksdb/db/compacted_db_impl.h:8,
[INFO] [stderr]                    from /opt/rustwide/cargo-home/registry/src/index.crates.io-6f17d22bba15001f/parity-rocksdb-sys-0.5.6/rocksdb/db/compacted_db_impl.cc:7:
[INFO] [stderr]   /opt/rustwide/cargo-home/registry/src/index.crates.io-6f17d22bba15001f/parity-rocksdb-sys-0.5.6/rocksdb/db/version_edit.h: In constructor 'rocksdb::FdWithKeyRange::FdWithKeyRange(rocksdb::FileDescriptor, rocksdb::Slice, rocksdb::Slice, rocksdb::FileMetaData*)':
[INFO] [stderr]   /opt/rustwide/cargo-home/registry/src/index.crates.io-6f17d22bba15001f/parity-rocksdb-sys-0.5.6/rocksdb/db/version_edit.h:154:9: warning: implicitly-declared 'constexpr rocksdb::FileDescriptor::FileDescriptor(const rocksdb::FileDescriptor&)' is deprecated [-Wdeprecated-copy]
[INFO] [stderr]     154 |       : fd(_fd),
[INFO] [stderr]         |         ^~~~~~~
[INFO] [stderr]   /opt/rustwide/cargo-home/registry/src/index.crates.io-6f17d22bba15001f/parity-rocksdb-sys-0.5.6/rocksdb/db/version_edit.h:47:19: note: because 'rocksdb::FileDescriptor' has user-provided 'rocksdb::FileDescriptor& rocksdb::FileDescriptor::operator=(const rocksdb::FileDescriptor&)'
[INFO] [stderr]      47 |   FileDescriptor& operator=(const FileDescriptor& fd) {
[INFO] [stderr]         |                   ^~~~~~~~
[INFO] [stderr]   In file included from /opt/rustwide/cargo-home/registry/src/index.crates.io-6f17d22bba15001f/parity-rocksdb-sys-0.5.6/rocksdb/db/range_del_aggregator.h:16,
[INFO] [stderr]                    from /opt/rustwide/cargo-home/registry/src/index.crates.io-6f17d22bba15001f/parity-rocksdb-sys-0.5.6/rocksdb/db/memtable.h:19,
[INFO] [stderr]                    from /opt/rustwide/cargo-home/registry/src/index.crates.io-6f17d22bba15001f/parity-rocksdb-sys-0.5.6/rocksdb/db/memtable_list.h:17,
[INFO] [stderr]                    from /opt/rustwide/cargo-home/registry/src/index.crates.io-6f17d22bba15001f/parity-rocksdb-sys-0.5.6/rocksdb/db/column_family.h:17,
[INFO] [stderr]                    from /opt/rustwide/cargo-home/registry/src/index.crates.io-6f17d22bba15001f/parity-rocksdb-sys-0.5.6/rocksdb/db/version_set.h:31,
[INFO] [stderr]                    from /opt/rustwide/cargo-home/registry/src/index.crates.io-6f17d22bba15001f/parity-rocksdb-sys-0.5.6/rocksdb/db/compaction.h:11,
[INFO] [stderr]                    from /opt/rustwide/cargo-home/registry/src/index.crates.io-6f17d22bba15001f/parity-rocksdb-sys-0.5.6/rocksdb/db/compaction_iterator.h:12,
[INFO] [stderr]                    from /opt/rustwide/cargo-home/registry/src/index.crates.io-6f17d22bba15001f/parity-rocksdb-sys-0.5.6/rocksdb/db/compaction_iterator.cc:6:
[INFO] [stderr]   /opt/rustwide/cargo-home/registry/src/index.crates.io-6f17d22bba15001f/parity-rocksdb-sys-0.5.6/rocksdb/db/version_edit.h: In constructor 'rocksdb::FdWithKeyRange::FdWithKeyRange(rocksdb::FileDescriptor, rocksdb::Slice, rocksdb::Slice, rocksdb::FileMetaData*)':
[INFO] [stderr]   /opt/rustwide/cargo-home/registry/src/index.crates.io-6f17d22bba15001f/parity-rocksdb-sys-0.5.6/rocksdb/db/version_edit.h:154:9: warning: implicitly-declared 'constexpr rocksdb::FileDescriptor::FileDescriptor(const rocksdb::FileDescriptor&)' is deprecated [-Wdeprecated-copy]
[INFO] [stderr]     154 |       : fd(_fd),
[INFO] [stderr]         |         ^~~~~~~
[INFO] [stderr]   /opt/rustwide/cargo-home/registry/src/index.crates.io-6f17d22bba15001f/parity-rocksdb-sys-0.5.6/rocksdb/db/version_edit.h:47:19: note: because 'rocksdb::FileDescriptor' has user-provided 'rocksdb::FileDescriptor& rocksdb::FileDescriptor::operator=(const rocksdb::FileDescriptor&)'
[INFO] [stderr]      47 |   FileDescriptor& operator=(const FileDescriptor& fd) {
[INFO] [stderr]         |                   ^~~~~~~~
[INFO] [stderr]   In file included from /opt/rustwide/cargo-home/registry/src/index.crates.io-6f17d22bba15001f/parity-rocksdb-sys-0.5.6/rocksdb/db/range_del_aggregator.h:16,
[INFO] [stderr]                    from /opt/rustwide/cargo-home/registry/src/index.crates.io-6f17d22bba15001f/parity-rocksdb-sys-0.5.6/rocksdb/db/memtable.h:19,
[INFO] [stderr]                    from /opt/rustwide/cargo-home/registry/src/index.crates.io-6f17d22bba15001f/parity-rocksdb-sys-0.5.6/rocksdb/db/memtable_list.h:17,
[INFO] [stderr]                    from /opt/rustwide/cargo-home/registry/src/index.crates.io-6f17d22bba15001f/parity-rocksdb-sys-0.5.6/rocksdb/db/column_family.h:17,
[INFO] [stderr]                    from /opt/rustwide/cargo-home/registry/src/index.crates.io-6f17d22bba15001f/parity-rocksdb-sys-0.5.6/rocksdb/db/column_family.cc:10:
[INFO] [stderr]   /opt/rustwide/cargo-home/registry/src/index.crates.io-6f17d22bba15001f/parity-rocksdb-sys-0.5.6/rocksdb/db/version_edit.h: In constructor 'rocksdb::FdWithKeyRange::FdWithKeyRange(rocksdb::FileDescriptor, rocksdb::Slice, rocksdb::Slice, rocksdb::FileMetaData*)':
[INFO] [stderr]   /opt/rustwide/cargo-home/registry/src/index.crates.io-6f17d22bba15001f/parity-rocksdb-sys-0.5.6/rocksdb/db/version_edit.h:154:9: warning: implicitly-declared 'constexpr rocksdb::FileDescriptor::FileDescriptor(const rocksdb::FileDescriptor&)' is deprecated [-Wdeprecated-copy]
[INFO] [stderr]     154 |       : fd(_fd),
[INFO] [stderr]         |         ^~~~~~~
[INFO] [stderr]   /opt/rustwide/cargo-home/registry/src/index.crates.io-6f17d22bba15001f/parity-rocksdb-sys-0.5.6/rocksdb/db/version_edit.h:47:19: note: because 'rocksdb::FileDescriptor' has user-provided 'rocksdb::FileDescriptor& rocksdb::FileDescriptor::operator=(const rocksdb::FileDescriptor&)'
[INFO] [stderr]      47 |   FileDescriptor& operator=(const FileDescriptor& fd) {
[INFO] [stderr]         |                   ^~~~~~~~
[INFO] [stderr]   c++: fatal error: Killed signal terminated program cc1plus
[INFO] [stderr]   compilation terminated.
[INFO] [stderr]   gmake[3]: *** [CMakeFiles/rocksdb.dir/build.make:121: CMakeFiles/rocksdb.dir/db/builder.cc.o] Error 1
[INFO] [stderr]   gmake[3]: *** Waiting for unfinished jobs....
[INFO] [stderr]   In file included from /opt/rustwide/cargo-home/registry/src/index.crates.io-6f17d22bba15001f/parity-rocksdb-sys-0.5.6/rocksdb/db/range_del_aggregator.h:16,
[INFO] [stderr]                    from /opt/rustwide/cargo-home/registry/src/index.crates.io-6f17d22bba15001f/parity-rocksdb-sys-0.5.6/rocksdb/db/memtable.h:19,
[INFO] [stderr]                    from /opt/rustwide/cargo-home/registry/src/index.crates.io-6f17d22bba15001f/parity-rocksdb-sys-0.5.6/rocksdb/db/memtable_list.h:17,
[INFO] [stderr]                    from /opt/rustwide/cargo-home/registry/src/index.crates.io-6f17d22bba15001f/parity-rocksdb-sys-0.5.6/rocksdb/db/column_family.h:17,
[INFO] [stderr]                    from /opt/rustwide/cargo-home/registry/src/index.crates.io-6f17d22bba15001f/parity-rocksdb-sys-0.5.6/rocksdb/db/compaction_job.h:20,
[INFO] [stderr]                    from /opt/rustwide/cargo-home/registry/src/index.crates.io-6f17d22bba15001f/parity-rocksdb-sys-0.5.6/rocksdb/db/compaction_job.cc:10:
[INFO] [stderr]   /opt/rustwide/cargo-home/registry/src/index.crates.io-6f17d22bba15001f/parity-rocksdb-sys-0.5.6/rocksdb/db/version_edit.h: In constructor 'rocksdb::FdWithKeyRange::FdWithKeyRange(rocksdb::FileDescriptor, rocksdb::Slice, rocksdb::Slice, rocksdb::FileMetaData*)':
[INFO] [stderr]   /opt/rustwide/cargo-home/registry/src/index.crates.io-6f17d22bba15001f/parity-rocksdb-sys-0.5.6/rocksdb/db/version_edit.h:154:9: warning: implicitly-declared 'constexpr rocksdb::FileDescriptor::FileDescriptor(const rocksdb::FileDescriptor&)' is deprecated [-Wdeprecated-copy]
[INFO] [stderr]     154 |       : fd(_fd),
[INFO] [stderr]         |         ^~~~~~~
[INFO] [stderr]   /opt/rustwide/cargo-home/registry/src/index.crates.io-6f17d22bba15001f/parity-rocksdb-sys-0.5.6/rocksdb/db/version_edit.h: In instantiation of 'constexpr std::pair<_T1, _T2>::pair(_U1&&, _U2&&) [with _U1 = int&; _U2 = rocksdb::FileMetaData; typename std::enable_if<(std::_PCC<true, _T1, _T2>::_MoveConstructiblePair<_U1, _U2>() && std::_PCC<true, _T1, _T2>::_ImplicitlyMoveConvertiblePair<_U1, _U2>()), bool>::type <anonymous> = true; _T1 = int; _T2 = rocksdb::FileMetaData]':
[INFO] [stderr]   /usr/include/c++/11/ext/new_allocator.h:162:4:   required from 'void __gnu_cxx::new_allocator<_Tp>::construct(_Up*, _Args&& ...) [with _Up = std::pair<int, rocksdb::FileMetaData>; _Args = {int&, rocksdb::FileMetaData}; _Tp = std::pair<int, rocksdb::FileMetaData>]'
[INFO] [stderr]   /usr/include/c++/11/bits/alloc_traits.h:516:17:   required from 'static void std::allocator_traits<std::allocator<_Tp1> >::construct(std::allocator_traits<std::allocator<_Tp1> >::allocator_type&, _Up*, _Args&& ...) [with _Up = std::pair<int, rocksdb::FileMetaData>; _Args = {int&, rocksdb::FileMetaData}; _Tp = std::pair<int, rocksdb::FileMetaData>; std::allocator_traits<std::allocator<_Tp1> >::allocator_type = std::allocator<std::pair<int, rocksdb::FileMetaData> >]'
[INFO] [stderr]   /usr/include/c++/11/bits/vector.tcc:115:30:   required from 'void std::vector<_Tp, _Alloc>::emplace_back(_Args&& ...) [with _Args = {int&, rocksdb::FileMetaData}; _Tp = std::pair<int, rocksdb::FileMetaData>; _Alloc = std::allocator<std::pair<int, rocksdb::FileMetaData> >]'
[INFO] [stderr]   /opt/rustwide/cargo-home/registry/src/index.crates.io-6f17d22bba15001f/parity-rocksdb-sys-0.5.6/rocksdb/db/version_edit.h:227:28:   required from here
[INFO] [stderr]   /opt/rustwide/cargo-home/registry/src/index.crates.io-6f17d22bba15001f/parity-rocksdb-sys-0.5.6/rocksdb/db/version_edit.h:76:8: warning: implicitly-declared 'constexpr rocksdb::FileDescriptor::FileDescriptor(const rocksdb::FileDescriptor&)' is deprecated [-Wdeprecated-copy]
[INFO] [stderr]      76 | struct FileMetaData {
[INFO] [stderr]         |        ^~~~~~~~~~~~
[INFO] [stderr]   /opt/rustwide/cargo-home/registry/src/index.crates.io-6f17d22bba15001f/parity-rocksdb-sys-0.5.6/rocksdb/db/version_edit.h:47:19: note: because 'rocksdb::FileDescriptor' has user-provided 'rocksdb::FileDescriptor& rocksdb::FileDescriptor::operator=(const rocksdb::FileDescriptor&)'
[INFO] [stderr]      47 |   FileDescriptor& operator=(const FileDescriptor& fd) {
[INFO] [stderr]         |                   ^~~~~~~~
[INFO] [stderr]   In file included from /usr/include/c++/11/bits/stl_algobase.h:64,
[INFO] [stderr]                    from /usr/include/c++/11/deque:60,
[INFO] [stderr]                    from /opt/rustwide/cargo-home/registry/src/index.crates.io-6f17d22bba15001f/parity-rocksdb-sys-0.5.6/rocksdb/db/version_set.h:22,
[INFO] [stderr]                    from /opt/rustwide/cargo-home/registry/src/index.crates.io-6f17d22bba15001f/parity-rocksdb-sys-0.5.6/rocksdb/db/compaction.h:11,
[INFO] [stderr]                    from /opt/rustwide/cargo-home/registry/src/index.crates.io-6f17d22bba15001f/parity-rocksdb-sys-0.5.6/rocksdb/db/compaction.cc:10:
[INFO] [stderr]   /usr/include/c++/11/bits/stl_pair.h:353:42: note: synthesized method 'rocksdb::FileMetaData::FileMetaData(rocksdb::FileMetaData&&)' first required here
[INFO] [stderr]     353 |         : first(std::forward<_U1>(__x)), second(std::forward<_U2>(__y)) { }
[INFO] [stderr]         |                                          ^~~~~~~~~~~~~~~~~~~~~~~~~~~~~~
[INFO] [stderr]   In file included from /opt/rustwide/cargo-home/registry/src/index.crates.io-6f17d22bba15001f/parity-rocksdb-sys-0.5.6/rocksdb/db/range_del_aggregator.h:16,
[INFO] [stderr]                    from /opt/rustwide/cargo-home/registry/src/index.crates.io-6f17d22bba15001f/parity-rocksdb-sys-0.5.6/rocksdb/db/memtable.h:19,
[INFO] [stderr]                    from /opt/rustwide/cargo-home/registry/src/index.crates.io-6f17d22bba15001f/parity-rocksdb-sys-0.5.6/rocksdb/db/memtable_list.h:17,
[INFO] [stderr]                    from /opt/rustwide/cargo-home/registry/src/index.crates.io-6f17d22bba15001f/parity-rocksdb-sys-0.5.6/rocksdb/db/column_family.h:17,
[INFO] [stderr]                    from /opt/rustwide/cargo-home/registry/src/index.crates.io-6f17d22bba15001f/parity-rocksdb-sys-0.5.6/rocksdb/db/version_set.h:31,
[INFO] [stderr]                    from /opt/rustwide/cargo-home/registry/src/index.crates.io-6f17d22bba15001f/parity-rocksdb-sys-0.5.6/rocksdb/db/compaction.h:11,
[INFO] [stderr]                    from /opt/rustwide/cargo-home/registry/src/index.crates.io-6f17d22bba15001f/parity-rocksdb-sys-0.5.6/rocksdb/db/compaction.cc:10:
[INFO] [stderr]   /opt/rustwide/cargo-home/registry/src/index.crates.io-6f17d22bba15001f/parity-rocksdb-sys-0.5.6/rocksdb/db/version_edit.h: In instantiation of 'constexpr std::pair<_T1, _T2>::pair(_U1&&, const _T2&) [with _U1 = int&; typename std::enable_if<std::_PCC<true, _T1, _T2>::_MoveCopyPair<true, _U1, _T2>(), bool>::type <anonymous> = true; _T1 = int; _T2 = rocksdb::FileMetaData]':
[INFO] [stderr]   /usr/include/c++/11/ext/new_allocator.h:162:4:   required from 'void __gnu_cxx::new_allocator<_Tp>::construct(_Up*, _Args&& ...) [with _Up = std::pair<int, rocksdb::FileMetaData>; _Args = {int&, const rocksdb::FileMetaData&}; _Tp = std::pair<int, rocksdb::FileMetaData>]'
[INFO] [stderr]   /usr/include/c++/11/bits/alloc_traits.h:516:17:   required from 'static void std::allocator_traits<std::allocator<_Tp1> >::construct(std::allocator_traits<std::allocator<_Tp1> >::allocator_type&, _Up*, _Args&& ...) [with _Up = std::pair<int, rocksdb::FileMetaData>; _Args = {int&, const rocksdb::FileMetaData&}; _Tp = std::pair<int, rocksdb::FileMetaData>; std::allocator_traits<std::allocator<_Tp1> >::allocator_type = std::allocator<std::pair<int, rocksdb::FileMetaData> >]'
[INFO] [stderr]   /usr/include/c++/11/bits/vector.tcc:115:30:   required from 'void std::vector<_Tp, _Alloc>::emplace_back(_Args&& ...) [with _Args = {int&, const rocksdb::FileMetaData&}; _Tp = std::pair<int, rocksdb::FileMetaData>; _Alloc = std::allocator<std::pair<int, rocksdb::FileMetaData> >]'
[INFO] [stderr]   /opt/rustwide/cargo-home/registry/src/index.crates.io-6f17d22bba15001f/parity-rocksdb-sys-0.5.6/rocksdb/db/version_edit.h:232:28:   required from here
[INFO] [stderr]   /opt/rustwide/cargo-home/registry/src/index.crates.io-6f17d22bba15001f/parity-rocksdb-sys-0.5.6/rocksdb/db/version_edit.h:76:8: warning: implicitly-declared 'constexpr rocksdb::FileDescriptor::FileDescriptor(const rocksdb::FileDescriptor&)' is deprecated [-Wdeprecated-copy]
[INFO] [stderr]      76 | struct FileMetaData {
[INFO] [stderr]         |        ^~~~~~~~~~~~
[INFO] [stderr]   /opt/rustwide/cargo-home/registry/src/index.crates.io-6f17d22bba15001f/parity-rocksdb-sys-0.5.6/rocksdb/db/version_edit.h:47:19: note: because 'rocksdb::FileDescriptor' has user-provided 'rocksdb::FileDescriptor& rocksdb::FileDescriptor::operator=(const rocksdb::FileDescriptor&)'
[INFO] [stderr]      47 |   FileDescriptor& operator=(const FileDescriptor& fd) {
[INFO] [stderr]         |                   ^~~~~~~~
[INFO] [stderr]   In file included from /usr/include/c++/11/bits/stl_algobase.h:64,
[INFO] [stderr]                    from /usr/include/c++/11/deque:60,
[INFO] [stderr]                    from /opt/rustwide/cargo-home/registry/src/index.crates.io-6f17d22bba15001f/parity-rocksdb-sys-0.5.6/rocksdb/db/version_set.h:22,
[INFO] [stderr]                    from /opt/rustwide/cargo-home/registry/src/index.crates.io-6f17d22bba15001f/parity-rocksdb-sys-0.5.6/rocksdb/db/compaction.h:11,
[INFO] [stderr]                    from /opt/rustwide/cargo-home/registry/src/index.crates.io-6f17d22bba15001f/parity-rocksdb-sys-0.5.6/rocksdb/db/compaction.cc:10:
[INFO] [stderr]   /usr/include/c++/11/bits/stl_pair.h:323:41: note: synthesized method 'rocksdb::FileMetaData::FileMetaData(const rocksdb::FileMetaData&)' first required here
[INFO] [stderr]     323 |        : first(std::forward<_U1>(__x)), second(__y) { }
[INFO] [stderr]         |                                         ^~~~~~~~~~~
[INFO] [stderr]   /opt/rustwide/cargo-home/registry/src/index.crates.io-6f17d22bba15001f/parity-rocksdb-sys-0.5.6/rocksdb/db/version_edit.h:47:19: note: because 'rocksdb::FileDescriptor' has user-provided 'rocksdb::FileDescriptor& rocksdb::FileDescriptor::operator=(const rocksdb::FileDescriptor&)'
[INFO] [stderr]      47 |   FileDescriptor& operator=(const FileDescriptor& fd) {
[INFO] [stderr]         |                   ^~~~~~~~
[INFO] [stderr]   In file included from /opt/rustwide/cargo-home/registry/src/index.crates.io-6f17d22bba15001f/parity-rocksdb-sys-0.5.6/rocksdb/db/range_del_aggregator.h:16,
[INFO] [stderr]                    from /opt/rustwide/cargo-home/registry/src/index.crates.io-6f17d22bba15001f/parity-rocksdb-sys-0.5.6/rocksdb/db/memtable.h:19,
[INFO] [stderr]                    from /opt/rustwide/cargo-home/registry/src/index.crates.io-6f17d22bba15001f/parity-rocksdb-sys-0.5.6/rocksdb/db/memtable_list.h:17,
[INFO] [stderr]                    from /opt/rustwide/cargo-home/registry/src/index.crates.io-6f17d22bba15001f/parity-rocksdb-sys-0.5.6/rocksdb/db/column_family.h:17,
[INFO] [stderr]                    from /opt/rustwide/cargo-home/registry/src/index.crates.io-6f17d22bba15001f/parity-rocksdb-sys-0.5.6/rocksdb/db/version_set.h:31,
[INFO] [stderr]                    from /opt/rustwide/cargo-home/registry/src/index.crates.io-6f17d22bba15001f/parity-rocksdb-sys-0.5.6/rocksdb/db/compaction.h:11,
[INFO] [stderr]                    from /opt/rustwide/cargo-home/registry/src/index.crates.io-6f17d22bba15001f/parity-rocksdb-sys-0.5.6/rocksdb/db/compaction_picker.h:18,
[INFO] [stderr]                    from /opt/rustwide/cargo-home/registry/src/index.crates.io-6f17d22bba15001f/parity-rocksdb-sys-0.5.6/rocksdb/db/compaction_picker.cc:10:
[INFO] [stderr]   /opt/rustwide/cargo-home/registry/src/index.crates.io-6f17d22bba15001f/parity-rocksdb-sys-0.5.6/rocksdb/db/version_edit.h: In constructor 'rocksdb::FdWithKeyRange::FdWithKeyRange(rocksdb::FileDescriptor, rocksdb::Slice, rocksdb::Slice, rocksdb::FileMetaData*)':
[INFO] [stderr]   /opt/rustwide/cargo-home/registry/src/index.crates.io-6f17d22bba15001f/parity-rocksdb-sys-0.5.6/rocksdb/db/version_edit.h:154:9: warning: implicitly-declared 'constexpr rocksdb::FileDescriptor::FileDescriptor(const rocksdb::FileDescriptor&)' is deprecated [-Wdeprecated-copy]
[INFO] [stderr]     154 |       : fd(_fd),
[INFO] [stderr]         |         ^~~~~~~
[INFO] [stderr]   /opt/rustwide/cargo-home/registry/src/index.crates.io-6f17d22bba15001f/parity-rocksdb-sys-0.5.6/rocksdb/db/version_edit.h:47:19: note: because 'rocksdb::FileDescriptor' has user-provided 'rocksdb::FileDescriptor& rocksdb::FileDescriptor::operator=(const rocksdb::FileDescriptor&)'
[INFO] [stderr]      47 |   FileDescriptor& operator=(const FileDescriptor& fd) {
[INFO] [stderr]         |                   ^~~~~~~~
[INFO] [stderr]   /opt/rustwide/cargo-home/registry/src/index.crates.io-6f17d22bba15001f/parity-rocksdb-sys-0.5.6/rocksdb/db/version_edit.h: In instantiation of 'constexpr std::pair<_T1, _T2>::pair(_U1&&, _U2&&) [with _U1 = int&; _U2 = rocksdb::FileMetaData; typename std::enable_if<(std::_PCC<true, _T1, _T2>::_MoveConstructiblePair<_U1, _U2>() && std::_PCC<true, _T1, _T2>::_ImplicitlyMoveConvertiblePair<_U1, _U2>()), bool>::type <anonymous> = true; _T1 = int; _T2 = rocksdb::FileMetaData]':
[INFO] [stderr]   /usr/include/c++/11/ext/new_allocator.h:162:4:   required from 'void __gnu_cxx::new_allocator<_Tp>::construct(_Up*, _Args&& ...) [with _Up = std::pair<int, rocksdb::FileMetaData>; _Args = {int&, rocksdb::FileMetaData}; _Tp = std::pair<int, rocksdb::FileMetaData>]'
[INFO] [stderr]   /usr/include/c++/11/bits/alloc_traits.h:516:17:   required from 'static void std::allocator_traits<std::allocator<_Tp1> >::construct(std::allocator_traits<std::allocator<_Tp1> >::allocator_type&, _Up*, _Args&& ...) [with _Up = std::pair<int, rocksdb::FileMetaData>; _Args = {int&, rocksdb::FileMetaData}; _Tp = std::pair<int, rocksdb::FileMetaData>; std::allocator_traits<std::allocator<_Tp1> >::allocator_type = std::allocator<std::pair<int, rocksdb::FileMetaData> >]'
[INFO] [stderr]   /usr/include/c++/11/bits/vector.tcc:115:30:   required from 'void std::vector<_Tp, _Alloc>::emplace_back(_Args&& ...) [with _Args = {int&, rocksdb::FileMetaData}; _Tp = std::pair<int, rocksdb::FileMetaData>; _Alloc = std::allocator<std::pair<int, rocksdb::FileMetaData> >]'
[INFO] [stderr]   /opt/rustwide/cargo-home/registry/src/index.crates.io-6f17d22bba15001f/parity-rocksdb-sys-0.5.6/rocksdb/db/version_edit.h:227:28:   required from here
[INFO] [stderr]   /opt/rustwide/cargo-home/registry/src/index.crates.io-6f17d22bba15001f/parity-rocksdb-sys-0.5.6/rocksdb/db/version_edit.h:76:8: warning: implicitly-declared 'constexpr rocksdb::FileDescriptor::FileDescriptor(const rocksdb::FileDescriptor&)' is deprecated [-Wdeprecated-copy]
[INFO] [stderr]      76 | struct FileMetaData {
[INFO] [stderr]         |        ^~~~~~~~~~~~
[INFO] [stderr]   /opt/rustwide/cargo-home/registry/src/index.crates.io-6f17d22bba15001f/parity-rocksdb-sys-0.5.6/rocksdb/db/version_edit.h:47:19: note: because 'rocksdb::FileDescriptor' has user-provided 'rocksdb::FileDescriptor& rocksdb::FileDescriptor::operator=(const rocksdb::FileDescriptor&)'
[INFO] [stderr]      47 |   FileDescriptor& operator=(const FileDescriptor& fd) {
[INFO] [stderr]         |                   ^~~~~~~~
[INFO] [stderr]   In file included from /usr/include/c++/11/utility:70,
[INFO] [stderr]                    from /usr/include/c++/11/algorithm:60,
[INFO] [stderr]                    from /opt/rustwide/cargo-home/registry/src/index.crates.io-6f17d22bba15001f/parity-rocksdb-sys-0.5.6/rocksdb/db/compaction_iterator.h:7,
[INFO] [stderr]                    from /opt/rustwide/cargo-home/registry/src/index.crates.io-6f17d22bba15001f/parity-rocksdb-sys-0.5.6/rocksdb/db/compaction_iterator.cc:6:
[INFO] [stderr]   /usr/include/c++/11/bits/stl_pair.h:353:42: note: synthesized method 'rocksdb::FileMetaData::FileMetaData(rocksdb::FileMetaData&&)' first required here
[INFO] [stderr]     353 |         : first(std::forward<_U1>(__x)), second(std::forward<_U2>(__y)) { }
[INFO] [stderr]         |                                          ^~~~~~~~~~~~~~~~~~~~~~~~~~~~~~
[INFO] [stderr]   In file included from /opt/rustwide/cargo-home/registry/src/index.crates.io-6f17d22bba15001f/parity-rocksdb-sys-0.5.6/rocksdb/db/range_del_aggregator.h:16,
[INFO] [stderr]                    from /opt/rustwide/cargo-home/registry/src/index.crates.io-6f17d22bba15001f/parity-rocksdb-sys-0.5.6/rocksdb/db/memtable.h:19,
[INFO] [stderr]                    from /opt/rustwide/cargo-home/registry/src/index.crates.io-6f17d22bba15001f/parity-rocksdb-sys-0.5.6/rocksdb/db/memtable_list.h:17,
[INFO] [stderr]                    from /opt/rustwide/cargo-home/registry/src/index.crates.io-6f17d22bba15001f/parity-rocksdb-sys-0.5.6/rocksdb/db/column_family.h:17,
[INFO] [stderr]                    from /opt/rustwide/cargo-home/registry/src/index.crates.io-6f17d22bba15001f/parity-rocksdb-sys-0.5.6/rocksdb/db/version_set.h:31,
[INFO] [stderr]                    from /opt/rustwide/cargo-home/registry/src/index.crates.io-6f17d22bba15001f/parity-rocksdb-sys-0.5.6/rocksdb/db/compaction.h:11,
[INFO] [stderr]                    from /opt/rustwide/cargo-home/registry/src/index.crates.io-6f17d22bba15001f/parity-rocksdb-sys-0.5.6/rocksdb/db/compaction_iterator.h:12,
[INFO] [stderr]                    from /opt/rustwide/cargo-home/registry/src/index.crates.io-6f17d22bba15001f/parity-rocksdb-sys-0.5.6/rocksdb/db/compaction_iterator.cc:6:
[INFO] [stderr]   /opt/rustwide/cargo-home/registry/src/index.crates.io-6f17d22bba15001f/parity-rocksdb-sys-0.5.6/rocksdb/db/version_edit.h: In instantiation of 'constexpr std::pair<_T1, _T2>::pair(_U1&&, const _T2&) [with _U1 = int&; typename std::enable_if<std::_PCC<true, _T1, _T2>::_MoveCopyPair<true, _U1, _T2>(), bool>::type <anonymous> = true; _T1 = int; _T2 = rocksdb::FileMetaData]':
[INFO] [stderr]   /usr/include/c++/11/ext/new_allocator.h:162:4:   required from 'void __gnu_cxx::new_allocator<_Tp>::construct(_Up*, _Args&& ...) [with _Up = std::pair<int, rocksdb::FileMetaData>; _Args = {int&, const rocksdb::FileMetaData&}; _Tp = std::pair<int, rocksdb::FileMetaData>]'
[INFO] [stderr]   /usr/include/c++/11/bits/alloc_traits.h:516:17:   required from 'static void std::allocator_traits<std::allocator<_Tp1> >::construct(std::allocator_traits<std::allocator<_Tp1> >::allocator_type&, _Up*, _Args&& ...) [with _Up = std::pair<int, rocksdb::FileMetaData>; _Args = {int&, const rocksdb::FileMetaData&}; _Tp = std::pair<int, rocksdb::FileMetaData>; std::allocator_traits<std::allocator<_Tp1> >::allocator_type = std::allocator<std::pair<int, rocksdb::FileMetaData> >]'
[INFO] [stderr]   /usr/include/c++/11/bits/vector.tcc:115:30:   required from 'void std::vector<_Tp, _Alloc>::emplace_back(_Args&& ...) [with _Args = {int&, const rocksdb::FileMetaData&}; _Tp = std::pair<int, rocksdb::FileMetaData>; _Alloc = std::allocator<std::pair<int, rocksdb::FileMetaData> >]'
[INFO] [stderr]   /opt/rustwide/cargo-home/registry/src/index.crates.io-6f17d22bba15001f/parity-rocksdb-sys-0.5.6/rocksdb/db/version_edit.h:232:28:   required from here
[INFO] [stderr]   /opt/rustwide/cargo-home/registry/src/index.crates.io-6f17d22bba15001f/parity-rocksdb-sys-0.5.6/rocksdb/db/version_edit.h:76:8: warning: implicitly-declared 'constexpr rocksdb::FileDescriptor::FileDescriptor(const rocksdb::FileDescriptor&)' is deprecated [-Wdeprecated-copy]
[INFO] [stderr]      76 | struct FileMetaData {
[INFO] [stderr]         |        ^~~~~~~~~~~~
[INFO] [stderr]   /opt/rustwide/cargo-home/registry/src/index.crates.io-6f17d22bba15001f/parity-rocksdb-sys-0.5.6/rocksdb/db/version_edit.h:47:19: note: because 'rocksdb::FileDescriptor' has user-provided 'rocksdb::FileDescriptor& rocksdb::FileDescriptor::operator=(const rocksdb::FileDescriptor&)'
[INFO] [stderr]      47 |   FileDescriptor& operator=(const FileDescriptor& fd) {
[INFO] [stderr]         |                   ^~~~~~~~
[INFO] [stderr]   In file included from /usr/include/c++/11/utility:70,
[INFO] [stderr]                    from /usr/include/c++/11/algorithm:60,
[INFO] [stderr]                    from /opt/rustwide/cargo-home/registry/src/index.crates.io-6f17d22bba15001f/parity-rocksdb-sys-0.5.6/rocksdb/db/compaction_iterator.h:7,
[INFO] [stderr]                    from /opt/rustwide/cargo-home/registry/src/index.crates.io-6f17d22bba15001f/parity-rocksdb-sys-0.5.6/rocksdb/db/compaction_iterator.cc:6:
[INFO] [stderr]   /usr/include/c++/11/bits/stl_pair.h:323:41: note: synthesized method 'rocksdb::FileMetaData::FileMetaData(const rocksdb::FileMetaData&)' first required here
[INFO] [stderr]     323 |        : first(std::forward<_U1>(__x)), second(__y) { }
[INFO] [stderr]         |                                         ^~~~~~~~~~~
[INFO] [stderr]   c++: fatal error: Killed signal terminated program cc1plus
[INFO] [stderr]   compilation terminated.
[INFO] [stderr]   gmake[3]: *** [CMakeFiles/rocksdb.dir/build.make:177: CMakeFiles/rocksdb.dir/db/compaction.cc.o] Error 1
[INFO] [stderr]   /opt/rustwide/cargo-home/registry/src/index.crates.io-6f17d22bba15001f/parity-rocksdb-sys-0.5.6/rocksdb/db/version_edit.h: In instantiation of 'constexpr std::pair<_T1, _T2>::pair(_U1&&, _U2&&) [with _U1 = int&; _U2 = rocksdb::FileMetaData; typename std::enable_if<(std::_PCC<true, _T1, _T2>::_MoveConstructiblePair<_U1, _U2>() && std::_PCC<true, _T1, _T2>::_ImplicitlyMoveConvertiblePair<_U1, _U2>()), bool>::type <anonymous> = true; _T1 = int; _T2 = rocksdb::FileMetaData]':
[INFO] [stderr]   /usr/include/c++/11/ext/new_allocator.h:162:4:   required from 'void __gnu_cxx::new_allocator<_Tp>::construct(_Up*, _Args&& ...) [with _Up = std::pair<int, rocksdb::FileMetaData>; _Args = {int&, rocksdb::FileMetaData}; _Tp = std::pair<int, rocksdb::FileMetaData>]'
[INFO] [stderr]   /usr/include/c++/11/bits/alloc_traits.h:516:17:   required from 'static void std::allocator_traits<std::allocator<_Tp1> >::construct(std::allocator_traits<std::allocator<_Tp1> >::allocator_type&, _Up*, _Args&& ...) [with _Up = std::pair<int, rocksdb::FileMetaData>; _Args = {int&, rocksdb::FileMetaData}; _Tp = std::pair<int, rocksdb::FileMetaData>; std::allocator_traits<std::allocator<_Tp1> >::allocator_type = std::allocator<std::pair<int, rocksdb::FileMetaData> >]'
[INFO] [stderr]   /usr/include/c++/11/bits/vector.tcc:115:30:   required from 'void std::vector<_Tp, _Alloc>::emplace_back(_Args&& ...) [with _Args = {int&, rocksdb::FileMetaData}; _Tp = std::pair<int, rocksdb::FileMetaData>; _Alloc = std::allocator<std::pair<int, rocksdb::FileMetaData> >]'
[INFO] [stderr]   /opt/rustwide/cargo-home/registry/src/index.crates.io-6f17d22bba15001f/parity-rocksdb-sys-0.5.6/rocksdb/db/version_edit.h:227:28:   required from here
[INFO] [stderr]   /opt/rustwide/cargo-home/registry/src/index.crates.io-6f17d22bba15001f/parity-rocksdb-sys-0.5.6/rocksdb/db/version_edit.h:76:8: warning: implicitly-declared 'constexpr rocksdb::FileDescriptor::FileDescriptor(const rocksdb::FileDescriptor&)' is deprecated [-Wdeprecated-copy]
[INFO] [stderr]      76 | struct FileMetaData {
[INFO] [stderr]         |        ^~~~~~~~~~~~
[INFO] [stderr]   /opt/rustwide/cargo-home/registry/src/index.crates.io-6f17d22bba15001f/parity-rocksdb-sys-0.5.6/rocksdb/db/version_edit.h:47:19: note: because 'rocksdb::FileDescriptor' has user-provided 'rocksdb::FileDescriptor& rocksdb::FileDescriptor::operator=(const rocksdb::FileDescriptor&)'
[INFO] [stderr]      47 |   FileDescriptor& operator=(const FileDescriptor& fd) {
[INFO] [stderr]         |                   ^~~~~~~~
[INFO] [stderr]   In file included from /usr/include/c++/11/bits/stl_algobase.h:64,
[INFO] [stderr]                    from /usr/include/c++/11/deque:60,
[INFO] [stderr]                    from /opt/rustwide/cargo-home/registry/src/index.crates.io-6f17d22bba15001f/parity-rocksdb-sys-0.5.6/rocksdb/db/db_impl.h:12,
[INFO] [stderr]                    from /opt/rustwide/cargo-home/registry/src/index.crates.io-6f17d22bba15001f/parity-rocksdb-sys-0.5.6/rocksdb/db/compacted_db_impl.h:8,
[INFO] [stderr]                    from /opt/rustwide/cargo-home/registry/src/index.crates.io-6f17d22bba15001f/parity-rocksdb-sys-0.5.6/rocksdb/db/compacted_db_impl.cc:7:
[INFO] [stderr]   /usr/include/c++/11/bits/stl_pair.h:353:42: note: synthesized method 'rocksdb::FileMetaData::FileMetaData(rocksdb::FileMetaData&&)' first required here
[INFO] [stderr]     353 |         : first(std::forward<_U1>(__x)), second(std::forward<_U2>(__y)) { }
[INFO] [stderr]         |                                          ^~~~~~~~~~~~~~~~~~~~~~~~~~~~~~
[INFO] [stderr]   In file included from /opt/rustwide/cargo-home/registry/src/index.crates.io-6f17d22bba15001f/parity-rocksdb-sys-0.5.6/rocksdb/db/range_del_aggregator.h:16,
[INFO] [stderr]                    from /opt/rustwide/cargo-home/registry/src/index.crates.io-6f17d22bba15001f/parity-rocksdb-sys-0.5.6/rocksdb/db/memtable.h:19,
[INFO] [stderr]                    from /opt/rustwide/cargo-home/registry/src/index.crates.io-6f17d22bba15001f/parity-rocksdb-sys-0.5.6/rocksdb/db/memtable_list.h:17,
[INFO] [stderr]                    from /opt/rustwide/cargo-home/registry/src/index.crates.io-6f17d22bba15001f/parity-rocksdb-sys-0.5.6/rocksdb/db/column_family.h:17,
[INFO] [stderr]                    from /opt/rustwide/cargo-home/registry/src/index.crates.io-6f17d22bba15001f/parity-rocksdb-sys-0.5.6/rocksdb/db/db_impl.h:22,
[INFO] [stderr]                    from /opt/rustwide/cargo-home/registry/src/index.crates.io-6f17d22bba15001f/parity-rocksdb-sys-0.5.6/rocksdb/db/compacted_db_impl.h:8,
[INFO] [stderr]                    from /opt/rustwide/cargo-home/registry/src/index.crates.io-6f17d22bba15001f/parity-rocksdb-sys-0.5.6/rocksdb/db/compacted_db_impl.cc:7:
[INFO] [stderr]   /opt/rustwide/cargo-home/registry/src/index.crates.io-6f17d22bba15001f/parity-rocksdb-sys-0.5.6/rocksdb/db/version_edit.h: In instantiation of 'constexpr std::pair<_T1, _T2>::pair(_U1&&, const _T2&) [with _U1 = int&; typename std::enable_if<std::_PCC<true, _T1, _T2>::_MoveCopyPair<true, _U1, _T2>(), bool>::type <anonymous> = true; _T1 = int; _T2 = rocksdb::FileMetaData]':
[INFO] [stderr]   /usr/include/c++/11/ext/new_allocator.h:162:4:   required from 'void __gnu_cxx::new_allocator<_Tp>::construct(_Up*, _Args&& ...) [with _Up = std::pair<int, rocksdb::FileMetaData>; _Args = {int&, const rocksdb::FileMetaData&}; _Tp = std::pair<int, rocksdb::FileMetaData>]'
[INFO] [stderr]   /usr/include/c++/11/bits/alloc_traits.h:516:17:   required from 'static void std::allocator_traits<std::allocator<_Tp1> >::construct(std::allocator_traits<std::allocator<_Tp1> >::allocator_type&, _Up*, _Args&& ...) [with _Up = std::pair<int, rocksdb::FileMetaData>; _Args = {int&, const rocksdb::FileMetaData&}; _Tp = std::pair<int, rocksdb::FileMetaData>; std::allocator_traits<std::allocator<_Tp1> >::allocator_type = std::allocator<std::pair<int, rocksdb::FileMetaData> >]'
[INFO] [stderr]   /usr/include/c++/11/bits/vector.tcc:115:30:   required from 'void std::vector<_Tp, _Alloc>::emplace_back(_Args&& ...) [with _Args = {int&, const rocksdb::FileMetaData&}; _Tp = std::pair<int, rocksdb::FileMetaData>; _Alloc = std::allocator<std::pair<int, rocksdb::FileMetaData> >]'
[INFO] [stderr]   /opt/rustwide/cargo-home/registry/src/index.crates.io-6f17d22bba15001f/parity-rocksdb-sys-0.5.6/rocksdb/db/version_edit.h:232:28:   required from here
[INFO] [stderr]   /opt/rustwide/cargo-home/registry/src/index.crates.io-6f17d22bba15001f/parity-rocksdb-sys-0.5.6/rocksdb/db/version_edit.h:76:8: warning: implicitly-declared 'constexpr rocksdb::FileDescriptor::FileDescriptor(const rocksdb::FileDescriptor&)' is deprecated [-Wdeprecated-copy]
[INFO] [stderr]      76 | struct FileMetaData {
[INFO] [stderr]         |        ^~~~~~~~~~~~
[INFO] [stderr]   /opt/rustwide/cargo-home/registry/src/index.crates.io-6f17d22bba15001f/parity-rocksdb-sys-0.5.6/rocksdb/db/version_edit.h:47:19: note: because 'rocksdb::FileDescriptor' has user-provided 'rocksdb::FileDescriptor& rocksdb::FileDescriptor::operator=(const rocksdb::FileDescriptor&)'
[INFO] [stderr]      47 |   FileDescriptor& operator=(const FileDescriptor& fd) {
[INFO] [stderr]         |                   ^~~~~~~~
[INFO] [stderr]   In file included from /usr/include/c++/11/bits/stl_algobase.h:64,
[INFO] [stderr]                    from /usr/include/c++/11/deque:60,
[INFO] [stderr]                    from /opt/rustwide/cargo-home/registry/src/index.crates.io-6f17d22bba15001f/parity-rocksdb-sys-0.5.6/rocksdb/db/db_impl.h:12,
[INFO] [stderr]                    from /opt/rustwide/cargo-home/registry/src/index.crates.io-6f17d22bba15001f/parity-rocksdb-sys-0.5.6/rocksdb/db/compacted_db_impl.h:8,
[INFO] [stderr]                    from /opt/rustwide/cargo-home/registry/src/index.crates.io-6f17d22bba15001f/parity-rocksdb-sys-0.5.6/rocksdb/db/compacted_db_impl.cc:7:
[INFO] [stderr]   /usr/include/c++/11/bits/stl_pair.h:323:41: note: synthesized method 'rocksdb::FileMetaData::FileMetaData(const rocksdb::FileMetaData&)' first required here
[INFO] [stderr]     323 |        : first(std::forward<_U1>(__x)), second(__y) { }
[INFO] [stderr]         |                                         ^~~~~~~~~~~
[INFO] [stderr]   /opt/rustwide/cargo-home/registry/src/index.crates.io-6f17d22bba15001f/parity-rocksdb-sys-0.5.6/rocksdb/db/version_edit.h: In instantiation of 'constexpr std::pair<_T1, _T2>::pair(_U1&&, _U2&&) [with _U1 = int&; _U2 = rocksdb::FileMetaData; typename std::enable_if<(std::_PCC<true, _T1, _T2>::_MoveConstructiblePair<_U1, _U2>() && std::_PCC<true, _T1, _T2>::_ImplicitlyMoveConvertiblePair<_U1, _U2>()), bool>::type <anonymous> = true; _T1 = int; _T2 = rocksdb::FileMetaData]':
[INFO] [stderr]   /usr/include/c++/11/ext/new_allocator.h:162:4:   required from 'void __gnu_cxx::new_allocator<_Tp>::construct(_Up*, _Args&& ...) [with _Up = std::pair<int, rocksdb::FileMetaData>; _Args = {int&, rocksdb::FileMetaData}; _Tp = std::pair<int, rocksdb::FileMetaData>]'
[INFO] [stderr]   /usr/include/c++/11/bits/alloc_traits.h:516:17:   required from 'static void std::allocator_traits<std::allocator<_Tp1> >::construct(std::allocator_traits<std::allocator<_Tp1> >::allocator_type&, _Up*, _Args&& ...) [with _Up = std::pair<int, rocksdb::FileMetaData>; _Args = {int&, rocksdb::FileMetaData}; _Tp = std::pair<int, rocksdb::FileMetaData>; std::allocator_traits<std::allocator<_Tp1> >::allocator_type = std::allocator<std::pair<int, rocksdb::FileMetaData> >]'
[INFO] [stderr]   /usr/include/c++/11/bits/vector.tcc:115:30:   required from 'void std::vector<_Tp, _Alloc>::emplace_back(_Args&& ...) [with _Args = {int&, rocksdb::FileMetaData}; _Tp = std::pair<int, rocksdb::FileMetaData>; _Alloc = std::allocator<std::pair<int, rocksdb::FileMetaData> >]'
[INFO] [stderr]   /opt/rustwide/cargo-home/registry/src/index.crates.io-6f17d22bba15001f/parity-rocksdb-sys-0.5.6/rocksdb/db/version_edit.h:227:28:   required from here
[INFO] [stderr]   /opt/rustwide/cargo-home/registry/src/index.crates.io-6f17d22bba15001f/parity-rocksdb-sys-0.5.6/rocksdb/db/version_edit.h:76:8: warning: implicitly-declared 'constexpr rocksdb::FileDescriptor::FileDescriptor(const rocksdb::FileDescriptor&)' is deprecated [-Wdeprecated-copy]
[INFO] [stderr]      76 | struct FileMetaData {
[INFO] [stderr]         |        ^~~~~~~~~~~~
[INFO] [stderr]   /opt/rustwide/cargo-home/registry/src/index.crates.io-6f17d22bba15001f/parity-rocksdb-sys-0.5.6/rocksdb/db/version_edit.h:47:19: note: because 'rocksdb::FileDescriptor' has user-provided 'rocksdb::FileDescriptor& rocksdb::FileDescriptor::operator=(const rocksdb::FileDescriptor&)'
[INFO] [stderr]      47 |   FileDescriptor& operator=(const FileDescriptor& fd) {
[INFO] [stderr]         |                   ^~~~~~~~
[INFO] [stderr]   In file included from /usr/include/c++/11/bits/stl_algobase.h:64,
[INFO] [stderr]                    from /usr/include/c++/11/memory:63,
[INFO] [stderr]                    from /opt/rustwide/cargo-home/registry/src/index.crates.io-6f17d22bba15001f/parity-rocksdb-sys-0.5.6/rocksdb/db/compaction_picker.h:12,
[INFO] [stderr]                    from /opt/rustwide/cargo-home/registry/src/index.crates.io-6f17d22bba15001f/parity-rocksdb-sys-0.5.6/rocksdb/db/compaction_picker.cc:10:
[INFO] [stderr]   /usr/include/c++/11/bits/stl_pair.h:353:42: note: synthesized method 'rocksdb::FileMetaData::FileMetaData(rocksdb::FileMetaData&&)' first required here
[INFO] [stderr]     353 |         : first(std::forward<_U1>(__x)), second(std::forward<_U2>(__y)) { }
[INFO] [stderr]         |                                          ^~~~~~~~~~~~~~~~~~~~~~~~~~~~~~
[INFO] [stderr]   In file included from /opt/rustwide/cargo-home/registry/src/index.crates.io-6f17d22bba15001f/parity-rocksdb-sys-0.5.6/rocksdb/db/range_del_aggregator.h:16,
[INFO] [stderr]                    from /opt/rustwide/cargo-home/registry/src/index.crates.io-6f17d22bba15001f/parity-rocksdb-sys-0.5.6/rocksdb/db/memtable.h:19,
[INFO] [stderr]                    from /opt/rustwide/cargo-home/registry/src/index.crates.io-6f17d22bba15001f/parity-rocksdb-sys-0.5.6/rocksdb/db/memtable_list.h:17,
[INFO] [stderr]                    from /opt/rustwide/cargo-home/registry/src/index.crates.io-6f17d22bba15001f/parity-rocksdb-sys-0.5.6/rocksdb/db/column_family.h:17,
[INFO] [stderr]                    from /opt/rustwide/cargo-home/registry/src/index.crates.io-6f17d22bba15001f/parity-rocksdb-sys-0.5.6/rocksdb/db/version_set.h:31,
[INFO] [stderr]                    from /opt/rustwide/cargo-home/registry/src/index.crates.io-6f17d22bba15001f/parity-rocksdb-sys-0.5.6/rocksdb/db/compaction.h:11,
[INFO] [stderr]                    from /opt/rustwide/cargo-home/registry/src/index.crates.io-6f17d22bba15001f/parity-rocksdb-sys-0.5.6/rocksdb/db/compaction_picker.h:18,
[INFO] [stderr]                    from /opt/rustwide/cargo-home/registry/src/index.crates.io-6f17d22bba15001f/parity-rocksdb-sys-0.5.6/rocksdb/db/compaction_picker.cc:10:
[INFO] [stderr]   /opt/rustwide/cargo-home/registry/src/index.crates.io-6f17d22bba15001f/parity-rocksdb-sys-0.5.6/rocksdb/db/version_edit.h: In instantiation of 'constexpr std::pair<_T1, _T2>::pair(_U1&&, const _T2&) [with _U1 = int&; typename std::enable_if<std::_PCC<true, _T1, _T2>::_MoveCopyPair<true, _U1, _T2>(), bool>::type <anonymous> = true; _T1 = int; _T2 = rocksdb::FileMetaData]':
[INFO] [stderr]   /usr/include/c++/11/ext/new_allocator.h:162:4:   required from 'void __gnu_cxx::new_allocator<_Tp>::construct(_Up*, _Args&& ...) [with _Up = std::pair<int, rocksdb::FileMetaData>; _Args = {int&, const rocksdb::FileMetaData&}; _Tp = std::pair<int, rocksdb::FileMetaData>]'
[INFO] [stderr]   /usr/include/c++/11/bits/alloc_traits.h:516:17:   required from 'static void std::allocator_traits<std::allocator<_Tp1> >::construct(std::allocator_traits<std::allocator<_Tp1> >::allocator_type&, _Up*, _Args&& ...) [with _Up = std::pair<int, rocksdb::FileMetaData>; _Args = {int&, const rocksdb::FileMetaData&}; _Tp = std::pair<int, rocksdb::FileMetaData>; std::allocator_traits<std::allocator<_Tp1> >::allocator_type = std::allocator<std::pair<int, rocksdb::FileMetaData> >]'
[INFO] [stderr]   /usr/include/c++/11/bits/vector.tcc:115:30:   required from 'void std::vector<_Tp, _Alloc>::emplace_back(_Args&& ...) [with _Args = {int&, const rocksdb::FileMetaData&}; _Tp = std::pair<int, rocksdb::FileMetaData>; _Alloc = std::allocator<std::pair<int, rocksdb::FileMetaData> >]'
[INFO] [stderr]   /opt/rustwide/cargo-home/registry/src/index.crates.io-6f17d22bba15001f/parity-rocksdb-sys-0.5.6/rocksdb/db/version_edit.h:232:28:   required from here
[INFO] [stderr]   /opt/rustwide/cargo-home/registry/src/index.crates.io-6f17d22bba15001f/parity-rocksdb-sys-0.5.6/rocksdb/db/version_edit.h:76:8: warning: implicitly-declared 'constexpr rocksdb::FileDescriptor::FileDescriptor(const rocksdb::FileDescriptor&)' is deprecated [-Wdeprecated-copy]
[INFO] [stderr]      76 | struct FileMetaData {
[INFO] [stderr]         |        ^~~~~~~~~~~~
[INFO] [stderr]   /opt/rustwide/cargo-home/registry/src/index.crates.io-6f17d22bba15001f/parity-rocksdb-sys-0.5.6/rocksdb/db/version_edit.h:47:19: note: because 'rocksdb::FileDescriptor' has user-provided 'rocksdb::FileDescriptor& rocksdb::FileDescriptor::operator=(const rocksdb::FileDescriptor&)'
[INFO] [stderr]      47 |   FileDescriptor& operator=(const FileDescriptor& fd) {
[INFO] [stderr]         |                   ^~~~~~~~
[INFO] [stderr]   In file included from /usr/include/c++/11/bits/stl_algobase.h:64,
[INFO] [stderr]                    from /usr/include/c++/11/memory:63,
[INFO] [stderr]                    from /opt/rustwide/cargo-home/registry/src/index.crates.io-6f17d22bba15001f/parity-rocksdb-sys-0.5.6/rocksdb/db/compaction_picker.h:12,
[INFO] [stderr]                    from /opt/rustwide/cargo-home/registry/src/index.crates.io-6f17d22bba15001f/parity-rocksdb-sys-0.5.6/rocksdb/db/compaction_picker.cc:10:
[INFO] [stderr]   /usr/include/c++/11/bits/stl_pair.h:323:41: note: synthesized method 'rocksdb::FileMetaData::FileMetaData(const rocksdb::FileMetaData&)' first required here
[INFO] [stderr]     323 |        : first(std::forward<_U1>(__x)), second(__y) { }
[INFO] [stderr]         |                                         ^~~~~~~~~~~
[INFO] [stderr]   /opt/rustwide/cargo-home/registry/src/index.crates.io-6f17d22bba15001f/parity-rocksdb-sys-0.5.6/rocksdb/db/version_edit.h: In instantiation of 'constexpr std::pair<_T1, _T2>::pair(_U1&&, _U2&&) [with _U1 = int&; _U2 = rocksdb::FileMetaData; typename std::enable_if<(std::_PCC<true, _T1, _T2>::_MoveConstructiblePair<_U1, _U2>() && std::_PCC<true, _T1, _T2>::_ImplicitlyMoveConvertiblePair<_U1, _U2>()), bool>::type <anonymous> = true; _T1 = int; _T2 = rocksdb::FileMetaData]':
[INFO] [stderr]   /usr/include/c++/11/ext/new_allocator.h:162:4:   required from 'void __gnu_cxx::new_allocator<_Tp>::construct(_Up*, _Args&& ...) [with _Up = std::pair<int, rocksdb::FileMetaData>; _Args = {int&, rocksdb::FileMetaData}; _Tp = std::pair<int, rocksdb::FileMetaData>]'
[INFO] [stderr]   /usr/include/c++/11/bits/alloc_traits.h:516:17:   required from 'static void std::allocator_traits<std::allocator<_Tp1> >::construct(std::allocator_traits<std::allocator<_Tp1> >::allocator_type&, _Up*, _Args&& ...) [with _Up = std::pair<int, rocksdb::FileMetaData>; _Args = {int&, rocksdb::FileMetaData}; _Tp = std::pair<int, rocksdb::FileMetaData>; std::allocator_traits<std::allocator<_Tp1> >::allocator_type = std::allocator<std::pair<int, rocksdb::FileMetaData> >]'
[INFO] [stderr]   /usr/include/c++/11/bits/vector.tcc:115:30:   required from 'void std::vector<_Tp, _Alloc>::emplace_back(_Args&& ...) [with _Args = {int&, rocksdb::FileMetaData}; _Tp = std::pair<int, rocksdb::FileMetaData>; _Alloc = std::allocator<std::pair<int, rocksdb::FileMetaData> >]'
[INFO] [stderr]   /opt/rustwide/cargo-home/registry/src/index.crates.io-6f17d22bba15001f/parity-rocksdb-sys-0.5.6/rocksdb/db/version_edit.h:227:28:   required from here
[INFO] [stderr]   /opt/rustwide/cargo-home/registry/src/index.crates.io-6f17d22bba15001f/parity-rocksdb-sys-0.5.6/rocksdb/db/version_edit.h:76:8: warning: implicitly-declared 'constexpr rocksdb::FileDescriptor::FileDescriptor(const rocksdb::FileDescriptor&)' is deprecated [-Wdeprecated-copy]
[INFO] [stderr]      76 | struct FileMetaData {
[INFO] [stderr]         |        ^~~~~~~~~~~~
[INFO] [stderr]   /opt/rustwide/cargo-home/registry/src/index.crates.io-6f17d22bba15001f/parity-rocksdb-sys-0.5.6/rocksdb/db/version_edit.h:47:19: note: because 'rocksdb::FileDescriptor' has user-provided 'rocksdb::FileDescriptor& rocksdb::FileDescriptor::operator=(const rocksdb::FileDescriptor&)'
[INFO] [stderr]      47 |   FileDescriptor& operator=(const FileDescriptor& fd) {
[INFO] [stderr]         |                   ^~~~~~~~
[INFO] [stderr]   In file included from /usr/include/c++/11/unordered_map:43,
[INFO] [stderr]                    from /opt/rustwide/cargo-home/registry/src/index.crates.io-6f17d22bba15001f/parity-rocksdb-sys-0.5.6/rocksdb/db/column_family.h:12,
[INFO] [stderr]                    from /opt/rustwide/cargo-home/registry/src/index.crates.io-6f17d22bba15001f/parity-rocksdb-sys-0.5.6/rocksdb/db/column_family.cc:10:
[INFO] [stderr]   /usr/include/c++/11/bits/stl_pair.h:353:42: note: synthesized method 'rocksdb::FileMetaData::FileMetaData(rocksdb::FileMetaData&&)' first required here
[INFO] [stderr]     353 |         : first(std::forward<_U1>(__x)), second(std::forward<_U2>(__y)) { }
[INFO] [stderr]         |                                          ^~~~~~~~~~~~~~~~~~~~~~~~~~~~~~
[INFO] [stderr]   In file included from /opt/rustwide/cargo-home/registry/src/index.crates.io-6f17d22bba15001f/parity-rocksdb-sys-0.5.6/rocksdb/db/range_del_aggregator.h:16,
[INFO] [stderr]                    from /opt/rustwide/cargo-home/registry/src/index.crates.io-6f17d22bba15001f/parity-rocksdb-sys-0.5.6/rocksdb/db/memtable.h:19,
[INFO] [stderr]                    from /opt/rustwide/cargo-home/registry/src/index.crates.io-6f17d22bba15001f/parity-rocksdb-sys-0.5.6/rocksdb/db/memtable_list.h:17,
[INFO] [stderr]                    from /opt/rustwide/cargo-home/registry/src/index.crates.io-6f17d22bba15001f/parity-rocksdb-sys-0.5.6/rocksdb/db/column_family.h:17,
[INFO] [stderr]                    from /opt/rustwide/cargo-home/registry/src/index.crates.io-6f17d22bba15001f/parity-rocksdb-sys-0.5.6/rocksdb/db/column_family.cc:10:
[INFO] [stderr]   /opt/rustwide/cargo-home/registry/src/index.crates.io-6f17d22bba15001f/parity-rocksdb-sys-0.5.6/rocksdb/db/version_edit.h: In instantiation of 'constexpr std::pair<_T1, _T2>::pair(_U1&&, const _T2&) [with _U1 = int&; typename std::enable_if<std::_PCC<true, _T1, _T2>::_MoveCopyPair<true, _U1, _T2>(), bool>::type <anonymous> = true; _T1 = int; _T2 = rocksdb::FileMetaData]':
[INFO] [stderr]   /usr/include/c++/11/ext/new_allocator.h:162:4:   required from 'void __gnu_cxx::new_allocator<_Tp>::construct(_Up*, _Args&& ...) [with _Up = std::pair<int, rocksdb::FileMetaData>; _Args = {int&, const rocksdb::FileMetaData&}; _Tp = std::pair<int, rocksdb::FileMetaData>]'
[INFO] [stderr]   /usr/include/c++/11/bits/alloc_traits.h:516:17:   required from 'static void std::allocator_traits<std::allocator<_Tp1> >::construct(std::allocator_traits<std::allocator<_Tp1> >::allocator_type&, _Up*, _Args&& ...) [with _Up = std::pair<int, rocksdb::FileMetaData>; _Args = {int&, const rocksdb::FileMetaData&}; _Tp = std::pair<int, rocksdb::FileMetaData>; std::allocator_traits<std::allocator<_Tp1> >::allocator_type = std::allocator<std::pair<int, rocksdb::FileMetaData> >]'
[INFO] [stderr]   /usr/include/c++/11/bits/vector.tcc:115:30:   required from 'void std::vector<_Tp, _Alloc>::emplace_back(_Args&& ...) [with _Args = {int&, const rocksdb::FileMetaData&}; _Tp = std::pair<int, rocksdb::FileMetaData>; _Alloc = std::allocator<std::pair<int, rocksdb::FileMetaData> >]'
[INFO] [stderr]   /opt/rustwide/cargo-home/registry/src/index.crates.io-6f17d22bba15001f/parity-rocksdb-sys-0.5.6/rocksdb/db/version_edit.h:232:28:   required from here
[INFO] [stderr]   /opt/rustwide/cargo-home/registry/src/index.crates.io-6f17d22bba15001f/parity-rocksdb-sys-0.5.6/rocksdb/db/version_edit.h:76:8: warning: implicitly-declared 'constexpr rocksdb::FileDescriptor::FileDescriptor(const rocksdb::FileDescriptor&)' is deprecated [-Wdeprecated-copy]
[INFO] [stderr]      76 | struct FileMetaData {
[INFO] [stderr]         |        ^~~~~~~~~~~~
[INFO] [stderr]   /opt/rustwide/cargo-home/registry/src/index.crates.io-6f17d22bba15001f/parity-rocksdb-sys-0.5.6/rocksdb/db/version_edit.h:47:19: note: because 'rocksdb::FileDescriptor' has user-provided 'rocksdb::FileDescriptor& rocksdb::FileDescriptor::operator=(const rocksdb::FileDescriptor&)'
[INFO] [stderr]      47 |   FileDescriptor& operator=(const FileDescriptor& fd) {
[INFO] [stderr]         |                   ^~~~~~~~
[INFO] [stderr]   In file included from /usr/include/c++/11/unordered_map:43,
[INFO] [stderr]                    from /opt/rustwide/cargo-home/registry/src/index.crates.io-6f17d22bba15001f/parity-rocksdb-sys-0.5.6/rocksdb/db/column_family.h:12,
[INFO] [stderr]                    from /opt/rustwide/cargo-home/registry/src/index.crates.io-6f17d22bba15001f/parity-rocksdb-sys-0.5.6/rocksdb/db/column_family.cc:10:
[INFO] [stderr]   /usr/include/c++/11/bits/stl_pair.h:323:41: note: synthesized method 'rocksdb::FileMetaData::FileMetaData(const rocksdb::FileMetaData&)' first required here
[INFO] [stderr]     323 |        : first(std::forward<_U1>(__x)), second(__y) { }
[INFO] [stderr]         |                                         ^~~~~~~~~~~
[INFO] [stderr]   /opt/rustwide/cargo-home/registry/src/index.crates.io-6f17d22bba15001f/parity-rocksdb-sys-0.5.6/rocksdb/db/version_edit.h: In instantiation of 'void __gnu_cxx::new_allocator<_Tp>::construct(_Up*, _Args&& ...) [with _Up = rocksdb::CompactionJob::SubcompactionState::Output; _Args = {const rocksdb::CompactionJob::SubcompactionState::Output&}; _Tp = rocksdb::CompactionJob::SubcompactionState::Output]':
[INFO] [stderr]   /usr/include/c++/11/bits/alloc_traits.h:516:17:   required from 'static void std::allocator_traits<std::allocator<_Tp1> >::construct(std::allocator_traits<std::allocator<_Tp1> >::allocator_type&, _Up*, _Args&& ...) [with _Up = rocksdb::CompactionJob::SubcompactionState::Output; _Args = {const rocksdb::CompactionJob::SubcompactionState::Output&}; _Tp = rocksdb::CompactionJob::SubcompactionState::Output; std::allocator_traits<std::allocator<_Tp1> >::allocator_type = std::allocator<rocksdb::CompactionJob::SubcompactionState::Output>]'
[INFO] [stderr]   /usr/include/c++/11/bits/stl_vector.h:1192:30:   required from 'void std::vector<_Tp, _Alloc>::push_back(const value_type&) [with _Tp = rocksdb::CompactionJob::SubcompactionState::Output; _Alloc = std::allocator<rocksdb::CompactionJob::SubcompactionState::Output>; std::vector<_Tp, _Alloc>::value_type = rocksdb::CompactionJob::SubcompactionState::Output]'
[INFO] [stderr]   /opt/rustwide/cargo-home/registry/src/index.crates.io-6f17d22bba15001f/parity-rocksdb-sys-0.5.6/rocksdb/db/compaction_job.cc:1358:33:   required from here
[INFO] [stderr]   /opt/rustwide/cargo-home/registry/src/index.crates.io-6f17d22bba15001f/parity-rocksdb-sys-0.5.6/rocksdb/db/version_edit.h:76:8: warning: implicitly-declared 'constexpr rocksdb::FileDescriptor::FileDescriptor(const rocksdb::FileDescriptor&)' is deprecated [-Wdeprecated-copy]
[INFO] [stderr]      76 | struct FileMetaData {
[INFO] [stderr]         |        ^~~~~~~~~~~~
[INFO] [stderr]   /opt/rustwide/cargo-home/registry/src/index.crates.io-6f17d22bba15001f/parity-rocksdb-sys-0.5.6/rocksdb/db/version_edit.h:47:19: note: because 'rocksdb::FileDescriptor' has user-provided 'rocksdb::FileDescriptor& rocksdb::FileDescriptor::operator=(const rocksdb::FileDescriptor&)'
[INFO] [stderr]      47 |   FileDescriptor& operator=(const FileDescriptor& fd) {
[INFO] [stderr]         |                   ^~~~~~~~
[INFO] [stderr]   /opt/rustwide/cargo-home/registry/src/index.crates.io-6f17d22bba15001f/parity-rocksdb-sys-0.5.6/rocksdb/db/compaction_job.cc:119:10: note: synthesized method 'rocksdb::FileMetaData::FileMetaData(const rocksdb::FileMetaData&)' first required here
[INFO] [stderr]     119 |   struct Output {
[INFO] [stderr]         |          ^~~~~~
[INFO] [stderr]   In file included from /usr/include/x86_64-linux-gnu/c++/11/bits/c++allocator.h:33,
[INFO] [stderr]                    from /usr/include/c++/11/bits/allocator.h:46,
[INFO] [stderr]                    from /usr/include/c++/11/deque:64,
[INFO] [stderr]                    from /opt/rustwide/cargo-home/registry/src/index.crates.io-6f17d22bba15001f/parity-rocksdb-sys-0.5.6/rocksdb/db/compaction_job.h:12,
[INFO] [stderr]                    from /opt/rustwide/cargo-home/registry/src/index.crates.io-6f17d22bba15001f/parity-rocksdb-sys-0.5.6/rocksdb/db/compaction_job.cc:10:
[INFO] [stderr]   /usr/include/c++/11/ext/new_allocator.h:162:11: note: synthesized method 'rocksdb::CompactionJob::SubcompactionState::Output::Output(const rocksdb::CompactionJob::SubcompactionState::Output&)' first required here
[INFO] [stderr]     162 |         { ::new((void *)__p) _Up(std::forward<_Args>(__args)...); }
[INFO] [stderr]         |           ^~~~~~~~~~~~~~~~~~~~~~~~~~~~~~~~~~~~~~~~~~~~~~~~~~~~~~
[INFO] [stderr]   In file included from /opt/rustwide/cargo-home/registry/src/index.crates.io-6f17d22bba15001f/parity-rocksdb-sys-0.5.6/rocksdb/db/range_del_aggregator.h:16,
[INFO] [stderr]                    from /opt/rustwide/cargo-home/registry/src/index.crates.io-6f17d22bba15001f/parity-rocksdb-sys-0.5.6/rocksdb/db/memtable.h:19,
[INFO] [stderr]                    from /opt/rustwide/cargo-home/registry/src/index.crates.io-6f17d22bba15001f/parity-rocksdb-sys-0.5.6/rocksdb/db/memtable_list.h:17,
[INFO] [stderr]                    from /opt/rustwide/cargo-home/registry/src/index.crates.io-6f17d22bba15001f/parity-rocksdb-sys-0.5.6/rocksdb/db/column_family.h:17,
[INFO] [stderr]                    from /opt/rustwide/cargo-home/registry/src/index.crates.io-6f17d22bba15001f/parity-rocksdb-sys-0.5.6/rocksdb/db/compaction_job.h:20,
[INFO] [stderr]                    from /opt/rustwide/cargo-home/registry/src/index.crates.io-6f17d22bba15001f/parity-rocksdb-sys-0.5.6/rocksdb/db/compaction_job.cc:10:
[INFO] [stderr]   /opt/rustwide/cargo-home/registry/src/index.crates.io-6f17d22bba15001f/parity-rocksdb-sys-0.5.6/rocksdb/db/version_edit.h: In instantiation of 'constexpr std::pair<_T1, _T2>::pair(_U1&&, _U2&&) [with _U1 = int&; _U2 = rocksdb::FileMetaData; typename std::enable_if<(std::_PCC<true, _T1, _T2>::_MoveConstructiblePair<_U1, _U2>() && std::_PCC<true, _T1, _T2>::_ImplicitlyMoveConvertiblePair<_U1, _U2>()), bool>::type <anonymous> = true; _T1 = int; _T2 = rocksdb::FileMetaData]':
[INFO] [stderr]   /usr/include/c++/11/ext/new_allocator.h:162:4:   required from 'void __gnu_cxx::new_allocator<_Tp>::construct(_Up*, _Args&& ...) [with _Up = std::pair<int, rocksdb::FileMetaData>; _Args = {int&, rocksdb::FileMetaData}; _Tp = std::pair<int, rocksdb::FileMetaData>]'
[INFO] [stderr]   /usr/include/c++/11/bits/alloc_traits.h:516:17:   required from 'static void std::allocator_traits<std::allocator<_Tp1> >::construct(std::allocator_traits<std::allocator<_Tp1> >::allocator_type&, _Up*, _Args&& ...) [with _Up = std::pair<int, rocksdb::FileMetaData>; _Args = {int&, rocksdb::FileMetaData}; _Tp = std::pair<int, rocksdb::FileMetaData>; std::allocator_traits<std::allocator<_Tp1> >::allocator_type = std::allocator<std::pair<int, rocksdb::FileMetaData> >]'
[INFO] [stderr]   /usr/include/c++/11/bits/vector.tcc:115:30:   required from 'void std::vector<_Tp, _Alloc>::emplace_back(_Args&& ...) [with _Args = {int&, rocksdb::FileMetaData}; _Tp = std::pair<int, rocksdb::FileMetaData>; _Alloc = std::allocator<std::pair<int, rocksdb::FileMetaData> >]'
[INFO] [stderr]   /opt/rustwide/cargo-home/registry/src/index.crates.io-6f17d22bba15001f/parity-rocksdb-sys-0.5.6/rocksdb/db/version_edit.h:227:28:   required from here
[INFO] [stderr]   /opt/rustwide/cargo-home/registry/src/index.crates.io-6f17d22bba15001f/parity-rocksdb-sys-0.5.6/rocksdb/db/version_edit.h:76:8: warning: implicitly-declared 'constexpr rocksdb::FileDescriptor::FileDescriptor(const rocksdb::FileDescriptor&)' is deprecated [-Wdeprecated-copy]
[INFO] [stderr]      76 | struct FileMetaData {
[INFO] [stderr]         |        ^~~~~~~~~~~~
[INFO] [stderr]   /opt/rustwide/cargo-home/registry/src/index.crates.io-6f17d22bba15001f/parity-rocksdb-sys-0.5.6/rocksdb/db/version_edit.h:47:19: note: because 'rocksdb::FileDescriptor' has user-provided 'rocksdb::FileDescriptor& rocksdb::FileDescriptor::operator=(const rocksdb::FileDescriptor&)'
[INFO] [stderr]      47 |   FileDescriptor& operator=(const FileDescriptor& fd) {
[INFO] [stderr]         |                   ^~~~~~~~
[INFO] [stderr]   In file included from /usr/include/c++/11/bits/stl_algobase.h:64,
[INFO] [stderr]                    from /usr/include/c++/11/deque:60,
[INFO] [stderr]                    from /opt/rustwide/cargo-home/registry/src/index.crates.io-6f17d22bba15001f/parity-rocksdb-sys-0.5.6/rocksdb/db/compaction_job.h:12,
[INFO] [stderr]                    from /opt/rustwide/cargo-home/registry/src/index.crates.io-6f17d22bba15001f/parity-rocksdb-sys-0.5.6/rocksdb/db/compaction_job.cc:10:
[INFO] [stderr]   /usr/include/c++/11/bits/stl_pair.h:353:42: note: synthesized method 'rocksdb::FileMetaData::FileMetaData(rocksdb::FileMetaData&&)' first required here
[INFO] [stderr]     353 |         : first(std::forward<_U1>(__x)), second(std::forward<_U2>(__y)) { }
[INFO] [stderr]         |                                          ^~~~~~~~~~~~~~~~~~~~~~~~~~~~~~
[INFO] [stderr]   gmake[2]: *** [CMakeFiles/Makefile2:484: CMakeFiles/rocksdb.dir/all] Error 2
[INFO] [stderr]   gmake[1]: *** [CMakeFiles/Makefile2:491: CMakeFiles/rocksdb.dir/rule] Error 2
[INFO] [stderr]   gmake: *** [Makefile:208: rocksdb] Error 2
[INFO] [stderr]   thread 'main' panicked at /opt/rustwide/cargo-home/registry/src/index.crates.io-6f17d22bba15001f/cmake-0.1.50/src/lib.rs:1098:5:
[INFO] [stderr] 
[INFO] [stderr]   command did not execute successfully, got: exit status: 2
[INFO] [stderr] 
[INFO] [stderr]   build script failed, must exit now
[INFO] [stderr]   stack backtrace:
[INFO] [stderr]      0:     0x55d7395490e6 - std::backtrace_rs::backtrace::libunwind::trace::h261606ad26a499c1
[INFO] [stderr]                                  at /rustc/0e09125c6c3c2fd70d7de961bcf0e51575235fad/library/std/src/../../backtrace/src/backtrace/libunwind.rs:104:5
[INFO] [stderr]      1:     0x55d7395490e6 - std::backtrace_rs::backtrace::trace_unsynchronized::hd183f0625477fb28
[INFO] [stderr]                                  at /rustc/0e09125c6c3c2fd70d7de961bcf0e51575235fad/library/std/src/../../backtrace/src/backtrace/mod.rs:66:5
[INFO] [stderr]      2:     0x55d7395490e6 - std::sys_common::backtrace::_print_fmt::hd7f8fef21b4eda67
[INFO] [stderr]                                  at /rustc/0e09125c6c3c2fd70d7de961bcf0e51575235fad/library/std/src/sys_common/backtrace.rs:68:5
[INFO] [stderr]      3:     0x55d7395490e6 - <std::sys_common::backtrace::_print::DisplayBacktrace as core::fmt::Display>::fmt::h623d9b51f2f453f1
[INFO] [stderr]                                  at /rustc/0e09125c6c3c2fd70d7de961bcf0e51575235fad/library/std/src/sys_common/backtrace.rs:44:22
[INFO] [stderr]      4:     0x55d73956e9b0 - core::fmt::rt::Argument::fmt::h9f417ac76a86f368
[INFO] [stderr]                                  at /rustc/0e09125c6c3c2fd70d7de961bcf0e51575235fad/library/core/src/fmt/rt.rs:142:9
[INFO] [stderr]      5:     0x55d73956e9b0 - core::fmt::write::hc9b6faf4ac2aeff7
[INFO] [stderr]                                  at /rustc/0e09125c6c3c2fd70d7de961bcf0e51575235fad/library/core/src/fmt/mod.rs:1120:17
[INFO] [stderr]      6:     0x55d73954691f - std::io::Write::write_fmt::hfead1eee52c2e65e
[INFO] [stderr]                                  at /rustc/0e09125c6c3c2fd70d7de961bcf0e51575235fad/library/std/src/io/mod.rs:1810:15
[INFO] [stderr]      7:     0x55d739548ec4 - std::sys_common::backtrace::_print::hd5d66399c7df88a2
[INFO] [stderr]                                  at /rustc/0e09125c6c3c2fd70d7de961bcf0e51575235fad/library/std/src/sys_common/backtrace.rs:47:5
[INFO] [stderr]      8:     0x55d739548ec4 - std::sys_common::backtrace::print::he81ed2da642d37e5
[INFO] [stderr]                                  at /rustc/0e09125c6c3c2fd70d7de961bcf0e51575235fad/library/std/src/sys_common/backtrace.rs:34:9
[INFO] [stderr]      9:     0x55d73954a7a7 - std::panicking::default_hook::{{closure}}::h85773f4fa117163d
[INFO] [stderr]     10:     0x55d73954a509 - std::panicking::default_hook::h6a1694a91d09b278
[INFO] [stderr]                                  at /rustc/0e09125c6c3c2fd70d7de961bcf0e51575235fad/library/std/src/panicking.rs:292:9
[INFO] [stderr]     11:     0x55d73954ac38 - std::panicking::rust_panic_with_hook::h0a7ad96e90f7145b
[INFO] [stderr]                                  at /rustc/0e09125c6c3c2fd70d7de961bcf0e51575235fad/library/std/src/panicking.rs:779:13
[INFO] [stderr]     12:     0x55d73954ab12 - std::panicking::begin_panic_handler::{{closure}}::h7919090525c6485e
[INFO] [stderr]                                  at /rustc/0e09125c6c3c2fd70d7de961bcf0e51575235fad/library/std/src/panicking.rs:657:13
[INFO] [stderr]     13:     0x55d7395495e6 - std::sys_common::backtrace::__rust_end_short_backtrace::hf3289479464f7dfe
[INFO] [stderr]                                  at /rustc/0e09125c6c3c2fd70d7de961bcf0e51575235fad/library/std/src/sys_common/backtrace.rs:171:18
[INFO] [stderr]     14:     0x55d73954a870 - rust_begin_unwind
[INFO] [stderr]                                  at /rustc/0e09125c6c3c2fd70d7de961bcf0e51575235fad/library/std/src/panicking.rs:645:5
[INFO] [stderr]     15:     0x55d7394c8635 - core::panicking::panic_fmt::hcc9f77c5c132af55
[INFO] [stderr]                                  at /rustc/0e09125c6c3c2fd70d7de961bcf0e51575235fad/library/core/src/panicking.rs:72:14
[INFO] [stderr]     16:     0x55d7394dda01 - cmake::fail::h21a81ab948e77449
[INFO] [stderr]     17:     0x55d7394dd197 - cmake::run::h6676511ec6b94cd8
[INFO] [stderr]     18:     0x55d7394d9acd - cmake::Config::build::h26c735dd9425432a
[INFO] [stderr]     19:     0x55d7394cb2a1 - build_script_build::main::h720498169fe0d59a
[INFO] [stderr]     20:     0x55d7394c9233 - core::ops::function::FnOnce::call_once::h442513ae0dbef26e
[INFO] [stderr]     21:     0x55d7394c8e36 - std::sys_common::backtrace::__rust_begin_short_backtrace::he549626c84a7d820
[INFO] [stderr]     22:     0x55d7394c8f49 - std::rt::lang_start::{{closure}}::hd1a99ccf0d9b35ea
[INFO] [stderr]     23:     0x55d739542561 - core::ops::function::impls::<impl core::ops::function::FnOnce<A> for &F>::call_once::h4eb4c5e1620f29b0
[INFO] [stderr]                                  at /rustc/0e09125c6c3c2fd70d7de961bcf0e51575235fad/library/core/src/ops/function.rs:284:13
[INFO] [stderr]     24:     0x55d739542561 - std::panicking::try::do_call::h73fd26535faffcdf
[INFO] [stderr]                                  at /rustc/0e09125c6c3c2fd70d7de961bcf0e51575235fad/library/std/src/panicking.rs:552:40
[INFO] [stderr]     25:     0x55d739542561 - std::panicking::try::h77ff1d98f0fb9f39
[INFO] [stderr]                                  at /rustc/0e09125c6c3c2fd70d7de961bcf0e51575235fad/library/std/src/panicking.rs:516:19
[INFO] [stderr]     26:     0x55d739542561 - std::panic::catch_unwind::hab3caf2448b95e37
[INFO] [stderr]                                  at /rustc/0e09125c6c3c2fd70d7de961bcf0e51575235fad/library/std/src/panic.rs:142:14
[INFO] [stderr]     27:     0x55d739542561 - std::rt::lang_start_internal::{{closure}}::h8086711f9c783f78
[INFO] [stderr]                                  at /rustc/0e09125c6c3c2fd70d7de961bcf0e51575235fad/library/std/src/rt.rs:148:48
[INFO] [stderr]     28:     0x55d739542561 - std::panicking::try::do_call::hf920d4dc291cd6ca
[INFO] [stderr]                                  at /rustc/0e09125c6c3c2fd70d7de961bcf0e51575235fad/library/std/src/panicking.rs:552:40
[INFO] [stderr]     29:     0x55d739542561 - std::panicking::try::h2b806ccc0a85db74
[INFO] [stderr]                                  at /rustc/0e09125c6c3c2fd70d7de961bcf0e51575235fad/library/std/src/panicking.rs:516:19
[INFO] [stderr]     30:     0x55d739542561 - std::panic::catch_unwind::h038489539c507df2
[INFO] [stderr]                                  at /rustc/0e09125c6c3c2fd70d7de961bcf0e51575235fad/library/std/src/panic.rs:142:14
[INFO] [stderr]     31:     0x55d739542561 - std::rt::lang_start_internal::h28503b88912e8a5c
[INFO] [stderr]                                  at /rustc/0e09125c6c3c2fd70d7de961bcf0e51575235fad/library/std/src/rt.rs:148:20
[INFO] [stderr]     32:     0x55d7394c8f27 - std::rt::lang_start::h4ed063d2d7184610
[INFO] [stderr]     33:     0x55d7394cbb25 - main
[INFO] [stderr]     34:     0x7ff08b1e0d90 - <unknown>
[INFO] [stderr]     35:     0x7ff08b1e0e40 - __libc_start_main
[INFO] [stderr]     36:     0x55d7394c8d65 - _start
[INFO] [stderr]     37:                0x0 - <unknown>
[INFO] running `Command { std: "docker" "inspect" "24d7f0e224a6b3e8eba3084df2401d66b8aec7843f99908f6621cb7db92df713", kill_on_drop: false }`
[INFO] running `Command { std: "docker" "rm" "-f" "24d7f0e224a6b3e8eba3084df2401d66b8aec7843f99908f6621cb7db92df713", kill_on_drop: false }`
[INFO] [stdout] 24d7f0e224a6b3e8eba3084df2401d66b8aec7843f99908f6621cb7db92df713
