[INFO] fetching crate paradedb-tantivy 0.21.0...
[INFO] testing paradedb-tantivy-0.21.0 against 1.75.0 for beta-1.76-1
[INFO] extracting crate paradedb-tantivy 0.21.0 into /workspace/builds/worker-7-tc1/source
[INFO] validating manifest of crates.io crate paradedb-tantivy 0.21.0 on toolchain 1.75.0
[INFO] running `Command { std: CARGO_HOME="/workspace/cargo-home" RUSTUP_HOME="/workspace/rustup-home" "/workspace/cargo-home/bin/cargo" "+1.75.0" "metadata" "--manifest-path" "Cargo.toml" "--no-deps", kill_on_drop: false }`
[INFO] started tweaking crates.io crate paradedb-tantivy 0.21.0
[INFO] removed 0 missing tests
[INFO] finished tweaking crates.io crate paradedb-tantivy 0.21.0
[INFO] tweaked toml for crates.io crate paradedb-tantivy 0.21.0 written to /workspace/builds/worker-7-tc1/source/Cargo.toml
[INFO] crate crates.io crate paradedb-tantivy 0.21.0 already has a lockfile, it will not be regenerated
[INFO] running `Command { std: CARGO_HOME="/workspace/cargo-home" RUSTUP_HOME="/workspace/rustup-home" "/workspace/cargo-home/bin/cargo" "+1.75.0" "fetch" "--manifest-path" "Cargo.toml", kill_on_drop: false }`
[INFO] [stderr]     Updating crates.io index
[INFO] [stderr]  Downloading crates ...
[INFO] [stderr]   Downloaded ownedbytes v0.6.0
[INFO] [stderr]   Downloaded lz4_flex v0.11.1
[INFO] [stderr]   Downloaded tantivy-tokenizer-api v0.2.0
[INFO] [stderr]   Downloaded tantivy-common v0.6.0
[INFO] [stderr]   Downloaded murmurhash32 v0.3.0
[INFO] [stderr]   Downloaded census v0.4.1
[INFO] [stderr]   Downloaded fail v0.5.1
[INFO] [stderr]   Downloaded tantivy-sstable v0.2.0
[INFO] [stderr]   Downloaded tantivy-query-grammar v0.21.0
[INFO] [stderr]   Downloaded tantivy-columnar v0.2.0
[INFO] [stderr]   Downloaded more-asserts v0.3.1
[INFO] [stderr]   Downloaded serde_json v1.0.106
[INFO] [stderr]   Downloaded proptest v1.2.0
[INFO] [stderr]   Downloaded tantivy-fst v0.4.0
[INFO] [stderr]   Downloaded sketches-ddsketch v0.2.1
[INFO] [stderr]   Downloaded oneshot v0.1.5
[INFO] [stderr]   Downloaded fs4 v0.6.6
[INFO] [stderr]   Downloaded test-log v0.2.12
[INFO] [stderr]   Downloaded tantivy-bitpacker v0.5.0
[INFO] [stderr]   Downloaded tantivy-stacker v0.2.0
[INFO] running `Command { std: "docker" "create" "-v" "/var/lib/crater-agent-workspace/builds/worker-7-tc1/target:/opt/rustwide/target:rw,Z" "-v" "/var/lib/crater-agent-workspace/builds/worker-7-tc1/source:/opt/rustwide/workdir:ro,Z" "-v" "/var/lib/crater-agent-workspace/cargo-home:/opt/rustwide/cargo-home:ro,Z" "-v" "/var/lib/crater-agent-workspace/rustup-home:/opt/rustwide/rustup-home:ro,Z" "-e" "SOURCE_DIR=/opt/rustwide/workdir" "-e" "CARGO_TARGET_DIR=/opt/rustwide/target" "-e" "CARGO_HOME=/opt/rustwide/cargo-home" "-e" "RUSTUP_HOME=/opt/rustwide/rustup-home" "-w" "/opt/rustwide/workdir" "-m" "1610612736" "--user" "0:0" "--network" "none" "ghcr.io/rust-lang/crates-build-env/linux@sha256:2788e3201cd34a07e3172128adcd8b3090168a8e3bcc40d7c032b9dda1df7d1c" "/opt/rustwide/cargo-home/bin/cargo" "+1.75.0" "metadata" "--no-deps" "--format-version=1", kill_on_drop: false }`
[INFO] [stdout] 7d192c091f71e7d3eadcb93ff45f08e6e70574c6c5b09682a5f6621877aa9e32
[INFO] running `Command { std: "docker" "start" "-a" "7d192c091f71e7d3eadcb93ff45f08e6e70574c6c5b09682a5f6621877aa9e32", kill_on_drop: false }`
[INFO] running `Command { std: "docker" "inspect" "7d192c091f71e7d3eadcb93ff45f08e6e70574c6c5b09682a5f6621877aa9e32", kill_on_drop: false }`
[INFO] running `Command { std: "docker" "rm" "-f" "7d192c091f71e7d3eadcb93ff45f08e6e70574c6c5b09682a5f6621877aa9e32", kill_on_drop: false }`
[INFO] [stdout] 7d192c091f71e7d3eadcb93ff45f08e6e70574c6c5b09682a5f6621877aa9e32
[INFO] running `Command { std: "docker" "create" "-v" "/var/lib/crater-agent-workspace/builds/worker-7-tc1/target:/opt/rustwide/target:rw,Z" "-v" "/var/lib/crater-agent-workspace/builds/worker-7-tc1/source:/opt/rustwide/workdir:ro,Z" "-v" "/var/lib/crater-agent-workspace/cargo-home:/opt/rustwide/cargo-home:ro,Z" "-v" "/var/lib/crater-agent-workspace/rustup-home:/opt/rustwide/rustup-home:ro,Z" "-e" "SOURCE_DIR=/opt/rustwide/workdir" "-e" "CARGO_TARGET_DIR=/opt/rustwide/target" "-e" "CARGO_INCREMENTAL=0" "-e" "RUST_BACKTRACE=full" "-e" "RUSTFLAGS=--cap-lints=warn" "-e" "RUSTDOCFLAGS=--cap-lints=warn" "-e" "CARGO_HOME=/opt/rustwide/cargo-home" "-e" "RUSTUP_HOME=/opt/rustwide/rustup-home" "-w" "/opt/rustwide/workdir" "-m" "1610612736" "--user" "0:0" "--network" "none" "ghcr.io/rust-lang/crates-build-env/linux@sha256:2788e3201cd34a07e3172128adcd8b3090168a8e3bcc40d7c032b9dda1df7d1c" "/opt/rustwide/cargo-home/bin/cargo" "+1.75.0" "build" "--frozen" "--message-format=json", kill_on_drop: false }`
[INFO] [stdout] 4c2b7775faac32431651beb0e793314f613a5e227f5bd75abd2634494dec0703
[INFO] running `Command { std: "docker" "start" "-a" "4c2b7775faac32431651beb0e793314f613a5e227f5bd75abd2634494dec0703", kill_on_drop: false }`
[INFO] [stderr]    Compiling proc-macro2 v1.0.66
[INFO] [stderr]    Compiling unicode-ident v1.0.11
[INFO] [stderr]    Compiling libc v0.2.147
[INFO] [stderr]    Compiling serde v1.0.188
[INFO] [stderr]    Compiling pkg-config v0.3.27
[INFO] [stderr]    Compiling crossbeam-utils v0.8.16
[INFO] [stderr]    Compiling async-trait v0.1.73
[INFO] [stderr]    Compiling itoa v1.0.9
[INFO] [stderr]    Compiling time-core v0.1.1
[INFO] [stderr]    Compiling crunchy v0.2.2
[INFO] [stderr]    Compiling zstd-safe v6.0.6
[INFO] [stderr]    Compiling stable_deref_trait v1.2.0
[INFO] [stderr]    Compiling byteorder v1.4.3
[INFO] [stderr]    Compiling memoffset v0.9.0
[INFO] [stderr]    Compiling crossbeam-epoch v0.9.15
[INFO] [stderr]    Compiling ahash v0.8.3
[INFO] [stderr]    Compiling ownedbytes v0.6.0
[INFO] [stderr]    Compiling rustix v0.38.13
[INFO] [stderr]    Compiling memchr v2.6.3
[INFO] [stderr]    Compiling regex-syntax v0.6.29
[INFO] [stderr]    Compiling utf8-ranges v1.0.5
[INFO] [stderr]    Compiling linux-raw-sys v0.4.7
[INFO] [stderr]    Compiling bitflags v2.4.0
[INFO] [stderr]    Compiling once_cell v1.18.0
[INFO] [stderr]    Compiling serde_json v1.0.106
[INFO] [stderr]    Compiling murmurhash32 v0.3.0
[INFO] [stderr]    Compiling bitpacking v0.8.4
[INFO] [stderr]    Compiling thiserror v1.0.48
[INFO] [stderr]    Compiling regex-syntax v0.7.5
[INFO] [stderr]    Compiling allocator-api2 v0.2.16
[INFO] [stderr]    Compiling itertools v0.11.0
[INFO] [stderr]    Compiling instant v0.1.12
[INFO] [stderr]    Compiling nom v7.1.3
[INFO] [stderr]    Compiling log v0.4.20
[INFO] [stderr]    Compiling crossbeam-channel v0.5.8
[INFO] [stderr]    Compiling quote v1.0.33
[INFO] [stderr]    Compiling crossbeam-deque v0.8.3
[INFO] [stderr]    Compiling fastdivide v0.4.0
[INFO] [stderr]    Compiling syn v2.0.32
[INFO] [stderr]    Compiling jobserver v0.1.26
[INFO] [stderr]    Compiling num_cpus v1.16.0
[INFO] [stderr]    Compiling hashbrown v0.14.0
[INFO] [stderr]    Compiling getrandom v0.2.10
[INFO] [stderr]    Compiling fastrand v2.0.0
[INFO] [stderr]    Compiling cc v1.0.83
[INFO] [stderr]    Compiling ryu v1.0.15
[INFO] [stderr]    Compiling rayon-core v1.11.0
[INFO] [stderr]    Compiling memmap2 v0.7.1
[INFO] [stderr]    Compiling measure_time v0.8.2
[INFO] [stderr]    Compiling aho-corasick v1.0.5
[INFO] [stderr]    Compiling levenshtein_automata v0.2.1
[INFO] [stderr]    Compiling lz4_flex v0.11.1
[INFO] [stderr]    Compiling rustc-hash v1.1.0
[INFO] [stderr]    Compiling smallvec v1.11.0
[INFO] [stderr]    Compiling census v0.4.1
[INFO] [stderr]    Compiling base64 v0.21.4
[INFO] [stderr]    Compiling arc-swap v1.6.0
[INFO] [stderr]    Compiling lru v0.11.1
[INFO] [stderr]    Compiling oneshot v0.1.5
[INFO] [stderr]    Compiling rayon v1.7.0
[INFO] [stderr]    Compiling tantivy-fst v0.4.0
[INFO] [stderr]    Compiling htmlescape v0.3.1
[INFO] [stderr]    Compiling downcast-rs v1.2.0
[INFO] [stderr]    Compiling regex-automata v0.3.8
[INFO] [stderr]    Compiling zstd-sys v2.0.8+zstd.1.5.5
[INFO] [stderr]    Compiling tempfile v3.8.0
[INFO] [stderr]    Compiling fs4 v0.6.6
[INFO] [stderr]    Compiling tantivy-query-grammar v0.21.0
[INFO] [stderr]    Compiling tantivy-bitpacker v0.5.0
[INFO] [stderr]    Compiling regex v1.9.5
[INFO] [stderr]    Compiling serde_derive v1.0.188
[INFO] [stderr]    Compiling thiserror-impl v1.0.48
[INFO] [stderr]    Compiling zstd v0.12.4
[INFO] [stderr]    Compiling deranged v0.3.8
[INFO] [stderr]    Compiling sketches-ddsketch v0.2.1
[INFO] [stderr]    Compiling tantivy-tokenizer-api v0.2.0
[INFO] [stderr]    Compiling uuid v1.4.1
[INFO] [stderr]    Compiling rust-stemmers v1.2.0
[INFO] [stderr]    Compiling time v0.3.28
[INFO] [stderr]    Compiling tantivy-common v0.6.0
[INFO] [stderr]    Compiling tantivy-stacker v0.2.0
[INFO] [stderr]    Compiling tantivy-sstable v0.2.0
[INFO] [stderr]    Compiling tantivy-columnar v0.2.0
[INFO] [stderr]    Compiling paradedb-tantivy v0.21.0 (/opt/rustwide/workdir)
[INFO] [stdout] warning: unused import: `self::segment_manager::SegmentManager`
[INFO] [stdout]   --> src/indexer/mod.rs:32:9
[INFO] [stdout]    |
[INFO] [stdout] 32 | pub use self::segment_manager::SegmentManager;
[INFO] [stdout]    |         ^^^^^^^^^^^^^^^^^^^^^^^^^^^^^^^^^^^^^
[INFO] [stdout]    |
[INFO] [stdout]    = note: `#[warn(unused_imports)]` on by default
[INFO] [stdout] 
[INFO] [stdout] 
[INFO] [stdout] warning: unused doc comment
[INFO] [stdout]   --> src/aggregation/agg_limits.rs:76:13
[INFO] [stdout]    |
[INFO] [stdout] 76 |             /// The counter which is shared between the aggregations for one request.
[INFO] [stdout]    |             ^^^^^^^^^^^^^^^^^^^^^^^^^^^^^^^^^^^^^^^^^^^^^^^^^^^^^^^^^^^^^^^^^^^^^^^^^
[INFO] [stdout] 77 |             memory_consumption: Arc::clone(&self.memory_consumption),
[INFO] [stdout]    |             -------------------------------------------------------- rustdoc does not generate documentation for expression fields
[INFO] [stdout]    |
[INFO] [stdout]    = help: use `//` for a plain comment
[INFO] [stdout]    = note: `#[warn(unused_doc_comments)]` on by default
[INFO] [stdout] 
[INFO] [stdout] 
[INFO] [stdout] warning: unused doc comment
[INFO] [stdout]   --> src/aggregation/agg_limits.rs:78:13
[INFO] [stdout]    |
[INFO] [stdout] 78 |             /// The memory_limit in bytes
[INFO] [stdout]    |             ^^^^^^^^^^^^^^^^^^^^^^^^^^^^^
[INFO] [stdout] 79 |             memory_limit: self.memory_limit,
[INFO] [stdout]    |             ------------------------------- rustdoc does not generate documentation for expression fields
[INFO] [stdout]    |
[INFO] [stdout]    = help: use `//` for a plain comment
[INFO] [stdout] 
[INFO] [stdout] 
[INFO] [stdout] warning: unused import: `RangeWeight`
[INFO] [stdout]   --> src/query/range_query/mod.rs:10:41
[INFO] [stdout]    |
[INFO] [stdout] 10 | pub use self::range_query::{RangeQuery, RangeWeight};
[INFO] [stdout]    |                                         ^^^^^^^^^^^
[INFO] [stdout] 
[INFO] [stdout] 
[INFO] [stdout] warning: unused import: `self::term_weight::TermWeight`
[INFO] [stdout]  --> src/query/term_query/mod.rs:7:9
[INFO] [stdout]   |
[INFO] [stdout] 7 | pub use self::term_weight::TermWeight;
[INFO] [stdout]   |         ^^^^^^^^^^^^^^^^^^^^^^^^^^^^^
[INFO] [stdout] 
[INFO] [stdout] 
[INFO] [stdout] warning: 5 warnings emitted
[INFO] [stdout] 
[INFO] [stdout] 
[INFO] [stderr]     Finished dev [unoptimized + debuginfo] target(s) in 31.59s
[INFO] running `Command { std: "docker" "inspect" "4c2b7775faac32431651beb0e793314f613a5e227f5bd75abd2634494dec0703", kill_on_drop: false }`
[INFO] running `Command { std: "docker" "rm" "-f" "4c2b7775faac32431651beb0e793314f613a5e227f5bd75abd2634494dec0703", kill_on_drop: false }`
[INFO] [stdout] 4c2b7775faac32431651beb0e793314f613a5e227f5bd75abd2634494dec0703
[INFO] running `Command { std: "docker" "create" "-v" "/var/lib/crater-agent-workspace/builds/worker-7-tc1/target:/opt/rustwide/target:rw,Z" "-v" "/var/lib/crater-agent-workspace/builds/worker-7-tc1/source:/opt/rustwide/workdir:ro,Z" "-v" "/var/lib/crater-agent-workspace/cargo-home:/opt/rustwide/cargo-home:ro,Z" "-v" "/var/lib/crater-agent-workspace/rustup-home:/opt/rustwide/rustup-home:ro,Z" "-e" "SOURCE_DIR=/opt/rustwide/workdir" "-e" "CARGO_TARGET_DIR=/opt/rustwide/target" "-e" "CARGO_INCREMENTAL=0" "-e" "RUST_BACKTRACE=full" "-e" "RUSTFLAGS=--cap-lints=warn" "-e" "RUSTDOCFLAGS=--cap-lints=warn" "-e" "CARGO_HOME=/opt/rustwide/cargo-home" "-e" "RUSTUP_HOME=/opt/rustwide/rustup-home" "-w" "/opt/rustwide/workdir" "-m" "1610612736" "--user" "0:0" "--network" "none" "ghcr.io/rust-lang/crates-build-env/linux@sha256:2788e3201cd34a07e3172128adcd8b3090168a8e3bcc40d7c032b9dda1df7d1c" "/opt/rustwide/cargo-home/bin/cargo" "+1.75.0" "test" "--frozen" "--no-run" "--message-format=json", kill_on_drop: false }`
[INFO] [stdout] 5638340e8ff5fc6006ce059f61b5eeb30bab7d7ef851bdb9e4920842ef5d4bea
[INFO] running `Command { std: "docker" "start" "-a" "5638340e8ff5fc6006ce059f61b5eeb30bab7d7ef851bdb9e4920842ef5d4bea", kill_on_drop: false }`
[INFO] [stderr]    Compiling memchr v2.6.3
[INFO] [stderr]    Compiling rustix v0.38.13
[INFO] [stderr]    Compiling libm v0.2.7
[INFO] [stderr]    Compiling num-traits v0.2.16
[INFO] [stderr]    Compiling futures-core v0.3.28
[INFO] [stderr]    Compiling getrandom v0.2.10
[INFO] [stderr]    Compiling futures-channel v0.3.28
[INFO] [stderr]    Compiling futures-task v0.3.28
[INFO] [stderr]    Compiling futures-sink v0.3.28
[INFO] [stderr]    Compiling futures-util v0.3.28
[INFO] [stderr]    Compiling futures-macro v0.3.28
[INFO] [stderr]    Compiling ciborium-io v0.2.1
[INFO] [stderr]    Compiling futures-io v0.3.28
[INFO] [stderr]    Compiling anstyle v1.0.3
[INFO] [stderr]    Compiling plotters-backend v0.3.5
[INFO] [stderr]    Compiling clap_lex v0.5.1
[INFO] [stderr]    Compiling ciborium-ll v0.2.1
[INFO] [stderr]    Compiling wait-timeout v0.2.0
[INFO] [stderr]    Compiling rand_core v0.6.4
[INFO] [stderr]    Compiling plotters-svg v0.3.5
[INFO] [stderr]    Compiling clap_builder v4.4.2
[INFO] [stderr]    Compiling quick-error v1.2.3
[INFO] [stderr]    Compiling same-file v1.0.6
[INFO] [stderr]    Compiling bit-vec v0.6.3
[INFO] [stderr]    Compiling cast v0.3.0
[INFO] [stderr]    Compiling measure_time v0.8.2
[INFO] [stderr]    Compiling walkdir v2.4.0
[INFO] [stderr]    Compiling rand_chacha v0.3.1
[INFO] [stderr]    Compiling rand_xorshift v0.3.0
[INFO] [stderr]    Compiling bit-set v0.5.3
[INFO] [stderr]    Compiling aho-corasick v1.0.5
[INFO] [stderr]    Compiling nom v7.1.3
[INFO] [stderr]    Compiling criterion-plot v0.5.0
[INFO] [stderr]    Compiling ciborium v0.2.1
[INFO] [stderr]    Compiling uuid v1.4.1
[INFO] [stderr]    Compiling rand v0.8.5
[INFO] [stderr]    Compiling syn v1.0.109
[INFO] [stderr]    Compiling tinytemplate v1.2.1
[INFO] [stderr]    Compiling diff v0.1.13
[INFO] [stderr]    Compiling humantime v2.1.0
[INFO] [stderr]    Compiling termcolor v1.2.0
[INFO] [stderr]    Compiling anes v0.1.6
[INFO] [stderr]    Compiling oorandom v11.1.3
[INFO] [stderr]    Compiling yansi v0.5.1
[INFO] [stderr]    Compiling unarray v0.1.4
[INFO] [stderr]    Compiling fail v0.5.1
[INFO] [stderr]    Compiling more-asserts v0.3.1
[INFO] [stderr]    Compiling matches v0.1.10
[INFO] [stderr]    Compiling maplit v1.0.2
[INFO] [stderr]    Compiling pretty_assertions v1.4.0
[INFO] [stderr]    Compiling plotters v0.3.5
[INFO] [stderr]    Compiling rand_distr v0.4.3
[INFO] [stderr]    Compiling regex-automata v0.3.8
[INFO] [stderr]    Compiling tantivy-query-grammar v0.21.0
[INFO] [stderr]    Compiling clap v4.4.2
[INFO] [stderr]    Compiling tempfile v3.8.0
[INFO] [stderr]    Compiling is-terminal v0.4.9
[INFO] [stderr]    Compiling fs4 v0.6.6
[INFO] [stderr]    Compiling rusty-fork v0.3.0
[INFO] [stderr]    Compiling proptest v1.2.0
[INFO] [stderr]    Compiling regex v1.9.5
[INFO] [stderr]    Compiling futures-executor v0.3.28
[INFO] [stderr]    Compiling futures v0.3.28
[INFO] [stderr]    Compiling criterion v0.5.1
[INFO] [stderr]    Compiling env_logger v0.10.0
[INFO] [stderr]    Compiling paradedb-tantivy v0.21.0 (/opt/rustwide/workdir)
[INFO] [stderr]    Compiling test-log v0.2.12
[INFO] [stdout] warning: unused import: `self::segment_manager::SegmentManager`
[INFO] [stdout]   --> src/indexer/mod.rs:32:9
[INFO] [stdout]    |
[INFO] [stdout] 32 | pub use self::segment_manager::SegmentManager;
[INFO] [stdout]    |         ^^^^^^^^^^^^^^^^^^^^^^^^^^^^^^^^^^^^^
[INFO] [stdout]    |
[INFO] [stdout]    = note: `#[warn(unused_imports)]` on by default
[INFO] [stdout] 
[INFO] [stdout] 
[INFO] [stdout] warning: unused doc comment
[INFO] [stdout]   --> src/aggregation/agg_limits.rs:76:13
[INFO] [stdout]    |
[INFO] [stdout] 76 |             /// The counter which is shared between the aggregations for one request.
[INFO] [stdout]    |             ^^^^^^^^^^^^^^^^^^^^^^^^^^^^^^^^^^^^^^^^^^^^^^^^^^^^^^^^^^^^^^^^^^^^^^^^^
[INFO] [stdout] 77 |             memory_consumption: Arc::clone(&self.memory_consumption),
[INFO] [stdout]    |             -------------------------------------------------------- rustdoc does not generate documentation for expression fields
[INFO] [stdout]    |
[INFO] [stdout]    = help: use `//` for a plain comment
[INFO] [stdout]    = note: `#[warn(unused_doc_comments)]` on by default
[INFO] [stdout] 
[INFO] [stdout] 
[INFO] [stdout] warning: unused doc comment
[INFO] [stdout]   --> src/aggregation/agg_limits.rs:78:13
[INFO] [stdout]    |
[INFO] [stdout] 78 |             /// The memory_limit in bytes
[INFO] [stdout]    |             ^^^^^^^^^^^^^^^^^^^^^^^^^^^^^
[INFO] [stdout] 79 |             memory_limit: self.memory_limit,
[INFO] [stdout]    |             ------------------------------- rustdoc does not generate documentation for expression fields
[INFO] [stdout]    |
[INFO] [stdout]    = help: use `//` for a plain comment
[INFO] [stdout] 
[INFO] [stdout] 
[INFO] [stdout] warning: unused import: `RangeWeight`
[INFO] [stdout]   --> src/query/range_query/mod.rs:10:41
[INFO] [stdout]    |
[INFO] [stdout] 10 | pub use self::range_query::{RangeQuery, RangeWeight};
[INFO] [stdout]    |                                         ^^^^^^^^^^^
[INFO] [stdout] 
[INFO] [stdout] 
[INFO] [stdout] warning: unused import: `self::term_weight::TermWeight`
[INFO] [stdout]  --> src/query/term_query/mod.rs:7:9
[INFO] [stdout]   |
[INFO] [stdout] 7 | pub use self::term_weight::TermWeight;
[INFO] [stdout]   |         ^^^^^^^^^^^^^^^^^^^^^^^^^^^^^
[INFO] [stdout] 
[INFO] [stdout] 
[INFO] [stdout] warning: unused import: `self::segment_manager::SegmentManager`
[INFO] [stdout]   --> src/indexer/mod.rs:32:9
[INFO] [stdout]    |
[INFO] [stdout] 32 | pub use self::segment_manager::SegmentManager;
[INFO] [stdout]    |         ^^^^^^^^^^^^^^^^^^^^^^^^^^^^^^^^^^^^^
[INFO] [stdout]    |
[INFO] [stdout]    = note: `#[warn(unused_imports)]` on by default
[INFO] [stdout] 
[INFO] [stdout] 
[INFO] [stdout] warning: unused doc comment
[INFO] [stdout]   --> src/aggregation/agg_limits.rs:76:13
[INFO] [stdout]    |
[INFO] [stdout] 76 |             /// The counter which is shared between the aggregations for one request.
[INFO] [stdout]    |             ^^^^^^^^^^^^^^^^^^^^^^^^^^^^^^^^^^^^^^^^^^^^^^^^^^^^^^^^^^^^^^^^^^^^^^^^^
[INFO] [stdout] 77 |             memory_consumption: Arc::clone(&self.memory_consumption),
[INFO] [stdout]    |             -------------------------------------------------------- rustdoc does not generate documentation for expression fields
[INFO] [stdout]    |
[INFO] [stdout]    = help: use `//` for a plain comment
[INFO] [stdout]    = note: `#[warn(unused_doc_comments)]` on by default
[INFO] [stdout] 
[INFO] [stdout] 
[INFO] [stdout] warning: unused doc comment
[INFO] [stdout]   --> src/aggregation/agg_limits.rs:78:13
[INFO] [stdout]    |
[INFO] [stdout] 78 |             /// The memory_limit in bytes
[INFO] [stdout]    |             ^^^^^^^^^^^^^^^^^^^^^^^^^^^^^
[INFO] [stdout] 79 |             memory_limit: self.memory_limit,
[INFO] [stdout]    |             ------------------------------- rustdoc does not generate documentation for expression fields
[INFO] [stdout]    |
[INFO] [stdout]    = help: use `//` for a plain comment
[INFO] [stdout] 
[INFO] [stdout] 
[INFO] [stdout] warning: unused import: `RangeWeight`
[INFO] [stdout]   --> src/query/range_query/mod.rs:10:41
[INFO] [stdout]    |
[INFO] [stdout] 10 | pub use self::range_query::{RangeQuery, RangeWeight};
[INFO] [stdout]    |                                         ^^^^^^^^^^^
[INFO] [stdout] 
[INFO] [stdout] 
[INFO] [stdout] warning: unused import: `self::term_weight::TermWeight`
[INFO] [stdout]  --> src/query/term_query/mod.rs:7:9
[INFO] [stdout]   |
[INFO] [stdout] 7 | pub use self::term_weight::TermWeight;
[INFO] [stdout]   |         ^^^^^^^^^^^^^^^^^^^^^^^^^^^^^
[INFO] [stdout] 
[INFO] [stdout] 
[INFO] [stdout] warning: 5 warnings emitted
[INFO] [stdout] 
[INFO] [stdout] 
[INFO] [stdout] error[E0433]: failed to resolve: use of undeclared crate or module `tantivy`
[INFO] [stdout]   --> examples/index_from_multiple_threads.rs:32:5
[INFO] [stdout]    |
[INFO] [stdout] 32 | use tantivy::schema::{Schema, STORED, TEXT};
[INFO] [stdout]    |     ^^^^^^^ use of undeclared crate or module `tantivy`
[INFO] [stdout] 
[INFO] [stdout] 
[INFO] [stdout] error[E0433]: failed to resolve: use of undeclared crate or module `tantivy`
[INFO] [stdout]   --> examples/custom_collector.rs:13:5
[INFO] [stdout]    |
[INFO] [stdout] 13 | use tantivy::collector::{Collector, SegmentCollector};
[INFO] [stdout]    |     ^^^^^^^ use of undeclared crate or module `tantivy`
[INFO] [stdout] 
[INFO] [stdout] 
[INFO] [stdout] error[E0433]: failed to resolve: use of undeclared crate or module `tantivy`
[INFO] [stdout]  --> examples/phrase_prefix_search.rs:3:5
[INFO] [stdout]   |
[INFO] [stdout] 3 | use tantivy::schema::*;
[INFO] [stdout]   |     ^^^^^^^ use of undeclared crate or module `tantivy`
[INFO] [stdout] 
[INFO] [stdout] 
[INFO] [stdout] error[E0433]: failed to resolve: use of undeclared crate or module `tantivy`
[INFO] [stdout]  --> examples/phrase_prefix_search.rs:1:5
[INFO] [stdout]   |
[INFO] [stdout] 1 | use tantivy::collector::TopDocs;
[INFO] [stdout]   |     ^^^^^^^ use of undeclared crate or module `tantivy`
[INFO] [stdout] 
[INFO] [stdout] 
[INFO] [stdout] error[E0433]: failed to resolve: use of undeclared crate or module `tantivy`
[INFO] [stdout]  --> examples/phrase_prefix_search.rs:2:5
[INFO] [stdout]   |
[INFO] [stdout] 2 | use tantivy::query::QueryParser;
[INFO] [stdout]   |     ^^^^^^^ use of undeclared crate or module `tantivy`
[INFO] [stdout] 
[INFO] [stdout] 
[INFO] [stdout] error[E0433]: failed to resolve: use of undeclared crate or module `tantivy`
[INFO] [stdout]   --> examples/aggregation.rs:10:5
[INFO] [stdout]    |
[INFO] [stdout] 10 | use tantivy::aggregation::agg_req::Aggregations;
[INFO] [stdout]    |     ^^^^^^^ use of undeclared crate or module `tantivy`
[INFO] [stdout] 
[INFO] [stdout] 
[INFO] [stdout] error[E0433]: failed to resolve: use of undeclared crate or module `tantivy`
[INFO] [stdout]  --> tests/failpoints/mod.rs:3:5
[INFO] [stdout]   |
[INFO] [stdout] 3 | use tantivy::directory::{Directory, ManagedDirectory, RamDirectory, TerminatingWrite};
[INFO] [stdout]   |     ^^^^^^^ use of undeclared crate or module `tantivy`
[INFO] [stdout] 
[INFO] [stdout] 
[INFO] [stdout] error[E0433]: failed to resolve: use of undeclared crate or module `tantivy`
[INFO] [stdout]  --> tests/failpoints/mod.rs:4:5
[INFO] [stdout]   |
[INFO] [stdout] 4 | use tantivy::schema::{Schema, TEXT};
[INFO] [stdout]   |     ^^^^^^^ use of undeclared crate or module `tantivy`
[INFO] [stdout] 
[INFO] [stdout] 
[INFO] [stdout] error[E0433]: failed to resolve: use of undeclared crate or module `tantivy`
[INFO] [stdout]   --> examples/aggregation.rs:11:5
[INFO] [stdout]    |
[INFO] [stdout] 11 | use tantivy::aggregation::agg_result::AggregationResults;
[INFO] [stdout]    |     ^^^^^^^ use of undeclared crate or module `tantivy`
[INFO] [stdout] 
[INFO] [stdout] 
[INFO] [stdout] error[E0433]: failed to resolve: use of undeclared crate or module `tantivy`
[INFO] [stdout]   --> examples/aggregation.rs:12:5
[INFO] [stdout]    |
[INFO] [stdout] 12 | use tantivy::aggregation::AggregationCollector;
[INFO] [stdout]    |     ^^^^^^^ use of undeclared crate or module `tantivy`
[INFO] [stdout] 
[INFO] [stdout] 
[INFO] [stdout] error[E0433]: failed to resolve: use of undeclared crate or module `tantivy`
[INFO] [stdout]   --> examples/aggregation.rs:13:5
[INFO] [stdout]    |
[INFO] [stdout] 13 | use tantivy::query::AllQuery;
[INFO] [stdout]    |     ^^^^^^^ use of undeclared crate or module `tantivy`
[INFO] [stdout] 
[INFO] [stdout] 
[INFO] [stdout] error[E0433]: failed to resolve: use of undeclared crate or module `tantivy`
[INFO] [stdout]   --> examples/custom_collector.rs:14:5
[INFO] [stdout]    |
[INFO] [stdout] 14 | use tantivy::query::QueryParser;
[INFO] [stdout]    |     ^^^^^^^ use of undeclared crate or module `tantivy`
[INFO] [stdout] 
[INFO] [stdout] 
[INFO] [stdout] error[E0433]: failed to resolve: use of undeclared crate or module `tantivy`
[INFO] [stdout]   --> examples/custom_collector.rs:15:5
[INFO] [stdout]    |
[INFO] [stdout] 15 | use tantivy::schema::{Schema, FAST, INDEXED, TEXT};
[INFO] [stdout]    |     ^^^^^^^ use of undeclared crate or module `tantivy`
[INFO] [stdout] 
[INFO] [stdout] 
[INFO] [stdout] error[E0433]: failed to resolve: use of undeclared crate or module `tantivy`
[INFO] [stdout]   --> examples/fuzzy_search.rs:16:5
[INFO] [stdout]    |
[INFO] [stdout] 16 | use tantivy::schema::*;
[INFO] [stdout]    |     ^^^^^^^ use of undeclared crate or module `tantivy`
[INFO] [stdout] 
[INFO] [stdout] 
[INFO] [stdout] error[E0433]: failed to resolve: use of undeclared crate or module `tantivy`
[INFO] [stdout]   --> examples/iterating_docs_and_positions.rs:12:5
[INFO] [stdout]    |
[INFO] [stdout] 12 | use tantivy::schema::*;
[INFO] [stdout]    |     ^^^^^^^ use of undeclared crate or module `tantivy`
[INFO] [stdout] 
[INFO] [stdout] 
[INFO] [stdout] error[E0433]: failed to resolve: use of undeclared crate or module `tantivy`
[INFO] [stdout]   --> examples/fuzzy_search.rs:14:5
[INFO] [stdout]    |
[INFO] [stdout] 14 | use tantivy::collector::{Count, TopDocs};
[INFO] [stdout]    |     ^^^^^^^ use of undeclared crate or module `tantivy`
[INFO] [stdout] 
[INFO] [stdout] 
[INFO] [stdout] error[E0433]: failed to resolve: use of undeclared crate or module `tantivy`
[INFO] [stdout]   --> examples/fuzzy_search.rs:15:5
[INFO] [stdout]    |
[INFO] [stdout] 15 | use tantivy::query::FuzzyTermQuery;
[INFO] [stdout]    |     ^^^^^^^ use of undeclared crate or module `tantivy`
[INFO] [stdout] 
[INFO] [stdout] 
[INFO] [stdout] error[E0433]: failed to resolve: use of undeclared crate or module `tantivy`
[INFO] [stdout]   --> examples/faceted_search.rs:19:5
[INFO] [stdout]    |
[INFO] [stdout] 19 | use tantivy::schema::*;
[INFO] [stdout]    |     ^^^^^^^ use of undeclared crate or module `tantivy`
[INFO] [stdout] 
[INFO] [stdout] 
[INFO] [stdout] error[E0433]: failed to resolve: use of undeclared crate or module `tantivy`
[INFO] [stdout]   --> examples/deleting_updating_documents.rs:13:5
[INFO] [stdout]    |
[INFO] [stdout] 13 | use tantivy::schema::*;
[INFO] [stdout]    |     ^^^^^^^ use of undeclared crate or module `tantivy`
[INFO] [stdout] 
[INFO] [stdout] 
[INFO] [stdout] error[E0433]: failed to resolve: use of undeclared crate or module `tantivy`
[INFO] [stdout]   --> examples/deleting_updating_documents.rs:11:5
[INFO] [stdout]    |
[INFO] [stdout] 11 | use tantivy::collector::TopDocs;
[INFO] [stdout]    |     ^^^^^^^ use of undeclared crate or module `tantivy`
[INFO] [stdout] 
[INFO] [stdout] 
[INFO] [stdout] error[E0433]: failed to resolve: use of undeclared crate or module `tantivy`
[INFO] [stdout]   --> examples/deleting_updating_documents.rs:12:5
[INFO] [stdout]    |
[INFO] [stdout] 12 | use tantivy::query::TermQuery;
[INFO] [stdout]    |     ^^^^^^^ use of undeclared crate or module `tantivy`
[INFO] [stdout] 
[INFO] [stdout] 
[INFO] [stdout] error[E0433]: failed to resolve: use of undeclared crate or module `tantivy`
[INFO] [stdout]   --> examples/faceted_search.rs:17:5
[INFO] [stdout]    |
[INFO] [stdout] 17 | use tantivy::collector::FacetCollector;
[INFO] [stdout]    |     ^^^^^^^ use of undeclared crate or module `tantivy`
[INFO] [stdout] 
[INFO] [stdout] 
[INFO] [stdout] error[E0433]: failed to resolve: use of undeclared crate or module `tantivy`
[INFO] [stdout]   --> examples/faceted_search.rs:18:5
[INFO] [stdout]    |
[INFO] [stdout] 18 | use tantivy::query::{AllQuery, TermQuery};
[INFO] [stdout]    |     ^^^^^^^ use of undeclared crate or module `tantivy`
[INFO] [stdout] 
[INFO] [stdout] 
[INFO] [stdout] error[E0433]: failed to resolve: use of undeclared crate or module `tantivy`
[INFO] [stdout]  --> examples/warmer.rs:5:5
[INFO] [stdout]   |
[INFO] [stdout] 5 | use tantivy::collector::TopDocs;
[INFO] [stdout]   |     ^^^^^^^ use of undeclared crate or module `tantivy`
[INFO] [stdout] 
[INFO] [stdout] 
[INFO] [stdout] error[E0433]: failed to resolve: use of undeclared crate or module `tantivy`
[INFO] [stdout]  --> examples/warmer.rs:6:5
[INFO] [stdout]   |
[INFO] [stdout] 6 | use tantivy::query::QueryParser;
[INFO] [stdout]   |     ^^^^^^^ use of undeclared crate or module `tantivy`
[INFO] [stdout] 
[INFO] [stdout] 
[INFO] [stdout] error[E0433]: failed to resolve: use of undeclared crate or module `tantivy`
[INFO] [stdout]  --> examples/warmer.rs:7:5
[INFO] [stdout]   |
[INFO] [stdout] 7 | use tantivy::schema::{Schema, FAST, TEXT};
[INFO] [stdout]   |     ^^^^^^^ use of undeclared crate or module `tantivy`
[INFO] [stdout] 
[INFO] [stdout] 
[INFO] [stdout] error[E0433]: failed to resolve: use of undeclared crate or module `tantivy`
[INFO] [stdout]  --> examples/ip_field.rs:6:5
[INFO] [stdout]   |
[INFO] [stdout] 6 | use tantivy::collector::{Count, TopDocs};
[INFO] [stdout]   |     ^^^^^^^ use of undeclared crate or module `tantivy`
[INFO] [stdout] 
[INFO] [stdout] 
[INFO] [stdout] error[E0433]: failed to resolve: use of undeclared crate or module `tantivy`
[INFO] [stdout]  --> examples/ip_field.rs:7:5
[INFO] [stdout]   |
[INFO] [stdout] 7 | use tantivy::query::QueryParser;
[INFO] [stdout]   |     ^^^^^^^ use of undeclared crate or module `tantivy`
[INFO] [stdout] 
[INFO] [stdout] 
[INFO] [stdout] error[E0433]: failed to resolve: use of undeclared crate or module `tantivy`
[INFO] [stdout]  --> examples/ip_field.rs:8:5
[INFO] [stdout]   |
[INFO] [stdout] 8 | use tantivy::schema::{Schema, FAST, INDEXED, STORED, STRING};
[INFO] [stdout]   |     ^^^^^^^ use of undeclared crate or module `tantivy`
[INFO] [stdout] 
[INFO] [stdout] 
[INFO] [stdout] error[E0433]: failed to resolve: use of undeclared crate or module `tantivy`
[INFO] [stdout]   --> examples/pre_tokenized_text.rs:14:5
[INFO] [stdout]    |
[INFO] [stdout] 14 | use tantivy::schema::*;
[INFO] [stdout]    |     ^^^^^^^ use of undeclared crate or module `tantivy`
[INFO] [stdout] 
[INFO] [stdout] 
[INFO] [stdout] error[E0433]: failed to resolve: use of undeclared crate or module `tantivy`
[INFO] [stdout]   --> examples/pre_tokenized_text.rs:12:5
[INFO] [stdout]    |
[INFO] [stdout] 12 | use tantivy::collector::{Count, TopDocs};
[INFO] [stdout]    |     ^^^^^^^ use of undeclared crate or module `tantivy`
[INFO] [stdout] 
[INFO] [stdout] 
[INFO] [stdout] error[E0433]: failed to resolve: use of undeclared crate or module `tantivy`
[INFO] [stdout]   --> examples/pre_tokenized_text.rs:13:5
[INFO] [stdout]    |
[INFO] [stdout] 13 | use tantivy::query::TermQuery;
[INFO] [stdout]    |     ^^^^^^^ use of undeclared crate or module `tantivy`
[INFO] [stdout] 
[INFO] [stdout] 
[INFO] [stdout] error[E0433]: failed to resolve: use of undeclared crate or module `tantivy`
[INFO] [stdout]  --> examples/index_with_json.rs:1:5
[INFO] [stdout]   |
[INFO] [stdout] 1 | use tantivy::schema::*;
[INFO] [stdout]   |     ^^^^^^^ use of undeclared crate or module `tantivy`
[INFO] [stdout] 
[INFO] [stdout] 
[INFO] [stdout] error[E0433]: failed to resolve: use of undeclared crate or module `tantivy`
[INFO] [stdout]   --> examples/pre_tokenized_text.rs:15:5
[INFO] [stdout]    |
[INFO] [stdout] 15 | use tantivy::tokenizer::{PreTokenizedString, SimpleTokenizer, Token, TokenStream, Tokenizer};
[INFO] [stdout]    |     ^^^^^^^ use of undeclared crate or module `tantivy`
[INFO] [stdout] 
[INFO] [stdout] 
[INFO] [stdout] error[E0433]: failed to resolve: use of undeclared crate or module `tantivy`
[INFO] [stdout]  --> examples/json_field.rs:7:5
[INFO] [stdout]   |
[INFO] [stdout] 7 | use tantivy::collector::{Count, TopDocs};
[INFO] [stdout]   |     ^^^^^^^ use of undeclared crate or module `tantivy`
[INFO] [stdout] 
[INFO] [stdout] 
[INFO] [stdout] error[E0433]: failed to resolve: use of undeclared crate or module `tantivy`
[INFO] [stdout]  --> examples/json_field.rs:8:5
[INFO] [stdout]   |
[INFO] [stdout] 8 | use tantivy::query::QueryParser;
[INFO] [stdout]   |     ^^^^^^^ use of undeclared crate or module `tantivy`
[INFO] [stdout] 
[INFO] [stdout] 
[INFO] [stdout] error[E0433]: failed to resolve: use of undeclared crate or module `tantivy`
[INFO] [stdout]  --> examples/json_field.rs:9:5
[INFO] [stdout]   |
[INFO] [stdout] 9 | use tantivy::schema::{Schema, FAST, STORED, STRING, TEXT};
[INFO] [stdout]   |     ^^^^^^^ use of undeclared crate or module `tantivy`
[INFO] [stdout] 
[INFO] [stdout] 
[INFO] [stdout] error[E0433]: failed to resolve: use of undeclared crate or module `tantivy`
[INFO] [stdout]  --> examples/date_time_field.rs:5:5
[INFO] [stdout]   |
[INFO] [stdout] 5 | use tantivy::collector::TopDocs;
[INFO] [stdout]   |     ^^^^^^^ use of undeclared crate or module `tantivy`
[INFO] [stdout] 
[INFO] [stdout] 
[INFO] [stdout] error[E0433]: failed to resolve: use of undeclared crate or module `tantivy`
[INFO] [stdout]  --> examples/date_time_field.rs:6:5
[INFO] [stdout]   |
[INFO] [stdout] 6 | use tantivy::query::QueryParser;
[INFO] [stdout]   |     ^^^^^^^ use of undeclared crate or module `tantivy`
[INFO] [stdout] 
[INFO] [stdout] 
[INFO] [stdout] error[E0433]: failed to resolve: use of undeclared crate or module `tantivy`
[INFO] [stdout]  --> examples/date_time_field.rs:7:5
[INFO] [stdout]   |
[INFO] [stdout] 7 | use tantivy::schema::{DateOptions, Schema, Value, INDEXED, STORED, STRING};
[INFO] [stdout]   |     ^^^^^^^ use of undeclared crate or module `tantivy`
[INFO] [stdout] 
[INFO] [stdout] 
[INFO] [stdout] error[E0432]: unresolved import `tantivy`
[INFO] [stdout]  --> examples/ip_field.rs:9:5
[INFO] [stdout]   |
[INFO] [stdout] 9 | use tantivy::Index;
[INFO] [stdout]   |     ^^^^^^^ use of undeclared crate or module `tantivy`
[INFO] [stdout] 
[INFO] [stdout] 
[INFO] [stdout] error[E0432]: unresolved import `tantivy`
[INFO] [stdout]   --> examples/json_field.rs:10:5
[INFO] [stdout]    |
[INFO] [stdout] 10 | use tantivy::Index;
[INFO] [stdout]    |     ^^^^^^^ use of undeclared crate or module `tantivy`
[INFO] [stdout] 
[INFO] [stdout] 
[INFO] [stdout] error[E0432]: unresolved import `tantivy`
[INFO] [stdout]   --> examples/deleting_updating_documents.rs:14:5
[INFO] [stdout]    |
[INFO] [stdout] 14 | use tantivy::{doc, Index, IndexReader};
[INFO] [stdout]    |     ^^^^^^^ use of undeclared crate or module `tantivy`
[INFO] [stdout] 
[INFO] [stdout] 
[INFO] [stdout] error[E0432]: unresolved import `tantivy`
[INFO] [stdout]  --> tests/failpoints/mod.rs:5:5
[INFO] [stdout]   |
[INFO] [stdout] 5 | use tantivy::{doc, Index, Term};
[INFO] [stdout]   |     ^^^^^^^ use of undeclared crate or module `tantivy`
[INFO] [stdout] 
[INFO] [stdout] 
[INFO] [stdout] error[E0432]: unresolved import `tantivy`
[INFO] [stdout]  --> examples/date_time_field.rs:8:5
[INFO] [stdout]   |
[INFO] [stdout] 8 | use tantivy::Index;
[INFO] [stdout]   |     ^^^^^^^ use of undeclared crate or module `tantivy`
[INFO] [stdout] 
[INFO] [stdout] 
[INFO] [stdout] error[E0432]: unresolved import `tantivy`
[INFO] [stdout]   --> examples/iterating_docs_and_positions.rs:13:5
[INFO] [stdout]    |
[INFO] [stdout] 13 | use tantivy::{doc, DocSet, Index, Postings, TERMINATED};
[INFO] [stdout]    |     ^^^^^^^ use of undeclared crate or module `tantivy`
[INFO] [stdout] 
[INFO] [stdout] 
[INFO] [stdout] error[E0432]: unresolved import `tantivy`
[INFO] [stdout]  --> examples/warmer.rs:8:5
[INFO] [stdout]   |
[INFO] [stdout] 8 | use tantivy::{
[INFO] [stdout]   |     ^^^^^^^ use of undeclared crate or module `tantivy`
[INFO] [stdout] 
[INFO] [stdout] 
[INFO] [stdout] error[E0432]: unresolved import `tantivy`
[INFO] [stdout]   --> examples/fuzzy_search.rs:17:5
[INFO] [stdout]    |
[INFO] [stdout] 17 | use tantivy::{doc, Index, ReloadPolicy};
[INFO] [stdout]    |     ^^^^^^^ use of undeclared crate or module `tantivy`
[INFO] [stdout] 
[INFO] [stdout] 
[INFO] [stdout] error: cannot determine resolution for the macro `doc`
[INFO] [stdout]    --> examples/warmer.rs:147:25
[INFO] [stdout]     |
[INFO] [stdout] 147 |     writer.add_document(doc!(product_id=>OLIVE_OIL, text=>"cooking olive oil from greece"))?;
[INFO] [stdout]     |                         ^^^
[INFO] [stdout]     |
[INFO] [stdout]     = note: import resolution is stuck, try simplifying macro imports
[INFO] [stdout] 
[INFO] [stdout] 
[INFO] [stdout] error[E0432]: unresolved import `tantivy`
[INFO] [stdout]  --> examples/phrase_prefix_search.rs:4:5
[INFO] [stdout]   |
[INFO] [stdout] 4 | use tantivy::{doc, Index, ReloadPolicy, Result};
[INFO] [stdout]   |     ^^^^^^^ use of undeclared crate or module `tantivy`
[INFO] [stdout] 
[INFO] [stdout] 
[INFO] [stdout] error[E0432]: unresolved import `tantivy`
[INFO] [stdout]   --> examples/index_from_multiple_threads.rs:33:5
[INFO] [stdout]    |
[INFO] [stdout] 33 | use tantivy::{doc, Index, IndexWriter, Opstamp, TantivyError};
[INFO] [stdout]    |     ^^^^^^^ use of undeclared crate or module `tantivy`
[INFO] [stdout] 
[INFO] [stdout] 
[INFO] [stdout] error[E0432]: unresolved import `tantivy`
[INFO] [stdout]   --> examples/faceted_search.rs:20:5
[INFO] [stdout]    |
[INFO] [stdout] 20 | use tantivy::{doc, Index};
[INFO] [stdout]    |     ^^^^^^^ use of undeclared crate or module `tantivy`
[INFO] [stdout] 
[INFO] [stdout] 
[INFO] [stdout] error: cannot determine resolution for the macro `doc`
[INFO] [stdout]   --> examples/iterating_docs_and_positions.rs:28:31
[INFO] [stdout]    |
[INFO] [stdout] 28 |     index_writer.add_document(doc!(title => "The Old Man and the Sea"))?;
[INFO] [stdout]    |                               ^^^
[INFO] [stdout]    |
[INFO] [stdout]    = note: import resolution is stuck, try simplifying macro imports
[INFO] [stdout] 
[INFO] [stdout] 
[INFO] [stdout] error[E0432]: unresolved import `tantivy`
[INFO] [stdout]   --> examples/pre_tokenized_text.rs:16:5
[INFO] [stdout]    |
[INFO] [stdout] 16 | use tantivy::{doc, Index, ReloadPolicy};
[INFO] [stdout]    |     ^^^^^^^ use of undeclared crate or module `tantivy`
[INFO] [stdout] 
[INFO] [stdout] 
[INFO] [stdout] error: cannot determine resolution for the macro `doc`
[INFO] [stdout]   --> examples/iterating_docs_and_positions.rs:29:31
[INFO] [stdout]    |
[INFO] [stdout] 29 |     index_writer.add_document(doc!(title => "Of Mice and Men"))?;
[INFO] [stdout]    |                               ^^^
[INFO] [stdout]    |
[INFO] [stdout]    = note: import resolution is stuck, try simplifying macro imports
[INFO] [stdout] 
[INFO] [stdout] 
[INFO] [stdout] error: cannot determine resolution for the macro `doc`
[INFO] [stdout]   --> examples/iterating_docs_and_positions.rs:30:31
[INFO] [stdout]    |
[INFO] [stdout] 30 |     index_writer.add_document(doc!(title => "The modern Promotheus"))?;
[INFO] [stdout]    |                               ^^^
[INFO] [stdout]    |
[INFO] [stdout]    = note: import resolution is stuck, try simplifying macro imports
[INFO] [stdout] 
[INFO] [stdout] 
[INFO] [stdout] error[E0432]: unresolved import `tantivy`
[INFO] [stdout]   --> examples/custom_collector.rs:16:5
[INFO] [stdout]    |
[INFO] [stdout] 16 | use tantivy::{doc, Index, Score, SegmentReader};
[INFO] [stdout]    |     ^^^^^^^ use of undeclared crate or module `tantivy`
[INFO] [stdout] 
[INFO] [stdout] 
[INFO] [stdout] error: cannot determine resolution for the macro `doc`
[INFO] [stdout]   --> examples/deleting_updating_documents.rs:77:31
[INFO] [stdout]    |
[INFO] [stdout] 77 |     index_writer.add_document(doc!(
[INFO] [stdout]    |                               ^^^
[INFO] [stdout]    |
[INFO] [stdout]    = note: import resolution is stuck, try simplifying macro imports
[INFO] [stdout] 
[INFO] [stdout] 
[INFO] [stdout] error: cannot determine resolution for the macro `doc`
[INFO] [stdout]   --> examples/phrase_prefix_search.rs:22:31
[INFO] [stdout]    |
[INFO] [stdout] 22 |     index_writer.add_document(doc!(
[INFO] [stdout]    |                               ^^^
[INFO] [stdout]    |
[INFO] [stdout]    = note: import resolution is stuck, try simplifying macro imports
[INFO] [stdout] 
[INFO] [stdout] 
[INFO] [stdout] error: cannot determine resolution for the macro `doc`
[INFO] [stdout]   --> examples/deleting_updating_documents.rs:81:31
[INFO] [stdout]    |
[INFO] [stdout] 81 |     index_writer.add_document(doc!(
[INFO] [stdout]    |                               ^^^
[INFO] [stdout]    |
[INFO] [stdout]    = note: import resolution is stuck, try simplifying macro imports
[INFO] [stdout] 
[INFO] [stdout] 
[INFO] [stdout] error: cannot determine resolution for the macro `doc`
[INFO] [stdout]   --> examples/deleting_updating_documents.rs:85:31
[INFO] [stdout]    |
[INFO] [stdout] 85 |     index_writer.add_document(doc!(
[INFO] [stdout]    |                               ^^^
[INFO] [stdout]    |
[INFO] [stdout]    = note: import resolution is stuck, try simplifying macro imports
[INFO] [stdout] 
[INFO] [stdout] 
[INFO] [stdout] error: cannot determine resolution for the macro `doc`
[INFO] [stdout]    --> examples/deleting_updating_documents.rs:123:31
[INFO] [stdout]     |
[INFO] [stdout] 123 |     index_writer.add_document(doc!(
[INFO] [stdout]     |                               ^^^
[INFO] [stdout]     |
[INFO] [stdout]     = note: import resolution is stuck, try simplifying macro imports
[INFO] [stdout] 
[INFO] [stdout] 
[INFO] [stdout] error: cannot determine resolution for the macro `doc`
[INFO] [stdout]   --> examples/faceted_search.rs:37:31
[INFO] [stdout]    |
[INFO] [stdout] 37 |     index_writer.add_document(doc!(
[INFO] [stdout]    |                               ^^^
[INFO] [stdout]    |
[INFO] [stdout]    = note: import resolution is stuck, try simplifying macro imports
[INFO] [stdout] 
[INFO] [stdout] 
[INFO] [stdout] error: cannot determine resolution for the macro `doc`
[INFO] [stdout]    --> examples/warmer.rs:148:25
[INFO] [stdout]     |
[INFO] [stdout] 148 |     writer.add_document(doc!(product_id=>GLOVES, text=>"kitchen gloves, perfect for cooking"))?;
[INFO] [stdout]     |                         ^^^
[INFO] [stdout]     |
[INFO] [stdout]     = note: import resolution is stuck, try simplifying macro imports
[INFO] [stdout] 
[INFO] [stdout] 
[INFO] [stdout] error: cannot determine resolution for the macro `doc`
[INFO] [stdout]    --> examples/warmer.rs:149:25
[INFO] [stdout]     |
[INFO] [stdout] 149 |     writer.add_document(doc!(product_id=>SNEAKERS, text=>"uber sweet sneakers"))?;
[INFO] [stdout]     |                         ^^^
[INFO] [stdout]     |
[INFO] [stdout]     = note: import resolution is stuck, try simplifying macro imports
[INFO] [stdout] 
[INFO] [stdout] 
[INFO] [stdout] error: cannot determine resolution for the macro `doc`
[INFO] [stdout]   --> tests/failpoints/mod.rs:50:35
[INFO] [stdout]    |
[INFO] [stdout] 50 |         index_writer.add_document(doc!(text_field => "a"))?;
[INFO] [stdout]    |                                   ^^^
[INFO] [stdout]    |
[INFO] [stdout]    = note: import resolution is stuck, try simplifying macro imports
[INFO] [stdout] 
[INFO] [stdout] 
[INFO] [stdout] error: cannot determine resolution for the macro `doc`
[INFO] [stdout]   --> examples/faceted_search.rs:41:31
[INFO] [stdout]    |
[INFO] [stdout] 41 |     index_writer.add_document(doc!(
[INFO] [stdout]    |                               ^^^
[INFO] [stdout]    |
[INFO] [stdout]    = note: import resolution is stuck, try simplifying macro imports
[INFO] [stdout] 
[INFO] [stdout] 
[INFO] [stdout] error: cannot determine resolution for the macro `doc`
[INFO] [stdout]   --> examples/faceted_search.rs:45:31
[INFO] [stdout]    |
[INFO] [stdout] 45 |     index_writer.add_document(doc!(
[INFO] [stdout]    |                               ^^^
[INFO] [stdout]    |
[INFO] [stdout]    = note: import resolution is stuck, try simplifying macro imports
[INFO] [stdout] 
[INFO] [stdout] 
[INFO] [stdout] error: cannot determine resolution for the macro `doc`
[INFO] [stdout]   --> examples/faceted_search.rs:49:31
[INFO] [stdout]    |
[INFO] [stdout] 49 |     index_writer.add_document(doc!(
[INFO] [stdout]    |                               ^^^
[INFO] [stdout]    |
[INFO] [stdout]    = note: import resolution is stuck, try simplifying macro imports
[INFO] [stdout] 
[INFO] [stdout] 
[INFO] [stdout] error: cannot determine resolution for the macro `doc`
[INFO] [stdout]   --> tests/failpoints/mod.rs:55:35
[INFO] [stdout]    |
[INFO] [stdout] 55 |         index_writer.add_document(doc!(text_field => "b"))?;
[INFO] [stdout]    |                                   ^^^
[INFO] [stdout]    |
[INFO] [stdout]    = note: import resolution is stuck, try simplifying macro imports
[INFO] [stdout] 
[INFO] [stdout] 
[INFO] [stdout] error: cannot determine resolution for the macro `doc`
[INFO] [stdout]   --> examples/faceted_search.rs:53:31
[INFO] [stdout]    |
[INFO] [stdout] 53 |     index_writer.add_document(doc!(
[INFO] [stdout]    |                               ^^^
[INFO] [stdout]    |
[INFO] [stdout]    = note: import resolution is stuck, try simplifying macro imports
[INFO] [stdout] 
[INFO] [stdout] 
[INFO] [stdout] error: cannot determine resolution for the macro `doc`
[INFO] [stdout]   --> examples/faceted_search.rs:57:31
[INFO] [stdout]    |
[INFO] [stdout] 57 |     index_writer.add_document(doc!(
[INFO] [stdout]    |                               ^^^
[INFO] [stdout]    |
[INFO] [stdout]    = note: import resolution is stuck, try simplifying macro imports
[INFO] [stdout] 
[INFO] [stdout] 
[INFO] [stdout] error: cannot determine resolution for the macro `doc`
[INFO] [stdout]   --> tests/failpoints/mod.rs:82:27
[INFO] [stdout]    |
[INFO] [stdout] 82 |             .add_document(doc!(text_field => format!("hellohappytaxpayerlongtokenblabla{}", i)))
[INFO] [stdout]    |                           ^^^
[INFO] [stdout]    |
[INFO] [stdout]    = note: import resolution is stuck, try simplifying macro imports
[INFO] [stdout] 
[INFO] [stdout] 
[INFO] [stdout] error: cannot determine resolution for the macro `doc`
[INFO] [stdout]    --> tests/failpoints/mod.rs:101:27
[INFO] [stdout]     |
[INFO] [stdout] 101 |             .add_document(doc!(text_field => format!("hellohappytaxpayerlongtokenblabla{}", i)))
[INFO] [stdout]     |                           ^^^
[INFO] [stdout]     |
[INFO] [stdout]     = note: import resolution is stuck, try simplifying macro imports
[INFO] [stdout] 
[INFO] [stdout] 
[INFO] [stdout] error: cannot determine resolution for the macro `doc`
[INFO] [stdout]    --> tests/failpoints/mod.rs:120:27
[INFO] [stdout]     |
[INFO] [stdout] 120 |             .add_document(doc!(text_field => format!("hellohappytaxpayerlongtokenblabla{}", i)))?;
[INFO] [stdout]     |                           ^^^
[INFO] [stdout]     |
[INFO] [stdout]     = note: import resolution is stuck, try simplifying macro imports
[INFO] [stdout] 
[INFO] [stdout] 
[INFO] [stdout] error: cannot determine resolution for the macro `doc`
[INFO] [stdout]   --> examples/faceted_search.rs:61:31
[INFO] [stdout]    |
[INFO] [stdout] 61 |     index_writer.add_document(doc!(
[INFO] [stdout]    |                               ^^^
[INFO] [stdout]    |
[INFO] [stdout]    = note: import resolution is stuck, try simplifying macro imports
[INFO] [stdout] 
[INFO] [stdout] 
[INFO] [stdout] error: cannot determine resolution for the macro `doc`
[INFO] [stdout]   --> examples/faceted_search.rs:65:31
[INFO] [stdout]    |
[INFO] [stdout] 65 |     index_writer.add_document(doc!(
[INFO] [stdout]    |                               ^^^
[INFO] [stdout]    |
[INFO] [stdout]    = note: import resolution is stuck, try simplifying macro imports
[INFO] [stdout] 
[INFO] [stdout] 
[INFO] [stdout] error: cannot determine resolution for the macro `doc`
[INFO] [stdout]   --> examples/pre_tokenized_text.rs:69:23
[INFO] [stdout]    |
[INFO] [stdout] 69 |     let old_man_doc = doc!(title => title_tok, body => body_tok);
[INFO] [stdout]    |                       ^^^
[INFO] [stdout]    |
[INFO] [stdout]    = note: import resolution is stuck, try simplifying macro imports
[INFO] [stdout] 
[INFO] [stdout] 
[INFO] [stdout] error[E0433]: failed to resolve: use of undeclared crate or module `tantivy`
[INFO] [stdout]   --> examples/aggregation.rs:14:5
[INFO] [stdout]    |
[INFO] [stdout] 14 | use tantivy::schema::{self, IndexRecordOption, Schema, TextFieldIndexing, FAST};
[INFO] [stdout]    |     ^^^^^^^ use of undeclared crate or module `tantivy`
[INFO] [stdout] 
[INFO] [stdout] 
[INFO] [stdout] error[E0432]: unresolved import `tantivy`
[INFO] [stdout]   --> examples/aggregation.rs:14:5
[INFO] [stdout]    |
[INFO] [stdout] 14 | use tantivy::schema::{self, IndexRecordOption, Schema, TextFieldIndexing, FAST};
[INFO] [stdout]    |     ^^^^^^^ use of undeclared crate or module `tantivy`
[INFO] [stdout] 
[INFO] [stdout] 
[INFO] [stdout] error[E0432]: unresolved import `tantivy`
[INFO] [stdout]   --> examples/aggregation.rs:15:5
[INFO] [stdout]    |
[INFO] [stdout] 15 | use tantivy::Index;
[INFO] [stdout]    |     ^^^^^^^ use of undeclared crate or module `tantivy`
[INFO] [stdout] 
[INFO] [stdout] 
[INFO] [stdout] error: cannot determine resolution for the macro `doc`
[INFO] [stdout]   --> examples/index_from_multiple_threads.rs:53:21
[INFO] [stdout]    |
[INFO] [stdout] 53 |                     doc!(
[INFO] [stdout]    |                     ^^^
[INFO] [stdout]    |
[INFO] [stdout]    = note: import resolution is stuck, try simplifying macro imports
[INFO] [stdout] 
[INFO] [stdout] 
[INFO] [stdout] error: cannot determine resolution for the macro `doc`
[INFO] [stdout]   --> examples/fuzzy_search.rs:76:31
[INFO] [stdout]    |
[INFO] [stdout] 76 |     index_writer.add_document(doc!(
[INFO] [stdout]    |                               ^^^
[INFO] [stdout]    |
[INFO] [stdout]    = note: import resolution is stuck, try simplifying macro imports
[INFO] [stdout] 
[INFO] [stdout] 
[INFO] [stdout] error: cannot determine resolution for the macro `doc`
[INFO] [stdout]   --> examples/fuzzy_search.rs:79:31
[INFO] [stdout]    |
[INFO] [stdout] 79 |     index_writer.add_document(doc!(
[INFO] [stdout]    |                               ^^^
[INFO] [stdout]    |
[INFO] [stdout]    = note: import resolution is stuck, try simplifying macro imports
[INFO] [stdout] 
[INFO] [stdout] 
[INFO] [stdout] error: cannot determine resolution for the macro `doc`
[INFO] [stdout]   --> examples/index_from_multiple_threads.rs:80:49
[INFO] [stdout]    |
[INFO] [stdout] 80 |                 index_writer_rlock.add_document(doc!(
[INFO] [stdout]    |                                                 ^^^
[INFO] [stdout]    |
[INFO] [stdout]    = note: import resolution is stuck, try simplifying macro imports
[INFO] [stdout] 
[INFO] [stdout] 
[INFO] [stdout] error: cannot determine resolution for the macro `doc`
[INFO] [stdout]   --> examples/fuzzy_search.rs:82:31
[INFO] [stdout]    |
[INFO] [stdout] 82 |     index_writer.add_document(doc!(
[INFO] [stdout]    |                               ^^^
[INFO] [stdout]    |
[INFO] [stdout]    = note: import resolution is stuck, try simplifying macro imports
[INFO] [stdout] 
[INFO] [stdout] 
[INFO] [stdout] error: cannot determine resolution for the macro `doc`
[INFO] [stdout]   --> examples/fuzzy_search.rs:85:31
[INFO] [stdout]    |
[INFO] [stdout] 85 |     index_writer.add_document(doc!(
[INFO] [stdout]    |                               ^^^
[INFO] [stdout]    |
[INFO] [stdout]    = note: import resolution is stuck, try simplifying macro imports
[INFO] [stdout] 
[INFO] [stdout] 
[INFO] [stdout] error: cannot determine resolution for the macro `doc`
[INFO] [stdout]    --> examples/custom_collector.rs:146:31
[INFO] [stdout]     |
[INFO] [stdout] 146 |     index_writer.add_document(doc!(
[INFO] [stdout]     |                               ^^^
[INFO] [stdout]     |
[INFO] [stdout]     = note: import resolution is stuck, try simplifying macro imports
[INFO] [stdout] 
[INFO] [stdout] 
[INFO] [stdout] error: cannot determine resolution for the macro `doc`
[INFO] [stdout]    --> examples/custom_collector.rs:152:31
[INFO] [stdout]     |
[INFO] [stdout] 152 |     index_writer.add_document(doc!(
[INFO] [stdout]     |                               ^^^
[INFO] [stdout]     |
[INFO] [stdout]     = note: import resolution is stuck, try simplifying macro imports
[INFO] [stdout] 
[INFO] [stdout] 
[INFO] [stdout] error: cannot determine resolution for the macro `doc`
[INFO] [stdout]    --> examples/custom_collector.rs:158:31
[INFO] [stdout]     |
[INFO] [stdout] 158 |     index_writer.add_document(doc!(
[INFO] [stdout]     |                               ^^^
[INFO] [stdout]     |
[INFO] [stdout]     = note: import resolution is stuck, try simplifying macro imports
[INFO] [stdout] 
[INFO] [stdout] 
[INFO] [stdout] error: cannot determine resolution for the macro `doc`
[INFO] [stdout]   --> examples/phrase_prefix_search.rs:28:31
[INFO] [stdout]    |
[INFO] [stdout] 28 |     index_writer.add_document(doc!(
[INFO] [stdout]    |                               ^^^
[INFO] [stdout]    |
[INFO] [stdout]    = note: import resolution is stuck, try simplifying macro imports
[INFO] [stdout] 
[INFO] [stdout] 
[INFO] [stdout] error: cannot determine resolution for the macro `doc`
[INFO] [stdout]    --> examples/custom_collector.rs:163:31
[INFO] [stdout]     |
[INFO] [stdout] 163 |     index_writer.add_document(doc!(
[INFO] [stdout]     |                               ^^^
[INFO] [stdout]     |
[INFO] [stdout]     = note: import resolution is stuck, try simplifying macro imports
[INFO] [stdout] 
[INFO] [stdout] 
[INFO] [stdout] error: cannot determine resolution for the macro `doc`
[INFO] [stdout]   --> examples/phrase_prefix_search.rs:41:31
[INFO] [stdout]    |
[INFO] [stdout] 41 |     index_writer.add_document(doc!(
[INFO] [stdout]    |                               ^^^
[INFO] [stdout]    |
[INFO] [stdout]    = note: import resolution is stuck, try simplifying macro imports
[INFO] [stdout] 
[INFO] [stdout] 
[INFO] [stdout] error[E0433]: failed to resolve: use of undeclared crate or module `tantivy`
[INFO] [stdout]   --> examples/date_time_field.rs:16:24
[INFO] [stdout]    |
[INFO] [stdout] 16 |         .set_precision(tantivy::DateTimePrecision::Seconds);
[INFO] [stdout]    |                        ^^^^^^^ use of undeclared crate or module `tantivy`
[INFO] [stdout]    |
[INFO] [stdout] help: consider importing one of these items
[INFO] [stdout]    |
[INFO] [stdout] 5  + use common::DateTimePrecision;
[INFO] [stdout]    |
[INFO] [stdout] 5  + use paradedb_tantivy::DateTimePrecision;
[INFO] [stdout]    |
[INFO] [stdout] help: if you import `DateTimePrecision`, refer to it directly
[INFO] [stdout]    |
[INFO] [stdout] 16 -         .set_precision(tantivy::DateTimePrecision::Seconds);
[INFO] [stdout] 16 +         .set_precision(DateTimePrecision::Seconds);
[INFO] [stdout]    |
[INFO] [stdout] 
[INFO] [stdout] 
[INFO] [stdout] error[E0433]: failed to resolve: use of undeclared crate or module `tantivy`
[INFO] [stdout]   --> examples/warmer.rs:51:44
[INFO] [stdout]    |
[INFO] [stdout] 51 |     fn warm(&self, searcher: &Searcher) -> tantivy::Result<()> {
[INFO] [stdout]    |                                            ^^^^^^^ use of undeclared crate or module `tantivy`
[INFO] [stdout] 
[INFO] [stdout] 
[INFO] [stdout] error[E0433]: failed to resolve: use of undeclared type `Schema`
[INFO] [stdout]   --> examples/pre_tokenized_text.rs:32:30
[INFO] [stdout]    |
[INFO] [stdout] 32 |     let mut schema_builder = Schema::builder();
[INFO] [stdout]    |                              ^^^^^^ use of undeclared type `Schema`
[INFO] [stdout]    |
[INFO] [stdout] help: consider importing this struct
[INFO] [stdout]    |
[INFO] [stdout] 12 + use paradedb_tantivy::schema::Schema;
[INFO] [stdout]    |
[INFO] [stdout] 
[INFO] [stdout] 
[INFO] [stdout] error[E0425]: cannot find value `TEXT` in this scope
[INFO] [stdout]   --> examples/pre_tokenized_text.rs:34:44
[INFO] [stdout]    |
[INFO] [stdout] 34 |     schema_builder.add_text_field("title", TEXT | STORED);
[INFO] [stdout]    |                                            ^^^^ not found in this scope
[INFO] [stdout]    |
[INFO] [stdout] help: consider importing this constant
[INFO] [stdout]    |
[INFO] [stdout] 12 + use paradedb_tantivy::schema::TEXT;
[INFO] [stdout]    |
[INFO] [stdout] 
[INFO] [stdout] 
[INFO] [stdout] error[E0425]: cannot find value `STORED` in this scope
[INFO] [stdout]   --> examples/pre_tokenized_text.rs:34:51
[INFO] [stdout]    |
[INFO] [stdout] 34 |     schema_builder.add_text_field("title", TEXT | STORED);
[INFO] [stdout]    |                                                   ^^^^^^ not found in this scope
[INFO] [stdout]    |
[INFO] [stdout] help: consider importing this constant
[INFO] [stdout]    |
[INFO] [stdout] 12 + use paradedb_tantivy::schema::STORED;
[INFO] [stdout]    |
[INFO] [stdout] 
[INFO] [stdout] 
[INFO] [stdout] error[E0425]: cannot find value `TEXT` in this scope
[INFO] [stdout]   --> examples/pre_tokenized_text.rs:35:43
[INFO] [stdout]    |
[INFO] [stdout] 35 |     schema_builder.add_text_field("body", TEXT);
[INFO] [stdout]    |                                           ^^^^ not found in this scope
[INFO] [stdout]    |
[INFO] [stdout] help: consider importing this constant
[INFO] [stdout]    |
[INFO] [stdout] 12 + use paradedb_tantivy::schema::TEXT;
[INFO] [stdout]    |
[INFO] [stdout] 
[INFO] [stdout] 
[INFO] [stdout] error[E0433]: failed to resolve: use of undeclared type `Term`
[INFO] [stdout]    --> examples/pre_tokenized_text.rs:106:9
[INFO] [stdout]     |
[INFO] [stdout] 106 |         Term::from_field_text(title, "Man"),
[INFO] [stdout]     |         ^^^^ use of undeclared type `Term`
[INFO] [stdout]     |
[INFO] [stdout] help: consider importing this struct
[INFO] [stdout]     |
[INFO] [stdout] 12  + use paradedb_tantivy::Term;
[INFO] [stdout]     |
[INFO] [stdout] 
[INFO] [stdout] 
[INFO] [stdout] error[E0433]: failed to resolve: use of undeclared type `IndexRecordOption`
[INFO] [stdout]    --> examples/pre_tokenized_text.rs:107:9
[INFO] [stdout]     |
[INFO] [stdout] 107 |         IndexRecordOption::Basic,
[INFO] [stdout]     |         ^^^^^^^^^^^^^^^^^ use of undeclared type `IndexRecordOption`
[INFO] [stdout]     |
[INFO] [stdout] help: consider importing this enum
[INFO] [stdout]     |
[INFO] [stdout] 12  + use paradedb_tantivy::schema::IndexRecordOption;
[INFO] [stdout]     |
[INFO] [stdout] 
[INFO] [stdout] 
[INFO] [stdout] error[E0433]: failed to resolve: use of undeclared crate or module `tantivy`
[INFO] [stdout]    --> examples/warmer.rs:124:14
[INFO] [stdout]     |
[INFO] [stdout] 124 | fn main() -> tantivy::Result<()> {
[INFO] [stdout]     |              ^^^^^^^ use of undeclared crate or module `tantivy`
[INFO] [stdout] 
[INFO] [stdout] 
[INFO] [stdout] error[E0433]: failed to resolve: use of undeclared type `Term`
[INFO] [stdout]    --> examples/pre_tokenized_text.rs:127:9
[INFO] [stdout]     |
[INFO] [stdout] 127 |         Term::from_field_text(title, "man"),
[INFO] [stdout]     |         ^^^^ use of undeclared type `Term`
[INFO] [stdout]     |
[INFO] [stdout] help: consider importing this struct
[INFO] [stdout]     |
[INFO] [stdout] 12  + use paradedb_tantivy::Term;
[INFO] [stdout]     |
[INFO] [stdout] 
[INFO] [stdout] 
[INFO] [stdout] error: aborting due to 9 previous errors
[INFO] [stdout] 
[INFO] [stdout] 
[INFO] [stdout] Some errors have detailed explanations: E0432, E0433.
[INFO] [stdout] 
[INFO] [stdout] For more information about an error, try `rustc --explain E0432`.
[INFO] [stdout] 
[INFO] [stdout] error[E0433]: failed to resolve: use of undeclared type `IndexRecordOption`
[INFO] [stdout]    --> examples/pre_tokenized_text.rs:128:9
[INFO] [stdout]     |
[INFO] [stdout] 128 |         IndexRecordOption::Basic,
[INFO] [stdout]     |         ^^^^^^^^^^^^^^^^^ use of undeclared type `IndexRecordOption`
[INFO] [stdout]     |
[INFO] [stdout] help: consider importing this enum
[INFO] [stdout]     |
[INFO] [stdout] 12  + use paradedb_tantivy::schema::IndexRecordOption;
[INFO] [stdout]     |
[INFO] [stdout] 
[INFO] [stdout] 
[INFO] [stdout] error[E0433]: failed to resolve: use of undeclared crate or module `tantivy`
[INFO] [stdout]   --> examples/custom_collector.rs:73:10
[INFO] [stdout]    |
[INFO] [stdout] 73 |     ) -> tantivy::Result<StatsSegmentCollector> {
[INFO] [stdout]    |          ^^^^^^^ use of undeclared crate or module `tantivy`
[INFO] [stdout] 
[INFO] [stdout] 
[INFO] [stdout] error[E0433]: failed to resolve: use of undeclared crate or module `tantivy`
[INFO] [stdout]   --> examples/custom_collector.rs:86:66
[INFO] [stdout]    |
[INFO] [stdout] 86 |     fn merge_fruits(&self, segment_stats: Vec<Option<Stats>>) -> tantivy::Result<Option<Stats>> {
[INFO] [stdout]    |                                                                  ^^^^^^^ use of undeclared crate or module `tantivy`
[INFO] [stdout] 
[INFO] [stdout] 
[INFO] [stdout] error[E0433]: failed to resolve: use of undeclared crate or module `tantivy`
[INFO] [stdout]    --> examples/custom_collector.rs:121:14
[INFO] [stdout]     |
[INFO] [stdout] 121 | fn main() -> tantivy::Result<()> {
[INFO] [stdout]     |              ^^^^^^^ use of undeclared crate or module `tantivy`
[INFO] [stdout] 
[INFO] [stdout] 
[INFO] [stdout] error: aborting due to 11 previous errors
[INFO] [stdout] 
[INFO] [stdout] 
[INFO] [stdout] Some errors have detailed explanations: E0432, E0433.
[INFO] [stdout] 
[INFO] [stdout] For more information about an error, try `rustc --explain E0432`.
[INFO] [stdout] 
[INFO] [stdout] error[E0412]: cannot find type `Term` in this scope
[INFO] [stdout]   --> examples/deleting_updating_documents.rs:21:17
[INFO] [stdout]    |
[INFO] [stdout] 21 |     isbn_term: &Term,
[INFO] [stdout]    |                 ^^^^ not found in this scope
[INFO] [stdout]    |
[INFO] [stdout] help: consider importing this struct
[INFO] [stdout]    |
[INFO] [stdout] 11 + use paradedb_tantivy::Term;
[INFO] [stdout]    |
[INFO] [stdout] 
[INFO] [stdout] 
[INFO] [stdout] error[E0412]: cannot find type `Document` in this scope
[INFO] [stdout]   --> examples/deleting_updating_documents.rs:22:29
[INFO] [stdout]    |
[INFO] [stdout] 22 | ) -> tantivy::Result<Option<Document>> {
[INFO] [stdout]    |                             ^^^^^^^^ not found in this scope
[INFO] [stdout]    |
[INFO] [stdout] help: consider importing this struct
[INFO] [stdout]    |
[INFO] [stdout] 11 + use paradedb_tantivy::Document;
[INFO] [stdout]    |
[INFO] [stdout] 
[INFO] [stdout] 
[INFO] [stdout] error[E0433]: failed to resolve: use of undeclared type `IndexRecordOption`
[INFO] [stdout]   --> examples/deleting_updating_documents.rs:30:56
[INFO] [stdout]    |
[INFO] [stdout] 30 |     let term_query = TermQuery::new(isbn_term.clone(), IndexRecordOption::Basic);
[INFO] [stdout]    |                                                        ^^^^^^^^^^^^^^^^^ use of undeclared type `IndexRecordOption`
[INFO] [stdout]    |
[INFO] [stdout] help: consider importing this enum
[INFO] [stdout]    |
[INFO] [stdout] 11 + use paradedb_tantivy::schema::IndexRecordOption;
[INFO] [stdout]    |
[INFO] [stdout] 
[INFO] [stdout] 
[INFO] [stdout] error[E0433]: failed to resolve: use of undeclared type `Schema`
[INFO] [stdout]   --> examples/deleting_updating_documents.rs:47:30
[INFO] [stdout]    |
[INFO] [stdout] 47 |     let mut schema_builder = Schema::builder();
[INFO] [stdout]    |                              ^^^^^^ use of undeclared type `Schema`
[INFO] [stdout]    |
[INFO] [stdout] help: consider importing this struct
[INFO] [stdout]    |
[INFO] [stdout] 11 + use paradedb_tantivy::schema::Schema;
[INFO] [stdout]    |
[INFO] [stdout] 
[INFO] [stdout] 
[INFO] [stdout] error[E0425]: cannot find value `STRING` in this scope
[INFO] [stdout]   --> examples/deleting_updating_documents.rs:66:54
[INFO] [stdout]    |
[INFO] [stdout] 66 |     let isbn = schema_builder.add_text_field("isbn", STRING | STORED);
[INFO] [stdout]    |                                                      ^^^^^^ not found in this scope
[INFO] [stdout]    |
[INFO] [stdout] help: consider importing this constant
[INFO] [stdout]    |
[INFO] [stdout] 11 + use paradedb_tantivy::schema::STRING;
[INFO] [stdout]    |
[INFO] [stdout] 
[INFO] [stdout] 
[INFO] [stdout] error[E0425]: cannot find value `STORED` in this scope
[INFO] [stdout]   --> examples/deleting_updating_documents.rs:66:63
[INFO] [stdout]    |
[INFO] [stdout] 66 |     let isbn = schema_builder.add_text_field("isbn", STRING | STORED);
[INFO] [stdout]    |                                                               ^^^^^^ not found in this scope
[INFO] [stdout]    |
[INFO] [stdout] help: consider importing this constant
[INFO] [stdout]    |
[INFO] [stdout] 11 + use paradedb_tantivy::schema::STORED;
[INFO] [stdout]    |
[INFO] [stdout] 
[INFO] [stdout] 
[INFO] [stdout] error[E0425]: cannot find value `TEXT` in this scope
[INFO] [stdout]   --> examples/deleting_updating_documents.rs:67:56
[INFO] [stdout]    |
[INFO] [stdout] 67 |     let title = schema_builder.add_text_field("title", TEXT | STORED);
[INFO] [stdout]    |                                                        ^^^^ not found in this scope
[INFO] [stdout]    |
[INFO] [stdout] help: consider importing this constant
[INFO] [stdout]    |
[INFO] [stdout] 11 + use paradedb_tantivy::schema::TEXT;
[INFO] [stdout]    |
[INFO] [stdout] 
[INFO] [stdout] 
[INFO] [stdout] error[E0425]: cannot find value `STORED` in this scope
[INFO] [stdout]   --> examples/deleting_updating_documents.rs:67:63
[INFO] [stdout]    |
[INFO] [stdout] 67 |     let title = schema_builder.add_text_field("title", TEXT | STORED);
[INFO] [stdout]    |                                                               ^^^^^^ not found in this scope
[INFO] [stdout]    |
[INFO] [stdout] help: consider importing this constant
[INFO] [stdout]    |
[INFO] [stdout] 11 + use paradedb_tantivy::schema::STORED;
[INFO] [stdout]    |
[INFO] [stdout] 
[INFO] [stdout] 
[INFO] [stdout] error[E0433]: failed to resolve: use of undeclared type `Schema`
[INFO] [stdout]   --> examples/index_with_json.rs:11:30
[INFO] [stdout]    |
[INFO] [stdout] 11 |     let mut schema_builder = Schema::builder();
[INFO] [stdout]    |                              ^^^^^^ use of undeclared type `Schema`
[INFO] [stdout]    |
[INFO] [stdout] help: consider importing this struct
[INFO] [stdout]    |
[INFO] [stdout] 1  + use paradedb_tantivy::schema::Schema;
[INFO] [stdout]    |
[INFO] [stdout] 
[INFO] [stdout] 
[INFO] [stdout] error[E0433]: failed to resolve: use of undeclared type `Document`
[INFO] [stdout]   --> examples/deleting_updating_documents.rs:75:27
[INFO] [stdout]    |
[INFO] [stdout] 75 |     let mut old_man_doc = Document::default();
[INFO] [stdout]    |                           ^^^^^^^^ use of undeclared type `Document`
[INFO] [stdout]    |
[INFO] [stdout] help: consider importing this struct
[INFO] [stdout]    |
[INFO] [stdout] 11 + use paradedb_tantivy::Document;
[INFO] [stdout]    |
[INFO] [stdout] 
[INFO] [stdout] 
[INFO] [stdout] error[E0433]: failed to resolve: use of undeclared type `Term`
[INFO] [stdout]   --> examples/deleting_updating_documents.rs:92:29
[INFO] [stdout]    |
[INFO] [stdout] 92 |     let frankenstein_isbn = Term::from_field_text(isbn, "978-9176370711");
[INFO] [stdout]    |                             ^^^^ use of undeclared type `Term`
[INFO] [stdout]    |
[INFO] [stdout] help: consider importing this struct
[INFO] [stdout]    |
[INFO] [stdout] 11 + use paradedb_tantivy::Term;
[INFO] [stdout]    |
[INFO] [stdout] 
[INFO] [stdout] 
[INFO] [stdout] error[E0425]: cannot find value `TEXT` in this scope
[INFO] [stdout]   --> examples/index_with_json.rs:12:44
[INFO] [stdout]    |
[INFO] [stdout] 12 |     schema_builder.add_text_field("title", TEXT | STORED);
[INFO] [stdout]    |                                            ^^^^ not found in this scope
[INFO] [stdout]    |
[INFO] [stdout] help: consider importing this constant
[INFO] [stdout]    |
[INFO] [stdout] 1  + use paradedb_tantivy::schema::TEXT;
[INFO] [stdout]    |
[INFO] [stdout] 
[INFO] [stdout] 
[INFO] [stdout] error[E0425]: cannot find value `STORED` in this scope
[INFO] [stdout]   --> examples/index_with_json.rs:12:51
[INFO] [stdout]    |
[INFO] [stdout] 12 |     schema_builder.add_text_field("title", TEXT | STORED);
[INFO] [stdout]    |                                                   ^^^^^^ not found in this scope
[INFO] [stdout]    |
[INFO] [stdout] help: consider importing this constant
[INFO] [stdout]    |
[INFO] [stdout] 1  + use paradedb_tantivy::schema::STORED;
[INFO] [stdout]    |
[INFO] [stdout] 
[INFO] [stdout] 
[INFO] [stderr] error: could not compile `paradedb-tantivy` (example "warmer") due to 10 previous errors
[INFO] [stderr] warning: build failed, waiting for other jobs to finish...
[INFO] [stdout] error[E0425]: cannot find value `TEXT` in this scope
[INFO] [stdout]   --> examples/index_with_json.rs:13:43
[INFO] [stdout]    |
[INFO] [stdout] 13 |     schema_builder.add_text_field("body", TEXT);
[INFO] [stdout]    |                                           ^^^^ not found in this scope
[INFO] [stdout]    |
[INFO] [stdout] help: consider importing this constant
[INFO] [stdout]    |
[INFO] [stdout] 1  + use paradedb_tantivy::schema::TEXT;
[INFO] [stdout]    |
[INFO] [stdout] 
[INFO] [stdout] 
[INFO] [stdout] error[E0425]: cannot find value `INDEXED` in this scope
[INFO] [stdout]   --> examples/index_with_json.rs:14:42
[INFO] [stdout]    |
[INFO] [stdout] 14 |     schema_builder.add_u64_field("year", INDEXED);
[INFO] [stdout]    |                                          ^^^^^^^ not found in this scope
[INFO] [stdout]    |
[INFO] [stdout] help: consider importing this constant
[INFO] [stdout]    |
[INFO] [stdout] 1  + use paradedb_tantivy::schema::INDEXED;
[INFO] [stdout]    |
[INFO] [stdout] 
[INFO] [stdout] 
[INFO] [stdout] error[E0433]: failed to resolve: use of undeclared crate or module `tantivy`
[INFO] [stdout]   --> examples/pre_tokenized_text.rs:29:14
[INFO] [stdout]    |
[INFO] [stdout] 29 | fn main() -> tantivy::Result<()> {
[INFO] [stdout]    |              ^^^^^^^ use of undeclared crate or module `tantivy`
[INFO] [stdout] 
[INFO] [stdout] 
[INFO] [stdout] error: aborting due to 15 previous errors
[INFO] [stdout] 
[INFO] [stdout] 
[INFO] [stdout] Some errors have detailed explanations: E0425, E0432, E0433.
[INFO] [stdout] 
[INFO] [stdout] For more information about an error, try `rustc --explain E0425`.
[INFO] [stdout] 
[INFO] [stdout] error[E0433]: failed to resolve: use of undeclared crate or module `tantivy`
[INFO] [stdout]   --> examples/date_time_field.rs:10:14
[INFO] [stdout]    |
[INFO] [stdout] 10 | fn main() -> tantivy::Result<()> {
[INFO] [stdout]    |              ^^^^^^^ use of undeclared crate or module `tantivy`
[INFO] [stdout] 
[INFO] [stdout] 
[INFO] [stdout] error: aborting due to 6 previous errors
[INFO] [stdout] 
[INFO] [stdout] 
[INFO] [stdout] Some errors have detailed explanations: E0432, E0433.
[INFO] [stdout] 
[INFO] [stdout] For more information about an error, try `rustc --explain E0432`.
[INFO] [stdout] 
[INFO] [stderr] error: could not compile `paradedb-tantivy` (example "custom_collector") due to 12 previous errors
[INFO] [stdout] error[E0433]: failed to resolve: use of undeclared type `Schema`
[INFO] [stdout]   --> examples/iterating_docs_and_positions.rs:18:30
[INFO] [stdout]    |
[INFO] [stdout] 18 |     let mut schema_builder = Schema::builder();
[INFO] [stdout]    |                              ^^^^^^ use of undeclared type `Schema`
[INFO] [stdout]    |
[INFO] [stdout] help: consider importing this struct
[INFO] [stdout]    |
[INFO] [stdout] 12 + use paradedb_tantivy::schema::Schema;
[INFO] [stdout]    |
[INFO] [stdout] 
[INFO] [stdout] 
[INFO] [stdout] error[E0425]: cannot find value `TEXT` in this scope
[INFO] [stdout]   --> examples/iterating_docs_and_positions.rs:22:56
[INFO] [stdout]    |
[INFO] [stdout] 22 |     let title = schema_builder.add_text_field("title", TEXT | STORED);
[INFO] [stdout]    |                                                        ^^^^ not found in this scope
[INFO] [stdout]    |
[INFO] [stdout] help: consider importing this constant
[INFO] [stdout]    |
[INFO] [stdout] 12 + use paradedb_tantivy::schema::TEXT;
[INFO] [stdout]    |
[INFO] [stdout] 
[INFO] [stdout] 
[INFO] [stdout] error[E0425]: cannot find value `STORED` in this scope
[INFO] [stdout]   --> examples/iterating_docs_and_positions.rs:22:63
[INFO] [stdout]    |
[INFO] [stdout] 22 |     let title = schema_builder.add_text_field("title", TEXT | STORED);
[INFO] [stdout]    |                                                               ^^^^^^ not found in this scope
[INFO] [stdout]    |
[INFO] [stdout] help: consider importing this constant
[INFO] [stdout]    |
[INFO] [stdout] 12 + use paradedb_tantivy::schema::STORED;
[INFO] [stdout]    |
[INFO] [stdout] 
[INFO] [stdout] 
[INFO] [stdout] error[E0433]: failed to resolve: use of undeclared type `Term`
[INFO] [stdout]   --> examples/iterating_docs_and_positions.rs:52:24
[INFO] [stdout]    |
[INFO] [stdout] 52 |         let term_the = Term::from_field_text(title, "the");
[INFO] [stdout]    |                        ^^^^ use of undeclared type `Term`
[INFO] [stdout]    |
[INFO] [stdout] help: consider importing this struct
[INFO] [stdout]    |
[INFO] [stdout] 12 + use paradedb_tantivy::Term;
[INFO] [stdout]    |
[INFO] [stdout] 
[INFO] [stdout] 
[INFO] [stdout] error[E0433]: failed to resolve: use of undeclared type `IndexRecordOption`
[INFO] [stdout]   --> examples/iterating_docs_and_positions.rs:61:53
[INFO] [stdout]    |
[INFO] [stdout] 61 |             inverted_index.read_postings(&term_the, IndexRecordOption::WithFreqsAndPositions)?
[INFO] [stdout]    |                                                     ^^^^^^^^^^^^^^^^^ use of undeclared type `IndexRecordOption`
[INFO] [stdout]    |
[INFO] [stdout] help: consider importing this enum
[INFO] [stdout]    |
[INFO] [stdout] 12 + use paradedb_tantivy::schema::IndexRecordOption;
[INFO] [stdout]    |
[INFO] [stdout] 
[INFO] [stdout] 
[INFO] [stdout] error[E0433]: failed to resolve: use of undeclared type `Term`
[INFO] [stdout]   --> examples/iterating_docs_and_positions.rs:95:20
[INFO] [stdout]    |
[INFO] [stdout] 95 |     let term_the = Term::from_field_text(title, "the");
[INFO] [stdout]    |                    ^^^^ use of undeclared type `Term`
[INFO] [stdout]    |
[INFO] [stdout] help: consider importing this struct
[INFO] [stdout]    |
[INFO] [stdout] 12 + use paradedb_tantivy::Term;
[INFO] [stdout]    |
[INFO] [stdout] 
[INFO] [stdout] 
[INFO] [stdout] error[E0433]: failed to resolve: use of undeclared type `IndexRecordOption`
[INFO] [stdout]    --> examples/iterating_docs_and_positions.rs:118:59
[INFO] [stdout]     |
[INFO] [stdout] 118 |             inverted_index.read_block_postings(&term_the, IndexRecordOption::Basic)?
[INFO] [stdout]     |                                                           ^^^^^^^^^^^^^^^^^ use of undeclared type `IndexRecordOption`
[INFO] [stdout]     |
[INFO] [stdout] help: consider importing this enum
[INFO] [stdout]     |
[INFO] [stdout] 12  + use paradedb_tantivy::schema::IndexRecordOption;
[INFO] [stdout]     |
[INFO] [stdout] 
[INFO] [stdout] 
[INFO] [stderr] error: could not compile `paradedb-tantivy` (example "pre_tokenized_text") due to 16 previous errors
[INFO] [stdout] error[E0433]: failed to resolve: use of undeclared crate or module `tantivy`
[INFO] [stdout]   --> examples/json_field.rs:12:14
[INFO] [stdout]    |
[INFO] [stdout] 12 | fn main() -> tantivy::Result<()> {
[INFO] [stdout]    |              ^^^^^^^ use of undeclared crate or module `tantivy`
[INFO] [stdout] 
[INFO] [stdout] 
[INFO] [stdout] error: aborting due to 5 previous errors
[INFO] [stdout] 
[INFO] [stdout] 
[INFO] [stdout] Some errors have detailed explanations: E0432, E0433.
[INFO] [stdout] 
[INFO] [stdout] For more information about an error, try `rustc --explain E0432`.
[INFO] [stdout] 
[INFO] [stdout] error[E0433]: failed to resolve: use of undeclared crate or module `tantivy`
[INFO] [stdout]  --> examples/index_with_json.rs:6:14
[INFO] [stdout]   |
[INFO] [stdout] 6 | fn main() -> tantivy::Result<()> {
[INFO] [stdout]   |              ^^^^^^^ use of undeclared crate or module `tantivy`
[INFO] [stdout] 
[INFO] [stdout] 
[INFO] [stdout] error: aborting due to 7 previous errors
[INFO] [stdout] 
[INFO] [stdout] 
[INFO] [stdout] Some errors have detailed explanations: E0425, E0433.
[INFO] [stdout] 
[INFO] [stdout] For more information about an error, try `rustc --explain E0425`.
[INFO] [stdout] 
[INFO] [stderr] error: could not compile `paradedb-tantivy` (example "date_time_field") due to 7 previous errors
[INFO] [stdout] error[E0433]: failed to resolve: use of undeclared crate or module `tantivy`
[INFO] [stdout]   --> examples/index_from_multiple_threads.rs:35:14
[INFO] [stdout]    |
[INFO] [stdout] 35 | fn main() -> tantivy::Result<()> {
[INFO] [stdout]    |              ^^^^^^^ use of undeclared crate or module `tantivy`
[INFO] [stdout] 
[INFO] [stdout] 
[INFO] [stdout] error: aborting due to 5 previous errors
[INFO] [stdout] 
[INFO] [stdout] 
[INFO] [stdout] Some errors have detailed explanations: E0432, E0433.
[INFO] [stdout] 
[INFO] [stdout] For more information about an error, try `rustc --explain E0432`.
[INFO] [stdout] 
[INFO] [stdout] error[E0433]: failed to resolve: use of undeclared type `Schema`
[INFO] [stdout]   --> examples/faceted_search.rs:24:30
[INFO] [stdout]    |
[INFO] [stdout] 24 |     let mut schema_builder = Schema::builder();
[INFO] [stdout]    |                              ^^^^^^ use of undeclared type `Schema`
[INFO] [stdout]    |
[INFO] [stdout] help: consider importing this struct
[INFO] [stdout]    |
[INFO] [stdout] 17 + use paradedb_tantivy::schema::Schema;
[INFO] [stdout]    |
[INFO] [stdout] 
[INFO] [stdout] 
[INFO] [stdout] error[E0425]: cannot find value `TEXT` in this scope
[INFO] [stdout]   --> examples/faceted_search.rs:26:54
[INFO] [stdout]    |
[INFO] [stdout] 26 |     let name = schema_builder.add_text_field("name", TEXT | STORED);
[INFO] [stdout]    |                                                      ^^^^ not found in this scope
[INFO] [stdout]    |
[INFO] [stdout] help: consider importing this constant
[INFO] [stdout]    |
[INFO] [stdout] 17 + use paradedb_tantivy::schema::TEXT;
[INFO] [stdout]    |
[INFO] [stdout] 
[INFO] [stdout] 
[INFO] [stdout] error[E0425]: cannot find value `STORED` in this scope
[INFO] [stdout]   --> examples/faceted_search.rs:26:61
[INFO] [stdout]    |
[INFO] [stdout] 26 |     let name = schema_builder.add_text_field("name", TEXT | STORED);
[INFO] [stdout]    |                                                             ^^^^^^ not found in this scope
[INFO] [stdout]    |
[INFO] [stdout] help: consider importing this constant
[INFO] [stdout]    |
[INFO] [stdout] 17 + use paradedb_tantivy::schema::STORED;
[INFO] [stdout]    |
[INFO] [stdout] 
[INFO] [stdout] 
[INFO] [stdout] error[E0433]: failed to resolve: use of undeclared type `FacetOptions`
[INFO] [stdout]   --> examples/faceted_search.rs:28:75
[INFO] [stdout]    |
[INFO] [stdout] 28 |     let classification = schema_builder.add_facet_field("classification", FacetOptions::default());
[INFO] [stdout]    |                                                                           ^^^^^^^^^^^^ use of undeclared type `FacetOptions`
[INFO] [stdout]    |
[INFO] [stdout] help: consider importing this struct
[INFO] [stdout]    |
[INFO] [stdout] 17 + use paradedb_tantivy::schema::FacetOptions;
[INFO] [stdout]    |
[INFO] [stdout] 
[INFO] [stdout] 
[INFO] [stdout] error[E0412]: cannot find type `Facet` in this scope
[INFO] [stdout]   --> examples/faceted_search.rs:78:27
[INFO] [stdout]    |
[INFO] [stdout] 78 |         let facets: Vec<(&Facet, u64)> = facet_counts.get("/Felidae").collect();
[INFO] [stdout]    |                           ^^^^^ not found in this scope
[INFO] [stdout]    |
[INFO] [stdout] help: consider importing this struct
[INFO] [stdout]    |
[INFO] [stdout] 17 + use paradedb_tantivy::schema::Facet;
[INFO] [stdout]    |
[INFO] [stdout] 
[INFO] [stdout] 
[INFO] [stdout] error[E0433]: failed to resolve: use of undeclared type `Facet`
[INFO] [stdout]   --> examples/faceted_search.rs:82:19
[INFO] [stdout]    |
[INFO] [stdout] 82 |                 (&Facet::from("/Felidae/Felinae"), 3),
[INFO] [stdout]    |                   ^^^^^ use of undeclared type `Facet`
[INFO] [stdout]    |
[INFO] [stdout] help: consider importing this struct
[INFO] [stdout]    |
[INFO] [stdout] 17 + use paradedb_tantivy::schema::Facet;
[INFO] [stdout]    |
[INFO] [stdout] 
[INFO] [stdout] 
[INFO] [stdout] error[E0433]: failed to resolve: use of undeclared type `Facet`
[INFO] [stdout]   --> examples/faceted_search.rs:83:19
[INFO] [stdout]    |
[INFO] [stdout] 83 |                 (&Facet::from("/Felidae/Pantherinae"), 4),
[INFO] [stdout]    |                   ^^^^^ use of undeclared type `Facet`
[INFO] [stdout]    |
[INFO] [stdout] help: consider importing this struct
[INFO] [stdout]    |
[INFO] [stdout] 17 + use paradedb_tantivy::schema::Facet;
[INFO] [stdout]    |
[INFO] [stdout] 
[INFO] [stdout] 
[INFO] [stdout] error[E0433]: failed to resolve: use of undeclared type `Facet`
[INFO] [stdout]   --> examples/faceted_search.rs:97:21
[INFO] [stdout]    |
[INFO] [stdout] 97 |         let facet = Facet::from("/Felidae/Pantherinae");
[INFO] [stdout]    |                     ^^^^^ use of undeclared type `Facet`
[INFO] [stdout]    |
[INFO] [stdout] help: consider importing this struct
[INFO] [stdout]    |
[INFO] [stdout] 17 + use paradedb_tantivy::schema::Facet;
[INFO] [stdout]    |
[INFO] [stdout] 
[INFO] [stdout] 
[INFO] [stdout] error[E0433]: failed to resolve: use of undeclared type `Term`
[INFO] [stdout]   --> examples/faceted_search.rs:98:26
[INFO] [stdout]    |
[INFO] [stdout] 98 |         let facet_term = Term::from_facet(classification, &facet);
[INFO] [stdout]    |                          ^^^^ use of undeclared type `Term`
[INFO] [stdout]    |
[INFO] [stdout] help: consider importing this struct
[INFO] [stdout]    |
[INFO] [stdout] 17 + use paradedb_tantivy::Term;
[INFO] [stdout]    |
[INFO] [stdout] 
[INFO] [stdout] 
[INFO] [stdout] error[E0433]: failed to resolve: use of undeclared type `IndexRecordOption`
[INFO] [stdout]   --> examples/faceted_search.rs:99:59
[INFO] [stdout]    |
[INFO] [stdout] 99 |         let facet_term_query = TermQuery::new(facet_term, IndexRecordOption::Basic);
[INFO] [stdout]    |                                                           ^^^^^^^^^^^^^^^^^ use of undeclared type `IndexRecordOption`
[INFO] [stdout]    |
[INFO] [stdout] help: consider importing this enum
[INFO] [stdout]    |
[INFO] [stdout] 17 + use paradedb_tantivy::schema::IndexRecordOption;
[INFO] [stdout]    |
[INFO] [stdout] 
[INFO] [stdout] 
[INFO] [stdout] error[E0412]: cannot find type `Facet` in this scope
[INFO] [stdout]    --> examples/faceted_search.rs:103:27
[INFO] [stdout]     |
[INFO] [stdout] 103 |         let facets: Vec<(&Facet, u64)> = facet_counts.get("/Felidae/Pantherinae").collect();
[INFO] [stdout]     |                           ^^^^^ not found in this scope
[INFO] [stdout]     |
[INFO] [stdout] help: consider importing this struct
[INFO] [stdout]     |
[INFO] [stdout] 17  + use paradedb_tantivy::schema::Facet;
[INFO] [stdout]     |
[INFO] [stdout] 
[INFO] [stdout] 
[INFO] [stdout] error[E0433]: failed to resolve: use of undeclared type `Facet`
[INFO] [stdout]    --> examples/faceted_search.rs:107:19
[INFO] [stdout]     |
[INFO] [stdout] 107 |                 (&Facet::from("/Felidae/Pantherinae/Neofelis"), 1),
[INFO] [stdout]     |                   ^^^^^ use of undeclared type `Facet`
[INFO] [stdout]     |
[INFO] [stdout] help: consider importing this struct
[INFO] [stdout]     |
[INFO] [stdout] 17  + use paradedb_tantivy::schema::Facet;
[INFO] [stdout]     |
[INFO] [stdout] 
[INFO] [stdout] 
[INFO] [stdout] error[E0433]: failed to resolve: use of undeclared type `Facet`
[INFO] [stdout]    --> examples/faceted_search.rs:108:19
[INFO] [stdout]     |
[INFO] [stdout] 108 |                 (&Facet::from("/Felidae/Pantherinae/Panthera"), 3),
[INFO] [stdout]     |                   ^^^^^ use of undeclared type `Facet`
[INFO] [stdout]     |
[INFO] [stdout] help: consider importing this struct
[INFO] [stdout]     |
[INFO] [stdout] 17  + use paradedb_tantivy::schema::Facet;
[INFO] [stdout]     |
[INFO] [stdout] 
[INFO] [stdout] 
[INFO] [stdout] error[E0433]: failed to resolve: use of undeclared crate or module `tantivy`
[INFO] [stdout]   --> examples/ip_field.rs:11:14
[INFO] [stdout]    |
[INFO] [stdout] 11 | fn main() -> tantivy::Result<()> {
[INFO] [stdout]    |              ^^^^^^^ use of undeclared crate or module `tantivy`
[INFO] [stdout] 
[INFO] [stdout] 
[INFO] [stdout] error: aborting due to 5 previous errors
[INFO] [stdout] 
[INFO] [stdout] 
[INFO] [stdout] error[E0433]: failed to resolve: use of undeclared type `Schema`
[INFO] [stdout]   --> examples/phrase_prefix_search.rs:10:30
[INFO] [stdout]    |
[INFO] [stdout] 10 |     let mut schema_builder = Schema::builder();
[INFO] [stdout]    |                              ^^^^^^ use of undeclared type `Schema`
[INFO] [stdout]    |
[INFO] [stdout] help: consider importing this struct
[INFO] [stdout]    |
[INFO] [stdout] 1  + use paradedb_tantivy::schema::Schema;
[INFO] [stdout]    |
[INFO] [stdout] 
[INFO] [stdout] 
[INFO] [stdout] error[E0425]: cannot find value `TEXT` in this scope
[INFO] [stdout]   --> examples/phrase_prefix_search.rs:11:44
[INFO] [stdout]    |
[INFO] [stdout] 11 |     schema_builder.add_text_field("title", TEXT | STORED);
[INFO] [stdout]    |                                            ^^^^ not found in this scope
[INFO] [stdout]    |
[INFO] [stdout] help: consider importing this constant
[INFO] [stdout]    |
[INFO] [stdout] 1  + use paradedb_tantivy::schema::TEXT;
[INFO] [stdout]    |
[INFO] [stdout] 
[INFO] [stdout] 
[INFO] [stdout] error[E0425]: cannot find value `STORED` in this scope
[INFO] [stdout]   --> examples/phrase_prefix_search.rs:11:51
[INFO] [stdout]    |
[INFO] [stdout] 11 |     schema_builder.add_text_field("title", TEXT | STORED);
[INFO] [stdout]    |                                                   ^^^^^^ not found in this scope
[INFO] [stdout]    |
[INFO] [stdout] help: consider importing this constant
[INFO] [stdout]    |
[INFO] [stdout] 1  + use paradedb_tantivy::schema::STORED;
[INFO] [stdout]    |
[INFO] [stdout] 
[INFO] [stdout] 
[INFO] [stdout] error[E0425]: cannot find value `TEXT` in this scope
[INFO] [stdout]   --> examples/phrase_prefix_search.rs:12:43
[INFO] [stdout]    |
[INFO] [stdout] 12 |     schema_builder.add_text_field("body", TEXT);
[INFO] [stdout]    |                                           ^^^^ not found in this scope
[INFO] [stdout]    |
[INFO] [stdout] help: consider importing this constant
[INFO] [stdout]    |
[INFO] [stdout] 1  + use paradedb_tantivy::schema::TEXT;
[INFO] [stdout]    |
[INFO] [stdout] 
[INFO] [stdout] 
[INFO] [stderr] error: could not compile `paradedb-tantivy` (example "json_field") due to 6 previous errors
[INFO] [stderr] error: could not compile `paradedb-tantivy` (example "index_from_multiple_threads") due to 6 previous errors
[INFO] [stdout] Some errors have detailed explanations: E0432, E0433.
[INFO] [stdout] 
[INFO] [stdout] For more information about an error, try `rustc --explain E0432`.
[INFO] [stdout] 
[INFO] [stdout] error[E0433]: failed to resolve: use of undeclared crate or module `tantivy`
[INFO] [stdout]   --> examples/aggregation.rs:17:14
[INFO] [stdout]    |
[INFO] [stdout] 17 | fn main() -> tantivy::Result<()> {
[INFO] [stdout]    |              ^^^^^^^ use of undeclared crate or module `tantivy`
[INFO] [stdout] 
[INFO] [stdout] 
[INFO] [stdout] error: aborting due to 8 previous errors
[INFO] [stdout] 
[INFO] [stdout] 
[INFO] [stdout] Some errors have detailed explanations: E0432, E0433.
[INFO] [stdout] 
[INFO] [stdout] For more information about an error, try `rustc --explain E0432`.
[INFO] [stdout] 
[INFO] [stdout] error[E0433]: failed to resolve: use of undeclared type `Schema`
[INFO] [stdout]   --> examples/fuzzy_search.rs:33:30
[INFO] [stdout]    |
[INFO] [stdout] 33 |     let mut schema_builder = Schema::builder();
[INFO] [stdout]    |                              ^^^^^^ use of undeclared type `Schema`
[INFO] [stdout]    |
[INFO] [stdout] help: consider importing this struct
[INFO] [stdout]    |
[INFO] [stdout] 14 + use paradedb_tantivy::schema::Schema;
[INFO] [stdout]    |
[INFO] [stdout] 
[INFO] [stdout] 
[INFO] [stderr] error: could not compile `paradedb-tantivy` (example "index_with_json") due to 8 previous errors
[INFO] [stdout] error[E0425]: cannot find value `TEXT` in this scope
[INFO] [stdout]   --> examples/fuzzy_search.rs:49:56
[INFO] [stdout]    |
[INFO] [stdout] 49 |     let title = schema_builder.add_text_field("title", TEXT | STORED);
[INFO] [stdout]    |                                                        ^^^^ not found in this scope
[INFO] [stdout]    |
[INFO] [stdout] help: consider importing this constant
[INFO] [stdout]    |
[INFO] [stdout] 14 + use paradedb_tantivy::schema::TEXT;
[INFO] [stdout]    |
[INFO] [stdout] 
[INFO] [stdout] 
[INFO] [stdout] error[E0425]: cannot find value `STORED` in this scope
[INFO] [stdout]   --> examples/fuzzy_search.rs:49:63
[INFO] [stdout]    |
[INFO] [stdout] 49 |     let title = schema_builder.add_text_field("title", TEXT | STORED);
[INFO] [stdout]    |                                                               ^^^^^^ not found in this scope
[INFO] [stdout]    |
[INFO] [stdout] help: consider importing this constant
[INFO] [stdout]    |
[INFO] [stdout] 14 + use paradedb_tantivy::schema::STORED;
[INFO] [stdout]    |
[INFO] [stdout] 
[INFO] [stdout] 
[INFO] [stdout] error[E0433]: failed to resolve: use of undeclared type `Term`
[INFO] [stdout]    --> examples/fuzzy_search.rs:145:20
[INFO] [stdout]     |
[INFO] [stdout] 145 |         let term = Term::from_field_text(title, "Diary");
[INFO] [stdout]     |                    ^^^^ use of undeclared type `Term`
[INFO] [stdout]     |
[INFO] [stdout] help: consider importing this struct
[INFO] [stdout]     |
[INFO] [stdout] 14  + use paradedb_tantivy::Term;
[INFO] [stdout]     |
[INFO] [stdout] 
[INFO] [stdout] 
[INFO] [stdout] error[E0433]: failed to resolve: use of undeclared crate or module `tantivy`
[INFO] [stdout]   --> examples/iterating_docs_and_positions.rs:15:14
[INFO] [stdout]    |
[INFO] [stdout] 15 | fn main() -> tantivy::Result<()> {
[INFO] [stdout]    |              ^^^^^^^ use of undeclared crate or module `tantivy`
[INFO] [stdout] 
[INFO] [stdout] 
[INFO] [stdout] error: aborting due to 13 previous errors
[INFO] [stdout] 
[INFO] [stdout] 
[INFO] [stdout] Some errors have detailed explanations: E0425, E0432, E0433.
[INFO] [stdout] 
[INFO] [stdout] For more information about an error, try `rustc --explain E0425`.
[INFO] [stdout] 
[INFO] [stderr] error: could not compile `paradedb-tantivy` (example "ip_field") due to 6 previous errors
[INFO] [stderr] error: could not compile `paradedb-tantivy` (example "aggregation") due to 9 previous errors
[INFO] [stdout] error[E0433]: failed to resolve: use of undeclared crate or module `tantivy`
[INFO] [stdout]   --> examples/faceted_search.rs:22:14
[INFO] [stdout]    |
[INFO] [stdout] 22 | fn main() -> tantivy::Result<()> {
[INFO] [stdout]    |              ^^^^^^^ use of undeclared crate or module `tantivy`
[INFO] [stdout] 
[INFO] [stdout] 
[INFO] [stdout] error: aborting due to 26 previous errors
[INFO] [stdout] 
[INFO] [stdout] 
[INFO] [stdout] Some errors have detailed explanations: E0412, E0425, E0432, E0433.
[INFO] [stdout] 
[INFO] [stdout] For more information about an error, try `rustc --explain E0412`.
[INFO] [stdout] 
[INFO] [stdout] error: aborting due to 11 previous errors
[INFO] [stdout] 
[INFO] [stdout] 
[INFO] [stdout] Some errors have detailed explanations: E0425, E0432, E0433.
[INFO] [stdout] 
[INFO] [stdout] For more information about an error, try `rustc --explain E0425`.
[INFO] [stdout] 
[INFO] [stderr] error: could not compile `paradedb-tantivy` (example "iterating_docs_and_positions") due to 14 previous errors
[INFO] [stderr] error: could not compile `paradedb-tantivy` (example "faceted_search") due to 27 previous errors
[INFO] [stderr] error: could not compile `paradedb-tantivy` (example "phrase_prefix_search") due to 12 previous errors
[INFO] [stdout] error[E0433]: failed to resolve: use of undeclared crate or module `tantivy`
[INFO] [stdout]   --> tests/failpoints/mod.rs:42:33
[INFO] [stdout]    |
[INFO] [stdout] 42 | fn test_write_commit_fails() -> tantivy::Result<()> {
[INFO] [stdout]    |                                 ^^^^^^^ use of undeclared crate or module `tantivy`
[INFO] [stdout] 
[INFO] [stdout] 
[INFO] [stdout] error[E0433]: failed to resolve: use of undeclared crate or module `tantivy`
[INFO] [stdout]   --> tests/failpoints/mod.rs:73:36
[INFO] [stdout]    |
[INFO] [stdout] 73 | fn test_fail_on_flush_segment() -> tantivy::Result<()> {
[INFO] [stdout]    |                                    ^^^^^^^ use of undeclared crate or module `tantivy`
[INFO] [stdout] 
[INFO] [stdout] 
[INFO] [stdout] error[E0433]: failed to resolve: use of undeclared crate or module `tantivy`
[INFO] [stdout]   --> tests/failpoints/mod.rs:92:59
[INFO] [stdout]    |
[INFO] [stdout] 92 | fn test_fail_on_flush_segment_but_one_worker_remains() -> tantivy::Result<()> {
[INFO] [stdout]    |                                                           ^^^^^^^ use of undeclared crate or module `tantivy`
[INFO] [stdout] 
[INFO] [stdout] 
[INFO] [stdout] error[E0433]: failed to resolve: use of undeclared crate or module `tantivy`
[INFO] [stdout]    --> tests/failpoints/mod.rs:111:37
[INFO] [stdout]     |
[INFO] [stdout] 111 | fn test_fail_on_commit_segment() -> tantivy::Result<()> {
[INFO] [stdout]     |                                     ^^^^^^^ use of undeclared crate or module `tantivy`
[INFO] [stdout] 
[INFO] [stdout] 
[INFO] [stdout] error: aborting due to 12 previous errors
[INFO] [stdout] 
[INFO] [stdout] 
[INFO] [stdout] Some errors have detailed explanations: E0432, E0433.
[INFO] [stdout] 
[INFO] [stdout] For more information about an error, try `rustc --explain E0432`.
[INFO] [stdout] 
[INFO] [stdout] error[E0433]: failed to resolve: use of undeclared crate or module `tantivy`
[INFO] [stdout]   --> examples/fuzzy_search.rs:20:14
[INFO] [stdout]    |
[INFO] [stdout] 20 | fn main() -> tantivy::Result<()> {
[INFO] [stdout]    |              ^^^^^^^ use of undeclared crate or module `tantivy`
[INFO] [stdout] 
[INFO] [stdout] 
[INFO] [stdout] error: aborting due to 13 previous errors
[INFO] [stdout] 
[INFO] [stdout] 
[INFO] [stdout] Some errors have detailed explanations: E0425, E0432, E0433.
[INFO] [stdout] 
[INFO] [stdout] For more information about an error, try `rustc --explain E0425`.
[INFO] [stdout] 
[INFO] [stderr] error: could not compile `paradedb-tantivy` (test "failpoints") due to 13 previous errors
[INFO] [stderr] error: could not compile `paradedb-tantivy` (example "fuzzy_search") due to 14 previous errors
[INFO] [stdout] error[E0433]: failed to resolve: use of undeclared crate or module `tantivy`
[INFO] [stdout]   --> examples/deleting_updating_documents.rs:22:6
[INFO] [stdout]    |
[INFO] [stdout] 22 | ) -> tantivy::Result<Option<Document>> {
[INFO] [stdout]    |      ^^^^^^^ use of undeclared crate or module `tantivy`
[INFO] [stdout] 
[INFO] [stdout] 
[INFO] [stdout] error[E0433]: failed to resolve: use of undeclared crate or module `tantivy`
[INFO] [stdout]   --> examples/deleting_updating_documents.rs:42:14
[INFO] [stdout]    |
[INFO] [stdout] 42 | fn main() -> tantivy::Result<()> {
[INFO] [stdout]    |              ^^^^^^^ use of undeclared crate or module `tantivy`
[INFO] [stdout] 
[INFO] [stdout] 
[INFO] [stdout] error: aborting due to 20 previous errors
[INFO] [stdout] 
[INFO] [stdout] 
[INFO] [stdout] Some errors have detailed explanations: E0412, E0425, E0432, E0433.
[INFO] [stdout] 
[INFO] [stdout] For more information about an error, try `rustc --explain E0412`.
[INFO] [stdout] 
[INFO] [stderr] error: could not compile `paradedb-tantivy` (example "deleting_updating_documents") due to 21 previous errors
[INFO] [stdout] warning: 5 warnings emitted
[INFO] [stdout] 
[INFO] [stdout] 
[INFO] running `Command { std: "docker" "inspect" "5638340e8ff5fc6006ce059f61b5eeb30bab7d7ef851bdb9e4920842ef5d4bea", kill_on_drop: false }`
[INFO] running `Command { std: "docker" "rm" "-f" "5638340e8ff5fc6006ce059f61b5eeb30bab7d7ef851bdb9e4920842ef5d4bea", kill_on_drop: false }`
[INFO] [stdout] 5638340e8ff5fc6006ce059f61b5eeb30bab7d7ef851bdb9e4920842ef5d4bea
[INFO] testing paradedb-tantivy-0.21.0 against beta-2023-12-22 for beta-1.76-1
[INFO] extracting crate paradedb-tantivy 0.21.0 into /workspace/builds/worker-7-tc2/source
[INFO] validating manifest of crates.io crate paradedb-tantivy 0.21.0 on toolchain beta-2023-12-22
[INFO] running `Command { std: CARGO_HOME="/workspace/cargo-home" RUSTUP_HOME="/workspace/rustup-home" "/workspace/cargo-home/bin/cargo" "+beta-2023-12-22" "metadata" "--manifest-path" "Cargo.toml" "--no-deps", kill_on_drop: false }`
[INFO] started tweaking crates.io crate paradedb-tantivy 0.21.0
[INFO] removed 0 missing tests
[INFO] finished tweaking crates.io crate paradedb-tantivy 0.21.0
[INFO] tweaked toml for crates.io crate paradedb-tantivy 0.21.0 written to /workspace/builds/worker-7-tc2/source/Cargo.toml
[INFO] crate crates.io crate paradedb-tantivy 0.21.0 already has a lockfile, it will not be regenerated
[INFO] running `Command { std: CARGO_HOME="/workspace/cargo-home" RUSTUP_HOME="/workspace/rustup-home" "/workspace/cargo-home/bin/cargo" "+beta-2023-12-22" "fetch" "--manifest-path" "Cargo.toml", kill_on_drop: false }`
[INFO] running `Command { std: "docker" "create" "-v" "/var/lib/crater-agent-workspace/builds/worker-7-tc2/target:/opt/rustwide/target:rw,Z" "-v" "/var/lib/crater-agent-workspace/builds/worker-7-tc2/source:/opt/rustwide/workdir:ro,Z" "-v" "/var/lib/crater-agent-workspace/cargo-home:/opt/rustwide/cargo-home:ro,Z" "-v" "/var/lib/crater-agent-workspace/rustup-home:/opt/rustwide/rustup-home:ro,Z" "-e" "SOURCE_DIR=/opt/rustwide/workdir" "-e" "CARGO_TARGET_DIR=/opt/rustwide/target" "-e" "CARGO_HOME=/opt/rustwide/cargo-home" "-e" "RUSTUP_HOME=/opt/rustwide/rustup-home" "-w" "/opt/rustwide/workdir" "-m" "1610612736" "--user" "0:0" "--network" "none" "ghcr.io/rust-lang/crates-build-env/linux@sha256:2788e3201cd34a07e3172128adcd8b3090168a8e3bcc40d7c032b9dda1df7d1c" "/opt/rustwide/cargo-home/bin/cargo" "+beta-2023-12-22" "metadata" "--no-deps" "--format-version=1", kill_on_drop: false }`
[INFO] [stdout] 651874724dca70f6390b389a3a792bc03bd8bfc4beb432bda829559fde10398a
[INFO] running `Command { std: "docker" "start" "-a" "651874724dca70f6390b389a3a792bc03bd8bfc4beb432bda829559fde10398a", kill_on_drop: false }`
[INFO] running `Command { std: "docker" "inspect" "651874724dca70f6390b389a3a792bc03bd8bfc4beb432bda829559fde10398a", kill_on_drop: false }`
[INFO] running `Command { std: "docker" "rm" "-f" "651874724dca70f6390b389a3a792bc03bd8bfc4beb432bda829559fde10398a", kill_on_drop: false }`
[INFO] [stdout] 651874724dca70f6390b389a3a792bc03bd8bfc4beb432bda829559fde10398a
[INFO] running `Command { std: "docker" "create" "-v" "/var/lib/crater-agent-workspace/builds/worker-7-tc2/target:/opt/rustwide/target:rw,Z" "-v" "/var/lib/crater-agent-workspace/builds/worker-7-tc2/source:/opt/rustwide/workdir:ro,Z" "-v" "/var/lib/crater-agent-workspace/cargo-home:/opt/rustwide/cargo-home:ro,Z" "-v" "/var/lib/crater-agent-workspace/rustup-home:/opt/rustwide/rustup-home:ro,Z" "-e" "SOURCE_DIR=/opt/rustwide/workdir" "-e" "CARGO_TARGET_DIR=/opt/rustwide/target" "-e" "CARGO_INCREMENTAL=0" "-e" "RUST_BACKTRACE=full" "-e" "RUSTFLAGS=--cap-lints=warn" "-e" "RUSTDOCFLAGS=--cap-lints=warn" "-e" "CARGO_HOME=/opt/rustwide/cargo-home" "-e" "RUSTUP_HOME=/opt/rustwide/rustup-home" "-w" "/opt/rustwide/workdir" "-m" "1610612736" "--user" "0:0" "--network" "none" "ghcr.io/rust-lang/crates-build-env/linux@sha256:2788e3201cd34a07e3172128adcd8b3090168a8e3bcc40d7c032b9dda1df7d1c" "/opt/rustwide/cargo-home/bin/cargo" "+beta-2023-12-22" "build" "--frozen" "--message-format=json", kill_on_drop: false }`
[INFO] [stdout] 68b01136d3a6c35c9345a1fd30d620c232ca5bdc2db231a1fb47ed49fde0ae3f
[INFO] running `Command { std: "docker" "start" "-a" "68b01136d3a6c35c9345a1fd30d620c232ca5bdc2db231a1fb47ed49fde0ae3f", kill_on_drop: false }`
[INFO] [stderr]    Compiling proc-macro2 v1.0.66
[INFO] [stderr]    Compiling unicode-ident v1.0.11
[INFO] [stderr]    Compiling libc v0.2.147
[INFO] [stderr]    Compiling serde v1.0.188
[INFO] [stderr]    Compiling pkg-config v0.3.27
[INFO] [stderr]    Compiling crossbeam-utils v0.8.16
[INFO] [stderr]    Compiling async-trait v0.1.73
[INFO] [stderr]    Compiling itoa v1.0.9
[INFO] [stderr]    Compiling stable_deref_trait v1.2.0
[INFO] [stderr]    Compiling zstd-safe v6.0.6
[INFO] [stderr]    Compiling time-core v0.1.1
[INFO] [stderr]    Compiling crunchy v0.2.2
[INFO] [stderr]    Compiling byteorder v1.4.3
[INFO] [stderr]    Compiling memoffset v0.9.0
[INFO] [stderr]    Compiling crossbeam-epoch v0.9.15
[INFO] [stderr]    Compiling ahash v0.8.3
[INFO] [stderr]    Compiling ownedbytes v0.6.0
[INFO] [stderr]    Compiling rustix v0.38.13
[INFO] [stderr]    Compiling memchr v2.6.3
[INFO] [stderr]    Compiling once_cell v1.18.0
[INFO] [stderr]    Compiling bitflags v2.4.0
[INFO] [stderr]    Compiling linux-raw-sys v0.4.7
[INFO] [stderr]    Compiling regex-syntax v0.6.29
[INFO] [stderr]    Compiling utf8-ranges v1.0.5
[INFO] [stderr]    Compiling bitpacking v0.8.4
[INFO] [stderr]    Compiling thiserror v1.0.48
[INFO] [stderr]    Compiling serde_json v1.0.106
[INFO] [stderr]    Compiling allocator-api2 v0.2.16
[INFO] [stderr]    Compiling regex-syntax v0.7.5
[INFO] [stderr]    Compiling murmurhash32 v0.3.0
[INFO] [stderr]    Compiling itertools v0.11.0
[INFO] [stderr]    Compiling instant v0.1.12
[INFO] [stderr]    Compiling ryu v1.0.15
[INFO] [stderr]    Compiling log v0.4.20
[INFO] [stderr]    Compiling fastrand v2.0.0
[INFO] [stderr]    Compiling fastdivide v0.4.0
[INFO] [stderr]    Compiling oneshot v0.1.5
[INFO] [stderr]    Compiling rustc-hash v1.1.0
[INFO] [stderr]    Compiling quote v1.0.33
[INFO] [stderr]    Compiling measure_time v0.8.2
[INFO] [stderr]    Compiling base64 v0.21.4
[INFO] [stderr]    Compiling levenshtein_automata v0.2.1
[INFO] [stderr]    Compiling crossbeam-channel v0.5.8
[INFO] [stderr]    Compiling syn v2.0.32
[INFO] [stderr]    Compiling nom v7.1.3
[INFO] [stderr]    Compiling hashbrown v0.14.0
[INFO] [stderr]    Compiling aho-corasick v1.0.5
[INFO] [stderr]    Compiling crossbeam-deque v0.8.3
[INFO] [stderr]    Compiling htmlescape v0.3.1
[INFO] [stderr]    Compiling lz4_flex v0.11.1
[INFO] [stderr]    Compiling jobserver v0.1.26
[INFO] [stderr]    Compiling num_cpus v1.16.0
[INFO] [stderr]    Compiling getrandom v0.2.10
[INFO] [stderr]    Compiling memmap2 v0.7.1
[INFO] [stderr]    Compiling downcast-rs v1.2.0
[INFO] [stderr]    Compiling arc-swap v1.6.0
[INFO] [stderr]    Compiling smallvec v1.11.0
[INFO] [stderr]    Compiling cc v1.0.83
[INFO] [stderr]    Compiling rayon-core v1.11.0
[INFO] [stderr]    Compiling census v0.4.1
[INFO] [stderr]    Compiling lru v0.11.1
[INFO] [stderr]    Compiling zstd-sys v2.0.8+zstd.1.5.5
[INFO] [stderr]    Compiling rayon v1.7.0
[INFO] [stderr]    Compiling tantivy-fst v0.4.0
[INFO] [stderr]    Compiling tempfile v3.8.0
[INFO] [stderr]    Compiling fs4 v0.6.6
[INFO] [stderr]    Compiling tantivy-query-grammar v0.21.0
[INFO] [stderr]    Compiling regex-automata v0.3.8
[INFO] [stderr]    Compiling tantivy-bitpacker v0.5.0
[INFO] [stderr]    Compiling serde_derive v1.0.188
[INFO] [stderr]    Compiling thiserror-impl v1.0.48
[INFO] [stderr]    Compiling regex v1.9.5
[INFO] [stderr]    Compiling zstd v0.12.4
[INFO] [stderr]    Compiling deranged v0.3.8
[INFO] [stderr]    Compiling uuid v1.4.1
[INFO] [stderr]    Compiling rust-stemmers v1.2.0
[INFO] [stderr]    Compiling sketches-ddsketch v0.2.1
[INFO] [stderr]    Compiling tantivy-tokenizer-api v0.2.0
[INFO] [stderr]    Compiling time v0.3.28
[INFO] [stderr]    Compiling tantivy-common v0.6.0
[INFO] [stderr]    Compiling tantivy-stacker v0.2.0
[INFO] [stderr]    Compiling tantivy-sstable v0.2.0
[INFO] [stderr]    Compiling tantivy-columnar v0.2.0
[INFO] [stderr]    Compiling paradedb-tantivy v0.21.0 (/opt/rustwide/workdir)
[INFO] [stdout] warning: unused import: `self::segment_manager::SegmentManager`
[INFO] [stdout]   --> src/indexer/mod.rs:32:9
[INFO] [stdout]    |
[INFO] [stdout] 32 | pub use self::segment_manager::SegmentManager;
[INFO] [stdout]    |         ^^^^^^^^^^^^^^^^^^^^^^^^^^^^^^^^^^^^^
[INFO] [stdout]    |
[INFO] [stdout]    = note: `#[warn(unused_imports)]` on by default
[INFO] [stdout] 
[INFO] [stdout] 
[INFO] [stdout] warning: unused doc comment
[INFO] [stdout]   --> src/aggregation/agg_limits.rs:76:13
[INFO] [stdout]    |
[INFO] [stdout] 76 |             /// The counter which is shared between the aggregations for one request.
[INFO] [stdout]    |             ^^^^^^^^^^^^^^^^^^^^^^^^^^^^^^^^^^^^^^^^^^^^^^^^^^^^^^^^^^^^^^^^^^^^^^^^^
[INFO] [stdout] 77 |             memory_consumption: Arc::clone(&self.memory_consumption),
[INFO] [stdout]    |             -------------------------------------------------------- rustdoc does not generate documentation for expression fields
[INFO] [stdout]    |
[INFO] [stdout]    = help: use `//` for a plain comment
[INFO] [stdout]    = note: `#[warn(unused_doc_comments)]` on by default
[INFO] [stdout] 
[INFO] [stdout] 
[INFO] [stdout] warning: unused doc comment
[INFO] [stdout]   --> src/aggregation/agg_limits.rs:78:13
[INFO] [stdout]    |
[INFO] [stdout] 78 |             /// The memory_limit in bytes
[INFO] [stdout]    |             ^^^^^^^^^^^^^^^^^^^^^^^^^^^^^
[INFO] [stdout] 79 |             memory_limit: self.memory_limit,
[INFO] [stdout]    |             ------------------------------- rustdoc does not generate documentation for expression fields
[INFO] [stdout]    |
[INFO] [stdout]    = help: use `//` for a plain comment
[INFO] [stdout] 
[INFO] [stdout] 
[INFO] [stdout] warning: unused import: `RangeWeight`
[INFO] [stdout]   --> src/query/range_query/mod.rs:10:41
[INFO] [stdout]    |
[INFO] [stdout] 10 | pub use self::range_query::{RangeQuery, RangeWeight};
[INFO] [stdout]    |                                         ^^^^^^^^^^^
[INFO] [stdout] 
[INFO] [stdout] 
[INFO] [stdout] warning: unused import: `self::term_weight::TermWeight`
[INFO] [stdout]  --> src/query/term_query/mod.rs:7:9
[INFO] [stdout]   |
[INFO] [stdout] 7 | pub use self::term_weight::TermWeight;
[INFO] [stdout]   |         ^^^^^^^^^^^^^^^^^^^^^^^^^^^^^
[INFO] [stdout] 
[INFO] [stdout] 
[INFO] [stdout] warning: 5 warnings emitted
[INFO] [stdout] 
[INFO] [stdout] 
[INFO] [stderr]     Finished dev [unoptimized + debuginfo] target(s) in 32.62s
[INFO] running `Command { std: "docker" "inspect" "68b01136d3a6c35c9345a1fd30d620c232ca5bdc2db231a1fb47ed49fde0ae3f", kill_on_drop: false }`
[INFO] running `Command { std: "docker" "rm" "-f" "68b01136d3a6c35c9345a1fd30d620c232ca5bdc2db231a1fb47ed49fde0ae3f", kill_on_drop: false }`
[INFO] [stdout] 68b01136d3a6c35c9345a1fd30d620c232ca5bdc2db231a1fb47ed49fde0ae3f
[INFO] running `Command { std: "docker" "create" "-v" "/var/lib/crater-agent-workspace/builds/worker-7-tc2/target:/opt/rustwide/target:rw,Z" "-v" "/var/lib/crater-agent-workspace/builds/worker-7-tc2/source:/opt/rustwide/workdir:ro,Z" "-v" "/var/lib/crater-agent-workspace/cargo-home:/opt/rustwide/cargo-home:ro,Z" "-v" "/var/lib/crater-agent-workspace/rustup-home:/opt/rustwide/rustup-home:ro,Z" "-e" "SOURCE_DIR=/opt/rustwide/workdir" "-e" "CARGO_TARGET_DIR=/opt/rustwide/target" "-e" "CARGO_INCREMENTAL=0" "-e" "RUST_BACKTRACE=full" "-e" "RUSTFLAGS=--cap-lints=warn" "-e" "RUSTDOCFLAGS=--cap-lints=warn" "-e" "CARGO_HOME=/opt/rustwide/cargo-home" "-e" "RUSTUP_HOME=/opt/rustwide/rustup-home" "-w" "/opt/rustwide/workdir" "-m" "1610612736" "--user" "0:0" "--network" "none" "ghcr.io/rust-lang/crates-build-env/linux@sha256:2788e3201cd34a07e3172128adcd8b3090168a8e3bcc40d7c032b9dda1df7d1c" "/opt/rustwide/cargo-home/bin/cargo" "+beta-2023-12-22" "test" "--frozen" "--no-run" "--message-format=json", kill_on_drop: false }`
[INFO] [stdout] 50e4e0915ffcb83dc42dca75bd01356de7a0a4bd7570c5432bccd4ca092d1085
[INFO] running `Command { std: "docker" "start" "-a" "50e4e0915ffcb83dc42dca75bd01356de7a0a4bd7570c5432bccd4ca092d1085", kill_on_drop: false }`
[INFO] [stderr]    Compiling memchr v2.6.3
[INFO] [stderr]    Compiling rustix v0.38.13
[INFO] [stderr]    Compiling libm v0.2.7
[INFO] [stderr]    Compiling num-traits v0.2.16
[INFO] [stderr]    Compiling futures-core v0.3.28
[INFO] [stderr]    Compiling getrandom v0.2.10
[INFO] [stderr]    Compiling futures-channel v0.3.28
[INFO] [stderr]    Compiling futures-task v0.3.28
[INFO] [stderr]    Compiling futures-util v0.3.28
[INFO] [stderr]    Compiling futures-sink v0.3.28
[INFO] [stderr]    Compiling futures-macro v0.3.28
[INFO] [stderr]    Compiling anstyle v1.0.3
[INFO] [stderr]    Compiling clap_lex v0.5.1
[INFO] [stderr]    Compiling futures-io v0.3.28
[INFO] [stderr]    Compiling plotters-backend v0.3.5
[INFO] [stderr]    Compiling ciborium-io v0.2.1
[INFO] [stderr]    Compiling wait-timeout v0.2.0
[INFO] [stderr]    Compiling rand_core v0.6.4
[INFO] [stderr]    Compiling ciborium-ll v0.2.1
[INFO] [stderr]    Compiling cast v0.3.0
[INFO] [stderr]    Compiling clap_builder v4.4.2
[INFO] [stderr]    Compiling bit-vec v0.6.3
[INFO] [stderr]    Compiling quick-error v1.2.3
[INFO] [stderr]    Compiling same-file v1.0.6
[INFO] [stderr]    Compiling criterion-plot v0.5.0
[INFO] [stderr]    Compiling rand_chacha v0.3.1
[INFO] [stderr]    Compiling plotters-svg v0.3.5
[INFO] [stderr]    Compiling walkdir v2.4.0
[INFO] [stderr]    Compiling rand_xorshift v0.3.0
[INFO] [stderr]    Compiling ciborium v0.2.1
[INFO] [stderr]    Compiling measure_time v0.8.2
[INFO] [stderr]    Compiling uuid v1.4.1
[INFO] [stderr]    Compiling bit-set v0.5.3
[INFO] [stderr]    Compiling syn v1.0.109
[INFO] [stderr]    Compiling tinytemplate v1.2.1
[INFO] [stderr]    Compiling rand v0.8.5
[INFO] [stderr]    Compiling aho-corasick v1.0.5
[INFO] [stderr]    Compiling nom v7.1.3
[INFO] [stderr]    Compiling yansi v0.5.1
[INFO] [stderr]    Compiling unarray v0.1.4
[INFO] [stderr]    Compiling humantime v2.1.0
[INFO] [stderr]    Compiling termcolor v1.2.0
[INFO] [stderr]    Compiling anes v0.1.6
[INFO] [stderr]    Compiling diff v0.1.13
[INFO] [stderr]    Compiling oorandom v11.1.3
[INFO] [stderr]    Compiling pretty_assertions v1.4.0
[INFO] [stderr]    Compiling matches v0.1.10
[INFO] [stderr]    Compiling more-asserts v0.3.1
[INFO] [stderr]    Compiling maplit v1.0.2
[INFO] [stderr]    Compiling fail v0.5.1
[INFO] [stderr]    Compiling regex-automata v0.3.8
[INFO] [stderr]    Compiling plotters v0.3.5
[INFO] [stderr]    Compiling rand_distr v0.4.3
[INFO] [stderr]    Compiling clap v4.4.2
[INFO] [stderr]    Compiling tantivy-query-grammar v0.21.0
[INFO] [stderr]    Compiling tempfile v3.8.0
[INFO] [stderr]    Compiling is-terminal v0.4.9
[INFO] [stderr]    Compiling fs4 v0.6.6
[INFO] [stderr]    Compiling rusty-fork v0.3.0
[INFO] [stderr]    Compiling proptest v1.2.0
[INFO] [stderr]    Compiling regex v1.9.5
[INFO] [stderr]    Compiling futures-executor v0.3.28
[INFO] [stderr]    Compiling env_logger v0.10.0
[INFO] [stderr]    Compiling criterion v0.5.1
[INFO] [stderr]    Compiling paradedb-tantivy v0.21.0 (/opt/rustwide/workdir)
[INFO] [stderr]    Compiling futures v0.3.28
[INFO] [stderr]    Compiling test-log v0.2.12
[INFO] [stdout] warning: unused import: `self::segment_manager::SegmentManager`
[INFO] [stdout]   --> src/indexer/mod.rs:32:9
[INFO] [stdout]    |
[INFO] [stdout] 32 | pub use self::segment_manager::SegmentManager;
[INFO] [stdout]    |         ^^^^^^^^^^^^^^^^^^^^^^^^^^^^^^^^^^^^^
[INFO] [stdout]    |
[INFO] [stdout]    = note: `#[warn(unused_imports)]` on by default
[INFO] [stdout] 
[INFO] [stdout] 
[INFO] [stdout] warning: unused doc comment
[INFO] [stdout]   --> src/aggregation/agg_limits.rs:76:13
[INFO] [stdout]    |
[INFO] [stdout] 76 |             /// The counter which is shared between the aggregations for one request.
[INFO] [stdout]    |             ^^^^^^^^^^^^^^^^^^^^^^^^^^^^^^^^^^^^^^^^^^^^^^^^^^^^^^^^^^^^^^^^^^^^^^^^^
[INFO] [stdout] 77 |             memory_consumption: Arc::clone(&self.memory_consumption),
[INFO] [stdout]    |             -------------------------------------------------------- rustdoc does not generate documentation for expression fields
[INFO] [stdout]    |
[INFO] [stdout]    = help: use `//` for a plain comment
[INFO] [stdout]    = note: `#[warn(unused_doc_comments)]` on by default
[INFO] [stdout] 
[INFO] [stdout] 
[INFO] [stdout] warning: unused doc comment
[INFO] [stdout]   --> src/aggregation/agg_limits.rs:78:13
[INFO] [stdout]    |
[INFO] [stdout] 78 |             /// The memory_limit in bytes
[INFO] [stdout]    |             ^^^^^^^^^^^^^^^^^^^^^^^^^^^^^
[INFO] [stdout] 79 |             memory_limit: self.memory_limit,
[INFO] [stdout]    |             ------------------------------- rustdoc does not generate documentation for expression fields
[INFO] [stdout]    |
[INFO] [stdout]    = help: use `//` for a plain comment
[INFO] [stdout] 
[INFO] [stdout] 
[INFO] [stdout] warning: unused import: `RangeWeight`
[INFO] [stdout]   --> src/query/range_query/mod.rs:10:41
[INFO] [stdout]    |
[INFO] [stdout] 10 | pub use self::range_query::{RangeQuery, RangeWeight};
[INFO] [stdout]    |                                         ^^^^^^^^^^^
[INFO] [stdout] 
[INFO] [stdout] 
[INFO] [stdout] warning: unused import: `self::term_weight::TermWeight`
[INFO] [stdout]  --> src/query/term_query/mod.rs:7:9
[INFO] [stdout]   |
[INFO] [stdout] 7 | pub use self::term_weight::TermWeight;
[INFO] [stdout]   |         ^^^^^^^^^^^^^^^^^^^^^^^^^^^^^
[INFO] [stdout] 
[INFO] [stdout] 
[INFO] [stdout] warning: unused import: `self::segment_manager::SegmentManager`
[INFO] [stdout]   --> src/indexer/mod.rs:32:9
[INFO] [stdout]    |
[INFO] [stdout] 32 | pub use self::segment_manager::SegmentManager;
[INFO] [stdout]    |         ^^^^^^^^^^^^^^^^^^^^^^^^^^^^^^^^^^^^^
[INFO] [stdout]    |
[INFO] [stdout]    = note: `#[warn(unused_imports)]` on by default
[INFO] [stdout] 
[INFO] [stdout] 
[INFO] [stdout] warning: unused doc comment
[INFO] [stdout]   --> src/aggregation/agg_limits.rs:76:13
[INFO] [stdout]    |
[INFO] [stdout] 76 |             /// The counter which is shared between the aggregations for one request.
[INFO] [stdout]    |             ^^^^^^^^^^^^^^^^^^^^^^^^^^^^^^^^^^^^^^^^^^^^^^^^^^^^^^^^^^^^^^^^^^^^^^^^^
[INFO] [stdout] 77 |             memory_consumption: Arc::clone(&self.memory_consumption),
[INFO] [stdout]    |             -------------------------------------------------------- rustdoc does not generate documentation for expression fields
[INFO] [stdout]    |
[INFO] [stdout]    = help: use `//` for a plain comment
[INFO] [stdout]    = note: `#[warn(unused_doc_comments)]` on by default
[INFO] [stdout] 
[INFO] [stdout] 
[INFO] [stdout] warning: unused doc comment
[INFO] [stdout]   --> src/aggregation/agg_limits.rs:78:13
[INFO] [stdout]    |
[INFO] [stdout] 78 |             /// The memory_limit in bytes
[INFO] [stdout]    |             ^^^^^^^^^^^^^^^^^^^^^^^^^^^^^
[INFO] [stdout] 79 |             memory_limit: self.memory_limit,
[INFO] [stdout]    |             ------------------------------- rustdoc does not generate documentation for expression fields
[INFO] [stdout]    |
[INFO] [stdout]    = help: use `//` for a plain comment
[INFO] [stdout] 
[INFO] [stdout] 
[INFO] [stdout] warning: unused import: `RangeWeight`
[INFO] [stdout]   --> src/query/range_query/mod.rs:10:41
[INFO] [stdout]    |
[INFO] [stdout] 10 | pub use self::range_query::{RangeQuery, RangeWeight};
[INFO] [stdout]    |                                         ^^^^^^^^^^^
[INFO] [stdout] 
[INFO] [stdout] 
[INFO] [stdout] warning: unused import: `self::term_weight::TermWeight`
[INFO] [stdout]  --> src/query/term_query/mod.rs:7:9
[INFO] [stdout]   |
[INFO] [stdout] 7 | pub use self::term_weight::TermWeight;
[INFO] [stdout]   |         ^^^^^^^^^^^^^^^^^^^^^^^^^^^^^
[INFO] [stdout] 
[INFO] [stdout] 
[INFO] [stdout] warning: 5 warnings emitted
[INFO] [stdout] 
[INFO] [stdout] 
[INFO] [stdout] error[E0433]: failed to resolve: use of undeclared crate or module `tantivy`
[INFO] [stdout]  --> examples/json_field.rs:7:5
[INFO] [stdout]   |
[INFO] [stdout] 7 | use tantivy::collector::{Count, TopDocs};
[INFO] [stdout]   |     ^^^^^^^ use of undeclared crate or module `tantivy`
[INFO] [stdout] 
[INFO] [stdout] 
[INFO] [stdout] error[E0433]: failed to resolve: use of undeclared crate or module `tantivy`
[INFO] [stdout]  --> examples/json_field.rs:8:5
[INFO] [stdout]   |
[INFO] [stdout] 8 | use tantivy::query::QueryParser;
[INFO] [stdout]   |     ^^^^^^^ use of undeclared crate or module `tantivy`
[INFO] [stdout] 
[INFO] [stdout] 
[INFO] [stdout] error[E0433]: failed to resolve: use of undeclared crate or module `tantivy`
[INFO] [stdout]  --> examples/json_field.rs:9:5
[INFO] [stdout]   |
[INFO] [stdout] 9 | use tantivy::schema::{Schema, FAST, STORED, STRING, TEXT};
[INFO] [stdout]   |     ^^^^^^^ use of undeclared crate or module `tantivy`
[INFO] [stdout] 
[INFO] [stdout] 
[INFO] [stdout] error[E0433]: failed to resolve: use of undeclared crate or module `tantivy`
[INFO] [stdout]  --> examples/integer_range_search.rs:5:5
[INFO] [stdout]   |
[INFO] [stdout] 5 | use tantivy::collector::Count;
[INFO] [stdout]   |     ^^^^^^^ use of undeclared crate or module `tantivy`
[INFO] [stdout] 
[INFO] [stdout] 
[INFO] [stdout] error[E0433]: failed to resolve: use of undeclared crate or module `tantivy`
[INFO] [stdout]  --> tests/failpoints/mod.rs:3:5
[INFO] [stdout]   |
[INFO] [stdout] 3 | use tantivy::directory::{Directory, ManagedDirectory, RamDirectory, TerminatingWrite};
[INFO] [stdout]   |     ^^^^^^^ use of undeclared crate or module `tantivy`
[INFO] [stdout] 
[INFO] [stdout] 
[INFO] [stdout] error[E0433]: failed to resolve: use of undeclared crate or module `tantivy`
[INFO] [stdout]  --> tests/failpoints/mod.rs:4:5
[INFO] [stdout]   |
[INFO] [stdout] 4 | use tantivy::schema::{Schema, TEXT};
[INFO] [stdout]   |     ^^^^^^^ use of undeclared crate or module `tantivy`
[INFO] [stdout] 
[INFO] [stdout] 
[INFO] [stdout] error[E0433]: failed to resolve: use of undeclared crate or module `tantivy`
[INFO] [stdout]  --> examples/integer_range_search.rs:6:5
[INFO] [stdout]   |
[INFO] [stdout] 6 | use tantivy::query::RangeQuery;
[INFO] [stdout]   |     ^^^^^^^ use of undeclared crate or module `tantivy`
[INFO] [stdout] 
[INFO] [stdout] 
[INFO] [stdout] error[E0433]: failed to resolve: use of undeclared crate or module `tantivy`
[INFO] [stdout]  --> examples/integer_range_search.rs:7:5
[INFO] [stdout]   |
[INFO] [stdout] 7 | use tantivy::schema::{Schema, INDEXED};
[INFO] [stdout]   |     ^^^^^^^ use of undeclared crate or module `tantivy`
[INFO] [stdout] 
[INFO] [stdout] 
[INFO] [stdout] error[E0433]: failed to resolve: use of undeclared crate or module `tantivy`
[INFO] [stdout]   --> examples/pre_tokenized_text.rs:14:5
[INFO] [stdout]    |
[INFO] [stdout] 14 | use tantivy::schema::*;
[INFO] [stdout]    |     ^^^^^^^ use of undeclared crate or module `tantivy`
[INFO] [stdout] 
[INFO] [stdout] 
[INFO] [stdout] error[E0433]: failed to resolve: use of undeclared crate or module `tantivy`
[INFO] [stdout]   --> examples/pre_tokenized_text.rs:12:5
[INFO] [stdout]    |
[INFO] [stdout] 12 | use tantivy::collector::{Count, TopDocs};
[INFO] [stdout]    |     ^^^^^^^ use of undeclared crate or module `tantivy`
[INFO] [stdout] 
[INFO] [stdout] 
[INFO] [stdout] error[E0433]: failed to resolve: use of undeclared crate or module `tantivy`
[INFO] [stdout]   --> examples/pre_tokenized_text.rs:13:5
[INFO] [stdout]    |
[INFO] [stdout] 13 | use tantivy::query::TermQuery;
[INFO] [stdout]    |     ^^^^^^^ use of undeclared crate or module `tantivy`
[INFO] [stdout] 
[INFO] [stdout] 
[INFO] [stdout] error[E0433]: failed to resolve: use of undeclared crate or module `tantivy`
[INFO] [stdout]   --> examples/pre_tokenized_text.rs:15:5
[INFO] [stdout]    |
[INFO] [stdout] 15 | use tantivy::tokenizer::{PreTokenizedString, SimpleTokenizer, Token, TokenStream, Tokenizer};
[INFO] [stdout]    |     ^^^^^^^ use of undeclared crate or module `tantivy`
[INFO] [stdout] 
[INFO] [stdout] 
[INFO] [stdout] error[E0433]: failed to resolve: use of undeclared crate or module `tantivy`
[INFO] [stdout]  --> examples/phrase_prefix_search.rs:3:5
[INFO] [stdout]   |
[INFO] [stdout] 3 | use tantivy::schema::*;
[INFO] [stdout]   |     ^^^^^^^ use of undeclared crate or module `tantivy`
[INFO] [stdout] 
[INFO] [stdout] 
[INFO] [stdout] error[E0433]: failed to resolve: use of undeclared crate or module `tantivy`
[INFO] [stdout]  --> examples/phrase_prefix_search.rs:1:5
[INFO] [stdout]   |
[INFO] [stdout] 1 | use tantivy::collector::TopDocs;
[INFO] [stdout]   |     ^^^^^^^ use of undeclared crate or module `tantivy`
[INFO] [stdout] 
[INFO] [stdout] 
[INFO] [stdout] error[E0433]: failed to resolve: use of undeclared crate or module `tantivy`
[INFO] [stdout]   --> examples/fuzzy_search.rs:16:5
[INFO] [stdout]    |
[INFO] [stdout] 16 | use tantivy::schema::*;
[INFO] [stdout]    |     ^^^^^^^ use of undeclared crate or module `tantivy`
[INFO] [stdout] 
[INFO] [stdout] 
[INFO] [stdout] error[E0433]: failed to resolve: use of undeclared crate or module `tantivy`
[INFO] [stdout]   --> examples/iterating_docs_and_positions.rs:12:5
[INFO] [stdout]    |
[INFO] [stdout] 12 | use tantivy::schema::*;
[INFO] [stdout]    |     ^^^^^^^ use of undeclared crate or module `tantivy`
[INFO] [stdout] 
[INFO] [stdout] 
[INFO] [stdout] error[E0433]: failed to resolve: use of undeclared crate or module `tantivy`
[INFO] [stdout]   --> examples/fuzzy_search.rs:14:5
[INFO] [stdout]    |
[INFO] [stdout] 14 | use tantivy::collector::{Count, TopDocs};
[INFO] [stdout]    |     ^^^^^^^ use of undeclared crate or module `tantivy`
[INFO] [stdout] 
[INFO] [stdout] 
[INFO] [stdout] error[E0433]: failed to resolve: use of undeclared crate or module `tantivy`
[INFO] [stdout]   --> examples/fuzzy_search.rs:15:5
[INFO] [stdout]    |
[INFO] [stdout] 15 | use tantivy::query::FuzzyTermQuery;
[INFO] [stdout]    |     ^^^^^^^ use of undeclared crate or module `tantivy`
[INFO] [stdout] 
[INFO] [stdout] 
[INFO] [stdout] error[E0433]: failed to resolve: use of undeclared crate or module `tantivy`
[INFO] [stdout]  --> examples/phrase_prefix_search.rs:2:5
[INFO] [stdout]   |
[INFO] [stdout] 2 | use tantivy::query::QueryParser;
[INFO] [stdout]   |     ^^^^^^^ use of undeclared crate or module `tantivy`
[INFO] [stdout] 
[INFO] [stdout] 
[INFO] [stdout] error[E0433]: failed to resolve: use of undeclared crate or module `tantivy`
[INFO] [stdout]   --> examples/stop_words.rs:14:5
[INFO] [stdout]    |
[INFO] [stdout] 14 | use tantivy::collector::TopDocs;
[INFO] [stdout]    |     ^^^^^^^ use of undeclared crate or module `tantivy`
[INFO] [stdout] 
[INFO] [stdout] 
[INFO] [stdout] error[E0433]: failed to resolve: use of undeclared crate or module `tantivy`
[INFO] [stdout]   --> examples/stop_words.rs:15:5
[INFO] [stdout]    |
[INFO] [stdout] 15 | use tantivy::query::QueryParser;
[INFO] [stdout]    |     ^^^^^^^ use of undeclared crate or module `tantivy`
[INFO] [stdout] 
[INFO] [stdout] 
[INFO] [stdout] error[E0433]: failed to resolve: use of undeclared crate or module `tantivy`
[INFO] [stdout]   --> examples/stop_words.rs:16:5
[INFO] [stdout]    |
[INFO] [stdout] 16 | use tantivy::schema::*;
[INFO] [stdout]    |     ^^^^^^^ use of undeclared crate or module `tantivy`
[INFO] [stdout] 
[INFO] [stdout] 
[INFO] [stdout] error[E0433]: failed to resolve: use of undeclared crate or module `tantivy`
[INFO] [stdout]   --> examples/stop_words.rs:17:5
[INFO] [stdout]    |
[INFO] [stdout] 17 | use tantivy::tokenizer::*;
[INFO] [stdout]    |     ^^^^^^^ use of undeclared crate or module `tantivy`
[INFO] [stdout] 
[INFO] [stdout] 
[INFO] [stdout] error[E0433]: failed to resolve: use of undeclared crate or module `tantivy`
[INFO] [stdout]  --> examples/warmer.rs:5:5
[INFO] [stdout]   |
[INFO] [stdout] 5 | use tantivy::collector::TopDocs;
[INFO] [stdout]   |     ^^^^^^^ use of undeclared crate or module `tantivy`
[INFO] [stdout] 
[INFO] [stdout] 
[INFO] [stdout] error[E0433]: failed to resolve: use of undeclared crate or module `tantivy`
[INFO] [stdout]  --> examples/warmer.rs:6:5
[INFO] [stdout]   |
[INFO] [stdout] 6 | use tantivy::query::QueryParser;
[INFO] [stdout]   |     ^^^^^^^ use of undeclared crate or module `tantivy`
[INFO] [stdout] 
[INFO] [stdout] 
[INFO] [stdout] error[E0433]: failed to resolve: use of undeclared crate or module `tantivy`
[INFO] [stdout]  --> examples/warmer.rs:7:5
[INFO] [stdout]   |
[INFO] [stdout] 7 | use tantivy::schema::{Schema, FAST, TEXT};
[INFO] [stdout]   |     ^^^^^^^ use of undeclared crate or module `tantivy`
[INFO] [stdout] 
[INFO] [stdout] 
[INFO] [stdout] error[E0433]: failed to resolve: use of undeclared crate or module `tantivy`
[INFO] [stdout]  --> examples/custom_tokenizer.rs:7:5
[INFO] [stdout]   |
[INFO] [stdout] 7 | use tantivy::schema::*;
[INFO] [stdout]   |     ^^^^^^^ use of undeclared crate or module `tantivy`
[INFO] [stdout] 
[INFO] [stdout] 
[INFO] [stdout] error[E0433]: failed to resolve: use of undeclared crate or module `tantivy`
[INFO] [stdout]  --> examples/custom_tokenizer.rs:5:5
[INFO] [stdout]   |
[INFO] [stdout] 5 | use tantivy::collector::TopDocs;
[INFO] [stdout]   |     ^^^^^^^ use of undeclared crate or module `tantivy`
[INFO] [stdout] 
[INFO] [stdout] 
[INFO] [stdout] error[E0433]: failed to resolve: use of undeclared crate or module `tantivy`
[INFO] [stdout]  --> examples/custom_tokenizer.rs:6:5
[INFO] [stdout]   |
[INFO] [stdout] 6 | use tantivy::query::QueryParser;
[INFO] [stdout]   |     ^^^^^^^ use of undeclared crate or module `tantivy`
[INFO] [stdout] 
[INFO] [stdout] 
[INFO] [stdout] error[E0433]: failed to resolve: use of undeclared crate or module `tantivy`
[INFO] [stdout]  --> examples/custom_tokenizer.rs:8:5
[INFO] [stdout]   |
[INFO] [stdout] 8 | use tantivy::tokenizer::NgramTokenizer;
[INFO] [stdout]   |     ^^^^^^^ use of undeclared crate or module `tantivy`
[INFO] [stdout] 
[INFO] [stdout] 
[INFO] [stdout] error[E0433]: failed to resolve: use of undeclared crate or module `tantivy`
[INFO] [stdout]   --> examples/snippet.rs:12:5
[INFO] [stdout]    |
[INFO] [stdout] 12 | use tantivy::schema::*;
[INFO] [stdout]    |     ^^^^^^^ use of undeclared crate or module `tantivy`
[INFO] [stdout] 
[INFO] [stdout] 
[INFO] [stdout] error[E0433]: failed to resolve: use of undeclared crate or module `tantivy`
[INFO] [stdout]   --> examples/snippet.rs:10:5
[INFO] [stdout]    |
[INFO] [stdout] 10 | use tantivy::collector::TopDocs;
[INFO] [stdout]    |     ^^^^^^^ use of undeclared crate or module `tantivy`
[INFO] [stdout] 
[INFO] [stdout] 
[INFO] [stdout] error[E0433]: failed to resolve: use of undeclared crate or module `tantivy`
[INFO] [stdout]   --> examples/snippet.rs:11:5
[INFO] [stdout]    |
[INFO] [stdout] 11 | use tantivy::query::QueryParser;
[INFO] [stdout]    |     ^^^^^^^ use of undeclared crate or module `tantivy`
[INFO] [stdout] 
[INFO] [stdout] 
[INFO] [stdout] error[E0433]: failed to resolve: use of undeclared crate or module `tantivy`
[INFO] [stdout]  --> examples/date_time_field.rs:5:5
[INFO] [stdout]   |
[INFO] [stdout] 5 | use tantivy::collector::TopDocs;
[INFO] [stdout]   |     ^^^^^^^ use of undeclared crate or module `tantivy`
[INFO] [stdout] 
[INFO] [stdout] 
[INFO] [stdout] error[E0433]: failed to resolve: use of undeclared crate or module `tantivy`
[INFO] [stdout]   --> examples/faceted_search_with_tweaked_score.rs:14:5
[INFO] [stdout]    |
[INFO] [stdout] 14 | use tantivy::schema::*;
[INFO] [stdout]    |     ^^^^^^^ use of undeclared crate or module `tantivy`
[INFO] [stdout] 
[INFO] [stdout] 
[INFO] [stdout] error[E0433]: failed to resolve: use of undeclared crate or module `tantivy`
[INFO] [stdout]   --> examples/faceted_search_with_tweaked_score.rs:12:5
[INFO] [stdout]    |
[INFO] [stdout] 12 | use tantivy::collector::TopDocs;
[INFO] [stdout]    |     ^^^^^^^ use of undeclared crate or module `tantivy`
[INFO] [stdout] 
[INFO] [stdout] 
[INFO] [stdout] error[E0433]: failed to resolve: use of undeclared crate or module `tantivy`
[INFO] [stdout]  --> examples/date_time_field.rs:6:5
[INFO] [stdout]   |
[INFO] [stdout] 6 | use tantivy::query::QueryParser;
[INFO] [stdout]   |     ^^^^^^^ use of undeclared crate or module `tantivy`
[INFO] [stdout] 
[INFO] [stdout] 
[INFO] [stdout] error[E0433]: failed to resolve: use of undeclared crate or module `tantivy`
[INFO] [stdout]  --> examples/date_time_field.rs:7:5
[INFO] [stdout]   |
[INFO] [stdout] 7 | use tantivy::schema::{DateOptions, Schema, Value, INDEXED, STORED, STRING};
[INFO] [stdout]   |     ^^^^^^^ use of undeclared crate or module `tantivy`
[INFO] [stdout] 
[INFO] [stdout] 
[INFO] [stdout] error[E0433]: failed to resolve: use of undeclared crate or module `tantivy`
[INFO] [stdout]   --> examples/faceted_search_with_tweaked_score.rs:13:5
[INFO] [stdout]    |
[INFO] [stdout] 13 | use tantivy::query::BooleanQuery;
[INFO] [stdout]    |     ^^^^^^^ use of undeclared crate or module `tantivy`
[INFO] [stdout] 
[INFO] [stdout] 
[INFO] [stdout] error[E0433]: failed to resolve: use of undeclared crate or module `tantivy`
[INFO] [stdout]   --> examples/custom_collector.rs:13:5
[INFO] [stdout]    |
[INFO] [stdout] 13 | use tantivy::collector::{Collector, SegmentCollector};
[INFO] [stdout]    |     ^^^^^^^ use of undeclared crate or module `tantivy`
[INFO] [stdout] 
[INFO] [stdout] 
[INFO] [stdout] error[E0433]: failed to resolve: use of undeclared crate or module `tantivy`
[INFO] [stdout]   --> examples/custom_collector.rs:14:5
[INFO] [stdout]    |
[INFO] [stdout] 14 | use tantivy::query::QueryParser;
[INFO] [stdout]    |     ^^^^^^^ use of undeclared crate or module `tantivy`
[INFO] [stdout] 
[INFO] [stdout] 
[INFO] [stdout] error[E0433]: failed to resolve: use of undeclared crate or module `tantivy`
[INFO] [stdout]   --> examples/custom_collector.rs:15:5
[INFO] [stdout]    |
[INFO] [stdout] 15 | use tantivy::schema::{Schema, FAST, INDEXED, TEXT};
[INFO] [stdout]    |     ^^^^^^^ use of undeclared crate or module `tantivy`
[INFO] [stdout] 
[INFO] [stdout] 
[INFO] [stdout] error[E0432]: unresolved import `tantivy`
[INFO] [stdout]   --> examples/json_field.rs:10:5
[INFO] [stdout]    |
[INFO] [stdout] 10 | use tantivy::Index;
[INFO] [stdout]    |     ^^^^^^^ use of undeclared crate or module `tantivy`
[INFO] [stdout] 
[INFO] [stdout] 
[INFO] [stdout] error[E0432]: unresolved import `tantivy`
[INFO] [stdout]   --> examples/fuzzy_search.rs:17:5
[INFO] [stdout]    |
[INFO] [stdout] 17 | use tantivy::{doc, Index, ReloadPolicy};
[INFO] [stdout]    |     ^^^^^^^ use of undeclared crate or module `tantivy`
[INFO] [stdout] 
[INFO] [stdout] 
[INFO] [stdout] error[E0432]: unresolved import `tantivy`
[INFO] [stdout]  --> examples/integer_range_search.rs:8:5
[INFO] [stdout]   |
[INFO] [stdout] 8 | use tantivy::{doc, Index, Result};
[INFO] [stdout]   |     ^^^^^^^ use of undeclared crate or module `tantivy`
[INFO] [stdout] 
[INFO] [stdout] 
[INFO] [stdout] error[E0432]: unresolved import `tantivy`
[INFO] [stdout]  --> examples/phrase_prefix_search.rs:4:5
[INFO] [stdout]   |
[INFO] [stdout] 4 | use tantivy::{doc, Index, ReloadPolicy, Result};
[INFO] [stdout]   |     ^^^^^^^ use of undeclared crate or module `tantivy`
[INFO] [stdout] 
[INFO] [stdout] 
[INFO] [stdout] error[E0432]: unresolved import `tantivy`
[INFO] [stdout]  --> tests/failpoints/mod.rs:5:5
[INFO] [stdout]   |
[INFO] [stdout] 5 | use tantivy::{doc, Index, Term};
[INFO] [stdout]   |     ^^^^^^^ use of undeclared crate or module `tantivy`
[INFO] [stdout] 
[INFO] [stdout] 
[INFO] [stdout] error[E0432]: unresolved import `tantivy`
[INFO] [stdout]   --> examples/snippet.rs:13:5
[INFO] [stdout]    |
[INFO] [stdout] 13 | use tantivy::{doc, Index, Snippet, SnippetGenerator};
[INFO] [stdout]    |     ^^^^^^^ use of undeclared crate or module `tantivy`
[INFO] [stdout] 
[INFO] [stdout] 
[INFO] [stdout] error[E0432]: unresolved import `tantivy`
[INFO] [stdout]  --> examples/custom_tokenizer.rs:9:5
[INFO] [stdout]   |
[INFO] [stdout] 9 | use tantivy::{doc, Index};
[INFO] [stdout]   |     ^^^^^^^ use of undeclared crate or module `tantivy`
[INFO] [stdout] 
[INFO] [stdout] 
[INFO] [stdout] error: cannot determine resolution for the macro `doc`
[INFO] [stdout]   --> tests/failpoints/mod.rs:50:35
[INFO] [stdout]    |
[INFO] [stdout] 50 |         index_writer.add_document(doc!(text_field => "a"))?;
[INFO] [stdout]    |                                   ^^^
[INFO] [stdout]    |
[INFO] [stdout]    = note: import resolution is stuck, try simplifying macro imports
[INFO] [stdout] 
[INFO] [stdout] 
[INFO] [stdout] error: cannot determine resolution for the macro `doc`
[INFO] [stdout]   --> tests/failpoints/mod.rs:55:35
[INFO] [stdout]    |
[INFO] [stdout] 55 |         index_writer.add_document(doc!(text_field => "b"))?;
[INFO] [stdout]    |                                   ^^^
[INFO] [stdout]    |
[INFO] [stdout]    = note: import resolution is stuck, try simplifying macro imports
[INFO] [stdout] 
[INFO] [stdout] 
[INFO] [stdout] error: cannot determine resolution for the macro `doc`
[INFO] [stdout]   --> tests/failpoints/mod.rs:82:27
[INFO] [stdout]    |
[INFO] [stdout] 82 |             .add_document(doc!(text_field => format!("hellohappytaxpayerlongtokenblabla{}", i)))
[INFO] [stdout]    |                           ^^^
[INFO] [stdout]    |
[INFO] [stdout]    = note: import resolution is stuck, try simplifying macro imports
[INFO] [stdout] 
[INFO] [stdout] 
[INFO] [stdout] error: cannot determine resolution for the macro `doc`
[INFO] [stdout]    --> tests/failpoints/mod.rs:101:27
[INFO] [stdout]     |
[INFO] [stdout] 101 |             .add_document(doc!(text_field => format!("hellohappytaxpayerlongtokenblabla{}", i)))
[INFO] [stdout]     |                           ^^^
[INFO] [stdout]     |
[INFO] [stdout]     = note: import resolution is stuck, try simplifying macro imports
[INFO] [stdout] 
[INFO] [stdout] 
[INFO] [stdout] error: cannot determine resolution for the macro `doc`
[INFO] [stdout]    --> tests/failpoints/mod.rs:120:27
[INFO] [stdout]     |
[INFO] [stdout] 120 |             .add_document(doc!(text_field => format!("hellohappytaxpayerlongtokenblabla{}", i)))?;
[INFO] [stdout]     |                           ^^^
[INFO] [stdout]     |
[INFO] [stdout]     = note: import resolution is stuck, try simplifying macro imports
[INFO] [stdout] 
[INFO] [stdout] 
[INFO] [stdout] error: cannot determine resolution for the macro `doc`
[INFO] [stdout]   --> examples/snippet.rs:33:31
[INFO] [stdout]    |
[INFO] [stdout] 33 |     index_writer.add_document(doc!(
[INFO] [stdout]    |                               ^^^
[INFO] [stdout]    |
[INFO] [stdout]    = note: import resolution is stuck, try simplifying macro imports
[INFO] [stdout] 
[INFO] [stdout] 
[INFO] [stdout] error: cannot determine resolution for the macro `doc`
[INFO] [stdout]   --> examples/phrase_prefix_search.rs:22:31
[INFO] [stdout]    |
[INFO] [stdout] 22 |     index_writer.add_document(doc!(
[INFO] [stdout]    |                               ^^^
[INFO] [stdout]    |
[INFO] [stdout]    = note: import resolution is stuck, try simplifying macro imports
[INFO] [stdout] 
[INFO] [stdout] 
[INFO] [stdout] error: cannot determine resolution for the macro `doc`
[INFO] [stdout]   --> examples/custom_tokenizer.rs:66:31
[INFO] [stdout]    |
[INFO] [stdout] 66 |     index_writer.add_document(doc!(
[INFO] [stdout]    |                               ^^^
[INFO] [stdout]    |
[INFO] [stdout]    = note: import resolution is stuck, try simplifying macro imports
[INFO] [stdout] 
[INFO] [stdout] 
[INFO] [stdout] error[E0432]: unresolved import `tantivy`
[INFO] [stdout]   --> examples/pre_tokenized_text.rs:16:5
[INFO] [stdout]    |
[INFO] [stdout] 16 | use tantivy::{doc, Index, ReloadPolicy};
[INFO] [stdout]    |     ^^^^^^^ use of undeclared crate or module `tantivy`
[INFO] [stdout] 
[INFO] [stdout] 
[INFO] [stdout] error[E0432]: unresolved import `tantivy`
[INFO] [stdout]   --> examples/iterating_docs_and_positions.rs:13:5
[INFO] [stdout]    |
[INFO] [stdout] 13 | use tantivy::{doc, DocSet, Index, Postings, TERMINATED};
[INFO] [stdout]    |     ^^^^^^^ use of undeclared crate or module `tantivy`
[INFO] [stdout] 
[INFO] [stdout] 
[INFO] [stdout] error: cannot determine resolution for the macro `doc`
[INFO] [stdout]   --> examples/custom_tokenizer.rs:71:31
[INFO] [stdout]    |
[INFO] [stdout] 71 |     index_writer.add_document(doc!(
[INFO] [stdout]    |                               ^^^
[INFO] [stdout]    |
[INFO] [stdout]    = note: import resolution is stuck, try simplifying macro imports
[INFO] [stdout] 
[INFO] [stdout] 
[INFO] [stdout] error: cannot determine resolution for the macro `doc`
[INFO] [stdout]   --> examples/custom_tokenizer.rs:82:31
[INFO] [stdout]    |
[INFO] [stdout] 82 |     index_writer.add_document(doc!(
[INFO] [stdout]    |                               ^^^
[INFO] [stdout]    |
[INFO] [stdout]    = note: import resolution is stuck, try simplifying macro imports
[INFO] [stdout] 
[INFO] [stdout] 
[INFO] [stdout] error[E0432]: unresolved import `tantivy`
[INFO] [stdout]  --> examples/warmer.rs:8:5
[INFO] [stdout]   |
[INFO] [stdout] 8 | use tantivy::{
[INFO] [stdout]   |     ^^^^^^^ use of undeclared crate or module `tantivy`
[INFO] [stdout] 
[INFO] [stdout] 
[INFO] [stdout] error: cannot determine resolution for the macro `doc`
[INFO] [stdout]   --> examples/fuzzy_search.rs:76:31
[INFO] [stdout]    |
[INFO] [stdout] 76 |     index_writer.add_document(doc!(
[INFO] [stdout]    |                               ^^^
[INFO] [stdout]    |
[INFO] [stdout]    = note: import resolution is stuck, try simplifying macro imports
[INFO] [stdout] 
[INFO] [stdout] 
[INFO] [stdout] error[E0432]: unresolved import `tantivy`
[INFO] [stdout]   --> examples/stop_words.rs:18:5
[INFO] [stdout]    |
[INFO] [stdout] 18 | use tantivy::{doc, Index};
[INFO] [stdout]    |     ^^^^^^^ use of undeclared crate or module `tantivy`
[INFO] [stdout] 
[INFO] [stdout] 
[INFO] [stdout] error: cannot determine resolution for the macro `doc`
[INFO] [stdout]   --> examples/fuzzy_search.rs:79:31
[INFO] [stdout]    |
[INFO] [stdout] 79 |     index_writer.add_document(doc!(
[INFO] [stdout]    |                               ^^^
[INFO] [stdout]    |
[INFO] [stdout]    = note: import resolution is stuck, try simplifying macro imports
[INFO] [stdout] 
[INFO] [stdout] 
[INFO] [stdout] error: cannot determine resolution for the macro `doc`
[INFO] [stdout]   --> examples/fuzzy_search.rs:82:31
[INFO] [stdout]    |
[INFO] [stdout] 82 |     index_writer.add_document(doc!(
[INFO] [stdout]    |                               ^^^
[INFO] [stdout]    |
[INFO] [stdout]    = note: import resolution is stuck, try simplifying macro imports
[INFO] [stdout] 
[INFO] [stdout] 
[INFO] [stdout] error: cannot determine resolution for the macro `doc`
[INFO] [stdout]   --> examples/fuzzy_search.rs:85:31
[INFO] [stdout]    |
[INFO] [stdout] 85 |     index_writer.add_document(doc!(
[INFO] [stdout]    |                               ^^^
[INFO] [stdout]    |
[INFO] [stdout]    = note: import resolution is stuck, try simplifying macro imports
[INFO] [stdout] 
[INFO] [stdout] 
[INFO] [stdout] error: cannot determine resolution for the macro `doc`
[INFO] [stdout]   --> examples/pre_tokenized_text.rs:69:23
[INFO] [stdout]    |
[INFO] [stdout] 69 |     let old_man_doc = doc!(title => title_tok, body => body_tok);
[INFO] [stdout]    |                       ^^^
[INFO] [stdout]    |
[INFO] [stdout]    = note: import resolution is stuck, try simplifying macro imports
[INFO] [stdout] 
[INFO] [stdout] 
[INFO] [stdout] error: cannot determine resolution for the macro `doc`
[INFO] [stdout]   --> examples/phrase_prefix_search.rs:28:31
[INFO] [stdout]    |
[INFO] [stdout] 28 |     index_writer.add_document(doc!(
[INFO] [stdout]    |                               ^^^
[INFO] [stdout]    |
[INFO] [stdout]    = note: import resolution is stuck, try simplifying macro imports
[INFO] [stdout] 
[INFO] [stdout] 
[INFO] [stdout] error: cannot determine resolution for the macro `doc`
[INFO] [stdout]   --> examples/phrase_prefix_search.rs:41:31
[INFO] [stdout]    |
[INFO] [stdout] 41 |     index_writer.add_document(doc!(
[INFO] [stdout]    |                               ^^^
[INFO] [stdout]    |
[INFO] [stdout]    = note: import resolution is stuck, try simplifying macro imports
[INFO] [stdout] 
[INFO] [stdout] 
[INFO] [stdout] error: cannot determine resolution for the macro `doc`
[INFO] [stdout]   --> examples/integer_range_search.rs:22:39
[INFO] [stdout]    |
[INFO] [stdout] 22 |             index_writer.add_document(doc!(year_field => year))?;
[INFO] [stdout]    |                                       ^^^
[INFO] [stdout]    |
[INFO] [stdout]    = note: import resolution is stuck, try simplifying macro imports
[INFO] [stdout] 
[INFO] [stdout] 
[INFO] [stdout] error[E0432]: unresolved import `tantivy`
[INFO] [stdout]   --> examples/custom_collector.rs:16:5
[INFO] [stdout]    |
[INFO] [stdout] 16 | use tantivy::{doc, Index, Score, SegmentReader};
[INFO] [stdout]    |     ^^^^^^^ use of undeclared crate or module `tantivy`
[INFO] [stdout] 
[INFO] [stdout] 
[INFO] [stdout] error[E0433]: failed to resolve: use of undeclared crate or module `tantivy`
[INFO] [stdout]  --> examples/index_with_json.rs:1:5
[INFO] [stdout]   |
[INFO] [stdout] 1 | use tantivy::schema::*;
[INFO] [stdout]   |     ^^^^^^^ use of undeclared crate or module `tantivy`
[INFO] [stdout] 
[INFO] [stdout] 
[INFO] [stdout] error[E0432]: unresolved import `tantivy`
[INFO] [stdout]   --> examples/faceted_search_with_tweaked_score.rs:15:5
[INFO] [stdout]    |
[INFO] [stdout] 15 | use tantivy::{doc, DocId, Index, Score, SegmentReader};
[INFO] [stdout]    |     ^^^^^^^ use of undeclared crate or module `tantivy`
[INFO] [stdout] 
[INFO] [stdout] 
[INFO] [stdout] error: cannot determine resolution for the macro `doc`
[INFO] [stdout]   --> examples/iterating_docs_and_positions.rs:28:31
[INFO] [stdout]    |
[INFO] [stdout] 28 |     index_writer.add_document(doc!(title => "The Old Man and the Sea"))?;
[INFO] [stdout]    |                               ^^^
[INFO] [stdout]    |
[INFO] [stdout]    = note: import resolution is stuck, try simplifying macro imports
[INFO] [stdout] 
[INFO] [stdout] 
[INFO] [stdout] error: cannot determine resolution for the macro `doc`
[INFO] [stdout]   --> examples/iterating_docs_and_positions.rs:29:31
[INFO] [stdout]    |
[INFO] [stdout] 29 |     index_writer.add_document(doc!(title => "Of Mice and Men"))?;
[INFO] [stdout]    |                               ^^^
[INFO] [stdout]    |
[INFO] [stdout]    = note: import resolution is stuck, try simplifying macro imports
[INFO] [stdout] 
[INFO] [stdout] 
[INFO] [stdout] error: cannot determine resolution for the macro `doc`
[INFO] [stdout]   --> examples/iterating_docs_and_positions.rs:30:31
[INFO] [stdout]    |
[INFO] [stdout] 30 |     index_writer.add_document(doc!(title => "The modern Promotheus"))?;
[INFO] [stdout]    |                               ^^^
[INFO] [stdout]    |
[INFO] [stdout]    = note: import resolution is stuck, try simplifying macro imports
[INFO] [stdout] 
[INFO] [stdout] 
[INFO] [stdout] error: cannot determine resolution for the macro `doc`
[INFO] [stdout]    --> examples/warmer.rs:147:25
[INFO] [stdout]     |
[INFO] [stdout] 147 |     writer.add_document(doc!(product_id=>OLIVE_OIL, text=>"cooking olive oil from greece"))?;
[INFO] [stdout]     |                         ^^^
[INFO] [stdout]     |
[INFO] [stdout]     = note: import resolution is stuck, try simplifying macro imports
[INFO] [stdout] 
[INFO] [stdout] 
[INFO] [stdout] error: cannot determine resolution for the macro `doc`
[INFO] [stdout]    --> examples/custom_collector.rs:146:31
[INFO] [stdout]     |
[INFO] [stdout] 146 |     index_writer.add_document(doc!(
[INFO] [stdout]     |                               ^^^
[INFO] [stdout]     |
[INFO] [stdout]     = note: import resolution is stuck, try simplifying macro imports
[INFO] [stdout] 
[INFO] [stdout] 
[INFO] [stdout] error: cannot determine resolution for the macro `doc`
[INFO] [stdout]    --> examples/custom_collector.rs:152:31
[INFO] [stdout]     |
[INFO] [stdout] 152 |     index_writer.add_document(doc!(
[INFO] [stdout]     |                               ^^^
[INFO] [stdout]     |
[INFO] [stdout]     = note: import resolution is stuck, try simplifying macro imports
[INFO] [stdout] 
[INFO] [stdout] 
[INFO] [stdout] error: cannot determine resolution for the macro `doc`
[INFO] [stdout]    --> examples/custom_collector.rs:158:31
[INFO] [stdout]     |
[INFO] [stdout] 158 |     index_writer.add_document(doc!(
[INFO] [stdout]     |                               ^^^
[INFO] [stdout]     |
[INFO] [stdout]     = note: import resolution is stuck, try simplifying macro imports
[INFO] [stdout] 
[INFO] [stdout] 
[INFO] [stdout] error: cannot determine resolution for the macro `doc`
[INFO] [stdout]    --> examples/custom_collector.rs:163:31
[INFO] [stdout]     |
[INFO] [stdout] 163 |     index_writer.add_document(doc!(
[INFO] [stdout]     |                               ^^^
[INFO] [stdout]     |
[INFO] [stdout]     = note: import resolution is stuck, try simplifying macro imports
[INFO] [stdout] 
[INFO] [stdout] 
[INFO] [stdout] error[E0432]: unresolved import `tantivy`
[INFO] [stdout]  --> examples/date_time_field.rs:8:5
[INFO] [stdout]   |
[INFO] [stdout] 8 | use tantivy::Index;
[INFO] [stdout]   |     ^^^^^^^ use of undeclared crate or module `tantivy`
[INFO] [stdout] 
[INFO] [stdout] 
[INFO] [stdout] error: cannot determine resolution for the macro `doc`
[INFO] [stdout]    --> examples/warmer.rs:148:25
[INFO] [stdout]     |
[INFO] [stdout] 148 |     writer.add_document(doc!(product_id=>GLOVES, text=>"kitchen gloves, perfect for cooking"))?;
[INFO] [stdout]     |                         ^^^
[INFO] [stdout]     |
[INFO] [stdout]     = note: import resolution is stuck, try simplifying macro imports
[INFO] [stdout] 
[INFO] [stdout] 
[INFO] [stdout] error: cannot determine resolution for the macro `doc`
[INFO] [stdout]    --> examples/warmer.rs:149:25
[INFO] [stdout]     |
[INFO] [stdout] 149 |     writer.add_document(doc!(product_id=>SNEAKERS, text=>"uber sweet sneakers"))?;
[INFO] [stdout]     |                         ^^^
[INFO] [stdout]     |
[INFO] [stdout]     = note: import resolution is stuck, try simplifying macro imports
[INFO] [stdout] 
[INFO] [stdout] 
[INFO] [stdout] error: cannot determine resolution for the macro `doc`
[INFO] [stdout]   --> examples/faceted_search_with_tweaked_score.rs:28:31
[INFO] [stdout]    |
[INFO] [stdout] 28 |     index_writer.add_document(doc!(
[INFO] [stdout]    |                               ^^^
[INFO] [stdout]    |
[INFO] [stdout]    = note: import resolution is stuck, try simplifying macro imports
[INFO] [stdout] 
[INFO] [stdout] 
[INFO] [stdout] error: cannot determine resolution for the macro `doc`
[INFO] [stdout]   --> examples/stop_words.rs:68:31
[INFO] [stdout]    |
[INFO] [stdout] 68 |     index_writer.add_document(doc!(
[INFO] [stdout]    |                               ^^^
[INFO] [stdout]    |
[INFO] [stdout]    = note: import resolution is stuck, try simplifying macro imports
[INFO] [stdout] 
[INFO] [stdout] 
[INFO] [stdout] error: cannot determine resolution for the macro `doc`
[INFO] [stdout]   --> examples/stop_words.rs:74:31
[INFO] [stdout]    |
[INFO] [stdout] 74 |     index_writer.add_document(doc!(
[INFO] [stdout]    |                               ^^^
[INFO] [stdout]    |
[INFO] [stdout]    = note: import resolution is stuck, try simplifying macro imports
[INFO] [stdout] 
[INFO] [stdout] 
[INFO] [stdout] error: cannot determine resolution for the macro `doc`
[INFO] [stdout]   --> examples/stop_words.rs:86:31
[INFO] [stdout]    |
[INFO] [stdout] 86 |     index_writer.add_document(doc!(
[INFO] [stdout]    |                               ^^^
[INFO] [stdout]    |
[INFO] [stdout]    = note: import resolution is stuck, try simplifying macro imports
[INFO] [stdout] 
[INFO] [stdout] 
[INFO] [stdout] error: cannot determine resolution for the macro `doc`
[INFO] [stdout]   --> examples/faceted_search_with_tweaked_score.rs:33:31
[INFO] [stdout]    |
[INFO] [stdout] 33 |     index_writer.add_document(doc!(
[INFO] [stdout]    |                               ^^^
[INFO] [stdout]    |
[INFO] [stdout]    = note: import resolution is stuck, try simplifying macro imports
[INFO] [stdout] 
[INFO] [stdout] 
[INFO] [stdout] error: cannot determine resolution for the macro `doc`
[INFO] [stdout]   --> examples/faceted_search_with_tweaked_score.rs:40:31
[INFO] [stdout]    |
[INFO] [stdout] 40 |     index_writer.add_document(doc!(
[INFO] [stdout]    |                               ^^^
[INFO] [stdout]    |
[INFO] [stdout]    = note: import resolution is stuck, try simplifying macro imports
[INFO] [stdout] 
[INFO] [stdout] 
[INFO] [stdout] error[E0433]: failed to resolve: use of undeclared type `Schema`
[INFO] [stdout]   --> examples/snippet.rs:22:30
[INFO] [stdout]    |
[INFO] [stdout] 22 |     let mut schema_builder = Schema::builder();
[INFO] [stdout]    |                              ^^^^^^ use of undeclared type `Schema`
[INFO] [stdout]    |
[INFO] [stdout] help: consider importing this struct
[INFO] [stdout]    |
[INFO] [stdout] 10 + use paradedb_tantivy::schema::Schema;
[INFO] [stdout]    |
[INFO] [stdout] 
[INFO] [stdout] 
[INFO] [stdout] error[E0425]: cannot find value `TEXT` in this scope
[INFO] [stdout]   --> examples/snippet.rs:23:56
[INFO] [stdout]    |
[INFO] [stdout] 23 |     let title = schema_builder.add_text_field("title", TEXT | STORED);
[INFO] [stdout]    |                                                        ^^^^ not found in this scope
[INFO] [stdout]    |
[INFO] [stdout] help: consider importing this constant
[INFO] [stdout]    |
[INFO] [stdout] 10 + use paradedb_tantivy::schema::TEXT;
[INFO] [stdout]    |
[INFO] [stdout] 
[INFO] [stdout] 
[INFO] [stdout] error[E0425]: cannot find value `STORED` in this scope
[INFO] [stdout]   --> examples/snippet.rs:23:63
[INFO] [stdout]    |
[INFO] [stdout] 23 |     let title = schema_builder.add_text_field("title", TEXT | STORED);
[INFO] [stdout]    |                                                               ^^^^^^ not found in this scope
[INFO] [stdout]    |
[INFO] [stdout] help: consider importing this constant
[INFO] [stdout]    |
[INFO] [stdout] 10 + use paradedb_tantivy::schema::STORED;
[INFO] [stdout]    |
[INFO] [stdout] 
[INFO] [stdout] 
[INFO] [stdout] error[E0425]: cannot find value `TEXT` in this scope
[INFO] [stdout]   --> examples/snippet.rs:24:54
[INFO] [stdout]    |
[INFO] [stdout] 24 |     let body = schema_builder.add_text_field("body", TEXT | STORED);
[INFO] [stdout]    |                                                      ^^^^ not found in this scope
[INFO] [stdout]    |
[INFO] [stdout] help: consider importing this constant
[INFO] [stdout]    |
[INFO] [stdout] 10 + use paradedb_tantivy::schema::TEXT;
[INFO] [stdout]    |
[INFO] [stdout] 
[INFO] [stdout] 
[INFO] [stdout] error[E0425]: cannot find value `STORED` in this scope
[INFO] [stdout]   --> examples/snippet.rs:24:61
[INFO] [stdout]    |
[INFO] [stdout] 24 |     let body = schema_builder.add_text_field("body", TEXT | STORED);
[INFO] [stdout]    |                                                             ^^^^^^ not found in this scope
[INFO] [stdout]    |
[INFO] [stdout] help: consider importing this constant
[INFO] [stdout]    |
[INFO] [stdout] 10 + use paradedb_tantivy::schema::STORED;
[INFO] [stdout]    |
[INFO] [stdout] 
[INFO] [stdout] 
[INFO] [stdout] error[E0433]: failed to resolve: use of undeclared type `Schema`
[INFO] [stdout]   --> examples/custom_tokenizer.rs:20:30
[INFO] [stdout]    |
[INFO] [stdout] 20 |     let mut schema_builder = Schema::builder();
[INFO] [stdout]    |                              ^^^^^^ use of undeclared type `Schema`
[INFO] [stdout]    |
[INFO] [stdout] help: consider importing this struct
[INFO] [stdout]    |
[INFO] [stdout] 5  + use paradedb_tantivy::schema::Schema;
[INFO] [stdout]    |
[INFO] [stdout] 
[INFO] [stdout] 
[INFO] [stdout] error[E0433]: failed to resolve: use of undeclared type `TextFieldIndexing`
[INFO] [stdout]   --> examples/custom_tokenizer.rs:26:31
[INFO] [stdout]    |
[INFO] [stdout] 26 |     let text_field_indexing = TextFieldIndexing::default()
[INFO] [stdout]    |                               ^^^^^^^^^^^^^^^^^ use of undeclared type `TextFieldIndexing`
[INFO] [stdout]    |
[INFO] [stdout] help: consider importing this struct
[INFO] [stdout]    |
[INFO] [stdout] 5  + use paradedb_tantivy::schema::TextFieldIndexing;
[INFO] [stdout]    |
[INFO] [stdout] 
[INFO] [stdout] 
[INFO] [stdout] error[E0433]: failed to resolve: use of undeclared type `IndexRecordOption`
[INFO] [stdout]   --> examples/custom_tokenizer.rs:28:27
[INFO] [stdout]    |
[INFO] [stdout] 28 |         .set_index_option(IndexRecordOption::WithFreqsAndPositions);
[INFO] [stdout]    |                           ^^^^^^^^^^^^^^^^^ use of undeclared type `IndexRecordOption`
[INFO] [stdout]    |
[INFO] [stdout] help: consider importing this enum
[INFO] [stdout]    |
[INFO] [stdout] 5  + use paradedb_tantivy::schema::IndexRecordOption;
[INFO] [stdout]    |
[INFO] [stdout] 
[INFO] [stdout] 
[INFO] [stdout] error[E0433]: failed to resolve: use of undeclared type `TextOptions`
[INFO] [stdout]   --> examples/custom_tokenizer.rs:29:24
[INFO] [stdout]    |
[INFO] [stdout] 29 |     let text_options = TextOptions::default()
[INFO] [stdout]    |                        ^^^^^^^^^^^ use of undeclared type `TextOptions`
[INFO] [stdout]    |
[INFO] [stdout] help: consider importing this struct
[INFO] [stdout]    |
[INFO] [stdout] 5  + use paradedb_tantivy::schema::TextOptions;
[INFO] [stdout]    |
[INFO] [stdout] 
[INFO] [stdout] 
[INFO] [stdout] error[E0425]: cannot find value `TEXT` in this scope
[INFO] [stdout]   --> examples/custom_tokenizer.rs:40:54
[INFO] [stdout]    |
[INFO] [stdout] 40 |     let body = schema_builder.add_text_field("body", TEXT);
[INFO] [stdout]    |                                                      ^^^^ not found in this scope
[INFO] [stdout]    |
[INFO] [stdout] help: consider importing this constant
[INFO] [stdout]    |
[INFO] [stdout] 5  + use paradedb_tantivy::schema::TEXT;
[INFO] [stdout]    |
[INFO] [stdout] 
[INFO] [stdout] 
[INFO] [stdout] error[E0433]: failed to resolve: use of undeclared type `Schema`
[INFO] [stdout]   --> examples/fuzzy_search.rs:33:30
[INFO] [stdout]    |
[INFO] [stdout] 33 |     let mut schema_builder = Schema::builder();
[INFO] [stdout]    |                              ^^^^^^ use of undeclared type `Schema`
[INFO] [stdout]    |
[INFO] [stdout] help: consider importing this struct
[INFO] [stdout]    |
[INFO] [stdout] 14 + use paradedb_tantivy::schema::Schema;
[INFO] [stdout]    |
[INFO] [stdout] 
[INFO] [stdout] 
[INFO] [stdout] error[E0425]: cannot find value `TEXT` in this scope
[INFO] [stdout]   --> examples/fuzzy_search.rs:49:56
[INFO] [stdout]    |
[INFO] [stdout] 49 |     let title = schema_builder.add_text_field("title", TEXT | STORED);
[INFO] [stdout]    |                                                        ^^^^ not found in this scope
[INFO] [stdout]    |
[INFO] [stdout] help: consider importing this constant
[INFO] [stdout]    |
[INFO] [stdout] 14 + use paradedb_tantivy::schema::TEXT;
[INFO] [stdout]    |
[INFO] [stdout] 
[INFO] [stdout] 
[INFO] [stdout] error[E0425]: cannot find value `STORED` in this scope
[INFO] [stdout]   --> examples/fuzzy_search.rs:49:63
[INFO] [stdout]    |
[INFO] [stdout] 49 |     let title = schema_builder.add_text_field("title", TEXT | STORED);
[INFO] [stdout]    |                                                               ^^^^^^ not found in this scope
[INFO] [stdout]    |
[INFO] [stdout] help: consider importing this constant
[INFO] [stdout]    |
[INFO] [stdout] 14 + use paradedb_tantivy::schema::STORED;
[INFO] [stdout]    |
[INFO] [stdout] 
[INFO] [stdout] 
[INFO] [stdout] error[E0433]: failed to resolve: use of undeclared type `Term`
[INFO] [stdout]    --> examples/fuzzy_search.rs:145:20
[INFO] [stdout]     |
[INFO] [stdout] 145 |         let term = Term::from_field_text(title, "Diary");
[INFO] [stdout]     |                    ^^^^ use of undeclared type `Term`
[INFO] [stdout]     |
[INFO] [stdout] help: consider importing this struct
[INFO] [stdout]     |
[INFO] [stdout] 14  + use paradedb_tantivy::Term;
[INFO] [stdout]     |
[INFO] [stdout] 
[INFO] [stdout] 
[INFO] [stdout] error: aborting due to 5 previous errors
[INFO] [stdout] 
[INFO] [stdout] 
[INFO] [stdout] Some errors have detailed explanations: E0432, E0433.
[INFO] [stdout] 
[INFO] [stdout] For more information about an error, try `rustc --explain E0432`.
[INFO] [stdout] 
[INFO] [stderr] error: could not compile `paradedb-tantivy` (example "integer_range_search") due to 6 previous errors
[INFO] [stderr] warning: build failed, waiting for other jobs to finish...
[INFO] [stdout] error[E0433]: failed to resolve: use of undeclared crate or module `tantivy`
[INFO] [stdout]   --> examples/custom_tokenizer.rs:11:14
[INFO] [stdout]    |
[INFO] [stdout] 11 | fn main() -> tantivy::Result<()> {
[INFO] [stdout]    |              ^^^^^^^ use of undeclared crate or module `tantivy`
[INFO] [stdout] 
[INFO] [stdout] 
[INFO] [stdout] error: aborting due to 14 previous errors
[INFO] [stdout] 
[INFO] [stdout] 
[INFO] [stdout] Some errors have detailed explanations: E0425, E0432, E0433.
[INFO] [stdout] 
[INFO] [stdout] For more information about an error, try `rustc --explain E0425`.
[INFO] [stdout] 
[INFO] [stdout] error[E0433]: failed to resolve: use of undeclared crate or module `tantivy`
[INFO] [stdout]   --> examples/date_time_field.rs:16:24
[INFO] [stdout]    |
[INFO] [stdout] 16 |         .set_precision(tantivy::DateTimePrecision::Seconds);
[INFO] [stdout]    |                        ^^^^^^^ use of undeclared crate or module `tantivy`
[INFO] [stdout]    |
[INFO] [stdout] help: consider importing one of these items
[INFO] [stdout]    |
[INFO] [stdout] 5  + use common::DateTimePrecision;
[INFO] [stdout]    |
[INFO] [stdout] 5  + use paradedb_tantivy::DateTimePrecision;
[INFO] [stdout]    |
[INFO] [stdout] help: if you import `DateTimePrecision`, refer to it directly
[INFO] [stdout]    |
[INFO] [stdout] 16 -         .set_precision(tantivy::DateTimePrecision::Seconds);
[INFO] [stdout] 16 +         .set_precision(DateTimePrecision::Seconds);
[INFO] [stdout]    |
[INFO] [stdout] 
[INFO] [stdout] 
[INFO] [stdout] error[E0433]: failed to resolve: use of undeclared type `Schema`
[INFO] [stdout]   --> examples/faceted_search_with_tweaked_score.rs:18:30
[INFO] [stdout]    |
[INFO] [stdout] 18 |     let mut schema_builder = Schema::builder();
[INFO] [stdout]    |                              ^^^^^^ use of undeclared type `Schema`
[INFO] [stdout]    |
[INFO] [stdout] help: consider importing this struct
[INFO] [stdout]    |
[INFO] [stdout] 10 + use paradedb_tantivy::schema::Schema;
[INFO] [stdout]    |
[INFO] [stdout] 
[INFO] [stdout] 
[INFO] [stdout] error[E0425]: cannot find value `STORED` in this scope
[INFO] [stdout]   --> examples/faceted_search_with_tweaked_score.rs:20:56
[INFO] [stdout]    |
[INFO] [stdout] 20 |     let title = schema_builder.add_text_field("title", STORED);
[INFO] [stdout]    |                                                        ^^^^^^ not found in this scope
[INFO] [stdout]    |
[INFO] [stdout] help: consider importing this constant
[INFO] [stdout]    |
[INFO] [stdout] 10 + use paradedb_tantivy::schema::STORED;
[INFO] [stdout]    |
[INFO] [stdout] 
[INFO] [stdout] 
[INFO] [stdout] error[E0433]: failed to resolve: use of undeclared type `FacetOptions`
[INFO] [stdout]   --> examples/faceted_search_with_tweaked_score.rs:21:67
[INFO] [stdout]    |
[INFO] [stdout] 21 |     let ingredient = schema_builder.add_facet_field("ingredient", FacetOptions::default());
[INFO] [stdout]    |                                                                   ^^^^^^^^^^^^ use of undeclared type `FacetOptions`
[INFO] [stdout]    |
[INFO] [stdout] help: consider importing this struct
[INFO] [stdout]    |
[INFO] [stdout] 10 + use paradedb_tantivy::schema::FacetOptions;
[INFO] [stdout]    |
[INFO] [stdout] 
[INFO] [stdout] 
[INFO] [stdout] error[E0433]: failed to resolve: use of undeclared type `Facet`
[INFO] [stdout]   --> examples/faceted_search_with_tweaked_score.rs:55:13
[INFO] [stdout]    |
[INFO] [stdout] 55 |             Facet::from("/ingredient/egg"),
[INFO] [stdout]    |             ^^^^^ use of undeclared type `Facet`
[INFO] [stdout]    |
[INFO] [stdout] help: consider importing this struct
[INFO] [stdout]    |
[INFO] [stdout] 10 + use paradedb_tantivy::schema::Facet;
[INFO] [stdout]    |
[INFO] [stdout] 
[INFO] [stdout] 
[INFO] [stdout] error[E0433]: failed to resolve: use of undeclared type `Facet`
[INFO] [stdout]   --> examples/faceted_search_with_tweaked_score.rs:56:13
[INFO] [stdout]    |
[INFO] [stdout] 56 |             Facet::from("/ingredient/oil"),
[INFO] [stdout]    |             ^^^^^ use of undeclared type `Facet`
[INFO] [stdout]    |
[INFO] [stdout] help: consider importing this struct
[INFO] [stdout]    |
[INFO] [stdout] 10 + use paradedb_tantivy::schema::Facet;
[INFO] [stdout]    |
[INFO] [stdout] 
[INFO] [stdout] 
[INFO] [stdout] error[E0433]: failed to resolve: use of undeclared type `Facet`
[INFO] [stdout]   --> examples/faceted_search_with_tweaked_score.rs:57:13
[INFO] [stdout]    |
[INFO] [stdout] 57 |             Facet::from("/ingredient/garlic"),
[INFO] [stdout]    |             ^^^^^ use of undeclared type `Facet`
[INFO] [stdout]    |
[INFO] [stdout] help: consider importing this struct
[INFO] [stdout]    |
[INFO] [stdout] 10 + use paradedb_tantivy::schema::Facet;
[INFO] [stdout]    |
[INFO] [stdout] 
[INFO] [stdout] 
[INFO] [stdout] error[E0433]: failed to resolve: use of undeclared type `Facet`
[INFO] [stdout]   --> examples/faceted_search_with_tweaked_score.rs:58:13
[INFO] [stdout]    |
[INFO] [stdout] 58 |             Facet::from("/ingredient/mushroom"),
[INFO] [stdout]    |             ^^^^^ use of undeclared type `Facet`
[INFO] [stdout]    |
[INFO] [stdout] help: consider importing this struct
[INFO] [stdout]    |
[INFO] [stdout] 10 + use paradedb_tantivy::schema::Facet;
[INFO] [stdout]    |
[INFO] [stdout] 
[INFO] [stdout] 
[INFO] [stdout] error[E0433]: failed to resolve: use of undeclared type `Term`
[INFO] [stdout]   --> examples/faceted_search_with_tweaked_score.rs:63:28
[INFO] [stdout]    |
[INFO] [stdout] 63 |                 .map(|key| Term::from_facet(ingredient, key))
[INFO] [stdout]    |                            ^^^^ use of undeclared type `Term`
[INFO] [stdout]    |
[INFO] [stdout] help: consider importing this struct
[INFO] [stdout]    |
[INFO] [stdout] 10 + use paradedb_tantivy::Term;
[INFO] [stdout]    |
[INFO] [stdout] 
[INFO] [stdout] 
[INFO] [stderr] error: could not compile `paradedb-tantivy` (example "custom_tokenizer") due to 15 previous errors
[INFO] [stdout] error[E0433]: failed to resolve: use of undeclared crate or module `tantivy`
[INFO] [stdout]   --> examples/json_field.rs:12:14
[INFO] [stdout]    |
[INFO] [stdout] 12 | fn main() -> tantivy::Result<()> {
[INFO] [stdout]    |              ^^^^^^^ use of undeclared crate or module `tantivy`
[INFO] [stdout] 
[INFO] [stdout] 
[INFO] [stdout] error: aborting due to 5 previous errors
[INFO] [stdout] 
[INFO] [stdout] 
[INFO] [stdout] error[E0433]: failed to resolve: use of undeclared crate or module `tantivy`
[INFO] [stdout]   --> examples/snippet.rs:16:14
[INFO] [stdout]    |
[INFO] [stdout] 16 | fn main() -> tantivy::Result<()> {
[INFO] [stdout]    |              ^^^^^^^ use of undeclared crate or module `tantivy`
[INFO] [stdout] 
[INFO] [stdout] 
[INFO] [stdout] Some errors have detailed explanations: E0432, E0433.
[INFO] [stdout] 
[INFO] [stdout] error: aborting due to 11 previous errors
[INFO] [stdout] 
[INFO] [stdout] 
[INFO] [stdout] For more information about an error, try `rustc --explain E0432`.
[INFO] [stdout] 
[INFO] [stdout] Some errors have detailed explanations: E0425, E0432, E0433.
[INFO] [stdout] 
[INFO] [stdout] For more information about an error, try `rustc --explain E0425`.
[INFO] [stdout] 
[INFO] [stdout] error[E0433]: failed to resolve: use of undeclared type `Schema`
[INFO] [stdout]   --> examples/phrase_prefix_search.rs:10:30
[INFO] [stdout]    |
[INFO] [stdout] 10 |     let mut schema_builder = Schema::builder();
[INFO] [stdout]    |                              ^^^^^^ use of undeclared type `Schema`
[INFO] [stdout]    |
[INFO] [stdout] help: consider importing this struct
[INFO] [stdout]    |
[INFO] [stdout] 1  + use paradedb_tantivy::schema::Schema;
[INFO] [stdout]    |
[INFO] [stdout] 
[INFO] [stdout] 
[INFO] [stdout] error[E0425]: cannot find value `TEXT` in this scope
[INFO] [stdout]   --> examples/phrase_prefix_search.rs:11:44
[INFO] [stdout]    |
[INFO] [stdout] 11 |     schema_builder.add_text_field("title", TEXT | STORED);
[INFO] [stdout]    |                                            ^^^^ not found in this scope
[INFO] [stdout]    |
[INFO] [stdout] help: consider importing this constant
[INFO] [stdout]    |
[INFO] [stdout] 1  + use paradedb_tantivy::schema::TEXT;
[INFO] [stdout]    |
[INFO] [stdout] 
[INFO] [stdout] 
[INFO] [stdout] error[E0425]: cannot find value `STORED` in this scope
[INFO] [stdout]   --> examples/phrase_prefix_search.rs:11:51
[INFO] [stdout]    |
[INFO] [stdout] 11 |     schema_builder.add_text_field("title", TEXT | STORED);
[INFO] [stdout]    |                                                   ^^^^^^ not found in this scope
[INFO] [stdout]    |
[INFO] [stdout] help: consider importing this constant
[INFO] [stdout]    |
[INFO] [stdout] 1  + use paradedb_tantivy::schema::STORED;
[INFO] [stdout]    |
[INFO] [stdout] 
[INFO] [stdout] 
[INFO] [stdout] error[E0425]: cannot find value `TEXT` in this scope
[INFO] [stdout]   --> examples/phrase_prefix_search.rs:12:43
[INFO] [stdout]    |
[INFO] [stdout] 12 |     schema_builder.add_text_field("body", TEXT);
[INFO] [stdout]    |                                           ^^^^ not found in this scope
[INFO] [stdout]    |
[INFO] [stdout] help: consider importing this constant
[INFO] [stdout]    |
[INFO] [stdout] 1  + use paradedb_tantivy::schema::TEXT;
[INFO] [stdout]    |
[INFO] [stdout] 
[INFO] [stdout] 
[INFO] [stdout] error[E0433]: failed to resolve: use of undeclared type `Schema`
[INFO] [stdout]   --> examples/stop_words.rs:22:30
[INFO] [stdout]    |
[INFO] [stdout] 22 |     let mut schema_builder = Schema::builder();
[INFO] [stdout]    |                              ^^^^^^ use of undeclared type `Schema`
[INFO] [stdout]    |
[INFO] [stdout] help: consider importing this struct
[INFO] [stdout]    |
[INFO] [stdout] 14 + use paradedb_tantivy::schema::Schema;
[INFO] [stdout]    |
[INFO] [stdout] 
[INFO] [stdout] 
[INFO] [stdout] error[E0433]: failed to resolve: use of undeclared type `TextFieldIndexing`
[INFO] [stdout]   --> examples/stop_words.rs:28:31
[INFO] [stdout]    |
[INFO] [stdout] 28 |     let text_field_indexing = TextFieldIndexing::default()
[INFO] [stdout]    |                               ^^^^^^^^^^^^^^^^^ use of undeclared type `TextFieldIndexing`
[INFO] [stdout]    |
[INFO] [stdout] help: consider importing this struct
[INFO] [stdout]    |
[INFO] [stdout] 14 + use paradedb_tantivy::schema::TextFieldIndexing;
[INFO] [stdout]    |
[INFO] [stdout] 
[INFO] [stdout] 
[INFO] [stdout] error[E0433]: failed to resolve: use of undeclared type `IndexRecordOption`
[INFO] [stdout]   --> examples/stop_words.rs:30:27
[INFO] [stdout]    |
[INFO] [stdout] 30 |         .set_index_option(IndexRecordOption::WithFreqsAndPositions);
[INFO] [stdout]    |                           ^^^^^^^^^^^^^^^^^ use of undeclared type `IndexRecordOption`
[INFO] [stdout]    |
[INFO] [stdout] help: consider importing this enum
[INFO] [stdout]    |
[INFO] [stdout] 14 + use paradedb_tantivy::schema::IndexRecordOption;
[INFO] [stdout]    |
[INFO] [stdout] 
[INFO] [stdout] 
[INFO] [stdout] error[E0433]: failed to resolve: use of undeclared type `TextOptions`
[INFO] [stdout]   --> examples/stop_words.rs:31:24
[INFO] [stdout]    |
[INFO] [stdout] 31 |     let text_options = TextOptions::default()
[INFO] [stdout]    |                        ^^^^^^^^^^^ use of undeclared type `TextOptions`
[INFO] [stdout]    |
[INFO] [stdout] help: consider importing this struct
[INFO] [stdout]    |
[INFO] [stdout] 14 + use paradedb_tantivy::schema::TextOptions;
[INFO] [stdout]    |
[INFO] [stdout] 
[INFO] [stdout] 
[INFO] [stderr] error: could not compile `paradedb-tantivy` (example "json_field") due to 6 previous errors
[INFO] [stdout] error[E0433]: failed to resolve: use of undeclared type `TextFieldIndexing`
[INFO] [stdout]   --> examples/stop_words.rs:39:31
[INFO] [stdout]    |
[INFO] [stdout] 39 |     let text_field_indexing = TextFieldIndexing::default()
[INFO] [stdout]    |                               ^^^^^^^^^^^^^^^^^ use of undeclared type `TextFieldIndexing`
[INFO] [stdout]    |
[INFO] [stdout] help: consider importing this struct
[INFO] [stdout]    |
[INFO] [stdout] 14 + use paradedb_tantivy::schema::TextFieldIndexing;
[INFO] [stdout]    |
[INFO] [stdout] 
[INFO] [stdout] 
[INFO] [stderr] error: could not compile `paradedb-tantivy` (example "snippet") due to 12 previous errors
[INFO] [stdout] error[E0433]: failed to resolve: use of undeclared type `IndexRecordOption`
[INFO] [stdout]   --> examples/stop_words.rs:41:27
[INFO] [stdout]    |
[INFO] [stdout] 41 |         .set_index_option(IndexRecordOption::WithFreqsAndPositions);
[INFO] [stdout]    |                           ^^^^^^^^^^^^^^^^^ use of undeclared type `IndexRecordOption`
[INFO] [stdout]    |
[INFO] [stdout] help: consider importing this enum
[INFO] [stdout]    |
[INFO] [stdout] 14 + use paradedb_tantivy::schema::IndexRecordOption;
[INFO] [stdout]    |
[INFO] [stdout] 
[INFO] [stdout] 
[INFO] [stdout] error[E0433]: failed to resolve: use of undeclared type `TextOptions`
[INFO] [stdout]   --> examples/stop_words.rs:42:24
[INFO] [stdout]    |
[INFO] [stdout] 42 |     let text_options = TextOptions::default()
[INFO] [stdout]    |                        ^^^^^^^^^^^ use of undeclared type `TextOptions`
[INFO] [stdout]    |
[INFO] [stdout] help: consider importing this struct
[INFO] [stdout]    |
[INFO] [stdout] 14 + use paradedb_tantivy::schema::TextOptions;
[INFO] [stdout]    |
[INFO] [stdout] 
[INFO] [stdout] 
[INFO] [stdout] error[E0433]: failed to resolve: use of undeclared type `TextAnalyzer`
[INFO] [stdout]   --> examples/stop_words.rs:53:21
[INFO] [stdout]    |
[INFO] [stdout] 53 |     let tokenizer = TextAnalyzer::builder(SimpleTokenizer::default())
[INFO] [stdout]    |                     ^^^^^^^^^^^^ use of undeclared type `TextAnalyzer`
[INFO] [stdout]    |
[INFO] [stdout] help: consider importing this struct
[INFO] [stdout]    |
[INFO] [stdout] 14 + use paradedb_tantivy::tokenizer::TextAnalyzer;
[INFO] [stdout]    |
[INFO] [stdout] 
[INFO] [stdout] 
[INFO] [stdout] error[E0433]: failed to resolve: use of undeclared type `SimpleTokenizer`
[INFO] [stdout]   --> examples/stop_words.rs:53:43
[INFO] [stdout]    |
[INFO] [stdout] 53 |     let tokenizer = TextAnalyzer::builder(SimpleTokenizer::default())
[INFO] [stdout]    |                                           ^^^^^^^^^^^^^^^ use of undeclared type `SimpleTokenizer`
[INFO] [stdout]    |
[INFO] [stdout] help: consider importing this struct
[INFO] [stdout]    |
[INFO] [stdout] 14 + use paradedb_tantivy::tokenizer::SimpleTokenizer;
[INFO] [stdout]    |
[INFO] [stdout] 
[INFO] [stdout] 
[INFO] [stdout] error[E0425]: cannot find value `LowerCaser` in this scope
[INFO] [stdout]   --> examples/stop_words.rs:54:17
[INFO] [stdout]    |
[INFO] [stdout] 54 |         .filter(LowerCaser)
[INFO] [stdout]    |                 ^^^^^^^^^^ not found in this scope
[INFO] [stdout]    |
[INFO] [stdout] help: consider importing this unit struct
[INFO] [stdout]    |
[INFO] [stdout] 14 + use paradedb_tantivy::tokenizer::LowerCaser;
[INFO] [stdout]    |
[INFO] [stdout] 
[INFO] [stdout] 
[INFO] [stdout] error[E0433]: failed to resolve: use of undeclared type `StopWordFilter`
[INFO] [stdout]   --> examples/stop_words.rs:55:17
[INFO] [stdout]    |
[INFO] [stdout] 55 |         .filter(StopWordFilter::remove(vec![
[INFO] [stdout]    |                 ^^^^^^^^^^^^^^ use of undeclared type `StopWordFilter`
[INFO] [stdout]    |
[INFO] [stdout] help: consider importing this struct
[INFO] [stdout]    |
[INFO] [stdout] 14 + use paradedb_tantivy::tokenizer::StopWordFilter;
[INFO] [stdout]    |
[INFO] [stdout] 
[INFO] [stdout] 
[INFO] [stdout] error[E0433]: failed to resolve: use of undeclared crate or module `tantivy`
[INFO] [stdout]   --> examples/date_time_field.rs:10:14
[INFO] [stdout]    |
[INFO] [stdout] 10 | fn main() -> tantivy::Result<()> {
[INFO] [stdout]    |              ^^^^^^^ use of undeclared crate or module `tantivy`
[INFO] [stdout] 
[INFO] [stdout] 
[INFO] [stdout] error: aborting due to 6 previous errors
[INFO] [stdout] 
[INFO] [stdout] 
[INFO] [stdout] Some errors have detailed explanations: E0432, E0433.
[INFO] [stdout] 
[INFO] [stdout] For more information about an error, try `rustc --explain E0432`.
[INFO] [stdout] 
[INFO] [stdout] error: aborting due to 11 previous errors
[INFO] [stdout] 
[INFO] [stdout] 
[INFO] [stdout] Some errors have detailed explanations: E0425, E0432, E0433.
[INFO] [stdout] 
[INFO] [stdout] For more information about an error, try `rustc --explain E0425`.
[INFO] [stdout] 
[INFO] [stdout] error[E0433]: failed to resolve: use of undeclared crate or module `tantivy`
[INFO] [stdout]   --> examples/fuzzy_search.rs:20:14
[INFO] [stdout]    |
[INFO] [stdout] 20 | fn main() -> tantivy::Result<()> {
[INFO] [stdout]    |              ^^^^^^^ use of undeclared crate or module `tantivy`
[INFO] [stdout] 
[INFO] [stdout] 
[INFO] [stdout] error: aborting due to 13 previous errors
[INFO] [stdout] 
[INFO] [stdout] 
[INFO] [stdout] Some errors have detailed explanations: E0425, E0432, E0433.
[INFO] [stdout] 
[INFO] [stdout] For more information about an error, try `rustc --explain E0425`.
[INFO] [stdout] 
[INFO] [stdout] error[E0433]: failed to resolve: use of undeclared type `Schema`
[INFO] [stdout]   --> examples/pre_tokenized_text.rs:32:30
[INFO] [stdout]    |
[INFO] [stdout] 32 |     let mut schema_builder = Schema::builder();
[INFO] [stdout]    |                              ^^^^^^ use of undeclared type `Schema`
[INFO] [stdout]    |
[INFO] [stdout] help: consider importing this struct
[INFO] [stdout]    |
[INFO] [stdout] 12 + use paradedb_tantivy::schema::Schema;
[INFO] [stdout]    |
[INFO] [stdout] 
[INFO] [stdout] 
[INFO] [stdout] error[E0425]: cannot find value `TEXT` in this scope
[INFO] [stdout]   --> examples/pre_tokenized_text.rs:34:44
[INFO] [stdout]    |
[INFO] [stdout] 34 |     schema_builder.add_text_field("title", TEXT | STORED);
[INFO] [stdout]    |                                            ^^^^ not found in this scope
[INFO] [stdout]    |
[INFO] [stdout] help: consider importing this constant
[INFO] [stdout]    |
[INFO] [stdout] 12 + use paradedb_tantivy::schema::TEXT;
[INFO] [stdout]    |
[INFO] [stdout] 
[INFO] [stdout] 
[INFO] [stdout] error[E0425]: cannot find value `STORED` in this scope
[INFO] [stdout]   --> examples/pre_tokenized_text.rs:34:51
[INFO] [stdout]    |
[INFO] [stdout] 34 |     schema_builder.add_text_field("title", TEXT | STORED);
[INFO] [stdout]    |                                                   ^^^^^^ not found in this scope
[INFO] [stdout]    |
[INFO] [stdout] help: consider importing this constant
[INFO] [stdout]    |
[INFO] [stdout] 12 + use paradedb_tantivy::schema::STORED;
[INFO] [stdout]    |
[INFO] [stdout] 
[INFO] [stdout] 
[INFO] [stdout] error[E0425]: cannot find value `TEXT` in this scope
[INFO] [stdout]   --> examples/pre_tokenized_text.rs:35:43
[INFO] [stdout]    |
[INFO] [stdout] 35 |     schema_builder.add_text_field("body", TEXT);
[INFO] [stdout]    |                                           ^^^^ not found in this scope
[INFO] [stdout]    |
[INFO] [stdout] help: consider importing this constant
[INFO] [stdout]    |
[INFO] [stdout] 12 + use paradedb_tantivy::schema::TEXT;
[INFO] [stdout]    |
[INFO] [stdout] 
[INFO] [stdout] 
[INFO] [stdout] error[E0433]: failed to resolve: use of undeclared type `Term`
[INFO] [stdout]    --> examples/pre_tokenized_text.rs:106:9
[INFO] [stdout]     |
[INFO] [stdout] 106 |         Term::from_field_text(title, "Man"),
[INFO] [stdout]     |         ^^^^ use of undeclared type `Term`
[INFO] [stdout]     |
[INFO] [stdout] help: consider importing this struct
[INFO] [stdout]     |
[INFO] [stdout] 12  + use paradedb_tantivy::Term;
[INFO] [stdout]     |
[INFO] [stdout] 
[INFO] [stdout] 
[INFO] [stdout] error[E0433]: failed to resolve: use of undeclared type `IndexRecordOption`
[INFO] [stdout]    --> examples/pre_tokenized_text.rs:107:9
[INFO] [stdout]     |
[INFO] [stdout] 107 |         IndexRecordOption::Basic,
[INFO] [stdout]     |         ^^^^^^^^^^^^^^^^^ use of undeclared type `IndexRecordOption`
[INFO] [stdout]     |
[INFO] [stdout] help: consider importing this enum
[INFO] [stdout]     |
[INFO] [stdout] 12  + use paradedb_tantivy::schema::IndexRecordOption;
[INFO] [stdout]     |
[INFO] [stdout] 
[INFO] [stdout] 
[INFO] [stdout] error[E0433]: failed to resolve: use of undeclared type `Term`
[INFO] [stdout]    --> examples/pre_tokenized_text.rs:127:9
[INFO] [stdout]     |
[INFO] [stdout] 127 |         Term::from_field_text(title, "man"),
[INFO] [stdout]     |         ^^^^ use of undeclared type `Term`
[INFO] [stdout]     |
[INFO] [stdout] help: consider importing this struct
[INFO] [stdout]     |
[INFO] [stdout] 12  + use paradedb_tantivy::Term;
[INFO] [stdout]     |
[INFO] [stdout] 
[INFO] [stdout] 
[INFO] [stdout] error[E0433]: failed to resolve: use of undeclared type `IndexRecordOption`
[INFO] [stdout]    --> examples/pre_tokenized_text.rs:128:9
[INFO] [stdout]     |
[INFO] [stdout] 128 |         IndexRecordOption::Basic,
[INFO] [stdout]     |         ^^^^^^^^^^^^^^^^^ use of undeclared type `IndexRecordOption`
[INFO] [stdout]     |
[INFO] [stdout] help: consider importing this enum
[INFO] [stdout]     |
[INFO] [stdout] 12  + use paradedb_tantivy::schema::IndexRecordOption;
[INFO] [stdout]     |
[INFO] [stdout] 
[INFO] [stdout] 
[INFO] [stderr] error: could not compile `paradedb-tantivy` (example "phrase_prefix_search") due to 12 previous errors
[INFO] [stdout] error[E0433]: failed to resolve: use of undeclared type `Schema`
[INFO] [stdout]   --> examples/iterating_docs_and_positions.rs:18:30
[INFO] [stdout]    |
[INFO] [stdout] 18 |     let mut schema_builder = Schema::builder();
[INFO] [stdout]    |                              ^^^^^^ use of undeclared type `Schema`
[INFO] [stdout]    |
[INFO] [stdout] help: consider importing this struct
[INFO] [stdout]    |
[INFO] [stdout] 12 + use paradedb_tantivy::schema::Schema;
[INFO] [stdout]    |
[INFO] [stdout] 
[INFO] [stdout] 
[INFO] [stdout] error[E0425]: cannot find value `TEXT` in this scope
[INFO] [stdout]   --> examples/iterating_docs_and_positions.rs:22:56
[INFO] [stdout]    |
[INFO] [stdout] 22 |     let title = schema_builder.add_text_field("title", TEXT | STORED);
[INFO] [stdout]    |                                                        ^^^^ not found in this scope
[INFO] [stdout]    |
[INFO] [stdout] help: consider importing this constant
[INFO] [stdout]    |
[INFO] [stdout] 12 + use paradedb_tantivy::schema::TEXT;
[INFO] [stdout]    |
[INFO] [stdout] 
[INFO] [stdout] 
[INFO] [stdout] error[E0425]: cannot find value `STORED` in this scope
[INFO] [stdout]   --> examples/iterating_docs_and_positions.rs:22:63
[INFO] [stdout]    |
[INFO] [stdout] 22 |     let title = schema_builder.add_text_field("title", TEXT | STORED);
[INFO] [stdout]    |                                                               ^^^^^^ not found in this scope
[INFO] [stdout]    |
[INFO] [stdout] help: consider importing this constant
[INFO] [stdout]    |
[INFO] [stdout] 12 + use paradedb_tantivy::schema::STORED;
[INFO] [stdout]    |
[INFO] [stdout] 
[INFO] [stdout] 
[INFO] [stdout] error[E0433]: failed to resolve: use of undeclared type `Term`
[INFO] [stdout]   --> examples/iterating_docs_and_positions.rs:52:24
[INFO] [stdout]    |
[INFO] [stdout] 52 |         let term_the = Term::from_field_text(title, "the");
[INFO] [stdout]    |                        ^^^^ use of undeclared type `Term`
[INFO] [stdout]    |
[INFO] [stdout] help: consider importing this struct
[INFO] [stdout]    |
[INFO] [stdout] 12 + use paradedb_tantivy::Term;
[INFO] [stdout]    |
[INFO] [stdout] 
[INFO] [stdout] 
[INFO] [stdout] error[E0433]: failed to resolve: use of undeclared type `IndexRecordOption`
[INFO] [stdout]   --> examples/iterating_docs_and_positions.rs:61:53
[INFO] [stdout]    |
[INFO] [stdout] 61 |             inverted_index.read_postings(&term_the, IndexRecordOption::WithFreqsAndPositions)?
[INFO] [stdout]    |                                                     ^^^^^^^^^^^^^^^^^ use of undeclared type `IndexRecordOption`
[INFO] [stdout]    |
[INFO] [stdout] help: consider importing this enum
[INFO] [stdout]    |
[INFO] [stdout] 12 + use paradedb_tantivy::schema::IndexRecordOption;
[INFO] [stdout]    |
[INFO] [stdout] 
[INFO] [stdout] 
[INFO] [stdout] error[E0433]: failed to resolve: use of undeclared type `Term`
[INFO] [stdout]   --> examples/iterating_docs_and_positions.rs:95:20
[INFO] [stdout]    |
[INFO] [stdout] 95 |     let term_the = Term::from_field_text(title, "the");
[INFO] [stdout]    |                    ^^^^ use of undeclared type `Term`
[INFO] [stdout]    |
[INFO] [stdout] help: consider importing this struct
[INFO] [stdout]    |
[INFO] [stdout] 12 + use paradedb_tantivy::Term;
[INFO] [stdout]    |
[INFO] [stdout] 
[INFO] [stdout] 
[INFO] [stdout] error[E0433]: failed to resolve: use of undeclared type `IndexRecordOption`
[INFO] [stdout]    --> examples/iterating_docs_and_positions.rs:118:59
[INFO] [stdout]     |
[INFO] [stdout] 118 |             inverted_index.read_block_postings(&term_the, IndexRecordOption::Basic)?
[INFO] [stdout]     |                                                           ^^^^^^^^^^^^^^^^^ use of undeclared type `IndexRecordOption`
[INFO] [stdout]     |
[INFO] [stdout] help: consider importing this enum
[INFO] [stdout]     |
[INFO] [stdout] 12  + use paradedb_tantivy::schema::IndexRecordOption;
[INFO] [stdout]     |
[INFO] [stdout] 
[INFO] [stdout] 
[INFO] [stdout] error[E0433]: failed to resolve: use of undeclared crate or module `tantivy`
[INFO] [stdout]   --> examples/warmer.rs:51:44
[INFO] [stdout]    |
[INFO] [stdout] 51 |     fn warm(&self, searcher: &Searcher) -> tantivy::Result<()> {
[INFO] [stdout]    |                                            ^^^^^^^ use of undeclared crate or module `tantivy`
[INFO] [stdout] 
[INFO] [stdout] 
[INFO] [stdout] error[E0433]: failed to resolve: use of undeclared crate or module `tantivy`
[INFO] [stdout]    --> examples/warmer.rs:124:14
[INFO] [stdout]     |
[INFO] [stdout] 124 | fn main() -> tantivy::Result<()> {
[INFO] [stdout]     |              ^^^^^^^ use of undeclared crate or module `tantivy`
[INFO] [stdout] 
[INFO] [stdout] 
[INFO] [stdout] error[E0433]: failed to resolve: use of undeclared crate or module `tantivy`
[INFO] [stdout]   --> examples/custom_collector.rs:73:10
[INFO] [stdout]    |
[INFO] [stdout] 73 |     ) -> tantivy::Result<StatsSegmentCollector> {
[INFO] [stdout]    |          ^^^^^^^ use of undeclared crate or module `tantivy`
[INFO] [stdout] 
[INFO] [stdout] 
[INFO] [stdout] error[E0433]: failed to resolve: use of undeclared crate or module `tantivy`
[INFO] [stdout]   --> examples/custom_collector.rs:86:66
[INFO] [stdout]    |
[INFO] [stdout] 86 |     fn merge_fruits(&self, segment_stats: Vec<Option<Stats>>) -> tantivy::Result<Option<Stats>> {
[INFO] [stdout]    |                                                                  ^^^^^^^ use of undeclared crate or module `tantivy`
[INFO] [stdout] 
[INFO] [stdout] 
[INFO] [stdout] error[E0433]: failed to resolve: use of undeclared crate or module `tantivy`
[INFO] [stdout]    --> examples/custom_collector.rs:121:14
[INFO] [stdout]     |
[INFO] [stdout] 121 | fn main() -> tantivy::Result<()> {
[INFO] [stdout]     |              ^^^^^^^ use of undeclared crate or module `tantivy`
[INFO] [stdout] 
[INFO] [stdout] 
[INFO] [stdout] error: aborting due to 9 previous errors
[INFO] [stdout] 
[INFO] [stdout] 
[INFO] [stdout] error: aborting due to 11 previous errors
[INFO] [stdout] 
[INFO] [stdout] 
[INFO] [stdout] Some errors have detailed explanations: E0432, E0433.
[INFO] [stdout] 
[INFO] [stdout] For more information about an error, try `rustc --explain E0432`.
[INFO] [stdout] 
[INFO] [stdout] Some errors have detailed explanations: E0432, E0433.
[INFO] [stdout] 
[INFO] [stdout] error[E0433]: failed to resolve: use of undeclared crate or module `tantivy`
[INFO] [stdout]   --> examples/pre_tokenized_text.rs:29:14
[INFO] [stdout]    |
[INFO] [stdout] 29 | fn main() -> tantivy::Result<()> {
[INFO] [stdout]    |              ^^^^^^^ use of undeclared crate or module `tantivy`
[INFO] [stdout] 
[INFO] [stdout] 
[INFO] [stdout] For more information about an error, try `rustc --explain E0432`.
[INFO] [stdout] 
[INFO] [stdout] error: aborting due to 15 previous errors
[INFO] [stdout] 
[INFO] [stdout] 
[INFO] [stdout] Some errors have detailed explanations: E0425, E0432, E0433.
[INFO] [stdout] 
[INFO] [stdout] For more information about an error, try `rustc --explain E0425`.
[INFO] [stdout] 
[INFO] [stdout] error[E0433]: failed to resolve: use of undeclared crate or module `tantivy`
[INFO] [stdout]   --> examples/stop_words.rs:20:14
[INFO] [stdout]    |
[INFO] [stdout] 20 | fn main() -> tantivy::Result<()> {
[INFO] [stdout]    |              ^^^^^^^ use of undeclared crate or module `tantivy`
[INFO] [stdout] 
[INFO] [stdout] 
[INFO] [stdout] error: aborting due to 20 previous errors
[INFO] [stdout] 
[INFO] [stdout] 
[INFO] [stdout] Some errors have detailed explanations: E0425, E0432, E0433.
[INFO] [stdout] 
[INFO] [stdout] For more information about an error, try `rustc --explain E0425`.
[INFO] [stdout] 
[INFO] [stderr] error: could not compile `paradedb-tantivy` (example "date_time_field") due to 7 previous errors
[INFO] [stderr] error: could not compile `paradedb-tantivy` (example "fuzzy_search") due to 14 previous errors
[INFO] [stderr] error: could not compile `paradedb-tantivy` (example "custom_collector") due to 12 previous errors
[INFO] [stderr] error: could not compile `paradedb-tantivy` (example "pre_tokenized_text") due to 16 previous errors
[INFO] [stderr] error: could not compile `paradedb-tantivy` (example "warmer") due to 10 previous errors
[INFO] [stderr] error: could not compile `paradedb-tantivy` (example "stop_words") due to 21 previous errors
[INFO] [stdout] error[E0433]: failed to resolve: use of undeclared crate or module `tantivy`
[INFO] [stdout]   --> examples/iterating_docs_and_positions.rs:15:14
[INFO] [stdout]    |
[INFO] [stdout] 15 | fn main() -> tantivy::Result<()> {
[INFO] [stdout]    |              ^^^^^^^ use of undeclared crate or module `tantivy`
[INFO] [stdout] 
[INFO] [stdout] 
[INFO] [stdout] error: aborting due to 13 previous errors
[INFO] [stdout] 
[INFO] [stdout] 
[INFO] [stdout] Some errors have detailed explanations: E0425, E0432, E0433.
[INFO] [stdout] 
[INFO] [stdout] For more information about an error, try `rustc --explain E0425`.
[INFO] [stdout] 
[INFO] [stdout] error[E0433]: failed to resolve: use of undeclared crate or module `tantivy`
[INFO] [stdout]   --> tests/failpoints/mod.rs:42:33
[INFO] [stdout]    |
[INFO] [stdout] 42 | fn test_write_commit_fails() -> tantivy::Result<()> {
[INFO] [stdout]    |                                 ^^^^^^^ use of undeclared crate or module `tantivy`
[INFO] [stdout] 
[INFO] [stdout] 
[INFO] [stderr] error: could not compile `paradedb-tantivy` (example "iterating_docs_and_positions") due to 14 previous errors
[INFO] [stdout] error[E0433]: failed to resolve: use of undeclared crate or module `tantivy`
[INFO] [stdout]   --> tests/failpoints/mod.rs:73:36
[INFO] [stdout]    |
[INFO] [stdout] 73 | fn test_fail_on_flush_segment() -> tantivy::Result<()> {
[INFO] [stdout]    |                                    ^^^^^^^ use of undeclared crate or module `tantivy`
[INFO] [stdout] 
[INFO] [stdout] 
[INFO] [stdout] error[E0433]: failed to resolve: use of undeclared crate or module `tantivy`
[INFO] [stdout]   --> tests/failpoints/mod.rs:92:59
[INFO] [stdout]    |
[INFO] [stdout] 92 | fn test_fail_on_flush_segment_but_one_worker_remains() -> tantivy::Result<()> {
[INFO] [stdout]    |                                                           ^^^^^^^ use of undeclared crate or module `tantivy`
[INFO] [stdout] 
[INFO] [stdout] 
[INFO] [stdout] error[E0433]: failed to resolve: use of undeclared crate or module `tantivy`
[INFO] [stdout]    --> tests/failpoints/mod.rs:111:37
[INFO] [stdout]     |
[INFO] [stdout] 111 | fn test_fail_on_commit_segment() -> tantivy::Result<()> {
[INFO] [stdout]     |                                     ^^^^^^^ use of undeclared crate or module `tantivy`
[INFO] [stdout] 
[INFO] [stdout] 
[INFO] [stdout] error: aborting due to 12 previous errors
[INFO] [stdout] 
[INFO] [stdout] 
[INFO] [stdout] Some errors have detailed explanations: E0432, E0433.
[INFO] [stdout] 
[INFO] [stdout] For more information about an error, try `rustc --explain E0432`.
[INFO] [stdout] 
[INFO] [stderr] error: could not compile `paradedb-tantivy` (test "failpoints") due to 13 previous errors
[INFO] [stdout] error[E0433]: failed to resolve: use of undeclared type `Schema`
[INFO] [stdout]   --> examples/index_with_json.rs:11:30
[INFO] [stdout]    |
[INFO] [stdout] 11 |     let mut schema_builder = Schema::builder();
[INFO] [stdout]    |                              ^^^^^^ use of undeclared type `Schema`
[INFO] [stdout]    |
[INFO] [stdout] help: consider importing this struct
[INFO] [stdout]    |
[INFO] [stdout] 1  + use paradedb_tantivy::schema::Schema;
[INFO] [stdout]    |
[INFO] [stdout] 
[INFO] [stdout] 
[INFO] [stdout] error[E0425]: cannot find value `TEXT` in this scope
[INFO] [stdout]   --> examples/index_with_json.rs:12:44
[INFO] [stdout]    |
[INFO] [stdout] 12 |     schema_builder.add_text_field("title", TEXT | STORED);
[INFO] [stdout]    |                                            ^^^^ not found in this scope
[INFO] [stdout]    |
[INFO] [stdout] help: consider importing this constant
[INFO] [stdout]    |
[INFO] [stdout] 1  + use paradedb_tantivy::schema::TEXT;
[INFO] [stdout]    |
[INFO] [stdout] 
[INFO] [stdout] 
[INFO] [stdout] error[E0425]: cannot find value `STORED` in this scope
[INFO] [stdout]   --> examples/index_with_json.rs:12:51
[INFO] [stdout]    |
[INFO] [stdout] 12 |     schema_builder.add_text_field("title", TEXT | STORED);
[INFO] [stdout]    |                                                   ^^^^^^ not found in this scope
[INFO] [stdout]    |
[INFO] [stdout] help: consider importing this constant
[INFO] [stdout]    |
[INFO] [stdout] 1  + use paradedb_tantivy::schema::STORED;
[INFO] [stdout]    |
[INFO] [stdout] 
[INFO] [stdout] 
[INFO] [stdout] error[E0425]: cannot find value `TEXT` in this scope
[INFO] [stdout]   --> examples/index_with_json.rs:13:43
[INFO] [stdout]    |
[INFO] [stdout] 13 |     schema_builder.add_text_field("body", TEXT);
[INFO] [stdout]    |                                           ^^^^ not found in this scope
[INFO] [stdout]    |
[INFO] [stdout] help: consider importing this constant
[INFO] [stdout]    |
[INFO] [stdout] 1  + use paradedb_tantivy::schema::TEXT;
[INFO] [stdout]    |
[INFO] [stdout] 
[INFO] [stdout] 
[INFO] [stdout] error[E0425]: cannot find value `INDEXED` in this scope
[INFO] [stdout]   --> examples/index_with_json.rs:14:42
[INFO] [stdout]    |
[INFO] [stdout] 14 |     schema_builder.add_u64_field("year", INDEXED);
[INFO] [stdout]    |                                          ^^^^^^^ not found in this scope
[INFO] [stdout]    |
[INFO] [stdout] help: consider importing this constant
[INFO] [stdout]    |
[INFO] [stdout] 1  + use paradedb_tantivy::schema::INDEXED;
[INFO] [stdout]    |
[INFO] [stdout] 
[INFO] [stdout] 
[INFO] [stdout] error[E0282]: type annotations needed for `&T`
[INFO] [stdout]   --> examples/faceted_search_with_tweaked_score.rs:63:23
[INFO] [stdout]    |
[INFO] [stdout] 63 |                 .map(|key| Term::from_facet(ingredient, key))
[INFO] [stdout]    |                       ^^^
[INFO] [stdout] ...
[INFO] [stdout] 74 |                     .filter_map(|key| facet_dict.term_ord(key.encoded_str()).unwrap())
[INFO] [stdout]    |                                                               ----------- type must be known at this point
[INFO] [stdout]    |
[INFO] [stdout] help: consider giving this closure parameter an explicit type, where the type for type parameter `T` is specified
[INFO] [stdout]    |
[INFO] [stdout] 63 |                 .map(|key: &T| Term::from_facet(ingredient, key))
[INFO] [stdout]    |                          ++++
[INFO] [stdout] 
[INFO] [stdout] 
[INFO] [stdout] error[E0433]: failed to resolve: use of undeclared crate or module `tantivy`
[INFO] [stdout]  --> examples/index_with_json.rs:6:14
[INFO] [stdout]   |
[INFO] [stdout] 6 | fn main() -> tantivy::Result<()> {
[INFO] [stdout]   |              ^^^^^^^ use of undeclared crate or module `tantivy`
[INFO] [stdout] 
[INFO] [stdout] 
[INFO] [stdout] error: aborting due to 7 previous errors
[INFO] [stdout] 
[INFO] [stdout] 
[INFO] [stdout] Some errors have detailed explanations: E0425, E0433.
[INFO] [stdout] 
[INFO] [stdout] For more information about an error, try `rustc --explain E0425`.
[INFO] [stdout] 
[INFO] [stderr] error: could not compile `paradedb-tantivy` (example "index_with_json") due to 8 previous errors
[INFO] [stdout] error[E0433]: failed to resolve: use of undeclared crate or module `tantivy`
[INFO] [stdout]   --> examples/faceted_search_with_tweaked_score.rs:17:14
[INFO] [stdout]    |
[INFO] [stdout] 17 | fn main() -> tantivy::Result<()> {
[INFO] [stdout]    |              ^^^^^^^ use of undeclared crate or module `tantivy`
[INFO] [stdout] 
[INFO] [stdout] 
[INFO] [stdout] error: aborting due to 17 previous errors
[INFO] [stdout] 
[INFO] [stdout] 
[INFO] [stdout] Some errors have detailed explanations: E0282, E0425, E0432, E0433.
[INFO] [stdout] 
[INFO] [stdout] For more information about an error, try `rustc --explain E0282`.
[INFO] [stdout] 
[INFO] [stderr] error: could not compile `paradedb-tantivy` (example "faceted_search_with_tweaked_score") due to 18 previous errors
[INFO] [stderr] error: could not compile `paradedb-tantivy` (lib test); 5 warnings emitted
[INFO] [stderr] 
[INFO] [stderr] Caused by:
[INFO] [stderr]   process didn't exit successfully: `/opt/rustwide/rustup-home/toolchains/beta-2023-12-22-x86_64-unknown-linux-gnu/bin/rustc --crate-name paradedb_tantivy --edition=2021 src/lib.rs --error-format=json --json=diagnostic-rendered-ansi,artifacts,future-incompat --emit=dep-info,link -C embed-bitcode=no -C debuginfo=2 --test --cfg 'feature="default"' --cfg 'feature="fs4"' --cfg 'feature="lz4-compression"' --cfg 'feature="lz4_flex"' --cfg 'feature="memmap2"' --cfg 'feature="mmap"' --cfg 'feature="stopwords"' --cfg 'feature="tempfile"' -C metadata=1fed508d8ae36e52 -C extra-filename=-1fed508d8ae36e52 --out-dir /opt/rustwide/target/debug/deps -L dependency=/opt/rustwide/target/debug/deps --extern aho_corasick=/opt/rustwide/target/debug/deps/libaho_corasick-8f49cc30158ffef8.rlib --extern arc_swap=/opt/rustwide/target/debug/deps/libarc_swap-6f2cb018ed2934f6.rlib --extern async_trait=/opt/rustwide/target/debug/deps/libasync_trait-8ceecfd90f3c5f8d.so --extern base64=/opt/rustwide/target/debug/deps/libbase64-cba73e7f843e5175.rlib --extern bitpacking=/opt/rustwide/target/debug/deps/libbitpacking-6b1ac565fb8d26d0.rlib --extern byteorder=/opt/rustwide/target/debug/deps/libbyteorder-0ef92d8cf14cf0b1.rlib --extern census=/opt/rustwide/target/debug/deps/libcensus-5465957273bf8709.rlib --extern crc32fast=/opt/rustwide/target/debug/deps/libcrc32fast-dbea8ee6fb11ce73.rlib --extern criterion=/opt/rustwide/target/debug/deps/libcriterion-8e61439c2e3bfc23.rlib --extern crossbeam_channel=/opt/rustwide/target/debug/deps/libcrossbeam_channel-b8b002b8a59907f8.rlib --extern downcast_rs=/opt/rustwide/target/debug/deps/libdowncast_rs-c4a86e4848913de8.rlib --extern env_logger=/opt/rustwide/target/debug/deps/libenv_logger-f5ffad1e79aa3ec3.rlib --extern fail=/opt/rustwide/target/debug/deps/libfail-abe0f044a6968f4b.rlib --extern fastdivide=/opt/rustwide/target/debug/deps/libfastdivide-52559807f76c6670.rlib --extern fs4=/opt/rustwide/target/debug/deps/libfs4-399e7c24132abb74.rlib --extern futures=/opt/rustwide/target/debug/deps/libfutures-fb716cc3490a9876.rlib --extern htmlescape=/opt/rustwide/target/debug/deps/libhtmlescape-1655a923fb73e162.rlib --extern itertools=/opt/rustwide/target/debug/deps/libitertools-3e36947ab397505c.rlib --extern levenshtein_automata=/opt/rustwide/target/debug/deps/liblevenshtein_automata-d63e6b57529fe693.rlib --extern log=/opt/rustwide/target/debug/deps/liblog-2cf4a51dfa4e790a.rlib --extern lru=/opt/rustwide/target/debug/deps/liblru-e1f3e64d646ed659.rlib --extern lz4_flex=/opt/rustwide/target/debug/deps/liblz4_flex-5438c5cbe8d6017b.rlib --extern maplit=/opt/rustwide/target/debug/deps/libmaplit-73646ac8518ae531.rlib --extern matches=/opt/rustwide/target/debug/deps/libmatches-59081526691d27d6.rlib --extern measure_time=/opt/rustwide/target/debug/deps/libmeasure_time-6b9855b738ef6cf2.rlib --extern memmap2=/opt/rustwide/target/debug/deps/libmemmap2-f922214fec692101.rlib --extern more_asserts=/opt/rustwide/target/debug/deps/libmore_asserts-113d5c4aebb48b35.rlib --extern murmurhash32=/opt/rustwide/target/debug/deps/libmurmurhash32-242dcb0f6a45475a.rlib --extern num_cpus=/opt/rustwide/target/debug/deps/libnum_cpus-99da39e1ff91ba70.rlib --extern once_cell=/opt/rustwide/target/debug/deps/libonce_cell-fadaa1d866399a17.rlib --extern oneshot=/opt/rustwide/target/debug/deps/liboneshot-dfce325f61db0111.rlib --extern paste=/opt/rustwide/target/debug/deps/libpaste-abc4f255c9df8716.so --extern pretty_assertions=/opt/rustwide/target/debug/deps/libpretty_assertions-d03696617e4c9890.rlib --extern proptest=/opt/rustwide/target/debug/deps/libproptest-3b14166f61a66cec.rlib --extern rand=/opt/rustwide/target/debug/deps/librand-936c09335d224e0a.rlib --extern rand_distr=/opt/rustwide/target/debug/deps/librand_distr-06f6a12ec1b591a5.rlib --extern rayon=/opt/rustwide/target/debug/deps/librayon-9d6a5082b59738c4.rlib --extern regex=/opt/rustwide/target/debug/deps/libregex-eee78c95a0b820bd.rlib --extern rust_stemmers=/opt/rustwide/target/debug/deps/librust_stemmers-ec227ef41e847331.rlib --extern rustc_hash=/opt/rustwide/target/debug/deps/librustc_hash-d8dd0847b35f1832.rlib --extern serde=/opt/rustwide/target/debug/deps/libserde-1d58ce0a3ea7e8cb.rlib --extern serde_json=/opt/rustwide/target/debug/deps/libserde_json-84c27274ffa04cea.rlib --extern sketches_ddsketch=/opt/rustwide/target/debug/deps/libsketches_ddsketch-a5ec709f4bb375a6.rlib --extern smallvec=/opt/rustwide/target/debug/deps/libsmallvec-e3d8269c0db97757.rlib --extern tantivy_bitpacker=/opt/rustwide/target/debug/deps/libtantivy_bitpacker-c310cc9b48774507.rlib --extern columnar=/opt/rustwide/target/debug/deps/libtantivy_columnar-de60dd01c8c9a552.rlib --extern common=/opt/rustwide/target/debug/deps/libtantivy_common-06fd7d0e4f67d02e.rlib --extern tantivy_fst=/opt/rustwide/target/debug/deps/libtantivy_fst-ac06b7e63184492b.rlib --extern query_grammar=/opt/rustwide/target/debug/deps/libtantivy_query_grammar-6ce9e728b17d613b.rlib --extern stacker=/opt/rustwide/target/debug/deps/libtantivy_stacker-83f49efd34ff52ca.rlib --extern tokenizer_api=/opt/rustwide/target/debug/deps/libtantivy_tokenizer_api-c4929c7a978154dc.rlib --extern tempfile=/opt/rustwide/target/debug/deps/libtempfile-ce920f0cfe03ff45.rlib --extern test_log=/opt/rustwide/target/debug/deps/libtest_log-9a3775550ada6f6c.so --extern thiserror=/opt/rustwide/target/debug/deps/libthiserror-6e132824c8dee05c.rlib --extern time=/opt/rustwide/target/debug/deps/libtime-6e828babea73960f.rlib --extern uuid=/opt/rustwide/target/debug/deps/libuuid-1236a3b0a368115f.rlib --cap-lints=warn -L native=/opt/rustwide/target/debug/build/zstd-sys-f666af29f240be2a/out` (signal: 9, SIGKILL: kill)
[INFO] running `Command { std: "docker" "inspect" "50e4e0915ffcb83dc42dca75bd01356de7a0a4bd7570c5432bccd4ca092d1085", kill_on_drop: false }`
[INFO] running `Command { std: "docker" "rm" "-f" "50e4e0915ffcb83dc42dca75bd01356de7a0a4bd7570c5432bccd4ca092d1085", kill_on_drop: false }`
[INFO] [stdout] 50e4e0915ffcb83dc42dca75bd01356de7a0a4bd7570c5432bccd4ca092d1085
