[INFO] fetching crate pangu-bollard 0.14.0...
[INFO] testing pangu-bollard-0.14.0 against 1.75.0 for beta-1.76-1
[INFO] extracting crate pangu-bollard 0.14.0 into /workspace/builds/worker-6-tc1/source
[INFO] validating manifest of crates.io crate pangu-bollard 0.14.0 on toolchain 1.75.0
[INFO] running `Command { std: CARGO_HOME="/workspace/cargo-home" RUSTUP_HOME="/workspace/rustup-home" "/workspace/cargo-home/bin/cargo" "+1.75.0" "metadata" "--manifest-path" "Cargo.toml" "--no-deps", kill_on_drop: false }`
[INFO] started tweaking crates.io crate pangu-bollard 0.14.0
[INFO] finished tweaking crates.io crate pangu-bollard 0.14.0
[INFO] tweaked toml for crates.io crate pangu-bollard 0.14.0 written to /workspace/builds/worker-6-tc1/source/Cargo.toml
[INFO] crate crates.io crate pangu-bollard 0.14.0 already has a lockfile, it will not be regenerated
[INFO] running `Command { std: CARGO_HOME="/workspace/cargo-home" RUSTUP_HOME="/workspace/rustup-home" "/workspace/cargo-home/bin/cargo" "+1.75.0" "fetch" "--manifest-path" "Cargo.toml", kill_on_drop: false }`
[INFO] [stderr]     Updating crates.io index
[INFO] [stderr]  Downloading crates ...
[INFO] [stderr]   Downloaded redox_termios v0.1.2
[INFO] [stderr]   Downloaded axum v0.6.18
[INFO] [stderr]   Downloaded yup-hyper-mock v6.0.0
[INFO] [stderr]   Downloaded rustls v0.21.1
[INFO] [stderr]   Downloaded bollard-buildkit-proto v0.1.0
[INFO] [stderr]   Downloaded termion v2.0.1
[INFO] [stderr]   Downloaded tokio-rustls v0.24.0
[INFO] [stderr]   Downloaded hyper-rustls v0.24.0
[INFO] [stderr]   Downloaded bollard-stubs v1.42.0-rc.8
[INFO] running `Command { std: "docker" "create" "-v" "/var/lib/crater-agent-workspace/builds/worker-6-tc1/target:/opt/rustwide/target:rw,Z" "-v" "/var/lib/crater-agent-workspace/builds/worker-6-tc1/source:/opt/rustwide/workdir:ro,Z" "-v" "/var/lib/crater-agent-workspace/cargo-home:/opt/rustwide/cargo-home:ro,Z" "-v" "/var/lib/crater-agent-workspace/rustup-home:/opt/rustwide/rustup-home:ro,Z" "-e" "SOURCE_DIR=/opt/rustwide/workdir" "-e" "CARGO_TARGET_DIR=/opt/rustwide/target" "-e" "CARGO_HOME=/opt/rustwide/cargo-home" "-e" "RUSTUP_HOME=/opt/rustwide/rustup-home" "-w" "/opt/rustwide/workdir" "-m" "1610612736" "--user" "0:0" "--network" "none" "ghcr.io/rust-lang/crates-build-env/linux@sha256:2788e3201cd34a07e3172128adcd8b3090168a8e3bcc40d7c032b9dda1df7d1c" "/opt/rustwide/cargo-home/bin/cargo" "+1.75.0" "metadata" "--no-deps" "--format-version=1", kill_on_drop: false }`
[INFO] [stdout] c07b0560f1909b63e1ff590d38f9ce9c2c16ca49bb7907a79c3ee567e5015415
[INFO] running `Command { std: "docker" "start" "-a" "c07b0560f1909b63e1ff590d38f9ce9c2c16ca49bb7907a79c3ee567e5015415", kill_on_drop: false }`
[INFO] running `Command { std: "docker" "inspect" "c07b0560f1909b63e1ff590d38f9ce9c2c16ca49bb7907a79c3ee567e5015415", kill_on_drop: false }`
[INFO] running `Command { std: "docker" "rm" "-f" "c07b0560f1909b63e1ff590d38f9ce9c2c16ca49bb7907a79c3ee567e5015415", kill_on_drop: false }`
[INFO] [stdout] c07b0560f1909b63e1ff590d38f9ce9c2c16ca49bb7907a79c3ee567e5015415
[INFO] running `Command { std: "docker" "create" "-v" "/var/lib/crater-agent-workspace/builds/worker-6-tc1/target:/opt/rustwide/target:rw,Z" "-v" "/var/lib/crater-agent-workspace/builds/worker-6-tc1/source:/opt/rustwide/workdir:ro,Z" "-v" "/var/lib/crater-agent-workspace/cargo-home:/opt/rustwide/cargo-home:ro,Z" "-v" "/var/lib/crater-agent-workspace/rustup-home:/opt/rustwide/rustup-home:ro,Z" "-e" "SOURCE_DIR=/opt/rustwide/workdir" "-e" "CARGO_TARGET_DIR=/opt/rustwide/target" "-e" "CARGO_INCREMENTAL=0" "-e" "RUST_BACKTRACE=full" "-e" "RUSTFLAGS=--cap-lints=warn" "-e" "RUSTDOCFLAGS=--cap-lints=warn" "-e" "CARGO_HOME=/opt/rustwide/cargo-home" "-e" "RUSTUP_HOME=/opt/rustwide/rustup-home" "-w" "/opt/rustwide/workdir" "-m" "1610612736" "--user" "0:0" "--network" "none" "ghcr.io/rust-lang/crates-build-env/linux@sha256:2788e3201cd34a07e3172128adcd8b3090168a8e3bcc40d7c032b9dda1df7d1c" "/opt/rustwide/cargo-home/bin/cargo" "+1.75.0" "build" "--frozen" "--message-format=json", kill_on_drop: false }`
[INFO] [stdout] b33b5b2c6f6f43a9b0c94c886087d221739b703f3ace5bade35edcf76bdf9fab
[INFO] running `Command { std: "docker" "start" "-a" "b33b5b2c6f6f43a9b0c94c886087d221739b703f3ace5bade35edcf76bdf9fab", kill_on_drop: false }`
[INFO] [stderr]    Compiling proc-macro2 v1.0.60
[INFO] [stderr]    Compiling unicode-ident v1.0.9
[INFO] [stderr]    Compiling quote v1.0.28
[INFO] [stderr]    Compiling libc v0.2.146
[INFO] [stderr]    Compiling futures-core v0.3.28
[INFO] [stderr]    Compiling pin-project-lite v0.2.9
[INFO] [stderr]    Compiling itoa v1.0.6
[INFO] [stderr]    Compiling bytes v1.4.0
[INFO] [stderr]    Compiling once_cell v1.18.0
[INFO] [stderr]    Compiling futures-task v0.3.28
[INFO] [stderr]    Compiling serde v1.0.164
[INFO] [stderr]    Compiling futures-util v0.3.28
[INFO] [stderr]    Compiling fnv v1.0.7
[INFO] [stderr]    Compiling log v0.4.18
[INFO] [stderr]    Compiling slab v0.4.8
[INFO] [stderr]    Compiling tokio v1.28.2
[INFO] [stderr]    Compiling indexmap v1.9.3
[INFO] [stderr]    Compiling futures-sink v0.3.28
[INFO] [stderr]    Compiling futures-channel v0.3.28
[INFO] [stderr]    Compiling httparse v1.8.0
[INFO] [stderr]    Compiling hashbrown v0.12.3
[INFO] [stderr]    Compiling tracing-core v0.1.31
[INFO] [stderr]    Compiling try-lock v0.2.4
[INFO] [stderr]    Compiling percent-encoding v2.3.0
[INFO] [stderr]    Compiling unicode-normalization v0.1.22
[INFO] [stderr]    Compiling form_urlencoded v1.2.0
[INFO] [stderr]    Compiling want v0.3.0
[INFO] [stderr]    Compiling ryu v1.0.13
[INFO] [stderr]    Compiling serde_json v1.0.96
[INFO] [stderr]    Compiling unicode-bidi v0.3.13
[INFO] [stderr]    Compiling thiserror v1.0.40
[INFO] [stderr]    Compiling http v0.2.9
[INFO] [stderr]    Compiling tower-service v0.3.2
[INFO] [stderr]    Compiling httpdate v1.0.2
[INFO] [stderr]    Compiling hex v0.4.3
[INFO] [stderr]    Compiling base64 v0.21.2
[INFO] [stderr]    Compiling tracing v0.1.37
[INFO] [stderr]    Compiling idna v0.4.0
[INFO] [stderr]    Compiling syn v2.0.18
[INFO] [stderr]    Compiling socket2 v0.4.9
[INFO] [stderr]    Compiling mio v0.8.8
[INFO] [stderr]    Compiling num_cpus v1.15.0
[INFO] [stderr]    Compiling http-body v0.4.5
[INFO] [stderr]    Compiling url v2.4.0
[INFO] [stderr]    Compiling serde_derive v1.0.164
[INFO] [stderr]    Compiling futures-macro v0.3.28
[INFO] [stderr]    Compiling pin-project-internal v1.1.0
[INFO] [stderr]    Compiling thiserror-impl v1.0.40
[INFO] [stderr]    Compiling serde_repr v0.1.12
[INFO] [stderr]    Compiling pin-project v1.1.0
[INFO] [stderr]    Compiling tokio-util v0.7.8
[INFO] [stderr]    Compiling h2 v0.3.19
[INFO] [stderr]    Compiling hyper v0.14.26
[INFO] [stderr]    Compiling serde_with v2.3.3
[INFO] [stderr]    Compiling serde_urlencoded v0.7.1
[INFO] [stderr]    Compiling bollard-stubs v1.42.0-rc.8
[INFO] [stderr]    Compiling hyperlocal v0.8.0
[INFO] [stderr]    Compiling pangu-bollard v0.14.0 (/opt/rustwide/workdir)
[INFO] [stdout] warning: private item shadows public glob re-export
[INFO] [stdout]  --> src/secret.rs:8:13
[INFO] [stdout]   |
[INFO] [stdout] 8 | use hyper::{Body, Method};
[INFO] [stdout]   |             ^^^^
[INFO] [stdout]   |
[INFO] [stdout] note: the name `Body` in the type namespace is supposed to be publicly re-exported here
[INFO] [stdout]  --> src/secret.rs:3:9
[INFO] [stdout]   |
[INFO] [stdout] 3 | pub use crate::models::*;
[INFO] [stdout]   |         ^^^^^^^^^^^^^^^^
[INFO] [stdout] note: but the private item here shadows it
[INFO] [stdout]  --> src/secret.rs:8:13
[INFO] [stdout]   |
[INFO] [stdout] 8 | use hyper::{Body, Method};
[INFO] [stdout]   |             ^^^^
[INFO] [stdout]   = note: `#[warn(hidden_glob_reexports)]` on by default
[INFO] [stdout] 
[INFO] [stdout] 
[INFO] [stdout] warning: private item shadows public glob re-export
[INFO] [stdout]   --> src/service.rs:10:13
[INFO] [stdout]    |
[INFO] [stdout] 10 | use hyper::{Body, Method};
[INFO] [stdout]    |             ^^^^
[INFO] [stdout]    |
[INFO] [stdout] note: the name `Body` in the type namespace is supposed to be publicly re-exported here
[INFO] [stdout]   --> src/service.rs:3:9
[INFO] [stdout]    |
[INFO] [stdout] 3  | pub use crate::models::*;
[INFO] [stdout]    |         ^^^^^^^^^^^^^^^^
[INFO] [stdout] note: but the private item here shadows it
[INFO] [stdout]   --> src/service.rs:10:13
[INFO] [stdout]    |
[INFO] [stdout] 10 | use hyper::{Body, Method};
[INFO] [stdout]    |             ^^^^
[INFO] [stdout] 
[INFO] [stdout] 
[INFO] [stdout] warning: 2 warnings emitted
[INFO] [stdout] 
[INFO] [stdout] 
[INFO] [stderr]     Finished dev [unoptimized + debuginfo] target(s) in 34.90s
[INFO] running `Command { std: "docker" "inspect" "b33b5b2c6f6f43a9b0c94c886087d221739b703f3ace5bade35edcf76bdf9fab", kill_on_drop: false }`
[INFO] running `Command { std: "docker" "rm" "-f" "b33b5b2c6f6f43a9b0c94c886087d221739b703f3ace5bade35edcf76bdf9fab", kill_on_drop: false }`
[INFO] [stdout] b33b5b2c6f6f43a9b0c94c886087d221739b703f3ace5bade35edcf76bdf9fab
[INFO] running `Command { std: "docker" "create" "-v" "/var/lib/crater-agent-workspace/builds/worker-6-tc1/target:/opt/rustwide/target:rw,Z" "-v" "/var/lib/crater-agent-workspace/builds/worker-6-tc1/source:/opt/rustwide/workdir:ro,Z" "-v" "/var/lib/crater-agent-workspace/cargo-home:/opt/rustwide/cargo-home:ro,Z" "-v" "/var/lib/crater-agent-workspace/rustup-home:/opt/rustwide/rustup-home:ro,Z" "-e" "SOURCE_DIR=/opt/rustwide/workdir" "-e" "CARGO_TARGET_DIR=/opt/rustwide/target" "-e" "CARGO_INCREMENTAL=0" "-e" "RUST_BACKTRACE=full" "-e" "RUSTFLAGS=--cap-lints=warn" "-e" "RUSTDOCFLAGS=--cap-lints=warn" "-e" "CARGO_HOME=/opt/rustwide/cargo-home" "-e" "RUSTUP_HOME=/opt/rustwide/rustup-home" "-w" "/opt/rustwide/workdir" "-m" "1610612736" "--user" "0:0" "--network" "none" "ghcr.io/rust-lang/crates-build-env/linux@sha256:2788e3201cd34a07e3172128adcd8b3090168a8e3bcc40d7c032b9dda1df7d1c" "/opt/rustwide/cargo-home/bin/cargo" "+1.75.0" "test" "--frozen" "--no-run" "--message-format=json", kill_on_drop: false }`
[INFO] [stdout] 84593848897be00c487aa00171d69cc160b2b1f0cb99d48fd246b97fd51f50a8
[INFO] running `Command { std: "docker" "start" "-a" "84593848897be00c487aa00171d69cc160b2b1f0cb99d48fd246b97fd51f50a8", kill_on_drop: false }`
[INFO] [stderr]    Compiling futures-channel v0.3.28
[INFO] [stderr]    Compiling memchr v2.5.0
[INFO] [stderr]    Compiling futures-util v0.3.28
[INFO] [stderr]    Compiling tokio v1.28.2
[INFO] [stderr]    Compiling futures-io v0.3.28
[INFO] [stderr]    Compiling mio v0.8.8
[INFO] [stderr]    Compiling tokio-macros v2.1.0
[INFO] [stderr]    Compiling crc32fast v1.3.2
[INFO] [stderr]    Compiling adler v1.0.2
[INFO] [stderr]    Compiling xattr v0.2.3
[INFO] [stderr]    Compiling filetime v0.2.21
[INFO] [stderr]    Compiling numtoa v0.1.0
[INFO] [stderr]    Compiling miniz_oxide v0.7.1
[INFO] [stderr]    Compiling tar v0.4.38
[INFO] [stderr]    Compiling termion v2.0.1
[INFO] [stderr]    Compiling flate2 v1.0.26
[INFO] [stderr]    Compiling futures-executor v0.3.28
[INFO] [stderr]    Compiling futures v0.3.28
[INFO] [stderr]    Compiling tokio-util v0.7.8
[INFO] [stderr]    Compiling h2 v0.3.19
[INFO] [stderr]    Compiling hyper v0.14.26
[INFO] [stderr]    Compiling hyperlocal v0.8.0
[INFO] [stderr]    Compiling yup-hyper-mock v6.0.0
[INFO] [stderr]    Compiling pangu-bollard v0.14.0 (/opt/rustwide/workdir)
[INFO] [stdout] warning: private item shadows public glob re-export
[INFO] [stdout]  --> src/secret.rs:8:13
[INFO] [stdout]   |
[INFO] [stdout] 8 | use hyper::{Body, Method};
[INFO] [stdout]   |             ^^^^
[INFO] [stdout]   |
[INFO] [stdout] note: the name `Body` in the type namespace is supposed to be publicly re-exported here
[INFO] [stdout]  --> src/secret.rs:3:9
[INFO] [stdout]   |
[INFO] [stdout] 3 | pub use crate::models::*;
[INFO] [stdout]   |         ^^^^^^^^^^^^^^^^
[INFO] [stdout] note: but the private item here shadows it
[INFO] [stdout]  --> src/secret.rs:8:13
[INFO] [stdout]   |
[INFO] [stdout] 8 | use hyper::{Body, Method};
[INFO] [stdout]   |             ^^^^
[INFO] [stdout]   = note: `#[warn(hidden_glob_reexports)]` on by default
[INFO] [stdout] 
[INFO] [stdout] 
[INFO] [stdout] warning: private item shadows public glob re-export
[INFO] [stdout]   --> src/service.rs:10:13
[INFO] [stdout]    |
[INFO] [stdout] 10 | use hyper::{Body, Method};
[INFO] [stdout]    |             ^^^^
[INFO] [stdout]    |
[INFO] [stdout] note: the name `Body` in the type namespace is supposed to be publicly re-exported here
[INFO] [stdout]   --> src/service.rs:3:9
[INFO] [stdout]    |
[INFO] [stdout] 3  | pub use crate::models::*;
[INFO] [stdout]    |         ^^^^^^^^^^^^^^^^
[INFO] [stdout] note: but the private item here shadows it
[INFO] [stdout]   --> src/service.rs:10:13
[INFO] [stdout]    |
[INFO] [stdout] 10 | use hyper::{Body, Method};
[INFO] [stdout]    |             ^^^^
[INFO] [stdout] 
[INFO] [stdout] 
[INFO] [stdout] warning: private item shadows public glob re-export
[INFO] [stdout]  --> src/secret.rs:8:13
[INFO] [stdout]   |
[INFO] [stdout] 8 | use hyper::{Body, Method};
[INFO] [stdout]   |             ^^^^
[INFO] [stdout]   |
[INFO] [stdout] note: the name `Body` in the type namespace is supposed to be publicly re-exported here
[INFO] [stdout]  --> src/secret.rs:3:9
[INFO] [stdout]   |
[INFO] [stdout] 3 | pub use crate::models::*;
[INFO] [stdout]   |         ^^^^^^^^^^^^^^^^
[INFO] [stdout] note: but the private item here shadows it
[INFO] [stdout]  --> src/secret.rs:8:13
[INFO] [stdout]   |
[INFO] [stdout] 8 | use hyper::{Body, Method};
[INFO] [stdout]   |             ^^^^
[INFO] [stdout]   = note: `#[warn(hidden_glob_reexports)]` on by default
[INFO] [stdout] 
[INFO] [stdout] 
[INFO] [stdout] warning: private item shadows public glob re-export
[INFO] [stdout]   --> src/service.rs:10:13
[INFO] [stdout]    |
[INFO] [stdout] 10 | use hyper::{Body, Method};
[INFO] [stdout]    |             ^^^^
[INFO] [stdout]    |
[INFO] [stdout] note: the name `Body` in the type namespace is supposed to be publicly re-exported here
[INFO] [stdout]   --> src/service.rs:3:9
[INFO] [stdout]    |
[INFO] [stdout] 3  | pub use crate::models::*;
[INFO] [stdout]    |         ^^^^^^^^^^^^^^^^
[INFO] [stdout] note: but the private item here shadows it
[INFO] [stdout]   --> src/service.rs:10:13
[INFO] [stdout]    |
[INFO] [stdout] 10 | use hyper::{Body, Method};
[INFO] [stdout]    |             ^^^^
[INFO] [stdout] 
[INFO] [stdout] 
[INFO] [stdout] error[E0061]: this function takes 5 arguments but 4 arguments were supplied
[INFO] [stdout]     --> src/container.rs:2242:13
[INFO] [stdout]      |
[INFO] [stdout] 2242 |             Docker::connect_with_mock(connector, "127.0.0.1".to_string(), 5, API_DEFAULT_VERSION)
[INFO] [stdout]      |             ^^^^^^^^^^^^^^^^^^^^^^^^^------------------------------------------------------------ an argument of type `std::option::Option<std::string::String>` is missing
[INFO] [stdout]      |
[INFO] [stdout] note: associated function defined here
[INFO] [stdout]     --> src/docker.rs:891:12
[INFO] [stdout]      |
[INFO] [stdout] 891  |     pub fn connect_with_mock(
[INFO] [stdout]      |            ^^^^^^^^^^^^^^^^^
[INFO] [stdout] 892  |         connector: yup_hyper_mock::HostToReplyConnector,
[INFO] [stdout]      |         -----------------------------------------------
[INFO] [stdout] 893  |         client_addr: String,
[INFO] [stdout]      |         -------------------
[INFO] [stdout] 894  |         timeout: u64,
[INFO] [stdout]      |         ------------
[INFO] [stdout] 895  |         client_version: &ClientVersion,
[INFO] [stdout]      |         ------------------------------
[INFO] [stdout] 896  |         secret: Option<String>,
[INFO] [stdout]      |         ----------------------
[INFO] [stdout] help: provide the argument
[INFO] [stdout]      |
[INFO] [stdout] 2242 |             Docker::connect_with_mock(connector, "127.0.0.1".to_string(), 5, API_DEFAULT_VERSION, /* std::option::Option<std::string::String> */)
[INFO] [stdout]      |                                      ~~~~~~~~~~~~~~~~~~~~~~~~~~~~~~~~~~~~~~~~~~~~~~~~~~~~~~~~~~~~~~~~~~~~~~~~~~~~~~~~~~~~~~~~~~~~~~~~~~~~~~~~~~~~
[INFO] [stdout] 
[INFO] [stdout] 
[INFO] [stdout] error[E0061]: this function takes 5 arguments but 4 arguments were supplied
[INFO] [stdout]     --> src/image.rs:1342:13
[INFO] [stdout]      |
[INFO] [stdout] 1342 |             Docker::connect_with_mock(connector, "127.0.0.1".to_string(), 5, API_DEFAULT_VERSION)
[INFO] [stdout]      |             ^^^^^^^^^^^^^^^^^^^^^^^^^------------------------------------------------------------ an argument of type `std::option::Option<std::string::String>` is missing
[INFO] [stdout]      |
[INFO] [stdout] note: associated function defined here
[INFO] [stdout]     --> src/docker.rs:891:12
[INFO] [stdout]      |
[INFO] [stdout] 891  |     pub fn connect_with_mock(
[INFO] [stdout]      |            ^^^^^^^^^^^^^^^^^
[INFO] [stdout] 892  |         connector: yup_hyper_mock::HostToReplyConnector,
[INFO] [stdout]      |         -----------------------------------------------
[INFO] [stdout] 893  |         client_addr: String,
[INFO] [stdout]      |         -------------------
[INFO] [stdout] 894  |         timeout: u64,
[INFO] [stdout]      |         ------------
[INFO] [stdout] 895  |         client_version: &ClientVersion,
[INFO] [stdout]      |         ------------------------------
[INFO] [stdout] 896  |         secret: Option<String>,
[INFO] [stdout]      |         ----------------------
[INFO] [stdout] help: provide the argument
[INFO] [stdout]      |
[INFO] [stdout] 1342 |             Docker::connect_with_mock(connector, "127.0.0.1".to_string(), 5, API_DEFAULT_VERSION, /* std::option::Option<std::string::String> */)
[INFO] [stdout]      |                                      ~~~~~~~~~~~~~~~~~~~~~~~~~~~~~~~~~~~~~~~~~~~~~~~~~~~~~~~~~~~~~~~~~~~~~~~~~~~~~~~~~~~~~~~~~~~~~~~~~~~~~~~~~~~~
[INFO] [stdout] 
[INFO] [stdout] 
[INFO] [stdout] error[E0061]: this function takes 5 arguments but 4 arguments were supplied
[INFO] [stdout]     --> src/image.rs:1373:13
[INFO] [stdout]      |
[INFO] [stdout] 1373 |             Docker::connect_with_mock(connector, "127.0.0.1".to_string(), 5, API_DEFAULT_VERSION)
[INFO] [stdout]      |             ^^^^^^^^^^^^^^^^^^^^^^^^^------------------------------------------------------------ an argument of type `std::option::Option<std::string::String>` is missing
[INFO] [stdout]      |
[INFO] [stdout] note: associated function defined here
[INFO] [stdout]     --> src/docker.rs:891:12
[INFO] [stdout]      |
[INFO] [stdout] 891  |     pub fn connect_with_mock(
[INFO] [stdout]      |            ^^^^^^^^^^^^^^^^^
[INFO] [stdout] 892  |         connector: yup_hyper_mock::HostToReplyConnector,
[INFO] [stdout]      |         -----------------------------------------------
[INFO] [stdout] 893  |         client_addr: String,
[INFO] [stdout]      |         -------------------
[INFO] [stdout] 894  |         timeout: u64,
[INFO] [stdout]      |         ------------
[INFO] [stdout] 895  |         client_version: &ClientVersion,
[INFO] [stdout]      |         ------------------------------
[INFO] [stdout] 896  |         secret: Option<String>,
[INFO] [stdout]      |         ----------------------
[INFO] [stdout] help: provide the argument
[INFO] [stdout]      |
[INFO] [stdout] 1373 |             Docker::connect_with_mock(connector, "127.0.0.1".to_string(), 5, API_DEFAULT_VERSION, /* std::option::Option<std::string::String> */)
[INFO] [stdout]      |                                      ~~~~~~~~~~~~~~~~~~~~~~~~~~~~~~~~~~~~~~~~~~~~~~~~~~~~~~~~~~~~~~~~~~~~~~~~~~~~~~~~~~~~~~~~~~~~~~~~~~~~~~~~~~~~
[INFO] [stdout] 
[INFO] [stdout] 
[INFO] [stdout] error[E0061]: this function takes 5 arguments but 4 arguments were supplied
[INFO] [stdout]     --> src/image.rs:1396:13
[INFO] [stdout]      |
[INFO] [stdout] 1396 |             Docker::connect_with_mock(connector, "127.0.0.1".to_string(), 5, API_DEFAULT_VERSION)
[INFO] [stdout]      |             ^^^^^^^^^^^^^^^^^^^^^^^^^------------------------------------------------------------ an argument of type `std::option::Option<std::string::String>` is missing
[INFO] [stdout]      |
[INFO] [stdout] note: associated function defined here
[INFO] [stdout]     --> src/docker.rs:891:12
[INFO] [stdout]      |
[INFO] [stdout] 891  |     pub fn connect_with_mock(
[INFO] [stdout]      |            ^^^^^^^^^^^^^^^^^
[INFO] [stdout] 892  |         connector: yup_hyper_mock::HostToReplyConnector,
[INFO] [stdout]      |         -----------------------------------------------
[INFO] [stdout] 893  |         client_addr: String,
[INFO] [stdout]      |         -------------------
[INFO] [stdout] 894  |         timeout: u64,
[INFO] [stdout]      |         ------------
[INFO] [stdout] 895  |         client_version: &ClientVersion,
[INFO] [stdout]      |         ------------------------------
[INFO] [stdout] 896  |         secret: Option<String>,
[INFO] [stdout]      |         ----------------------
[INFO] [stdout] help: provide the argument
[INFO] [stdout]      |
[INFO] [stdout] 1396 |             Docker::connect_with_mock(connector, "127.0.0.1".to_string(), 5, API_DEFAULT_VERSION, /* std::option::Option<std::string::String> */)
[INFO] [stdout]      |                                      ~~~~~~~~~~~~~~~~~~~~~~~~~~~~~~~~~~~~~~~~~~~~~~~~~~~~~~~~~~~~~~~~~~~~~~~~~~~~~~~~~~~~~~~~~~~~~~~~~~~~~~~~~~~~
[INFO] [stdout] 
[INFO] [stdout] 
[INFO] [stdout] error: aborting due to 4 previous errors; 2 warnings emitted
[INFO] [stdout] 
[INFO] [stdout] 
[INFO] [stdout] For more information about this error, try `rustc --explain E0061`.
[INFO] [stdout] 
[INFO] [stderr] error: could not compile `pangu-bollard` (lib test) due to 5 previous errors; 2 warnings emitted
[INFO] [stderr] warning: build failed, waiting for other jobs to finish...
[INFO] [stdout] warning: 2 warnings emitted
[INFO] [stdout] 
[INFO] [stdout] 
[INFO] running `Command { std: "docker" "inspect" "84593848897be00c487aa00171d69cc160b2b1f0cb99d48fd246b97fd51f50a8", kill_on_drop: false }`
[INFO] running `Command { std: "docker" "rm" "-f" "84593848897be00c487aa00171d69cc160b2b1f0cb99d48fd246b97fd51f50a8", kill_on_drop: false }`
[INFO] [stdout] 84593848897be00c487aa00171d69cc160b2b1f0cb99d48fd246b97fd51f50a8
[INFO] testing pangu-bollard-0.14.0 against beta-2023-12-22 for beta-1.76-1
[INFO] extracting crate pangu-bollard 0.14.0 into /workspace/builds/worker-6-tc2/source
[INFO] validating manifest of crates.io crate pangu-bollard 0.14.0 on toolchain beta-2023-12-22
[INFO] running `Command { std: CARGO_HOME="/workspace/cargo-home" RUSTUP_HOME="/workspace/rustup-home" "/workspace/cargo-home/bin/cargo" "+beta-2023-12-22" "metadata" "--manifest-path" "Cargo.toml" "--no-deps", kill_on_drop: false }`
[INFO] started tweaking crates.io crate pangu-bollard 0.14.0
[INFO] finished tweaking crates.io crate pangu-bollard 0.14.0
[INFO] tweaked toml for crates.io crate pangu-bollard 0.14.0 written to /workspace/builds/worker-6-tc2/source/Cargo.toml
[INFO] crate crates.io crate pangu-bollard 0.14.0 already has a lockfile, it will not be regenerated
[INFO] running `Command { std: CARGO_HOME="/workspace/cargo-home" RUSTUP_HOME="/workspace/rustup-home" "/workspace/cargo-home/bin/cargo" "+beta-2023-12-22" "fetch" "--manifest-path" "Cargo.toml", kill_on_drop: false }`
[INFO] running `Command { std: "docker" "create" "-v" "/var/lib/crater-agent-workspace/builds/worker-6-tc2/target:/opt/rustwide/target:rw,Z" "-v" "/var/lib/crater-agent-workspace/builds/worker-6-tc2/source:/opt/rustwide/workdir:ro,Z" "-v" "/var/lib/crater-agent-workspace/cargo-home:/opt/rustwide/cargo-home:ro,Z" "-v" "/var/lib/crater-agent-workspace/rustup-home:/opt/rustwide/rustup-home:ro,Z" "-e" "SOURCE_DIR=/opt/rustwide/workdir" "-e" "CARGO_TARGET_DIR=/opt/rustwide/target" "-e" "CARGO_HOME=/opt/rustwide/cargo-home" "-e" "RUSTUP_HOME=/opt/rustwide/rustup-home" "-w" "/opt/rustwide/workdir" "-m" "1610612736" "--user" "0:0" "--network" "none" "ghcr.io/rust-lang/crates-build-env/linux@sha256:2788e3201cd34a07e3172128adcd8b3090168a8e3bcc40d7c032b9dda1df7d1c" "/opt/rustwide/cargo-home/bin/cargo" "+beta-2023-12-22" "metadata" "--no-deps" "--format-version=1", kill_on_drop: false }`
[INFO] [stdout] 951fb59cdd4d23d69524bb9f725d7b8b7d478d637839f973565965a2c32d824c
[INFO] running `Command { std: "docker" "start" "-a" "951fb59cdd4d23d69524bb9f725d7b8b7d478d637839f973565965a2c32d824c", kill_on_drop: false }`
[INFO] running `Command { std: "docker" "inspect" "951fb59cdd4d23d69524bb9f725d7b8b7d478d637839f973565965a2c32d824c", kill_on_drop: false }`
[INFO] running `Command { std: "docker" "rm" "-f" "951fb59cdd4d23d69524bb9f725d7b8b7d478d637839f973565965a2c32d824c", kill_on_drop: false }`
[INFO] [stdout] 951fb59cdd4d23d69524bb9f725d7b8b7d478d637839f973565965a2c32d824c
[INFO] running `Command { std: "docker" "create" "-v" "/var/lib/crater-agent-workspace/builds/worker-6-tc2/target:/opt/rustwide/target:rw,Z" "-v" "/var/lib/crater-agent-workspace/builds/worker-6-tc2/source:/opt/rustwide/workdir:ro,Z" "-v" "/var/lib/crater-agent-workspace/cargo-home:/opt/rustwide/cargo-home:ro,Z" "-v" "/var/lib/crater-agent-workspace/rustup-home:/opt/rustwide/rustup-home:ro,Z" "-e" "SOURCE_DIR=/opt/rustwide/workdir" "-e" "CARGO_TARGET_DIR=/opt/rustwide/target" "-e" "CARGO_INCREMENTAL=0" "-e" "RUST_BACKTRACE=full" "-e" "RUSTFLAGS=--cap-lints=warn" "-e" "RUSTDOCFLAGS=--cap-lints=warn" "-e" "CARGO_HOME=/opt/rustwide/cargo-home" "-e" "RUSTUP_HOME=/opt/rustwide/rustup-home" "-w" "/opt/rustwide/workdir" "-m" "1610612736" "--user" "0:0" "--network" "none" "ghcr.io/rust-lang/crates-build-env/linux@sha256:2788e3201cd34a07e3172128adcd8b3090168a8e3bcc40d7c032b9dda1df7d1c" "/opt/rustwide/cargo-home/bin/cargo" "+beta-2023-12-22" "build" "--frozen" "--message-format=json", kill_on_drop: false }`
[INFO] [stdout] 3c50b52a1b957466439d68bf927c82a41cd131ba6a6f410280ce57eab8c8a7ff
[INFO] running `Command { std: "docker" "start" "-a" "3c50b52a1b957466439d68bf927c82a41cd131ba6a6f410280ce57eab8c8a7ff", kill_on_drop: false }`
[INFO] [stderr]    Compiling proc-macro2 v1.0.60
[INFO] [stderr]    Compiling unicode-ident v1.0.9
[INFO] [stderr]    Compiling quote v1.0.28
[INFO] [stderr]    Compiling libc v0.2.146
[INFO] [stderr]    Compiling futures-core v0.3.28
[INFO] [stderr]    Compiling pin-project-lite v0.2.9
[INFO] [stderr]    Compiling bytes v1.4.0
[INFO] [stderr]    Compiling itoa v1.0.6
[INFO] [stderr]    Compiling tokio v1.28.2
[INFO] [stderr]    Compiling slab v0.4.8
[INFO] [stderr]    Compiling futures-task v0.3.28
[INFO] [stderr]    Compiling once_cell v1.18.0
[INFO] [stderr]    Compiling serde v1.0.164
[INFO] [stderr]    Compiling indexmap v1.9.3
[INFO] [stderr]    Compiling futures-util v0.3.28
[INFO] [stderr]    Compiling fnv v1.0.7
[INFO] [stderr]    Compiling log v0.4.18
[INFO] [stderr]    Compiling hashbrown v0.12.3
[INFO] [stderr]    Compiling futures-channel v0.3.28
[INFO] [stderr]    Compiling httparse v1.8.0
[INFO] [stderr]    Compiling tracing-core v0.1.31
[INFO] [stderr]    Compiling futures-sink v0.3.28
[INFO] [stderr]    Compiling percent-encoding v2.3.0
[INFO] [stderr]    Compiling try-lock v0.2.4
[INFO] [stderr]    Compiling unicode-normalization v0.1.22
[INFO] [stderr]    Compiling thiserror v1.0.40
[INFO] [stderr]    Compiling ryu v1.0.13
[INFO] [stderr]    Compiling form_urlencoded v1.2.0
[INFO] [stderr]    Compiling unicode-bidi v0.3.13
[INFO] [stderr]    Compiling httpdate v1.0.2
[INFO] [stderr]    Compiling http v0.2.9
[INFO] [stderr]    Compiling want v0.3.0
[INFO] [stderr]    Compiling serde_json v1.0.96
[INFO] [stderr]    Compiling tower-service v0.3.2
[INFO] [stderr]    Compiling hex v0.4.3
[INFO] [stderr]    Compiling base64 v0.21.2
[INFO] [stderr]    Compiling tracing v0.1.37
[INFO] [stderr]    Compiling idna v0.4.0
[INFO] [stderr]    Compiling syn v2.0.18
[INFO] [stderr]    Compiling socket2 v0.4.9
[INFO] [stderr]    Compiling mio v0.8.8
[INFO] [stderr]    Compiling num_cpus v1.15.0
[INFO] [stderr]    Compiling url v2.4.0
[INFO] [stderr]    Compiling http-body v0.4.5
[INFO] [stderr]    Compiling serde_derive v1.0.164
[INFO] [stderr]    Compiling futures-macro v0.3.28
[INFO] [stderr]    Compiling pin-project-internal v1.1.0
[INFO] [stderr]    Compiling thiserror-impl v1.0.40
[INFO] [stderr]    Compiling serde_repr v0.1.12
[INFO] [stderr]    Compiling tokio-util v0.7.8
[INFO] [stderr]    Compiling pin-project v1.1.0
[INFO] [stderr]    Compiling h2 v0.3.19
[INFO] [stderr]    Compiling hyper v0.14.26
[INFO] [stderr]    Compiling serde_with v2.3.3
[INFO] [stderr]    Compiling serde_urlencoded v0.7.1
[INFO] [stderr]    Compiling bollard-stubs v1.42.0-rc.8
[INFO] [stderr]    Compiling hyperlocal v0.8.0
[INFO] [stderr]    Compiling pangu-bollard v0.14.0 (/opt/rustwide/workdir)
[INFO] [stdout] warning: private item shadows public glob re-export
[INFO] [stdout]  --> src/secret.rs:8:13
[INFO] [stdout]   |
[INFO] [stdout] 8 | use hyper::{Body, Method};
[INFO] [stdout]   |             ^^^^
[INFO] [stdout]   |
[INFO] [stdout] note: the name `Body` in the type namespace is supposed to be publicly re-exported here
[INFO] [stdout]  --> src/secret.rs:3:9
[INFO] [stdout]   |
[INFO] [stdout] 3 | pub use crate::models::*;
[INFO] [stdout]   |         ^^^^^^^^^^^^^^^^
[INFO] [stdout] note: but the private item here shadows it
[INFO] [stdout]  --> src/secret.rs:8:13
[INFO] [stdout]   |
[INFO] [stdout] 8 | use hyper::{Body, Method};
[INFO] [stdout]   |             ^^^^
[INFO] [stdout]   = note: `#[warn(hidden_glob_reexports)]` on by default
[INFO] [stdout] 
[INFO] [stdout] 
[INFO] [stdout] warning: private item shadows public glob re-export
[INFO] [stdout]   --> src/service.rs:10:13
[INFO] [stdout]    |
[INFO] [stdout] 10 | use hyper::{Body, Method};
[INFO] [stdout]    |             ^^^^
[INFO] [stdout]    |
[INFO] [stdout] note: the name `Body` in the type namespace is supposed to be publicly re-exported here
[INFO] [stdout]   --> src/service.rs:3:9
[INFO] [stdout]    |
[INFO] [stdout] 3  | pub use crate::models::*;
[INFO] [stdout]    |         ^^^^^^^^^^^^^^^^
[INFO] [stdout] note: but the private item here shadows it
[INFO] [stdout]   --> src/service.rs:10:13
[INFO] [stdout]    |
[INFO] [stdout] 10 | use hyper::{Body, Method};
[INFO] [stdout]    |             ^^^^
[INFO] [stdout] 
[INFO] [stdout] 
[INFO] [stdout] warning: 2 warnings emitted
[INFO] [stdout] 
[INFO] [stdout] 
[INFO] [stderr]     Finished dev [unoptimized + debuginfo] target(s) in 18.19s
[INFO] running `Command { std: "docker" "inspect" "3c50b52a1b957466439d68bf927c82a41cd131ba6a6f410280ce57eab8c8a7ff", kill_on_drop: false }`
[INFO] running `Command { std: "docker" "rm" "-f" "3c50b52a1b957466439d68bf927c82a41cd131ba6a6f410280ce57eab8c8a7ff", kill_on_drop: false }`
[INFO] [stdout] 3c50b52a1b957466439d68bf927c82a41cd131ba6a6f410280ce57eab8c8a7ff
[INFO] running `Command { std: "docker" "create" "-v" "/var/lib/crater-agent-workspace/builds/worker-6-tc2/target:/opt/rustwide/target:rw,Z" "-v" "/var/lib/crater-agent-workspace/builds/worker-6-tc2/source:/opt/rustwide/workdir:ro,Z" "-v" "/var/lib/crater-agent-workspace/cargo-home:/opt/rustwide/cargo-home:ro,Z" "-v" "/var/lib/crater-agent-workspace/rustup-home:/opt/rustwide/rustup-home:ro,Z" "-e" "SOURCE_DIR=/opt/rustwide/workdir" "-e" "CARGO_TARGET_DIR=/opt/rustwide/target" "-e" "CARGO_INCREMENTAL=0" "-e" "RUST_BACKTRACE=full" "-e" "RUSTFLAGS=--cap-lints=warn" "-e" "RUSTDOCFLAGS=--cap-lints=warn" "-e" "CARGO_HOME=/opt/rustwide/cargo-home" "-e" "RUSTUP_HOME=/opt/rustwide/rustup-home" "-w" "/opt/rustwide/workdir" "-m" "1610612736" "--user" "0:0" "--network" "none" "ghcr.io/rust-lang/crates-build-env/linux@sha256:2788e3201cd34a07e3172128adcd8b3090168a8e3bcc40d7c032b9dda1df7d1c" "/opt/rustwide/cargo-home/bin/cargo" "+beta-2023-12-22" "test" "--frozen" "--no-run" "--message-format=json", kill_on_drop: false }`
[INFO] [stdout] b8c4a9a53d5090585113cc49a3d254978f0ad290121aea55c12f3c0e2a3ecb66
[INFO] running `Command { std: "docker" "start" "-a" "b8c4a9a53d5090585113cc49a3d254978f0ad290121aea55c12f3c0e2a3ecb66", kill_on_drop: false }`
[INFO] [stderr]    Compiling memchr v2.5.0
[INFO] [stderr]    Compiling futures-channel v0.3.28
[INFO] [stderr]    Compiling futures-util v0.3.28
[INFO] [stderr]    Compiling tokio v1.28.2
[INFO] [stderr]    Compiling futures-io v0.3.28
[INFO] [stderr]    Compiling mio v0.8.8
[INFO] [stderr]    Compiling tokio-macros v2.1.0
[INFO] [stderr]    Compiling crc32fast v1.3.2
[INFO] [stderr]    Compiling adler v1.0.2
[INFO] [stderr]    Compiling xattr v0.2.3
[INFO] [stderr]    Compiling filetime v0.2.21
[INFO] [stderr]    Compiling numtoa v0.1.0
[INFO] [stderr]    Compiling miniz_oxide v0.7.1
[INFO] [stderr]    Compiling tar v0.4.38
[INFO] [stderr]    Compiling termion v2.0.1
[INFO] [stderr]    Compiling flate2 v1.0.26
[INFO] [stderr]    Compiling futures-executor v0.3.28
[INFO] [stderr]    Compiling futures v0.3.28
[INFO] [stderr]    Compiling tokio-util v0.7.8
[INFO] [stderr]    Compiling h2 v0.3.19
[INFO] [stderr]    Compiling hyper v0.14.26
[INFO] [stderr]    Compiling hyperlocal v0.8.0
[INFO] [stderr]    Compiling yup-hyper-mock v6.0.0
[INFO] [stderr]    Compiling pangu-bollard v0.14.0 (/opt/rustwide/workdir)
[INFO] [stdout] warning: private item shadows public glob re-export
[INFO] [stdout]  --> src/secret.rs:8:13
[INFO] [stdout]   |
[INFO] [stdout] 8 | use hyper::{Body, Method};
[INFO] [stdout]   |             ^^^^
[INFO] [stdout]   |
[INFO] [stdout] note: the name `Body` in the type namespace is supposed to be publicly re-exported here
[INFO] [stdout]  --> src/secret.rs:3:9
[INFO] [stdout]   |
[INFO] [stdout] 3 | pub use crate::models::*;
[INFO] [stdout]   |         ^^^^^^^^^^^^^^^^
[INFO] [stdout] note: but the private item here shadows it
[INFO] [stdout]  --> src/secret.rs:8:13
[INFO] [stdout]   |
[INFO] [stdout] 8 | use hyper::{Body, Method};
[INFO] [stdout]   |             ^^^^
[INFO] [stdout]   = note: `#[warn(hidden_glob_reexports)]` on by default
[INFO] [stdout] 
[INFO] [stdout] 
[INFO] [stdout] warning: private item shadows public glob re-export
[INFO] [stdout]   --> src/service.rs:10:13
[INFO] [stdout]    |
[INFO] [stdout] 10 | use hyper::{Body, Method};
[INFO] [stdout]    |             ^^^^
[INFO] [stdout]    |
[INFO] [stdout] note: the name `Body` in the type namespace is supposed to be publicly re-exported here
[INFO] [stdout]   --> src/service.rs:3:9
[INFO] [stdout]    |
[INFO] [stdout] 3  | pub use crate::models::*;
[INFO] [stdout]    |         ^^^^^^^^^^^^^^^^
[INFO] [stdout] note: but the private item here shadows it
[INFO] [stdout]   --> src/service.rs:10:13
[INFO] [stdout]    |
[INFO] [stdout] 10 | use hyper::{Body, Method};
[INFO] [stdout]    |             ^^^^
[INFO] [stdout] 
[INFO] [stdout] 
[INFO] [stdout] warning: private item shadows public glob re-export
[INFO] [stdout]  --> src/secret.rs:8:13
[INFO] [stdout]   |
[INFO] [stdout] 8 | use hyper::{Body, Method};
[INFO] [stdout]   |             ^^^^
[INFO] [stdout]   |
[INFO] [stdout] note: the name `Body` in the type namespace is supposed to be publicly re-exported here
[INFO] [stdout]  --> src/secret.rs:3:9
[INFO] [stdout]   |
[INFO] [stdout] 3 | pub use crate::models::*;
[INFO] [stdout]   |         ^^^^^^^^^^^^^^^^
[INFO] [stdout] note: but the private item here shadows it
[INFO] [stdout]  --> src/secret.rs:8:13
[INFO] [stdout]   |
[INFO] [stdout] 8 | use hyper::{Body, Method};
[INFO] [stdout]   |             ^^^^
[INFO] [stdout]   = note: `#[warn(hidden_glob_reexports)]` on by default
[INFO] [stdout] 
[INFO] [stdout] 
[INFO] [stdout] warning: private item shadows public glob re-export
[INFO] [stdout]   --> src/service.rs:10:13
[INFO] [stdout]    |
[INFO] [stdout] 10 | use hyper::{Body, Method};
[INFO] [stdout]    |             ^^^^
[INFO] [stdout]    |
[INFO] [stdout] note: the name `Body` in the type namespace is supposed to be publicly re-exported here
[INFO] [stdout]   --> src/service.rs:3:9
[INFO] [stdout]    |
[INFO] [stdout] 3  | pub use crate::models::*;
[INFO] [stdout]    |         ^^^^^^^^^^^^^^^^
[INFO] [stdout] note: but the private item here shadows it
[INFO] [stdout]   --> src/service.rs:10:13
[INFO] [stdout]    |
[INFO] [stdout] 10 | use hyper::{Body, Method};
[INFO] [stdout]    |             ^^^^
[INFO] [stdout] 
[INFO] [stdout] 
[INFO] [stdout] error[E0061]: this function takes 5 arguments but 4 arguments were supplied
[INFO] [stdout]     --> src/container.rs:2242:13
[INFO] [stdout]      |
[INFO] [stdout] 2242 |             Docker::connect_with_mock(connector, "127.0.0.1".to_string(), 5, API_DEFAULT_VERSION)
[INFO] [stdout]      |             ^^^^^^^^^^^^^^^^^^^^^^^^^------------------------------------------------------------ an argument of type `std::option::Option<std::string::String>` is missing
[INFO] [stdout]      |
[INFO] [stdout] note: associated function defined here
[INFO] [stdout]     --> src/docker.rs:891:12
[INFO] [stdout]      |
[INFO] [stdout] 891  |     pub fn connect_with_mock(
[INFO] [stdout]      |            ^^^^^^^^^^^^^^^^^
[INFO] [stdout] 892  |         connector: yup_hyper_mock::HostToReplyConnector,
[INFO] [stdout]      |         -----------------------------------------------
[INFO] [stdout] 893  |         client_addr: String,
[INFO] [stdout]      |         -------------------
[INFO] [stdout] 894  |         timeout: u64,
[INFO] [stdout]      |         ------------
[INFO] [stdout] 895  |         client_version: &ClientVersion,
[INFO] [stdout]      |         ------------------------------
[INFO] [stdout] 896  |         secret: Option<String>,
[INFO] [stdout]      |         ----------------------
[INFO] [stdout] help: provide the argument
[INFO] [stdout]      |
[INFO] [stdout] 2242 |             Docker::connect_with_mock(connector, "127.0.0.1".to_string(), 5, API_DEFAULT_VERSION, /* std::option::Option<std::string::String> */)
[INFO] [stdout]      |                                      ~~~~~~~~~~~~~~~~~~~~~~~~~~~~~~~~~~~~~~~~~~~~~~~~~~~~~~~~~~~~~~~~~~~~~~~~~~~~~~~~~~~~~~~~~~~~~~~~~~~~~~~~~~~~
[INFO] [stdout] 
[INFO] [stdout] 
[INFO] [stdout] error[E0061]: this function takes 5 arguments but 4 arguments were supplied
[INFO] [stdout]     --> src/image.rs:1342:13
[INFO] [stdout]      |
[INFO] [stdout] 1342 |             Docker::connect_with_mock(connector, "127.0.0.1".to_string(), 5, API_DEFAULT_VERSION)
[INFO] [stdout]      |             ^^^^^^^^^^^^^^^^^^^^^^^^^------------------------------------------------------------ an argument of type `std::option::Option<std::string::String>` is missing
[INFO] [stdout]      |
[INFO] [stdout] note: associated function defined here
[INFO] [stdout]     --> src/docker.rs:891:12
[INFO] [stdout]      |
[INFO] [stdout] 891  |     pub fn connect_with_mock(
[INFO] [stdout]      |            ^^^^^^^^^^^^^^^^^
[INFO] [stdout] 892  |         connector: yup_hyper_mock::HostToReplyConnector,
[INFO] [stdout]      |         -----------------------------------------------
[INFO] [stdout] 893  |         client_addr: String,
[INFO] [stdout]      |         -------------------
[INFO] [stdout] 894  |         timeout: u64,
[INFO] [stdout]      |         ------------
[INFO] [stdout] 895  |         client_version: &ClientVersion,
[INFO] [stdout]      |         ------------------------------
[INFO] [stdout] 896  |         secret: Option<String>,
[INFO] [stdout]      |         ----------------------
[INFO] [stdout] help: provide the argument
[INFO] [stdout]      |
[INFO] [stdout] 1342 |             Docker::connect_with_mock(connector, "127.0.0.1".to_string(), 5, API_DEFAULT_VERSION, /* std::option::Option<std::string::String> */)
[INFO] [stdout]      |                                      ~~~~~~~~~~~~~~~~~~~~~~~~~~~~~~~~~~~~~~~~~~~~~~~~~~~~~~~~~~~~~~~~~~~~~~~~~~~~~~~~~~~~~~~~~~~~~~~~~~~~~~~~~~~~
[INFO] [stdout] 
[INFO] [stdout] 
[INFO] [stdout] error[E0061]: this function takes 5 arguments but 4 arguments were supplied
[INFO] [stdout]     --> src/image.rs:1373:13
[INFO] [stdout]      |
[INFO] [stdout] 1373 |             Docker::connect_with_mock(connector, "127.0.0.1".to_string(), 5, API_DEFAULT_VERSION)
[INFO] [stdout]      |             ^^^^^^^^^^^^^^^^^^^^^^^^^------------------------------------------------------------ an argument of type `std::option::Option<std::string::String>` is missing
[INFO] [stdout]      |
[INFO] [stdout] note: associated function defined here
[INFO] [stdout]     --> src/docker.rs:891:12
[INFO] [stdout]      |
[INFO] [stdout] 891  |     pub fn connect_with_mock(
[INFO] [stdout]      |            ^^^^^^^^^^^^^^^^^
[INFO] [stdout] 892  |         connector: yup_hyper_mock::HostToReplyConnector,
[INFO] [stdout]      |         -----------------------------------------------
[INFO] [stdout] 893  |         client_addr: String,
[INFO] [stdout]      |         -------------------
[INFO] [stdout] 894  |         timeout: u64,
[INFO] [stdout]      |         ------------
[INFO] [stdout] 895  |         client_version: &ClientVersion,
[INFO] [stdout]      |         ------------------------------
[INFO] [stdout] 896  |         secret: Option<String>,
[INFO] [stdout]      |         ----------------------
[INFO] [stdout] help: provide the argument
[INFO] [stdout]      |
[INFO] [stdout] 1373 |             Docker::connect_with_mock(connector, "127.0.0.1".to_string(), 5, API_DEFAULT_VERSION, /* std::option::Option<std::string::String> */)
[INFO] [stdout]      |                                      ~~~~~~~~~~~~~~~~~~~~~~~~~~~~~~~~~~~~~~~~~~~~~~~~~~~~~~~~~~~~~~~~~~~~~~~~~~~~~~~~~~~~~~~~~~~~~~~~~~~~~~~~~~~~
[INFO] [stdout] 
[INFO] [stdout] 
[INFO] [stdout] error[E0061]: this function takes 5 arguments but 4 arguments were supplied
[INFO] [stdout]     --> src/image.rs:1396:13
[INFO] [stdout]      |
[INFO] [stdout] 1396 |             Docker::connect_with_mock(connector, "127.0.0.1".to_string(), 5, API_DEFAULT_VERSION)
[INFO] [stdout]      |             ^^^^^^^^^^^^^^^^^^^^^^^^^------------------------------------------------------------ an argument of type `std::option::Option<std::string::String>` is missing
[INFO] [stdout]      |
[INFO] [stdout] note: associated function defined here
[INFO] [stdout]     --> src/docker.rs:891:12
[INFO] [stdout]      |
[INFO] [stdout] 891  |     pub fn connect_with_mock(
[INFO] [stdout]      |            ^^^^^^^^^^^^^^^^^
[INFO] [stdout] 892  |         connector: yup_hyper_mock::HostToReplyConnector,
[INFO] [stdout]      |         -----------------------------------------------
[INFO] [stdout] 893  |         client_addr: String,
[INFO] [stdout]      |         -------------------
[INFO] [stdout] 894  |         timeout: u64,
[INFO] [stdout]      |         ------------
[INFO] [stdout] 895  |         client_version: &ClientVersion,
[INFO] [stdout]      |         ------------------------------
[INFO] [stdout] 896  |         secret: Option<String>,
[INFO] [stdout]      |         ----------------------
[INFO] [stdout] help: provide the argument
[INFO] [stdout]      |
[INFO] [stdout] 1396 |             Docker::connect_with_mock(connector, "127.0.0.1".to_string(), 5, API_DEFAULT_VERSION, /* std::option::Option<std::string::String> */)
[INFO] [stdout]      |                                      ~~~~~~~~~~~~~~~~~~~~~~~~~~~~~~~~~~~~~~~~~~~~~~~~~~~~~~~~~~~~~~~~~~~~~~~~~~~~~~~~~~~~~~~~~~~~~~~~~~~~~~~~~~~~
[INFO] [stdout] 
[INFO] [stdout] 
[INFO] [stdout] error: aborting due to 4 previous errors; 2 warnings emitted
[INFO] [stdout] 
[INFO] [stdout] 
[INFO] [stdout] For more information about this error, try `rustc --explain E0061`.
[INFO] [stdout] 
[INFO] [stderr] error: could not compile `pangu-bollard` (lib test) due to 5 previous errors; 2 warnings emitted
[INFO] [stderr] warning: build failed, waiting for other jobs to finish...
[INFO] [stdout] warning: 2 warnings emitted
[INFO] [stdout] 
[INFO] [stdout] 
[INFO] running `Command { std: "docker" "inspect" "b8c4a9a53d5090585113cc49a3d254978f0ad290121aea55c12f3c0e2a3ecb66", kill_on_drop: false }`
[INFO] running `Command { std: "docker" "rm" "-f" "b8c4a9a53d5090585113cc49a3d254978f0ad290121aea55c12f3c0e2a3ecb66", kill_on_drop: false }`
[INFO] [stdout] b8c4a9a53d5090585113cc49a3d254978f0ad290121aea55c12f3c0e2a3ecb66
