[INFO] fetching crate panda-re-sys 0.7.0...
[INFO] testing panda-re-sys-0.7.0 against 1.75.0 for beta-1.76-1
[INFO] extracting crate panda-re-sys 0.7.0 into /workspace/builds/worker-3-tc1/source
[INFO] validating manifest of crates.io crate panda-re-sys 0.7.0 on toolchain 1.75.0
[INFO] running `Command { std: CARGO_HOME="/workspace/cargo-home" RUSTUP_HOME="/workspace/rustup-home" "/workspace/cargo-home/bin/cargo" "+1.75.0" "metadata" "--manifest-path" "Cargo.toml" "--no-deps", kill_on_drop: false }`
[INFO] started tweaking crates.io crate panda-re-sys 0.7.0
[INFO] finished tweaking crates.io crate panda-re-sys 0.7.0
[INFO] tweaked toml for crates.io crate panda-re-sys 0.7.0 written to /workspace/builds/worker-3-tc1/source/Cargo.toml
[INFO] running `Command { std: CARGO_HOME="/workspace/cargo-home" RUSTUP_HOME="/workspace/rustup-home" "/workspace/cargo-home/bin/cargo" "+1.75.0" "generate-lockfile" "--manifest-path" "Cargo.toml", kill_on_drop: false }`
[INFO] [stderr]     Blocking waiting for file lock on package cache
[INFO] running `Command { std: CARGO_HOME="/workspace/cargo-home" RUSTUP_HOME="/workspace/rustup-home" "/workspace/cargo-home/bin/cargo" "+1.75.0" "fetch" "--manifest-path" "Cargo.toml", kill_on_drop: false }`
[INFO] running `Command { std: "docker" "create" "-v" "/var/lib/crater-agent-workspace/builds/worker-3-tc1/target:/opt/rustwide/target:rw,Z" "-v" "/var/lib/crater-agent-workspace/builds/worker-3-tc1/source:/opt/rustwide/workdir:ro,Z" "-v" "/var/lib/crater-agent-workspace/cargo-home:/opt/rustwide/cargo-home:ro,Z" "-v" "/var/lib/crater-agent-workspace/rustup-home:/opt/rustwide/rustup-home:ro,Z" "-e" "SOURCE_DIR=/opt/rustwide/workdir" "-e" "CARGO_TARGET_DIR=/opt/rustwide/target" "-e" "CARGO_HOME=/opt/rustwide/cargo-home" "-e" "RUSTUP_HOME=/opt/rustwide/rustup-home" "-w" "/opt/rustwide/workdir" "-m" "1610612736" "--user" "0:0" "--network" "none" "ghcr.io/rust-lang/crates-build-env/linux@sha256:2788e3201cd34a07e3172128adcd8b3090168a8e3bcc40d7c032b9dda1df7d1c" "/opt/rustwide/cargo-home/bin/cargo" "+1.75.0" "metadata" "--no-deps" "--format-version=1", kill_on_drop: false }`
[INFO] [stdout] acb8df8e202c50a71a057c1a4008db12d630e6201cc967cf5c0945f06439b2bf
[INFO] running `Command { std: "docker" "start" "-a" "acb8df8e202c50a71a057c1a4008db12d630e6201cc967cf5c0945f06439b2bf", kill_on_drop: false }`
[INFO] running `Command { std: "docker" "inspect" "acb8df8e202c50a71a057c1a4008db12d630e6201cc967cf5c0945f06439b2bf", kill_on_drop: false }`
[INFO] running `Command { std: "docker" "rm" "-f" "acb8df8e202c50a71a057c1a4008db12d630e6201cc967cf5c0945f06439b2bf", kill_on_drop: false }`
[INFO] [stdout] acb8df8e202c50a71a057c1a4008db12d630e6201cc967cf5c0945f06439b2bf
[INFO] running `Command { std: "docker" "create" "-v" "/var/lib/crater-agent-workspace/builds/worker-3-tc1/target:/opt/rustwide/target:rw,Z" "-v" "/var/lib/crater-agent-workspace/builds/worker-3-tc1/source:/opt/rustwide/workdir:ro,Z" "-v" "/var/lib/crater-agent-workspace/cargo-home:/opt/rustwide/cargo-home:ro,Z" "-v" "/var/lib/crater-agent-workspace/rustup-home:/opt/rustwide/rustup-home:ro,Z" "-e" "SOURCE_DIR=/opt/rustwide/workdir" "-e" "CARGO_TARGET_DIR=/opt/rustwide/target" "-e" "CARGO_INCREMENTAL=0" "-e" "RUST_BACKTRACE=full" "-e" "RUSTFLAGS=--cap-lints=warn" "-e" "RUSTDOCFLAGS=--cap-lints=warn" "-e" "CARGO_HOME=/opt/rustwide/cargo-home" "-e" "RUSTUP_HOME=/opt/rustwide/rustup-home" "-w" "/opt/rustwide/workdir" "-m" "1610612736" "--user" "0:0" "--network" "none" "ghcr.io/rust-lang/crates-build-env/linux@sha256:2788e3201cd34a07e3172128adcd8b3090168a8e3bcc40d7c032b9dda1df7d1c" "/opt/rustwide/cargo-home/bin/cargo" "+1.75.0" "build" "--frozen" "--message-format=json", kill_on_drop: false }`
[INFO] [stdout] 4dfe0f1fe3062869a2cb80c9ae40a773a71e021b819d03c7e73bdbcf25f990da
[INFO] running `Command { std: "docker" "start" "-a" "4dfe0f1fe3062869a2cb80c9ae40a773a71e021b819d03c7e73bdbcf25f990da", kill_on_drop: false }`
[INFO] [stderr]    Compiling panda-re-sys v0.7.0 (/opt/rustwide/workdir)
[INFO] [stdout] error[E0425]: cannot find value `ARCH` in this scope
[INFO] [stdout]   --> build.rs:76:70
[INFO] [stdout]    |
[INFO] [stdout] 76 |         let dylib_path = get_panda_path().join(format!("{}-softmmu", ARCH));
[INFO] [stdout]    |                                                                      ^^^^ not found in this scope
[INFO] [stdout]    |
[INFO] [stdout] help: consider importing one of these items
[INFO] [stdout]    |
[INFO] [stdout] 1  + use crate::env::consts::ARCH;
[INFO] [stdout]    |
[INFO] [stdout] 1  + use std::env::consts::ARCH;
[INFO] [stdout]    |
[INFO] [stdout] 
[INFO] [stdout] 
[INFO] [stdout] error[E0425]: cannot find value `ARCH` in this scope
[INFO] [stdout]   --> build.rs:77:57
[INFO] [stdout]    |
[INFO] [stdout] 77 |         println!("cargo:rustc-link-lib=dylib=panda-{}", ARCH);
[INFO] [stdout]    |                                                         ^^^^ not found in this scope
[INFO] [stdout]    |
[INFO] [stdout] help: consider importing one of these items
[INFO] [stdout]    |
[INFO] [stdout] 1  + use crate::env::consts::ARCH;
[INFO] [stdout]    |
[INFO] [stdout] 1  + use std::env::consts::ARCH;
[INFO] [stdout]    |
[INFO] [stdout] 
[INFO] [stdout] 
[INFO] [stdout] error[E0425]: cannot find value `ARCH` in this scope
[INFO] [stdout]   --> build.rs:82:55
[INFO] [stdout]    |
[INFO] [stdout] 82 |             dylib_path.join(format!("libpanda-{}.so", ARCH)),
[INFO] [stdout]    |                                                       ^^^^ not found in this scope
[INFO] [stdout]    |
[INFO] [stdout] help: consider importing one of these items
[INFO] [stdout]    |
[INFO] [stdout] 1  + use crate::env::consts::ARCH;
[INFO] [stdout]    |
[INFO] [stdout] 1  + use std::env::consts::ARCH;
[INFO] [stdout]    |
[INFO] [stdout] 
[INFO] [stdout] 
[INFO] [stdout] error[E0425]: cannot find value `ARCH` in this scope
[INFO] [stdout]   --> build.rs:87:49
[INFO] [stdout]    |
[INFO] [stdout] 87 |                 .join(format!("libpanda-{}.so", ARCH)),
[INFO] [stdout]    |                                                 ^^^^ not found in this scope
[INFO] [stdout]    |
[INFO] [stdout] help: consider importing one of these items
[INFO] [stdout]    |
[INFO] [stdout] 1  + use crate::env::consts::ARCH;
[INFO] [stdout]    |
[INFO] [stdout] 1  + use std::env::consts::ARCH;
[INFO] [stdout]    |
[INFO] [stdout] 
[INFO] [stdout] 
[INFO] [stdout] error: aborting due to 4 previous errors
[INFO] [stdout] 
[INFO] [stdout] 
[INFO] [stdout] For more information about this error, try `rustc --explain E0425`.
[INFO] [stdout] 
[INFO] [stderr] error: could not compile `panda-re-sys` (build script) due to 5 previous errors
[INFO] running `Command { std: "docker" "inspect" "4dfe0f1fe3062869a2cb80c9ae40a773a71e021b819d03c7e73bdbcf25f990da", kill_on_drop: false }`
[INFO] running `Command { std: "docker" "rm" "-f" "4dfe0f1fe3062869a2cb80c9ae40a773a71e021b819d03c7e73bdbcf25f990da", kill_on_drop: false }`
[INFO] [stdout] 4dfe0f1fe3062869a2cb80c9ae40a773a71e021b819d03c7e73bdbcf25f990da
[INFO] testing panda-re-sys-0.7.0 against beta-2023-12-22 for beta-1.76-1
[INFO] extracting crate panda-re-sys 0.7.0 into /workspace/builds/worker-3-tc2/source
[INFO] validating manifest of crates.io crate panda-re-sys 0.7.0 on toolchain beta-2023-12-22
[INFO] running `Command { std: CARGO_HOME="/workspace/cargo-home" RUSTUP_HOME="/workspace/rustup-home" "/workspace/cargo-home/bin/cargo" "+beta-2023-12-22" "metadata" "--manifest-path" "Cargo.toml" "--no-deps", kill_on_drop: false }`
[INFO] started tweaking crates.io crate panda-re-sys 0.7.0
[INFO] finished tweaking crates.io crate panda-re-sys 0.7.0
[INFO] tweaked toml for crates.io crate panda-re-sys 0.7.0 written to /workspace/builds/worker-3-tc2/source/Cargo.toml
[INFO] running `Command { std: CARGO_HOME="/workspace/cargo-home" RUSTUP_HOME="/workspace/rustup-home" "/workspace/cargo-home/bin/cargo" "+beta-2023-12-22" "generate-lockfile" "--manifest-path" "Cargo.toml", kill_on_drop: false }`
[INFO] running `Command { std: CARGO_HOME="/workspace/cargo-home" RUSTUP_HOME="/workspace/rustup-home" "/workspace/cargo-home/bin/cargo" "+beta-2023-12-22" "fetch" "--manifest-path" "Cargo.toml", kill_on_drop: false }`
[INFO] running `Command { std: "docker" "create" "-v" "/var/lib/crater-agent-workspace/builds/worker-3-tc2/target:/opt/rustwide/target:rw,Z" "-v" "/var/lib/crater-agent-workspace/builds/worker-3-tc2/source:/opt/rustwide/workdir:ro,Z" "-v" "/var/lib/crater-agent-workspace/cargo-home:/opt/rustwide/cargo-home:ro,Z" "-v" "/var/lib/crater-agent-workspace/rustup-home:/opt/rustwide/rustup-home:ro,Z" "-e" "SOURCE_DIR=/opt/rustwide/workdir" "-e" "CARGO_TARGET_DIR=/opt/rustwide/target" "-e" "CARGO_HOME=/opt/rustwide/cargo-home" "-e" "RUSTUP_HOME=/opt/rustwide/rustup-home" "-w" "/opt/rustwide/workdir" "-m" "1610612736" "--user" "0:0" "--network" "none" "ghcr.io/rust-lang/crates-build-env/linux@sha256:2788e3201cd34a07e3172128adcd8b3090168a8e3bcc40d7c032b9dda1df7d1c" "/opt/rustwide/cargo-home/bin/cargo" "+beta-2023-12-22" "metadata" "--no-deps" "--format-version=1", kill_on_drop: false }`
[INFO] [stdout] 8b434e5eb6c4b09aa2b269345a83b4a433832b821b0cbc5a994ae583db1fa536
[INFO] running `Command { std: "docker" "start" "-a" "8b434e5eb6c4b09aa2b269345a83b4a433832b821b0cbc5a994ae583db1fa536", kill_on_drop: false }`
[INFO] running `Command { std: "docker" "inspect" "8b434e5eb6c4b09aa2b269345a83b4a433832b821b0cbc5a994ae583db1fa536", kill_on_drop: false }`
[INFO] running `Command { std: "docker" "rm" "-f" "8b434e5eb6c4b09aa2b269345a83b4a433832b821b0cbc5a994ae583db1fa536", kill_on_drop: false }`
[INFO] [stdout] 8b434e5eb6c4b09aa2b269345a83b4a433832b821b0cbc5a994ae583db1fa536
[INFO] running `Command { std: "docker" "create" "-v" "/var/lib/crater-agent-workspace/builds/worker-3-tc2/target:/opt/rustwide/target:rw,Z" "-v" "/var/lib/crater-agent-workspace/builds/worker-3-tc2/source:/opt/rustwide/workdir:ro,Z" "-v" "/var/lib/crater-agent-workspace/cargo-home:/opt/rustwide/cargo-home:ro,Z" "-v" "/var/lib/crater-agent-workspace/rustup-home:/opt/rustwide/rustup-home:ro,Z" "-e" "SOURCE_DIR=/opt/rustwide/workdir" "-e" "CARGO_TARGET_DIR=/opt/rustwide/target" "-e" "CARGO_INCREMENTAL=0" "-e" "RUST_BACKTRACE=full" "-e" "RUSTFLAGS=--cap-lints=warn" "-e" "RUSTDOCFLAGS=--cap-lints=warn" "-e" "CARGO_HOME=/opt/rustwide/cargo-home" "-e" "RUSTUP_HOME=/opt/rustwide/rustup-home" "-w" "/opt/rustwide/workdir" "-m" "1610612736" "--user" "0:0" "--network" "none" "ghcr.io/rust-lang/crates-build-env/linux@sha256:2788e3201cd34a07e3172128adcd8b3090168a8e3bcc40d7c032b9dda1df7d1c" "/opt/rustwide/cargo-home/bin/cargo" "+beta-2023-12-22" "build" "--frozen" "--message-format=json", kill_on_drop: false }`
[INFO] [stdout] 856deea983f65257a98485adc8c220bb151f3e79b97e61d35ccb30351e9891df
[INFO] running `Command { std: "docker" "start" "-a" "856deea983f65257a98485adc8c220bb151f3e79b97e61d35ccb30351e9891df", kill_on_drop: false }`
[INFO] [stderr]    Compiling panda-re-sys v0.7.0 (/opt/rustwide/workdir)
[INFO] [stdout] error[E0425]: cannot find value `ARCH` in this scope
[INFO] [stdout]   --> build.rs:76:70
[INFO] [stdout]    |
[INFO] [stdout] 76 |         let dylib_path = get_panda_path().join(format!("{}-softmmu", ARCH));
[INFO] [stdout]    |                                                                      ^^^^ not found in this scope
[INFO] [stdout]    |
[INFO] [stdout] help: consider importing one of these items
[INFO] [stdout]    |
[INFO] [stdout] 1  + use crate::env::consts::ARCH;
[INFO] [stdout]    |
[INFO] [stdout] 1  + use std::env::consts::ARCH;
[INFO] [stdout]    |
[INFO] [stdout] 
[INFO] [stdout] 
[INFO] [stdout] error[E0425]: cannot find value `ARCH` in this scope
[INFO] [stdout]   --> build.rs:77:57
[INFO] [stdout]    |
[INFO] [stdout] 77 |         println!("cargo:rustc-link-lib=dylib=panda-{}", ARCH);
[INFO] [stdout]    |                                                         ^^^^ not found in this scope
[INFO] [stdout]    |
[INFO] [stdout] help: consider importing one of these items
[INFO] [stdout]    |
[INFO] [stdout] 1  + use crate::env::consts::ARCH;
[INFO] [stdout]    |
[INFO] [stdout] 1  + use std::env::consts::ARCH;
[INFO] [stdout]    |
[INFO] [stdout] 
[INFO] [stdout] 
[INFO] [stdout] error[E0425]: cannot find value `ARCH` in this scope
[INFO] [stdout]   --> build.rs:82:55
[INFO] [stdout]    |
[INFO] [stdout] 82 |             dylib_path.join(format!("libpanda-{}.so", ARCH)),
[INFO] [stdout]    |                                                       ^^^^ not found in this scope
[INFO] [stdout]    |
[INFO] [stdout] help: consider importing one of these items
[INFO] [stdout]    |
[INFO] [stdout] 1  + use crate::env::consts::ARCH;
[INFO] [stdout]    |
[INFO] [stdout] 1  + use std::env::consts::ARCH;
[INFO] [stdout]    |
[INFO] [stdout] 
[INFO] [stdout] 
[INFO] [stdout] error[E0425]: cannot find value `ARCH` in this scope
[INFO] [stdout]   --> build.rs:87:49
[INFO] [stdout]    |
[INFO] [stdout] 87 |                 .join(format!("libpanda-{}.so", ARCH)),
[INFO] [stdout]    |                                                 ^^^^ not found in this scope
[INFO] [stdout]    |
[INFO] [stdout] help: consider importing one of these items
[INFO] [stdout]    |
[INFO] [stdout] 1  + use crate::env::consts::ARCH;
[INFO] [stdout]    |
[INFO] [stdout] 1  + use std::env::consts::ARCH;
[INFO] [stdout]    |
[INFO] [stdout] 
[INFO] [stdout] 
[INFO] [stdout] error: aborting due to 4 previous errors
[INFO] [stdout] 
[INFO] [stdout] 
[INFO] [stdout] For more information about this error, try `rustc --explain E0425`.
[INFO] [stdout] 
[INFO] [stderr] error: could not compile `panda-re-sys` (build script) due to 5 previous errors
[INFO] running `Command { std: "docker" "inspect" "856deea983f65257a98485adc8c220bb151f3e79b97e61d35ccb30351e9891df", kill_on_drop: false }`
[INFO] running `Command { std: "docker" "rm" "-f" "856deea983f65257a98485adc8c220bb151f3e79b97e61d35ccb30351e9891df", kill_on_drop: false }`
[INFO] [stdout] 856deea983f65257a98485adc8c220bb151f3e79b97e61d35ccb30351e9891df
