[INFO] fetching crate pallet-tx-pause 7.0.0...
[INFO] testing pallet-tx-pause-7.0.0 against 1.75.0 for beta-1.76-1
[INFO] extracting crate pallet-tx-pause 7.0.0 into /workspace/builds/worker-7-tc1/source
[INFO] validating manifest of crates.io crate pallet-tx-pause 7.0.0 on toolchain 1.75.0
[INFO] running `Command { std: CARGO_HOME="/workspace/cargo-home" RUSTUP_HOME="/workspace/rustup-home" "/workspace/cargo-home/bin/cargo" "+1.75.0" "metadata" "--manifest-path" "Cargo.toml" "--no-deps", kill_on_drop: false }`
[INFO] started tweaking crates.io crate pallet-tx-pause 7.0.0
[INFO] finished tweaking crates.io crate pallet-tx-pause 7.0.0
[INFO] tweaked toml for crates.io crate pallet-tx-pause 7.0.0 written to /workspace/builds/worker-7-tc1/source/Cargo.toml
[INFO] running `Command { std: CARGO_HOME="/workspace/cargo-home" RUSTUP_HOME="/workspace/rustup-home" "/workspace/cargo-home/bin/cargo" "+1.75.0" "generate-lockfile" "--manifest-path" "Cargo.toml", kill_on_drop: false }`
[INFO] [stderr]     Updating crates.io index
[INFO] running `Command { std: CARGO_HOME="/workspace/cargo-home" RUSTUP_HOME="/workspace/rustup-home" "/workspace/cargo-home/bin/cargo" "+1.75.0" "fetch" "--manifest-path" "Cargo.toml", kill_on_drop: false }`
[INFO] [stderr]  Downloading crates ...
[INFO] [stderr]   Downloaded pallet-utility v26.0.0
[INFO] [stderr]   Downloaded pallet-proxy v26.0.0
[INFO] running `Command { std: "docker" "create" "-v" "/var/lib/crater-agent-workspace/builds/worker-7-tc1/target:/opt/rustwide/target:rw,Z" "-v" "/var/lib/crater-agent-workspace/builds/worker-7-tc1/source:/opt/rustwide/workdir:ro,Z" "-v" "/var/lib/crater-agent-workspace/cargo-home:/opt/rustwide/cargo-home:ro,Z" "-v" "/var/lib/crater-agent-workspace/rustup-home:/opt/rustwide/rustup-home:ro,Z" "-e" "SOURCE_DIR=/opt/rustwide/workdir" "-e" "CARGO_TARGET_DIR=/opt/rustwide/target" "-e" "CARGO_HOME=/opt/rustwide/cargo-home" "-e" "RUSTUP_HOME=/opt/rustwide/rustup-home" "-w" "/opt/rustwide/workdir" "-m" "1610612736" "--user" "0:0" "--network" "none" "ghcr.io/rust-lang/crates-build-env/linux@sha256:2788e3201cd34a07e3172128adcd8b3090168a8e3bcc40d7c032b9dda1df7d1c" "/opt/rustwide/cargo-home/bin/cargo" "+1.75.0" "metadata" "--no-deps" "--format-version=1", kill_on_drop: false }`
[INFO] [stdout] b6f127ce67a5e57beb2c9a3d3f2febd33978f1e42104a8a70cbca6ea768fa25a
[INFO] running `Command { std: "docker" "start" "-a" "b6f127ce67a5e57beb2c9a3d3f2febd33978f1e42104a8a70cbca6ea768fa25a", kill_on_drop: false }`
[INFO] running `Command { std: "docker" "inspect" "b6f127ce67a5e57beb2c9a3d3f2febd33978f1e42104a8a70cbca6ea768fa25a", kill_on_drop: false }`
[INFO] running `Command { std: "docker" "rm" "-f" "b6f127ce67a5e57beb2c9a3d3f2febd33978f1e42104a8a70cbca6ea768fa25a", kill_on_drop: false }`
[INFO] [stdout] b6f127ce67a5e57beb2c9a3d3f2febd33978f1e42104a8a70cbca6ea768fa25a
[INFO] running `Command { std: "docker" "create" "-v" "/var/lib/crater-agent-workspace/builds/worker-7-tc1/target:/opt/rustwide/target:rw,Z" "-v" "/var/lib/crater-agent-workspace/builds/worker-7-tc1/source:/opt/rustwide/workdir:ro,Z" "-v" "/var/lib/crater-agent-workspace/cargo-home:/opt/rustwide/cargo-home:ro,Z" "-v" "/var/lib/crater-agent-workspace/rustup-home:/opt/rustwide/rustup-home:ro,Z" "-e" "SOURCE_DIR=/opt/rustwide/workdir" "-e" "CARGO_TARGET_DIR=/opt/rustwide/target" "-e" "CARGO_INCREMENTAL=0" "-e" "RUST_BACKTRACE=full" "-e" "RUSTFLAGS=--cap-lints=warn" "-e" "RUSTDOCFLAGS=--cap-lints=warn" "-e" "CARGO_HOME=/opt/rustwide/cargo-home" "-e" "RUSTUP_HOME=/opt/rustwide/rustup-home" "-w" "/opt/rustwide/workdir" "-m" "1610612736" "--user" "0:0" "--network" "none" "ghcr.io/rust-lang/crates-build-env/linux@sha256:2788e3201cd34a07e3172128adcd8b3090168a8e3bcc40d7c032b9dda1df7d1c" "/opt/rustwide/cargo-home/bin/cargo" "+1.75.0" "build" "--frozen" "--message-format=json", kill_on_drop: false }`
[INFO] [stdout] c7fe5cee3f627cf0378657a04ea063f4548c69f5dd052896a6b67d148198bd45
[INFO] running `Command { std: "docker" "start" "-a" "c7fe5cee3f627cf0378657a04ea063f4548c69f5dd052896a6b67d148198bd45", kill_on_drop: false }`
[INFO] [stderr]    Compiling syn v2.0.48
[INFO] [stderr]    Compiling typenum v1.17.0
[INFO] [stderr]    Compiling libc v0.2.151
[INFO] [stderr]    Compiling syn v1.0.109
[INFO] [stderr]    Compiling serde v1.0.194
[INFO] [stderr]    Compiling generic-array v0.14.7
[INFO] [stderr]    Compiling subtle v2.4.1
[INFO] [stderr]    Compiling indexmap v2.1.0
[INFO] [stderr]    Compiling memchr v2.7.1
[INFO] [stderr]    Compiling const-oid v0.9.6
[INFO] [stderr]    Compiling arrayvec v0.7.4
[INFO] [stderr]    Compiling ahash v0.7.7
[INFO] [stderr]    Compiling cc v1.0.83
[INFO] [stderr]    Compiling crunchy v0.2.2
[INFO] [stderr]    Compiling aho-corasick v1.1.2
[INFO] [stderr]    Compiling num-traits v0.2.17
[INFO] [stderr]    Compiling byte-slice-cast v1.2.2
[INFO] [stderr]    Compiling indexmap v1.9.3
[INFO] [stderr]    Compiling cpufeatures v0.2.12
[INFO] [stderr]    Compiling byteorder v1.5.0
[INFO] [stderr]    Compiling getrandom v0.2.11
[INFO] [stderr]    Compiling bytes v1.5.0
[INFO] [stderr]    Compiling tinyvec_macros v0.1.1
[INFO] [stderr]    Compiling tinyvec v1.6.0
[INFO] [stderr]    Compiling rand_core v0.6.4
[INFO] [stderr]    Compiling regex-automata v0.4.3
[INFO] [stderr]    Compiling hashbrown v0.12.3
[INFO] [stderr]    Compiling rand_chacha v0.3.1
[INFO] [stderr]    Compiling ahash v0.8.7
[INFO] [stderr]    Compiling static_assertions v1.1.0
[INFO] [stderr]    Compiling rand v0.8.5
[INFO] [stderr]    Compiling getrandom v0.1.16
[INFO] [stderr]    Compiling unicode-normalization v0.1.22
[INFO] [stderr]    Compiling zerocopy v0.7.32
[INFO] [stderr]    Compiling unicode-bidi v0.3.14
[INFO] [stderr]    Compiling percent-encoding v2.3.1
[INFO] [stderr]    Compiling hashbrown v0.13.2
[INFO] [stderr]    Compiling form_urlencoded v1.2.1
[INFO] [stderr]    Compiling idna v0.5.0
[INFO] [stderr]    Compiling arrayref v0.3.7
[INFO] [stderr]    Compiling keccak v0.1.4
[INFO] [stderr]    Compiling crc32fast v1.3.2
[INFO] [stderr]    Compiling url v2.5.0
[INFO] [stderr]    Compiling regex v1.10.2
[INFO] [stderr]    Compiling rand_core v0.5.1
[INFO] [stderr]    Compiling stable_deref_trait v1.2.0
[INFO] [stderr]    Compiling io-lifetimes v1.0.11
[INFO] [stderr]    Compiling anyhow v1.0.79
[INFO] [stderr]    Compiling target-lexicon v0.12.13
[INFO] [stderr]    Compiling fallible-iterator v0.2.0
[INFO] [stderr]    Compiling Inflector v0.11.4
[INFO] [stderr]    Compiling memoffset v0.8.0
[INFO] [stderr]    Compiling pin-project-lite v0.2.13
[INFO] [stderr]    Compiling sp-std v12.0.0
[INFO] [stderr]    Compiling rustix v0.36.17
[INFO] [stderr]    Compiling wasmtime-runtime v8.0.1
[INFO] [stderr]    Compiling digest v0.9.0
[INFO] [stderr]    Compiling generic-array v0.12.4
[INFO] [stderr]    Compiling tracing-core v0.1.32
[INFO] [stderr]    Compiling constant_time_eq v0.3.0
[INFO] [stderr]    Compiling linux-raw-sys v0.1.4
[INFO] [stderr]    Compiling smallvec v1.11.2
[INFO] [stderr]    Compiling rustc-demangle v0.1.23
[INFO] [stderr]    Compiling cpp_demangle v0.3.5
[INFO] [stderr]    Compiling libsecp256k1-core v0.3.0
[INFO] [stderr]    Compiling memfd v0.6.4
[INFO] [stderr]    Compiling psm v0.1.21
[INFO] [stderr]    Compiling wasmtime-jit-debug v8.0.1
[INFO] [stderr]    Compiling slab v0.4.9
[INFO] [stderr]    Compiling wasmtime-asm-macros v8.0.1
[INFO] [stderr]    Compiling regex-syntax v0.6.29
[INFO] [stderr]    Compiling serde_json v1.0.111
[INFO] [stderr]    Compiling ref-cast v1.0.22
[INFO] [stderr]    Compiling serde_derive v1.0.194
[INFO] [stderr]    Compiling zeroize_derive v1.4.2
[INFO] [stderr]    Compiling thiserror-impl v1.0.56
[INFO] [stderr]    Compiling tracing-attributes v0.1.27
[INFO] [stderr]    Compiling zeroize v1.7.0
[INFO] [stderr]    Compiling impl-trait-for-tuples v0.2.2
[INFO] [stderr]    Compiling derive_more v0.99.17
[INFO] [stderr]    Compiling ref-cast-impl v1.0.22
[INFO] [stderr]    Compiling crypto-common v0.1.6
[INFO] [stderr]    Compiling block-buffer v0.10.4
[INFO] [stderr]    Compiling digest v0.10.7
[INFO] [stderr]    Compiling thiserror v1.0.56
[INFO] [stderr]    Compiling block-buffer v0.9.0
[INFO] [stderr]    Compiling regex-automata v0.1.10
[INFO] [stderr]    Compiling digest v0.8.1
[INFO] [stderr]    Compiling wasmtime-jit-icache-coherence v8.0.1
[INFO] [stderr]    Compiling opaque-debug v0.3.0
[INFO] [stderr]    Compiling futures-sink v0.3.30
[INFO] [stderr]    Compiling rustc-hex v2.1.0
[INFO] [stderr]    Compiling hex v0.4.3
[INFO] [stderr]    Compiling futures-core v0.3.30
[INFO] [stderr]    Compiling wasmtime v8.0.1
[INFO] [stderr]    Compiling futures-channel v0.3.30
[INFO] [stderr]    Compiling chrono v0.4.31
[INFO] [stderr]    Compiling tracing v0.1.40
[INFO] [stderr]    Compiling matchers v0.0.1
[INFO] [stderr]    Compiling sha2 v0.9.9
[INFO] [stderr]    Compiling sha2 v0.10.8
[INFO] [stderr]    Compiling crypto-mac v0.8.0
[INFO] [stderr]    Compiling crypto-mac v0.11.1
[INFO] [stderr]    Compiling block-buffer v0.7.3
[INFO] [stderr]    Compiling sp-debug-derive v12.0.0
[INFO] [stderr]    Compiling futures-macro v0.3.30
[INFO] [stderr]    Compiling libsecp256k1-gen-genmult v0.3.0
[INFO] [stderr]    Compiling libsecp256k1-gen-ecmult v0.3.0
[INFO] [stderr]    Compiling tracing-log v0.1.4
[INFO] [stderr]    Compiling rand_chacha v0.2.2
[INFO] [stderr]    Compiling sharded-slab v0.1.7
[INFO] [stderr]    Compiling secp256k1-sys v0.6.1
[INFO] [stderr]    Compiling thread_local v1.1.7
[INFO] [stderr]    Compiling lock_api v0.4.11
[INFO] [stderr]    Compiling futures-io v0.3.30
[INFO] [stderr]    Compiling hash-db v0.16.0
[INFO] [stderr]    Compiling ansi_term v0.12.1
[INFO] [stderr]    Compiling parking_lot_core v0.9.9
[INFO] [stderr]    Compiling futures-task v0.3.30
[INFO] [stderr]    Compiling either v1.9.0
[INFO] [stderr]    Compiling pin-utils v0.1.0
[INFO] [stderr]    Compiling unicode-xid v0.2.4
[INFO] [stderr]    Compiling futures-util v0.3.30
[INFO] [stderr]    Compiling itertools v0.10.5
[INFO] [stderr]    Compiling sha2 v0.8.2
[INFO] [stderr]    Compiling rand v0.7.3
[INFO] [stderr]    Compiling libsecp256k1 v0.7.1
[INFO] [stderr]    Compiling hmac v0.8.1
[INFO] [stderr]    Compiling uint v0.9.5
[INFO] [stderr]    Compiling fixed-hash v0.8.0
[INFO] [stderr]    Compiling curve25519-dalek v2.1.3
[INFO] [stderr]    Compiling merlin v2.0.1
[INFO] [stderr]    Compiling num_cpus v1.16.0
[INFO] [stderr]    Compiling scopeguard v1.2.0
[INFO] [stderr]    Compiling environmental v1.1.4
[INFO] [stderr]    Compiling semver v1.0.21
[INFO] [stderr]    Compiling arrayvec v0.5.2
[INFO] [stderr]    Compiling hmac-drbg v0.3.0
[INFO] [stderr]    Compiling schnorrkel v0.9.1
[INFO] [stderr]    Compiling hmac v0.11.0
[INFO] [stderr]    Compiling pbkdf2 v0.8.0
[INFO] [stderr]    Compiling twox-hash v1.6.3
[INFO] [stderr]    Compiling sha3 v0.10.8
[INFO] [stderr]    Compiling cranelift-entity v0.95.1
[INFO] [stderr]    Compiling toml_datetime v0.6.3
[INFO] [stderr]    Compiling serde_spanned v0.6.5
[INFO] [stderr]    Compiling impl-serde v0.4.0
[INFO] [stderr]    Compiling bincode v1.3.3
[INFO] [stderr]    Compiling toml_edit v0.20.2
[INFO] [stderr]    Compiling toml_edit v0.19.15
[INFO] [stderr]    Compiling wasmparser v0.102.0
[INFO] [stderr]    Compiling gimli v0.27.3
[INFO] [stderr]    Compiling object v0.30.4
[INFO] [stderr]    Compiling proc-macro-crate v1.3.1
[INFO] [stderr]    Compiling proc-macro-crate v2.0.1
[INFO] [stderr]    Compiling tracing-serde v0.1.3
[INFO] [stderr]    Compiling tracing-subscriber v0.2.25
[INFO] [stderr]    Compiling ss58-registry v1.44.0
[INFO] [stderr]    Compiling futures-executor v0.3.30
[INFO] [stderr]    Compiling scale-info-derive v2.10.0
[INFO] [stderr]    Compiling sp-runtime-interface-proc-macro v15.0.0
[INFO] [stderr]    Compiling curve25519-dalek v3.2.0
[INFO] [stderr]    Compiling parity-scale-codec-derive v3.6.9
[INFO] [stderr]    Compiling addr2line v0.19.0
[INFO] [stderr]    Compiling wasmtime-types v8.0.1
[INFO] [stderr]    Compiling wasmtime-environ v8.0.1
[INFO] [stderr]    Compiling dyn-clonable-impl v0.9.0
[INFO] [stderr]    Compiling blake2b_simd v1.0.2
[INFO] [stderr]    Compiling num-format v0.4.4
[INFO] [stderr]    Compiling bitcoin_hashes v0.11.0
[INFO] [stderr]    Compiling parity-scale-codec v3.6.9
[INFO] [stderr]    Compiling dyn-clone v1.0.16
[INFO] [stderr]    Compiling base64 v0.13.1
[INFO] [stderr]    Compiling dyn-clonable v0.9.0
[INFO] [stderr]    Compiling sp-core-hashing v13.0.0
[INFO] [stderr]    Compiling ed25519-zebra v3.1.0
[INFO] [stderr]    Compiling scale-info v2.10.0
[INFO] [stderr]    Compiling impl-codec v0.6.0
[INFO] [stderr]    Compiling wasmtime-jit v8.0.1
[INFO] [stderr]    Compiling sp-storage v17.0.0
[INFO] [stderr]    Compiling sp-externalities v0.23.0
[INFO] [stderr]    Compiling sp-tracing v14.0.0
[INFO] [stderr]    Compiling bip39 v2.0.0
[INFO] [stderr]    Compiling futures v0.3.30
[INFO] [stderr]    Compiling secp256k1 v0.24.3
[INFO] [stderr]    Compiling primitive-types v0.12.2
[INFO] [stderr]    Compiling bounded-collections v0.1.9
[INFO] [stderr]    Compiling substrate-bip39 v0.4.5
[INFO] [stderr]    Compiling parking_lot v0.12.1
[INFO] [stderr]    Compiling blake2 v0.10.6
[INFO] [stderr]    Compiling secrecy v0.8.0
[INFO] [stderr]    Compiling hash256-std-hasher v0.15.2
[INFO] [stderr]    Compiling array-bytes v6.2.2
[INFO] [stderr]    Compiling bs58 v0.5.0
[INFO] [stderr]    Compiling rustc_version v0.4.0
[INFO] [stderr]    Compiling signature v2.2.0
[INFO] [stderr]    Compiling backtrace v0.3.69
[INFO] [stderr]    Compiling rustversion v1.0.14
[INFO] [stderr]    Compiling platforms v3.3.0
[INFO] [stderr]    Compiling gimli v0.28.1
[INFO] [stderr]    Compiling miniz_oxide v0.7.1
[INFO] [stderr]    Compiling curve25519-dalek v4.1.1
[INFO] [stderr]    Compiling object v0.32.2
[INFO] [stderr]    Compiling trie-db v0.28.0
[INFO] [stderr]    Compiling trie-root v0.18.0
[INFO] [stderr]    Compiling memory-db v0.32.0
[INFO] [stderr]    Compiling curve25519-dalek-derive v0.1.1
[INFO] [stderr]    Compiling sp-wasm-interface v18.0.0
[INFO] [stderr]    Compiling schnellru v0.2.1
[INFO] [stderr]    Compiling sp-runtime-interface v22.0.0
[INFO] [stderr]    Compiling nohash-hasher v0.2.0
[INFO] [stderr]    Compiling sp-core v26.0.0
[INFO] [stderr]    Compiling sp-io v28.0.0
[INFO] [stderr]    Compiling ed25519 v2.2.3
[INFO] [stderr]    Compiling addr2line v0.21.0
[INFO] [stderr]    Compiling tiny-keccak v2.0.2
[INFO] [stderr]    Compiling integer-sqrt v0.1.5
[INFO] [stderr]    Compiling sp-arithmetic v21.0.0
[INFO] [stderr]    Compiling ed25519-dalek v2.1.0
[INFO] [stderr]    Compiling derive-syn-parse v0.1.5
[INFO] [stderr]    Compiling fs-err v2.11.0
[INFO] [stderr]    Compiling const-random-macro v0.1.16
[INFO] [stderr]    Compiling sp-trie v27.0.0
[INFO] [stderr]    Compiling sp-keystore v0.32.0
[INFO] [stderr]    Compiling sp-weights v25.0.0
[INFO] [stderr]    Compiling sp-panic-handler v12.0.0
[INFO] [stderr]    Compiling sp-state-machine v0.33.0
[INFO] [stderr]    Compiling expander v2.0.0
[INFO] [stderr]    Compiling const-random v0.1.17
[INFO] [stderr]    Compiling der v0.7.8
[INFO] [stderr]    Compiling macro_magic_core_macros v0.5.0
[INFO] [stderr]    Compiling ff v0.13.0
[INFO] [stderr]    Compiling base16ct v0.2.0
[INFO] [stderr]    Compiling sp-core-hashing-proc-macro v13.0.0
[INFO] [stderr]    Compiling group v0.13.0
[INFO] [stderr]    Compiling frame-metadata v16.0.0
[INFO] [stderr]    Compiling macro_magic_core v0.5.0
[INFO] [stderr]    Compiling hmac v0.12.1
[INFO] [stderr]    Compiling crypto-bigint v0.5.5
[INFO] [stderr]    Compiling macro_magic_macros v0.5.0
[INFO] [stderr]    Compiling sp-version-proc-macro v12.0.0
[INFO] [stderr]    Compiling num-integer v0.1.45
[INFO] [stderr]    Compiling bytemuck v1.14.0
[INFO] [stderr]    Compiling same-file v1.0.6
[INFO] [stderr]    Compiling parity-wasm v0.45.0
[INFO] [stderr]    Compiling sec1 v0.7.3
[INFO] [stderr]    Compiling async-trait v0.1.77
[INFO] [stderr]    Compiling safe_arch v0.7.1
[INFO] [stderr]    Compiling spki v0.7.3
[INFO] [stderr]    Compiling walkdir v2.4.0
[INFO] [stderr]    Compiling sp-metadata-ir v0.4.0
[INFO] [stderr]    Compiling rfc6979 v0.4.0
[INFO] [stderr]    Compiling sp-api-proc-macro v13.0.0
[INFO] [stderr]    Compiling toml v0.8.2
[INFO] [stderr]    Compiling frame-support-procedural-tools-derive v10.0.0
[INFO] [stderr]    Compiling elliptic-curve v0.13.8
[INFO] [stderr]    Compiling num-rational v0.4.1
[INFO] [stderr]    Compiling matrixmultiply v0.3.8
[INFO] [stderr]    Compiling include_dir_macros v0.7.3
[INFO] [stderr]    Compiling common-path v1.0.0
[INFO] [stderr]    Compiling termcolor v1.4.0
[INFO] [stderr]    Compiling ecdsa v0.16.9
[INFO] [stderr]    Compiling cfg-expr v0.15.6
[INFO] [stderr]    Compiling include_dir v0.7.3
[INFO] [stderr]    Compiling docify_macros v0.2.7
[INFO] [stderr]    Compiling frame-support-procedural-tools v9.0.0
[INFO] [stderr]    Compiling proc-macro-error v1.0.4
[INFO] [stderr]    Compiling wide v0.7.13
[INFO] [stderr]    Compiling macro_magic v0.5.0
[INFO] [stderr]    Compiling proc-macro-warning v1.0.2
[INFO] [stderr]    Compiling approx v0.5.1
[INFO] [stderr]    Compiling num-complex v0.4.4
[INFO] [stderr]    Compiling rawpointer v0.2.1
[INFO] [stderr]    Compiling frame-support-procedural v21.0.0
[INFO] [stderr]    Compiling sp-application-crypto v28.0.0
[INFO] [stderr]    Compiling sp-runtime v29.0.0
[INFO] [stderr]    Compiling simba v0.8.1
[INFO] [stderr]    Compiling aquamarine v0.3.3
[INFO] [stderr]    Compiling docify v0.2.7
[INFO] [stderr]    Compiling k256 v0.13.2
[INFO] [stderr]    Compiling nalgebra-macros v0.2.1
[INFO] [stderr]    Compiling tt-call v1.0.9
[INFO] [stderr]    Compiling sp-version v27.0.0
[INFO] [stderr]    Compiling sp-staking v24.0.0
[INFO] [stderr]    Compiling sp-inherents v24.0.0
[INFO] [stderr]    Compiling sp-api v24.0.0
[INFO] [stderr]    Compiling sp-genesis-builder v0.5.0
[INFO] [stderr]    Compiling nalgebra v0.32.3
[INFO] [stderr]    Compiling frame-support v26.0.0
[INFO] [stderr]    Compiling linregress v0.5.3
[INFO] [stderr]    Compiling frame-system v26.0.0
[INFO] [stderr]    Compiling frame-benchmarking v26.0.0
[INFO] [stderr]    Compiling pallet-tx-pause v7.0.0 (/opt/rustwide/workdir)
[INFO] [stderr]     Finished dev [unoptimized + debuginfo] target(s) in 5m 09s
[INFO] running `Command { std: "docker" "inspect" "c7fe5cee3f627cf0378657a04ea063f4548c69f5dd052896a6b67d148198bd45", kill_on_drop: false }`
[INFO] running `Command { std: "docker" "rm" "-f" "c7fe5cee3f627cf0378657a04ea063f4548c69f5dd052896a6b67d148198bd45", kill_on_drop: false }`
[INFO] [stdout] c7fe5cee3f627cf0378657a04ea063f4548c69f5dd052896a6b67d148198bd45
[INFO] running `Command { std: "docker" "create" "-v" "/var/lib/crater-agent-workspace/builds/worker-7-tc1/target:/opt/rustwide/target:rw,Z" "-v" "/var/lib/crater-agent-workspace/builds/worker-7-tc1/source:/opt/rustwide/workdir:ro,Z" "-v" "/var/lib/crater-agent-workspace/cargo-home:/opt/rustwide/cargo-home:ro,Z" "-v" "/var/lib/crater-agent-workspace/rustup-home:/opt/rustwide/rustup-home:ro,Z" "-e" "SOURCE_DIR=/opt/rustwide/workdir" "-e" "CARGO_TARGET_DIR=/opt/rustwide/target" "-e" "CARGO_INCREMENTAL=0" "-e" "RUST_BACKTRACE=full" "-e" "RUSTFLAGS=--cap-lints=warn" "-e" "RUSTDOCFLAGS=--cap-lints=warn" "-e" "CARGO_HOME=/opt/rustwide/cargo-home" "-e" "RUSTUP_HOME=/opt/rustwide/rustup-home" "-w" "/opt/rustwide/workdir" "-m" "1610612736" "--user" "0:0" "--network" "none" "ghcr.io/rust-lang/crates-build-env/linux@sha256:2788e3201cd34a07e3172128adcd8b3090168a8e3bcc40d7c032b9dda1df7d1c" "/opt/rustwide/cargo-home/bin/cargo" "+1.75.0" "test" "--frozen" "--no-run" "--message-format=json", kill_on_drop: false }`
[INFO] [stdout] 928b46faac4f8164a8bc4503c344f993f0e2a09429b6446d6653cc5eb571526c
[INFO] running `Command { std: "docker" "start" "-a" "928b46faac4f8164a8bc4503c344f993f0e2a09429b6446d6653cc5eb571526c", kill_on_drop: false }`
[INFO] [stderr]    Compiling pallet-tx-pause v7.0.0 (/opt/rustwide/workdir)
[INFO] [stdout] error[E0432]: unresolved import `sp_core`
[INFO] [stdout]   --> src/mock.rs:30:5
[INFO] [stdout]    |
[INFO] [stdout] 30 | use sp_core::H256;
[INFO] [stdout]    |     ^^^^^^^ use of undeclared crate or module `sp_core`
[INFO] [stdout] 
[INFO] [stdout] 
[INFO] [stdout] error[E0432]: unresolved import `crate::mock::RuntimeCall`
[INFO] [stdout]   --> src/tests.rs:21:19
[INFO] [stdout]    |
[INFO] [stdout] 21 | use crate::mock::{RuntimeCall, *};
[INFO] [stdout]    |                   ^^^^^^^^^^^
[INFO] [stdout]    |                   |
[INFO] [stdout]    |                   no `RuntimeCall` in `mock`
[INFO] [stdout]    |                   help: a similar name exists in the module: `RuntimeCallFor`
[INFO] [stdout] 
[INFO] [stdout] 
[INFO] [stdout] error[E0433]: failed to resolve: use of undeclared crate or module `pallet_proxy`
[INFO] [stdout]    --> src/mock.rs:190:10
[INFO] [stdout]     |
[INFO] [stdout] 190 |         Proxy: pallet_proxy,
[INFO] [stdout]     |                ^^^^^^^^^^^^ use of undeclared crate or module `pallet_proxy`
[INFO] [stdout] 
[INFO] [stdout] 
[INFO] [stdout] error[E0433]: failed to resolve: use of undeclared crate or module `sp_io`
[INFO] [stdout]    --> src/mock.rs:209:16
[INFO] [stdout]     |
[INFO] [stdout] 209 |     let mut ext = sp_io::TestExternalities::new(t);
[INFO] [stdout]     |                   ^^^^^ use of undeclared crate or module `sp_io`
[INFO] [stdout] 
[INFO] [stdout] 
[INFO] [stdout] error[E0412]: cannot find type `Test` in this scope
[INFO] [stdout]   --> src/mock.rs:39:31
[INFO] [stdout]    |
[INFO] [stdout] 39 | impl frame_system::Config for Test {
[INFO] [stdout]    |                               ^^^^ not found in this scope
[INFO] [stdout] 
[INFO] [stdout] 
[INFO] [stdout] error[E0412]: cannot find type `TxPause` in this scope
[INFO] [stdout]   --> src/mock.rs:40:47
[INFO] [stdout]    |
[INFO] [stdout] 40 |     type BaseCallFilter = InsideBoth<Everything, TxPause>;
[INFO] [stdout]    |                                                  ^^^^^^^ not found in this scope
[INFO] [stdout]    |
[INFO] [stdout] help: you might be missing a type parameter
[INFO] [stdout]    |
[INFO] [stdout] 39 | impl<TxPause> frame_system::Config for Test {
[INFO] [stdout]    |     +++++++++
[INFO] [stdout] 
[INFO] [stdout] 
[INFO] [stdout] error[E0412]: cannot find type `RuntimeOrigin` in this scope
[INFO] [stdout]   --> src/mock.rs:43:23
[INFO] [stdout]    |
[INFO] [stdout] 43 |     type RuntimeOrigin = RuntimeOrigin;
[INFO] [stdout]    |                          ^^^^^^^^^^^^^
[INFO] [stdout]    |
[INFO] [stdout] help: you might have meant to use the associated type
[INFO] [stdout]    |
[INFO] [stdout] 43 |     type RuntimeOrigin = Self::RuntimeOrigin;
[INFO] [stdout]    |                          ++++++
[INFO] [stdout] 
[INFO] [stdout] 
[INFO] [stdout] error[E0412]: cannot find type `RuntimeCall` in this scope
[INFO] [stdout]     --> src/mock.rs:44:21
[INFO] [stdout]      |
[INFO] [stdout] 44   |     type RuntimeCall = RuntimeCall;
[INFO] [stdout]      |                        ^^^^^^^^^^^
[INFO] [stdout]      |
[INFO] [stdout]     ::: /opt/rustwide/cargo-home/registry/src/index.crates.io-6f17d22bba15001f/frame-system-26.0.0/src/lib.rs:1869:2
[INFO] [stdout]      |
[INFO] [stdout] 1869 |     pub type RuntimeCallFor<T> = <T as crate::Config>::RuntimeCall;
[INFO] [stdout]      |     -------------------------- similarly named type alias `RuntimeCallFor` defined here
[INFO] [stdout]      |
[INFO] [stdout] help: you might have meant to use the associated type
[INFO] [stdout]      |
[INFO] [stdout] 44   |     type RuntimeCall = Self::RuntimeCall;
[INFO] [stdout]      |                        ++++++
[INFO] [stdout] help: a type alias with a similar name exists
[INFO] [stdout]      |
[INFO] [stdout] 44   |     type RuntimeCall = RuntimeCallFor;
[INFO] [stdout]      |                        ~~~~~~~~~~~~~~
[INFO] [stdout] 
[INFO] [stdout] 
[INFO] [stdout] error[E0412]: cannot find type `RuntimeEvent` in this scope
[INFO] [stdout]   --> src/mock.rs:50:22
[INFO] [stdout]    |
[INFO] [stdout] 50 |     type RuntimeEvent = RuntimeEvent;
[INFO] [stdout]    |                         ^^^^^^^^^^^^
[INFO] [stdout]    |
[INFO] [stdout] help: you might have meant to use the associated type
[INFO] [stdout]    |
[INFO] [stdout] 50 |     type RuntimeEvent = Self::RuntimeEvent;
[INFO] [stdout]    |                         ++++++
[INFO] [stdout] 
[INFO] [stdout] 
[INFO] [stdout] error[E0412]: cannot find type `PalletInfo` in this scope
[INFO] [stdout]   --> src/mock.rs:55:20
[INFO] [stdout]    |
[INFO] [stdout] 55 |     type PalletInfo = PalletInfo;
[INFO] [stdout]    |                       ^^^^^^^^^^
[INFO] [stdout]    |
[INFO] [stdout] help: you might have meant to use the associated type
[INFO] [stdout]    |
[INFO] [stdout] 55 |     type PalletInfo = Self::PalletInfo;
[INFO] [stdout]    |                       ++++++
[INFO] [stdout] help: consider importing one of these items
[INFO] [stdout]    |
[INFO] [stdout] 22 + use frame_benchmarking::__private::traits::PalletInfo;
[INFO] [stdout]    |
[INFO] [stdout] 22 + use frame_support::traits::PalletInfo;
[INFO] [stdout]    |
[INFO] [stdout] 
[INFO] [stdout] 
[INFO] [stdout] error[E0412]: cannot find type `Test` in this scope
[INFO] [stdout]   --> src/mock.rs:69:34
[INFO] [stdout]    |
[INFO] [stdout] 69 | impl pallet_balances::Config for Test {
[INFO] [stdout]    |                                  ^^^^ not found in this scope
[INFO] [stdout] 
[INFO] [stdout] 
[INFO] [stdout] error[E0412]: cannot find type `RuntimeEvent` in this scope
[INFO] [stdout]   --> src/mock.rs:72:22
[INFO] [stdout]    |
[INFO] [stdout] 72 |     type RuntimeEvent = RuntimeEvent;
[INFO] [stdout]    |                         ^^^^^^^^^^^^ not found in this scope
[INFO] [stdout] 
[INFO] [stdout] 
[INFO] [stdout] error[E0412]: cannot find type `System` in this scope
[INFO] [stdout]   --> src/mock.rs:74:22
[INFO] [stdout]    |
[INFO] [stdout] 74 |     type AccountStore = System;
[INFO] [stdout]    |                         ^^^^^^ not found in this scope
[INFO] [stdout]    |
[INFO] [stdout] help: consider importing one of these items
[INFO] [stdout]    |
[INFO] [stdout] 22 + use codec::alloc::alloc::System;
[INFO] [stdout]    |
[INFO] [stdout] 22 + use sp_std::alloc::System;
[INFO] [stdout]    |
[INFO] [stdout] 22 + use std::alloc::System;
[INFO] [stdout]    |
[INFO] [stdout] 
[INFO] [stdout] 
[INFO] [stdout] error[E0412]: cannot find type `RuntimeHoldReason` in this scope
[INFO] [stdout]   --> src/mock.rs:80:27
[INFO] [stdout]    |
[INFO] [stdout] 80 |     type RuntimeHoldReason = RuntimeHoldReason;
[INFO] [stdout]    |                              ^^^^^^^^^^^^^^^^^ not found in this scope
[INFO] [stdout] 
[INFO] [stdout] 
[INFO] [stdout] error[E0412]: cannot find type `RuntimeFreezeReason` in this scope
[INFO] [stdout]   --> src/mock.rs:81:29
[INFO] [stdout]    |
[INFO] [stdout] 81 |     type RuntimeFreezeReason = RuntimeFreezeReason;
[INFO] [stdout]    |                                ^^^^^^^^^^^^^^^^^^^ not found in this scope
[INFO] [stdout] 
[INFO] [stdout] 
[INFO] [stdout] error[E0412]: cannot find type `Test` in this scope
[INFO] [stdout]   --> src/mock.rs:86:33
[INFO] [stdout]    |
[INFO] [stdout] 86 | impl pallet_utility::Config for Test {
[INFO] [stdout]    |                                 ^^^^ not found in this scope
[INFO] [stdout] 
[INFO] [stdout] 
[INFO] [stdout] error[E0412]: cannot find type `RuntimeEvent` in this scope
[INFO] [stdout]   --> src/mock.rs:87:22
[INFO] [stdout]    |
[INFO] [stdout] 87 |     type RuntimeEvent = RuntimeEvent;
[INFO] [stdout]    |                         ^^^^^^^^^^^^ not found in this scope
[INFO] [stdout] 
[INFO] [stdout] 
[INFO] [stdout] error[E0412]: cannot find type `RuntimeCall` in this scope
[INFO] [stdout]     --> src/mock.rs:88:21
[INFO] [stdout]      |
[INFO] [stdout] 88   |     type RuntimeCall = RuntimeCall;
[INFO] [stdout]      |                        ^^^^^^^^^^^ help: a type alias with a similar name exists: `RuntimeCallFor`
[INFO] [stdout]      |
[INFO] [stdout]     ::: /opt/rustwide/cargo-home/registry/src/index.crates.io-6f17d22bba15001f/frame-system-26.0.0/src/lib.rs:1869:2
[INFO] [stdout]      |
[INFO] [stdout] 1869 |     pub type RuntimeCallFor<T> = <T as crate::Config>::RuntimeCall;
[INFO] [stdout]      |     -------------------------- similarly named type alias `RuntimeCallFor` defined here
[INFO] [stdout] 
[INFO] [stdout] 
[INFO] [stdout] error[E0412]: cannot find type `OriginCaller` in this scope
[INFO] [stdout]   --> src/mock.rs:89:23
[INFO] [stdout]    |
[INFO] [stdout] 89 |     type PalletsOrigin = OriginCaller;
[INFO] [stdout]    |                          ^^^^^^^^^^^^ not found in this scope
[INFO] [stdout] 
[INFO] [stdout] 
[INFO] [stdout] error[E0412]: cannot find type `RuntimeCall` in this scope
[INFO] [stdout]     --> src/mock.rs:119:21
[INFO] [stdout]      |
[INFO] [stdout] 119  | impl InstanceFilter<RuntimeCall> for ProxyType {
[INFO] [stdout]      |                     ^^^^^^^^^^^
[INFO] [stdout]      |
[INFO] [stdout]     ::: /opt/rustwide/cargo-home/registry/src/index.crates.io-6f17d22bba15001f/frame-system-26.0.0/src/lib.rs:1869:2
[INFO] [stdout]      |
[INFO] [stdout] 1869 |     pub type RuntimeCallFor<T> = <T as crate::Config>::RuntimeCall;
[INFO] [stdout]      |     -------------------------- similarly named type alias `RuntimeCallFor` defined here
[INFO] [stdout]      |
[INFO] [stdout] help: a type alias with a similar name exists
[INFO] [stdout]      |
[INFO] [stdout] 119  | impl InstanceFilter<RuntimeCallFor> for ProxyType {
[INFO] [stdout]      |                     ~~~~~~~~~~~~~~
[INFO] [stdout] help: you might be missing a type parameter
[INFO] [stdout]      |
[INFO] [stdout] 119  | impl<RuntimeCall> InstanceFilter<RuntimeCall> for ProxyType {
[INFO] [stdout]      |     +++++++++++++
[INFO] [stdout] 
[INFO] [stdout] 
[INFO] [stdout] error[E0412]: cannot find type `RuntimeCall` in this scope
[INFO] [stdout]     --> src/mock.rs:120:23
[INFO] [stdout]      |
[INFO] [stdout] 120  |     fn filter(&self, c: &RuntimeCall) -> bool {
[INFO] [stdout]      |                          ^^^^^^^^^^^ help: a type alias with a similar name exists: `RuntimeCallFor`
[INFO] [stdout]      |
[INFO] [stdout]     ::: /opt/rustwide/cargo-home/registry/src/index.crates.io-6f17d22bba15001f/frame-system-26.0.0/src/lib.rs:1869:2
[INFO] [stdout]      |
[INFO] [stdout] 1869 |     pub type RuntimeCallFor<T> = <T as crate::Config>::RuntimeCall;
[INFO] [stdout]      |     -------------------------- similarly named type alias `RuntimeCallFor` defined here
[INFO] [stdout] 
[INFO] [stdout] 
[INFO] [stdout] error[E0433]: failed to resolve: use of undeclared crate or module `pallet_balances`
[INFO] [stdout]    --> src/mock.rs:126:28
[INFO] [stdout]     |
[INFO] [stdout] 126 |                     RuntimeCall::Balances(pallet_balances::Call::transfer_allow_death { .. })
[INFO] [stdout]     |                                           ^^^^^^^^^^^^^^^ use of undeclared crate or module `pallet_balances`
[INFO] [stdout]     |
[INFO] [stdout] help: consider importing one of these items
[INFO] [stdout]     |
[INFO] [stdout] 22  + use crate::Call;
[INFO] [stdout]     |
[INFO] [stdout] 22  + use frame_system::Call;
[INFO] [stdout]     |
[INFO] [stdout] help: if you import `Call`, refer to it directly
[INFO] [stdout]     |
[INFO] [stdout] 126 -                     RuntimeCall::Balances(pallet_balances::Call::transfer_allow_death { .. })
[INFO] [stdout] 126 +                     RuntimeCall::Balances(Call::transfer_allow_death { .. })
[INFO] [stdout]     |
[INFO] [stdout] 
[INFO] [stdout] 
[INFO] [stdout] error[E0412]: cannot find type `Test` in this scope
[INFO] [stdout]    --> src/mock.rs:137:31
[INFO] [stdout]     |
[INFO] [stdout] 137 | impl pallet_proxy::Config for Test {
[INFO] [stdout]     |                               ^^^^ not found in this scope
[INFO] [stdout] 
[INFO] [stdout] 
[INFO] [stdout] error[E0412]: cannot find type `RuntimeEvent` in this scope
[INFO] [stdout]    --> src/mock.rs:138:22
[INFO] [stdout]     |
[INFO] [stdout] 138 |     type RuntimeEvent = RuntimeEvent;
[INFO] [stdout]     |                         ^^^^^^^^^^^^ not found in this scope
[INFO] [stdout] 
[INFO] [stdout] 
[INFO] [stdout] error[E0412]: cannot find type `RuntimeCall` in this scope
[INFO] [stdout]     --> src/mock.rs:139:21
[INFO] [stdout]      |
[INFO] [stdout] 139  |     type RuntimeCall = RuntimeCall;
[INFO] [stdout]      |                        ^^^^^^^^^^^ help: a type alias with a similar name exists: `RuntimeCallFor`
[INFO] [stdout]      |
[INFO] [stdout]     ::: /opt/rustwide/cargo-home/registry/src/index.crates.io-6f17d22bba15001f/frame-system-26.0.0/src/lib.rs:1869:2
[INFO] [stdout]      |
[INFO] [stdout] 1869 |     pub type RuntimeCallFor<T> = <T as crate::Config>::RuntimeCall;
[INFO] [stdout]      |     -------------------------- similarly named type alias `RuntimeCallFor` defined here
[INFO] [stdout] 
[INFO] [stdout] 
[INFO] [stdout] error[E0412]: cannot find type `Balances` in this scope
[INFO] [stdout]    --> src/mock.rs:140:18
[INFO] [stdout]     |
[INFO] [stdout] 140 |     type Currency = Balances;
[INFO] [stdout]     |                     ^^^^^^^^ not found in this scope
[INFO] [stdout] 
[INFO] [stdout] 
[INFO] [stdout] error[E0412]: cannot find type `Test` in this scope
[INFO] [stdout]    --> src/mock.rs:163:33
[INFO] [stdout]     |
[INFO] [stdout] 163 | impl Contains<RuntimeCallNameOf<Test>> for WhitelistedCalls {
[INFO] [stdout]     |                                 ^^^^ not found in this scope
[INFO] [stdout]     |
[INFO] [stdout] help: you might be missing a type parameter
[INFO] [stdout]     |
[INFO] [stdout] 163 | impl<Test> Contains<RuntimeCallNameOf<Test>> for WhitelistedCalls {
[INFO] [stdout]     |     ++++++
[INFO] [stdout] 
[INFO] [stdout] 
[INFO] [stdout] error[E0412]: cannot find type `Test` in this scope
[INFO] [stdout]    --> src/mock.rs:164:44
[INFO] [stdout]     |
[INFO] [stdout] 164 |     fn contains(full_name: &RuntimeCallNameOf<Test>) -> bool {
[INFO] [stdout]     |                                               ^^^^ not found in this scope
[INFO] [stdout]     |
[INFO] [stdout] help: you might be missing a type parameter
[INFO] [stdout]     |
[INFO] [stdout] 163 | impl<Test> Contains<RuntimeCallNameOf<Test>> for WhitelistedCalls {
[INFO] [stdout]     |     ++++++
[INFO] [stdout] 
[INFO] [stdout] 
[INFO] [stdout] error[E0412]: cannot find type `Test` in this scope
[INFO] [stdout]    --> src/mock.rs:172:17
[INFO] [stdout]     |
[INFO] [stdout] 172 | impl Config for Test {
[INFO] [stdout]     |                 ^^^^ not found in this scope
[INFO] [stdout] 
[INFO] [stdout] 
[INFO] [stdout] error[E0412]: cannot find type `RuntimeEvent` in this scope
[INFO] [stdout]    --> src/mock.rs:173:22
[INFO] [stdout]     |
[INFO] [stdout] 173 |     type RuntimeEvent = RuntimeEvent;
[INFO] [stdout]     |                         ^^^^^^^^^^^^
[INFO] [stdout]     |
[INFO] [stdout] help: you might have meant to use the associated type
[INFO] [stdout]     |
[INFO] [stdout] 173 |     type RuntimeEvent = Self::RuntimeEvent;
[INFO] [stdout]     |                         ++++++
[INFO] [stdout] 
[INFO] [stdout] 
[INFO] [stdout] error[E0412]: cannot find type `RuntimeCall` in this scope
[INFO] [stdout]     --> src/mock.rs:174:21
[INFO] [stdout]      |
[INFO] [stdout] 174  |     type RuntimeCall = RuntimeCall;
[INFO] [stdout]      |                        ^^^^^^^^^^^
[INFO] [stdout]      |
[INFO] [stdout]     ::: /opt/rustwide/cargo-home/registry/src/index.crates.io-6f17d22bba15001f/frame-system-26.0.0/src/lib.rs:1869:2
[INFO] [stdout]      |
[INFO] [stdout] 1869 |     pub type RuntimeCallFor<T> = <T as crate::Config>::RuntimeCall;
[INFO] [stdout]      |     -------------------------- similarly named type alias `RuntimeCallFor` defined here
[INFO] [stdout]      |
[INFO] [stdout] help: you might have meant to use the associated type
[INFO] [stdout]      |
[INFO] [stdout] 174  |     type RuntimeCall = Self::RuntimeCall;
[INFO] [stdout]      |                        ++++++
[INFO] [stdout] help: a type alias with a similar name exists
[INFO] [stdout]      |
[INFO] [stdout] 174  |     type RuntimeCall = RuntimeCallFor;
[INFO] [stdout]      |                        ~~~~~~~~~~~~~~
[INFO] [stdout] 
[INFO] [stdout] 
[INFO] [stdout] error[E0412]: cannot find type `Test` in this scope
[INFO] [stdout]    --> src/mock.rs:182:47
[INFO] [stdout]     |
[INFO] [stdout] 182 | type Block = frame_system::mocking::MockBlock<Test>;
[INFO] [stdout]     |                                               ^^^^ not found in this scope
[INFO] [stdout]     |
[INFO] [stdout] help: you might be missing a type parameter
[INFO] [stdout]     |
[INFO] [stdout] 182 | type Block<Test> = frame_system::mocking::MockBlock<Test>;
[INFO] [stdout]     |           ++++++
[INFO] [stdout] 
[INFO] [stdout] 
[INFO] [stdout] error[E0433]: failed to resolve: use of undeclared crate or module `sp_io`
[INFO] [stdout]    --> src/mock.rs:195:26
[INFO] [stdout]     |
[INFO] [stdout] 195 | pub fn new_test_ext() -> sp_io::TestExternalities {
[INFO] [stdout]     |                          ^^^^^ use of undeclared crate or module `sp_io`
[INFO] [stdout]     |
[INFO] [stdout] help: consider importing this crate
[INFO] [stdout]     |
[INFO] [stdout] 22  + use frame_support::__private::sp_io;
[INFO] [stdout]     |
[INFO] [stdout] 
[INFO] [stdout] 
[INFO] [stdout] error[E0412]: cannot find type `Test` in this scope
[INFO] [stdout]    --> src/mock.rs:196:44
[INFO] [stdout]     |
[INFO] [stdout] 196 |     let mut t = frame_system::GenesisConfig::<Test>::default().build_storage().unwrap();
[INFO] [stdout]     |                                               ^^^^ not found in this scope
[INFO] [stdout]     |
[INFO] [stdout] help: you might be missing a type parameter
[INFO] [stdout]     |
[INFO] [stdout] 195 | pub fn new_test_ext<Test>() -> sp_io::TestExternalities {
[INFO] [stdout]     |                    ++++++
[INFO] [stdout] 
[INFO] [stdout] 
[INFO] [stdout] error[E0412]: cannot find type `Test` in this scope
[INFO] [stdout]    --> src/mock.rs:198:35
[INFO] [stdout]     |
[INFO] [stdout] 198 |     pallet_balances::GenesisConfig::<Test> {
[INFO] [stdout]     |                                      ^^^^ not found in this scope
[INFO] [stdout]     |
[INFO] [stdout] help: you might be missing a type parameter
[INFO] [stdout]     |
[INFO] [stdout] 195 | pub fn new_test_ext<Test>() -> sp_io::TestExternalities {
[INFO] [stdout]     |                    ++++++
[INFO] [stdout] 
[INFO] [stdout] 
[INFO] [stdout] error[E0412]: cannot find type `Test` in this scope
[INFO] [stdout]    --> src/mock.rs:205:35
[INFO] [stdout]     |
[INFO] [stdout] 205 |     pallet_tx_pause::GenesisConfig::<Test> { paused: vec![] }
[INFO] [stdout]     |                                      ^^^^ not found in this scope
[INFO] [stdout]     |
[INFO] [stdout] help: you might be missing a type parameter
[INFO] [stdout]     |
[INFO] [stdout] 195 | pub fn new_test_ext<Test>() -> sp_io::TestExternalities {
[INFO] [stdout]     |                    ++++++
[INFO] [stdout] 
[INFO] [stdout] 
[INFO] [stdout] error[E0433]: failed to resolve: use of undeclared type `System`
[INFO] [stdout]    --> src/mock.rs:211:3
[INFO] [stdout]     |
[INFO] [stdout] 211 |         System::set_block_number(1);
[INFO] [stdout]     |         ^^^^^^ use of undeclared type `System`
[INFO] [stdout]     |
[INFO] [stdout] help: consider importing one of these items
[INFO] [stdout]     |
[INFO] [stdout] 22  + use codec::alloc::alloc::System;
[INFO] [stdout]     |
[INFO] [stdout] 22  + use sp_std::alloc::System;
[INFO] [stdout]     |
[INFO] [stdout] 22  + use std::alloc::System;
[INFO] [stdout]     |
[INFO] [stdout] 
[INFO] [stdout] 
[INFO] [stdout] error[E0433]: failed to resolve: use of undeclared type `System`
[INFO] [stdout]    --> src/mock.rs:217:23
[INFO] [stdout]     |
[INFO] [stdout] 217 |     TxPause::on_finalize(System::block_number());
[INFO] [stdout]     |                          ^^^^^^ use of undeclared type `System`
[INFO] [stdout]     |
[INFO] [stdout] help: consider importing one of these items
[INFO] [stdout]     |
[INFO] [stdout] 22  + use codec::alloc::alloc::System;
[INFO] [stdout]     |
[INFO] [stdout] 22  + use sp_std::alloc::System;
[INFO] [stdout]     |
[INFO] [stdout] 22  + use std::alloc::System;
[INFO] [stdout]     |
[INFO] [stdout] 
[INFO] [stdout] 
[INFO] [stdout] error[E0433]: failed to resolve: use of undeclared type `System`
[INFO] [stdout]    --> src/mock.rs:218:24
[INFO] [stdout]     |
[INFO] [stdout] 218 |     Balances::on_finalize(System::block_number());
[INFO] [stdout]     |                           ^^^^^^ use of undeclared type `System`
[INFO] [stdout]     |
[INFO] [stdout] help: consider importing one of these items
[INFO] [stdout]     |
[INFO] [stdout] 22  + use codec::alloc::alloc::System;
[INFO] [stdout]     |
[INFO] [stdout] 22  + use sp_std::alloc::System;
[INFO] [stdout]     |
[INFO] [stdout] 22  + use std::alloc::System;
[INFO] [stdout]     |
[INFO] [stdout] 
[INFO] [stdout] 
[INFO] [stdout] error[E0433]: failed to resolve: use of undeclared type `System`
[INFO] [stdout]    --> src/mock.rs:219:2
[INFO] [stdout]     |
[INFO] [stdout] 219 |     System::on_finalize(System::block_number());
[INFO] [stdout]     |     ^^^^^^ use of undeclared type `System`
[INFO] [stdout]     |
[INFO] [stdout] help: consider importing one of these items
[INFO] [stdout]     |
[INFO] [stdout] 22  + use codec::alloc::alloc::System;
[INFO] [stdout]     |
[INFO] [stdout] 22  + use sp_std::alloc::System;
[INFO] [stdout]     |
[INFO] [stdout] 22  + use std::alloc::System;
[INFO] [stdout]     |
[INFO] [stdout] 
[INFO] [stdout] 
[INFO] [stdout] error[E0433]: failed to resolve: use of undeclared type `System`
[INFO] [stdout]    --> src/mock.rs:219:22
[INFO] [stdout]     |
[INFO] [stdout] 219 |     System::on_finalize(System::block_number());
[INFO] [stdout]     |                         ^^^^^^ use of undeclared type `System`
[INFO] [stdout]     |
[INFO] [stdout] help: consider importing one of these items
[INFO] [stdout]     |
[INFO] [stdout] 22  + use codec::alloc::alloc::System;
[INFO] [stdout]     |
[INFO] [stdout] 22  + use sp_std::alloc::System;
[INFO] [stdout]     |
[INFO] [stdout] 22  + use std::alloc::System;
[INFO] [stdout]     |
[INFO] [stdout] 
[INFO] [stdout] 
[INFO] [stdout] error[E0433]: failed to resolve: use of undeclared type `System`
[INFO] [stdout]    --> src/mock.rs:220:2
[INFO] [stdout]     |
[INFO] [stdout] 220 |     System::set_block_number(System::block_number() + 1);
[INFO] [stdout]     |     ^^^^^^ use of undeclared type `System`
[INFO] [stdout]     |
[INFO] [stdout] help: consider importing one of these items
[INFO] [stdout]     |
[INFO] [stdout] 22  + use codec::alloc::alloc::System;
[INFO] [stdout]     |
[INFO] [stdout] 22  + use sp_std::alloc::System;
[INFO] [stdout]     |
[INFO] [stdout] 22  + use std::alloc::System;
[INFO] [stdout]     |
[INFO] [stdout] 
[INFO] [stdout] 
[INFO] [stdout] error[E0433]: failed to resolve: use of undeclared type `System`
[INFO] [stdout]    --> src/mock.rs:220:27
[INFO] [stdout]     |
[INFO] [stdout] 220 |     System::set_block_number(System::block_number() + 1);
[INFO] [stdout]     |                              ^^^^^^ use of undeclared type `System`
[INFO] [stdout]     |
[INFO] [stdout] help: consider importing one of these items
[INFO] [stdout]     |
[INFO] [stdout] 22  + use codec::alloc::alloc::System;
[INFO] [stdout]     |
[INFO] [stdout] 22  + use sp_std::alloc::System;
[INFO] [stdout]     |
[INFO] [stdout] 22  + use std::alloc::System;
[INFO] [stdout]     |
[INFO] [stdout] 
[INFO] [stdout] 
[INFO] [stdout] error[E0433]: failed to resolve: use of undeclared type `System`
[INFO] [stdout]    --> src/mock.rs:221:2
[INFO] [stdout]     |
[INFO] [stdout] 221 |     System::on_initialize(System::block_number());
[INFO] [stdout]     |     ^^^^^^ use of undeclared type `System`
[INFO] [stdout]     |
[INFO] [stdout] help: consider importing one of these items
[INFO] [stdout]     |
[INFO] [stdout] 22  + use codec::alloc::alloc::System;
[INFO] [stdout]     |
[INFO] [stdout] 22  + use sp_std::alloc::System;
[INFO] [stdout]     |
[INFO] [stdout] 22  + use std::alloc::System;
[INFO] [stdout]     |
[INFO] [stdout] 
[INFO] [stdout] 
[INFO] [stdout] error[E0433]: failed to resolve: use of undeclared type `System`
[INFO] [stdout]    --> src/mock.rs:221:24
[INFO] [stdout]     |
[INFO] [stdout] 221 |     System::on_initialize(System::block_number());
[INFO] [stdout]     |                           ^^^^^^ use of undeclared type `System`
[INFO] [stdout]     |
[INFO] [stdout] help: consider importing one of these items
[INFO] [stdout]     |
[INFO] [stdout] 22  + use codec::alloc::alloc::System;
[INFO] [stdout]     |
[INFO] [stdout] 22  + use sp_std::alloc::System;
[INFO] [stdout]     |
[INFO] [stdout] 22  + use std::alloc::System;
[INFO] [stdout]     |
[INFO] [stdout] 
[INFO] [stdout] 
[INFO] [stdout] error[E0433]: failed to resolve: use of undeclared type `System`
[INFO] [stdout]    --> src/mock.rs:222:26
[INFO] [stdout]     |
[INFO] [stdout] 222 |     Balances::on_initialize(System::block_number());
[INFO] [stdout]     |                             ^^^^^^ use of undeclared type `System`
[INFO] [stdout]     |
[INFO] [stdout] help: consider importing one of these items
[INFO] [stdout]     |
[INFO] [stdout] 22  + use codec::alloc::alloc::System;
[INFO] [stdout]     |
[INFO] [stdout] 22  + use sp_std::alloc::System;
[INFO] [stdout]     |
[INFO] [stdout] 22  + use std::alloc::System;
[INFO] [stdout]     |
[INFO] [stdout] 
[INFO] [stdout] 
[INFO] [stdout] error[E0433]: failed to resolve: use of undeclared type `System`
[INFO] [stdout]    --> src/mock.rs:223:25
[INFO] [stdout]     |
[INFO] [stdout] 223 |     TxPause::on_initialize(System::block_number());
[INFO] [stdout]     |                            ^^^^^^ use of undeclared type `System`
[INFO] [stdout]     |
[INFO] [stdout] help: consider importing one of these items
[INFO] [stdout]     |
[INFO] [stdout] 22  + use codec::alloc::alloc::System;
[INFO] [stdout]     |
[INFO] [stdout] 22  + use sp_std::alloc::System;
[INFO] [stdout]     |
[INFO] [stdout] 22  + use std::alloc::System;
[INFO] [stdout]     |
[INFO] [stdout] 
[INFO] [stdout] 
[INFO] [stdout] error[E0433]: failed to resolve: use of undeclared type `System`
[INFO] [stdout]    --> src/mock.rs:227:8
[INFO] [stdout]     |
[INFO] [stdout] 227 |     while System::block_number() < n {
[INFO] [stdout]     |           ^^^^^^ use of undeclared type `System`
[INFO] [stdout]     |
[INFO] [stdout] help: consider importing one of these items
[INFO] [stdout]     |
[INFO] [stdout] 22  + use codec::alloc::alloc::System;
[INFO] [stdout]     |
[INFO] [stdout] 22  + use sp_std::alloc::System;
[INFO] [stdout]     |
[INFO] [stdout] 22  + use std::alloc::System;
[INFO] [stdout]     |
[INFO] [stdout] 
[INFO] [stdout] 
[INFO] [stdout] error[E0412]: cannot find type `Test` in this scope
[INFO] [stdout]   --> src/tests.rs:35:16
[INFO] [stdout]    |
[INFO] [stdout] 35 |             full_name::<Test>(b"Balances", b"transfer_allow_death")
[INFO] [stdout]    |                         ^^^^ not found in this scope
[INFO] [stdout]    |
[INFO] [stdout] help: you might be missing a type parameter
[INFO] [stdout]    |
[INFO] [stdout] 29 | fn can_pause_specific_call<Test>() {
[INFO] [stdout]    |                           ++++++
[INFO] [stdout] 
[INFO] [stdout] 
[INFO] [stdout] error[E0412]: cannot find type `Test` in this scope
[INFO] [stdout]   --> src/tests.rs:40:26
[INFO] [stdout]    |
[INFO] [stdout] 40 |             frame_system::Error::<Test>::CallFiltered
[INFO] [stdout]    |                                   ^^^^ not found in this scope
[INFO] [stdout]    |
[INFO] [stdout] help: you might be missing a type parameter
[INFO] [stdout]    |
[INFO] [stdout] 29 | fn can_pause_specific_call<Test>() {
[INFO] [stdout]    |                           ++++++
[INFO] [stdout] 
[INFO] [stdout] 
[INFO] [stdout] error[E0433]: failed to resolve: use of undeclared crate or module `pallet_utility`
[INFO] [stdout]   --> src/tests.rs:52:25
[INFO] [stdout]    |
[INFO] [stdout] 52 |             RuntimeCall::Utility(pallet_utility::Call::batch { calls: vec![call_transfer(1, 1)] });
[INFO] [stdout]    |                                  ^^^^^^^^^^^^^^ use of undeclared crate or module `pallet_utility`
[INFO] [stdout]    |
[INFO] [stdout] help: consider importing one of these items
[INFO] [stdout]    |
[INFO] [stdout] 20 + use crate::Call;
[INFO] [stdout]    |
[INFO] [stdout] 20 + use frame_system::Call;
[INFO] [stdout]    |
[INFO] [stdout] help: if you import `Call`, refer to it directly
[INFO] [stdout]    |
[INFO] [stdout] 52 -             RuntimeCall::Utility(pallet_utility::Call::batch { calls: vec![call_transfer(1, 1)] });
[INFO] [stdout] 52 +             RuntimeCall::Utility(Call::batch { calls: vec![call_transfer(1, 1)] });
[INFO] [stdout]    |
[INFO] [stdout] 
[INFO] [stdout] 
[INFO] [stdout] error[E0412]: cannot find type `Test` in this scope
[INFO] [stdout]   --> src/tests.rs:57:16
[INFO] [stdout]    |
[INFO] [stdout] 57 |             full_name::<Test>(b"Utility", b"batch")
[INFO] [stdout]    |                         ^^^^ not found in this scope
[INFO] [stdout]    |
[INFO] [stdout] help: you might be missing a type parameter
[INFO] [stdout]    |
[INFO] [stdout] 47 | fn can_pause_all_calls_in_pallet_except_on_whitelist<Test>() {
[INFO] [stdout]    |                                                     ++++++
[INFO] [stdout] 
[INFO] [stdout] 
[INFO] [stdout] error[E0412]: cannot find type `Test` in this scope
[INFO] [stdout]   --> src/tests.rs:62:26
[INFO] [stdout]    |
[INFO] [stdout] 62 |             frame_system::Error::<Test>::CallFiltered
[INFO] [stdout]    |                                   ^^^^ not found in this scope
[INFO] [stdout]    |
[INFO] [stdout] help: you might be missing a type parameter
[INFO] [stdout]    |
[INFO] [stdout] 47 | fn can_pause_all_calls_in_pallet_except_on_whitelist<Test>() {
[INFO] [stdout]    |                                                     ++++++
[INFO] [stdout] 
[INFO] [stdout] 
[INFO] [stdout] error[E0412]: cannot find type `Test` in this scope
[INFO] [stdout]   --> src/tests.rs:72:16
[INFO] [stdout]    |
[INFO] [stdout] 72 |             full_name::<Test>(b"Balances", b"transfer_allow_death"),
[INFO] [stdout]    |                         ^^^^ not found in this scope
[INFO] [stdout]    |
[INFO] [stdout] help: you might be missing a type parameter
[INFO] [stdout]    |
[INFO] [stdout] 68 | fn can_unpause_specific_call<Test>() {
[INFO] [stdout]    |                             ++++++
[INFO] [stdout] 
[INFO] [stdout] 
[INFO] [stdout] error[E0412]: cannot find type `Test` in this scope
[INFO] [stdout]   --> src/tests.rs:76:26
[INFO] [stdout]    |
[INFO] [stdout] 76 |             frame_system::Error::<Test>::CallFiltered
[INFO] [stdout]    |                                   ^^^^ not found in this scope
[INFO] [stdout]    |
[INFO] [stdout] help: you might be missing a type parameter
[INFO] [stdout]    |
[INFO] [stdout] 68 | fn can_unpause_specific_call<Test>() {
[INFO] [stdout]    |                             ++++++
[INFO] [stdout] 
[INFO] [stdout] 
[INFO] [stdout] error[E0412]: cannot find type `Test` in this scope
[INFO] [stdout]   --> src/tests.rs:81:16
[INFO] [stdout]    |
[INFO] [stdout] 81 |             full_name::<Test>(b"Balances", b"transfer_allow_death"),
[INFO] [stdout]    |                         ^^^^ not found in this scope
[INFO] [stdout]    |
[INFO] [stdout] help: you might be missing a type parameter
[INFO] [stdout]    |
[INFO] [stdout] 68 | fn can_unpause_specific_call<Test>() {
[INFO] [stdout]    |                             ++++++
[INFO] [stdout] 
[INFO] [stdout] 
[INFO] [stdout] error[E0433]: failed to resolve: use of undeclared crate or module `pallet_utility`
[INFO] [stdout]   --> src/tests.rs:91:25
[INFO] [stdout]    |
[INFO] [stdout] 91 |             RuntimeCall::Utility(pallet_utility::Call::batch { calls: vec![call_transfer(1, 1)] });
[INFO] [stdout]    |                                  ^^^^^^^^^^^^^^ use of undeclared crate or module `pallet_utility`
[INFO] [stdout]    |
[INFO] [stdout] help: consider importing one of these items
[INFO] [stdout]    |
[INFO] [stdout] 20 + use crate::Call;
[INFO] [stdout]    |
[INFO] [stdout] 20 + use frame_system::Call;
[INFO] [stdout]    |
[INFO] [stdout] help: if you import `Call`, refer to it directly
[INFO] [stdout]    |
[INFO] [stdout] 91 -             RuntimeCall::Utility(pallet_utility::Call::batch { calls: vec![call_transfer(1, 1)] });
[INFO] [stdout] 91 +             RuntimeCall::Utility(Call::batch { calls: vec![call_transfer(1, 1)] });
[INFO] [stdout]    |
[INFO] [stdout] 
[INFO] [stdout] 
[INFO] [stdout] error[E0412]: cannot find type `Test` in this scope
[INFO] [stdout]   --> src/tests.rs:95:16
[INFO] [stdout]    |
[INFO] [stdout] 95 |             full_name::<Test>(b"Balances", b"transfer_allow_death"),
[INFO] [stdout]    |                         ^^^^ not found in this scope
[INFO] [stdout]    |
[INFO] [stdout] help: you might be missing a type parameter
[INFO] [stdout]    |
[INFO] [stdout] 88 | fn can_filter_balance_in_batch_when_paused<Test>() {
[INFO] [stdout]    |                                           ++++++
[INFO] [stdout] 
[INFO] [stdout] 
[INFO] [stdout] error[E0433]: failed to resolve: use of undeclared type `System`
[INFO] [stdout]   --> src/tests.rs:99:3
[INFO] [stdout]    |
[INFO] [stdout] 99 |         System::assert_last_event(
[INFO] [stdout]    |         ^^^^^^ use of undeclared type `System`
[INFO] [stdout]    |
[INFO] [stdout] help: consider importing one of these items
[INFO] [stdout]    |
[INFO] [stdout] 20 + use codec::alloc::alloc::System;
[INFO] [stdout]    |
[INFO] [stdout] 20 + use sp_std::alloc::System;
[INFO] [stdout]    |
[INFO] [stdout] 20 + use std::alloc::System;
[INFO] [stdout]    |
[INFO] [stdout] 
[INFO] [stdout] 
[INFO] [stdout] error[E0433]: failed to resolve: use of undeclared crate or module `pallet_utility`
[INFO] [stdout]    --> src/tests.rs:100:4
[INFO] [stdout]     |
[INFO] [stdout] 100 |             pallet_utility::Event::BatchInterrupted {
[INFO] [stdout]     |             ^^^^^^^^^^^^^^ use of undeclared crate or module `pallet_utility`
[INFO] [stdout]     |
[INFO] [stdout] help: consider importing one of these items
[INFO] [stdout]     |
[INFO] [stdout] 20  + use crate::Event;
[INFO] [stdout]     |
[INFO] [stdout] 20  + use frame_system::Event;
[INFO] [stdout]     |
[INFO] [stdout] help: if you import `Event`, refer to it directly
[INFO] [stdout]     |
[INFO] [stdout] 100 -             pallet_utility::Event::BatchInterrupted {
[INFO] [stdout] 100 +             Event::BatchInterrupted {
[INFO] [stdout]     |
[INFO] [stdout] 
[INFO] [stdout] 
[INFO] [stdout] error[E0412]: cannot find type `Test` in this scope
[INFO] [stdout]    --> src/tests.rs:102:34
[INFO] [stdout]     |
[INFO] [stdout] 102 |                 error: frame_system::Error::<Test>::CallFiltered.into(),
[INFO] [stdout]     |                                              ^^^^ not found in this scope
[INFO] [stdout]     |
[INFO] [stdout] help: you might be missing a type parameter
[INFO] [stdout]     |
[INFO] [stdout] 88  | fn can_filter_balance_in_batch_when_paused<Test>() {
[INFO] [stdout]     |                                           ++++++
[INFO] [stdout] 
[INFO] [stdout] 
[INFO] [stdout] error[E0412]: cannot find type `Test` in this scope
[INFO] [stdout]    --> src/tests.rs:114:16
[INFO] [stdout]     |
[INFO] [stdout] 114 |             full_name::<Test>(b"Balances", b"transfer_allow_death"),
[INFO] [stdout]     |                         ^^^^ not found in this scope
[INFO] [stdout]     |
[INFO] [stdout] help: you might be missing a type parameter
[INFO] [stdout]     |
[INFO] [stdout] 110 | fn can_filter_balance_in_proxy_when_paused<Test>() {
[INFO] [stdout]     |                                           ++++++
[INFO] [stdout] 
[INFO] [stdout] 
[INFO] [stdout] error[E0433]: failed to resolve: use of undeclared type `System`
[INFO] [stdout]    --> src/tests.rs:120:3
[INFO] [stdout]     |
[INFO] [stdout] 120 |         System::assert_last_event(
[INFO] [stdout]     |         ^^^^^^ use of undeclared type `System`
[INFO] [stdout]     |
[INFO] [stdout] help: consider importing one of these items
[INFO] [stdout]     |
[INFO] [stdout] 20  + use codec::alloc::alloc::System;
[INFO] [stdout]     |
[INFO] [stdout] 20  + use sp_std::alloc::System;
[INFO] [stdout]     |
[INFO] [stdout] 20  + use std::alloc::System;
[INFO] [stdout]     |
[INFO] [stdout] 
[INFO] [stdout] 
[INFO] [stdout] error[E0433]: failed to resolve: use of undeclared crate or module `pallet_proxy`
[INFO] [stdout]    --> src/tests.rs:121:4
[INFO] [stdout]     |
[INFO] [stdout] 121 |             pallet_proxy::Event::ProxyExecuted {
[INFO] [stdout]     |             ^^^^^^^^^^^^ use of undeclared crate or module `pallet_proxy`
[INFO] [stdout]     |
[INFO] [stdout] help: consider importing one of these items
[INFO] [stdout]     |
[INFO] [stdout] 20  + use crate::Event;
[INFO] [stdout]     |
[INFO] [stdout] 20  + use frame_system::Event;
[INFO] [stdout]     |
[INFO] [stdout] help: if you import `Event`, refer to it directly
[INFO] [stdout]     |
[INFO] [stdout] 121 -             pallet_proxy::Event::ProxyExecuted {
[INFO] [stdout] 121 +             Event::ProxyExecuted {
[INFO] [stdout]     |
[INFO] [stdout] 
[INFO] [stdout] 
[INFO] [stdout] error[E0412]: cannot find type `Test` in this scope
[INFO] [stdout]    --> src/tests.rs:122:55
[INFO] [stdout]     |
[INFO] [stdout] 122 |                 result: DispatchError::from(frame_system::Error::<Test>::CallFiltered).into(),
[INFO] [stdout]     |                                                                   ^^^^ not found in this scope
[INFO] [stdout]     |
[INFO] [stdout] help: you might be missing a type parameter
[INFO] [stdout]     |
[INFO] [stdout] 110 | fn can_filter_balance_in_proxy_when_paused<Test>() {
[INFO] [stdout]     |                                           ++++++
[INFO] [stdout] 
[INFO] [stdout] 
[INFO] [stdout] error[E0412]: cannot find type `Test` in this scope
[INFO] [stdout]    --> src/tests.rs:137:17
[INFO] [stdout]     |
[INFO] [stdout] 137 |                 full_name::<Test>(b"TxPause", b"pause"),
[INFO] [stdout]     |                             ^^^^ not found in this scope
[INFO] [stdout]     |
[INFO] [stdout] help: you might be missing a type parameter
[INFO] [stdout]     |
[INFO] [stdout] 132 | fn fails_to_pause_self<Test>() {
[INFO] [stdout]     |                       ++++++
[INFO] [stdout] 
[INFO] [stdout] 
[INFO] [stdout] error[E0412]: cannot find type `Test` in this scope
[INFO] [stdout]    --> src/tests.rs:139:12
[INFO] [stdout]     |
[INFO] [stdout] 139 |             Error::<Test>::Unpausable
[INFO] [stdout]     |                     ^^^^ not found in this scope
[INFO] [stdout]     |
[INFO] [stdout] help: you might be missing a type parameter
[INFO] [stdout]     |
[INFO] [stdout] 132 | fn fails_to_pause_self<Test>() {
[INFO] [stdout]     |                       ++++++
[INFO] [stdout] 
[INFO] [stdout] 
[INFO] [stdout] error[E0433]: failed to resolve: use of undeclared crate or module `pallet_utility`
[INFO] [stdout]    --> src/tests.rs:150:25
[INFO] [stdout]     |
[INFO] [stdout] 150 |             RuntimeCall::Utility(pallet_utility::Call::batch { calls: vec![call_transfer(1, 1)] });
[INFO] [stdout]     |                                  ^^^^^^^^^^^^^^ use of undeclared crate or module `pallet_utility`
[INFO] [stdout]     |
[INFO] [stdout] help: consider importing one of these items
[INFO] [stdout]     |
[INFO] [stdout] 20  + use crate::Call;
[INFO] [stdout]     |
[INFO] [stdout] 20  + use frame_system::Call;
[INFO] [stdout]     |
[INFO] [stdout] help: if you import `Call`, refer to it directly
[INFO] [stdout]     |
[INFO] [stdout] 150 -             RuntimeCall::Utility(pallet_utility::Call::batch { calls: vec![call_transfer(1, 1)] });
[INFO] [stdout] 150 +             RuntimeCall::Utility(Call::batch { calls: vec![call_transfer(1, 1)] });
[INFO] [stdout]     |
[INFO] [stdout] 
[INFO] [stdout] 
[INFO] [stdout] error[E0412]: cannot find type `Test` in this scope
[INFO] [stdout]    --> src/tests.rs:155:16
[INFO] [stdout]     |
[INFO] [stdout] 155 |             full_name::<Test>(b"Balances", b"transfer_allow_death"),
[INFO] [stdout]     |                         ^^^^ not found in this scope
[INFO] [stdout]     |
[INFO] [stdout] help: you might be missing a type parameter
[INFO] [stdout]     |
[INFO] [stdout] 145 | fn fails_to_pause_unpausable_call_when_other_call_is_paused<Test>() {
[INFO] [stdout]     |                                                            ++++++
[INFO] [stdout] 
[INFO] [stdout] 
[INFO] [stdout] error[E0412]: cannot find type `Test` in this scope
[INFO] [stdout]    --> src/tests.rs:161:26
[INFO] [stdout]     |
[INFO] [stdout] 161 |             frame_system::Error::<Test>::CallFiltered
[INFO] [stdout]     |                                   ^^^^ not found in this scope
[INFO] [stdout]     |
[INFO] [stdout] help: you might be missing a type parameter
[INFO] [stdout]     |
[INFO] [stdout] 145 | fn fails_to_pause_unpausable_call_when_other_call_is_paused<Test>() {
[INFO] [stdout]     |                                                            ++++++
[INFO] [stdout] 
[INFO] [stdout] 
[INFO] [stdout] error[E0412]: cannot find type `Test` in this scope
[INFO] [stdout]    --> src/tests.rs:172:17
[INFO] [stdout]     |
[INFO] [stdout] 172 |                 full_name::<Test>(b"Balances", b"transfer_keep_alive"),
[INFO] [stdout]     |                             ^^^^ not found in this scope
[INFO] [stdout]     |
[INFO] [stdout] help: you might be missing a type parameter
[INFO] [stdout]     |
[INFO] [stdout] 167 | fn fails_to_pause_unpausable_call<Test>() {
[INFO] [stdout]     |                                  ++++++
[INFO] [stdout] 
[INFO] [stdout] 
[INFO] [stdout] error[E0412]: cannot find type `Test` in this scope
[INFO] [stdout]    --> src/tests.rs:174:12
[INFO] [stdout]     |
[INFO] [stdout] 174 |             Error::<Test>::Unpausable
[INFO] [stdout]     |                     ^^^^ not found in this scope
[INFO] [stdout]     |
[INFO] [stdout] help: you might be missing a type parameter
[INFO] [stdout]     |
[INFO] [stdout] 167 | fn fails_to_pause_unpausable_call<Test>() {
[INFO] [stdout]     |                                  ++++++
[INFO] [stdout] 
[INFO] [stdout] 
[INFO] [stdout] error[E0412]: cannot find type `Test` in this scope
[INFO] [stdout]    --> src/tests.rs:184:16
[INFO] [stdout]     |
[INFO] [stdout] 184 |             full_name::<Test>(b"Balances", b"transfer_allow_death"),
[INFO] [stdout]     |                         ^^^^ not found in this scope
[INFO] [stdout]     |
[INFO] [stdout] help: you might be missing a type parameter
[INFO] [stdout]     |
[INFO] [stdout] 180 | fn fails_to_pause_already_paused_pallet<Test>() {
[INFO] [stdout]     |                                        ++++++
[INFO] [stdout] 
[INFO] [stdout] 
[INFO] [stdout] error[E0412]: cannot find type `Test` in this scope
[INFO] [stdout]    --> src/tests.rs:190:17
[INFO] [stdout]     |
[INFO] [stdout] 190 |                 full_name::<Test>(b"Balances", b"transfer_allow_death"),
[INFO] [stdout]     |                             ^^^^ not found in this scope
[INFO] [stdout]     |
[INFO] [stdout] help: you might be missing a type parameter
[INFO] [stdout]     |
[INFO] [stdout] 180 | fn fails_to_pause_already_paused_pallet<Test>() {
[INFO] [stdout]     |                                        ++++++
[INFO] [stdout] 
[INFO] [stdout] 
[INFO] [stdout] error[E0412]: cannot find type `Test` in this scope
[INFO] [stdout]    --> src/tests.rs:192:12
[INFO] [stdout]     |
[INFO] [stdout] 192 |             Error::<Test>::IsPaused
[INFO] [stdout]     |                     ^^^^ not found in this scope
[INFO] [stdout]     |
[INFO] [stdout] help: you might be missing a type parameter
[INFO] [stdout]     |
[INFO] [stdout] 180 | fn fails_to_pause_already_paused_pallet<Test>() {
[INFO] [stdout]     |                                        ++++++
[INFO] [stdout] 
[INFO] [stdout] 
[INFO] [stdout] error[E0412]: cannot find type `Test` in this scope
[INFO] [stdout]    --> src/tests.rs:203:17
[INFO] [stdout]     |
[INFO] [stdout] 203 |                 full_name::<Test>(b"Balances", b"transfer_keep_alive"),
[INFO] [stdout]     |                             ^^^^ not found in this scope
[INFO] [stdout]     |
[INFO] [stdout] help: you might be missing a type parameter
[INFO] [stdout]     |
[INFO] [stdout] 198 | fn fails_to_unpause_not_paused_pallet<Test>() {
[INFO] [stdout]     |                                      ++++++
[INFO] [stdout] 
[INFO] [stdout] 
[INFO] [stdout] error[E0412]: cannot find type `Test` in this scope
[INFO] [stdout]    --> src/tests.rs:205:12
[INFO] [stdout]     |
[INFO] [stdout] 205 |             Error::<Test>::IsUnpaused
[INFO] [stdout]     |                     ^^^^ not found in this scope
[INFO] [stdout]     |
[INFO] [stdout] help: you might be missing a type parameter
[INFO] [stdout]     |
[INFO] [stdout] 198 | fn fails_to_unpause_not_paused_pallet<Test>() {
[INFO] [stdout]     |                                      ++++++
[INFO] [stdout] 
[INFO] [stdout] 
[INFO] [stdout] error[E0433]: failed to resolve: use of undeclared crate or module `pallet_balances`
[INFO] [stdout]    --> src/tests.rs:211:24
[INFO] [stdout]     |
[INFO] [stdout] 211 |     RuntimeCall::Balances(pallet_balances::Call::transfer_allow_death { dest, value })
[INFO] [stdout]     |                           ^^^^^^^^^^^^^^^ use of undeclared crate or module `pallet_balances`
[INFO] [stdout]     |
[INFO] [stdout] help: consider importing one of these items
[INFO] [stdout]     |
[INFO] [stdout] 20  + use crate::Call;
[INFO] [stdout]     |
[INFO] [stdout] 20  + use frame_system::Call;
[INFO] [stdout]     |
[INFO] [stdout] help: if you import `Call`, refer to it directly
[INFO] [stdout]     |
[INFO] [stdout] 211 -     RuntimeCall::Balances(pallet_balances::Call::transfer_allow_death { dest, value })
[INFO] [stdout] 211 +     RuntimeCall::Balances(Call::transfer_allow_death { dest, value })
[INFO] [stdout]     |
[INFO] [stdout] 
[INFO] [stdout] 
[INFO] [stdout] error[E0433]: failed to resolve: use of undeclared crate or module `pallet_balances`
[INFO] [stdout]    --> src/tests.rs:215:24
[INFO] [stdout]     |
[INFO] [stdout] 215 |     RuntimeCall::Balances(pallet_balances::Call::transfer_keep_alive { dest, value })
[INFO] [stdout]     |                           ^^^^^^^^^^^^^^^ use of undeclared crate or module `pallet_balances`
[INFO] [stdout]     |
[INFO] [stdout] help: consider importing one of these items
[INFO] [stdout]     |
[INFO] [stdout] 20  + use crate::Call;
[INFO] [stdout]     |
[INFO] [stdout] 20  + use frame_system::Call;
[INFO] [stdout]     |
[INFO] [stdout] help: if you import `Call`, refer to it directly
[INFO] [stdout]     |
[INFO] [stdout] 215 -     RuntimeCall::Balances(pallet_balances::Call::transfer_keep_alive { dest, value })
[INFO] [stdout] 215 +     RuntimeCall::Balances(Call::transfer_keep_alive { dest, value })
[INFO] [stdout]     |
[INFO] [stdout] 
[INFO] [stdout] 
[INFO] [stdout] error[E0433]: failed to resolve: use of undeclared crate or module `pallet_balances`
[INFO] [stdout]   --> src/mock.rs:56:21
[INFO] [stdout]    |
[INFO] [stdout] 56 |     type AccountData = pallet_balances::AccountData<u64>;
[INFO] [stdout]    |                        ^^^^^^^^^^^^^^^ use of undeclared crate or module `pallet_balances`
[INFO] [stdout] 
[INFO] [stdout] 
[INFO] [stdout] error[E0433]: failed to resolve: use of undeclared crate or module `pallet_balances`
[INFO] [stdout]   --> src/mock.rs:69:6
[INFO] [stdout]    |
[INFO] [stdout] 69 | impl pallet_balances::Config for Test {
[INFO] [stdout]    |      ^^^^^^^^^^^^^^^ use of undeclared crate or module `pallet_balances`
[INFO] [stdout] 
[INFO] [stdout] 
[INFO] [stdout] error[E0433]: failed to resolve: use of undeclared crate or module `pallet_utility`
[INFO] [stdout]   --> src/mock.rs:86:6
[INFO] [stdout]    |
[INFO] [stdout] 86 | impl pallet_utility::Config for Test {
[INFO] [stdout]    |      ^^^^^^^^^^^^^^ use of undeclared crate or module `pallet_utility`
[INFO] [stdout] 
[INFO] [stdout] 
[INFO] [stdout] error[E0433]: failed to resolve: use of undeclared type `RuntimeCall`
[INFO] [stdout]    --> src/mock.rs:126:6
[INFO] [stdout]     |
[INFO] [stdout] 126 |                     RuntimeCall::Balances(pallet_balances::Call::transfer_allow_death { .. })
[INFO] [stdout]     |                     ^^^^^^^^^^^
[INFO] [stdout]     |                     |
[INFO] [stdout]     |                     use of undeclared type `RuntimeCall`
[INFO] [stdout]     |                     help: a type alias with a similar name exists: `RuntimeCallFor`
[INFO] [stdout] 
[INFO] [stdout] 
[INFO] [stdout] error[E0433]: failed to resolve: use of undeclared type `RuntimeCall`
[INFO] [stdout]    --> src/mock.rs:129:42
[INFO] [stdout]     |
[INFO] [stdout] 129 |             ProxyType::JustUtility => matches!(c, RuntimeCall::Utility { .. }),
[INFO] [stdout]     |                                                   ^^^^^^^^^^^
[INFO] [stdout]     |                                                   |
[INFO] [stdout]     |                                                   use of undeclared type `RuntimeCall`
[INFO] [stdout]     |                                                   help: a type alias with a similar name exists: `RuntimeCallFor`
[INFO] [stdout] 
[INFO] [stdout] 
[INFO] [stdout] error[E0433]: failed to resolve: use of undeclared crate or module `pallet_proxy`
[INFO] [stdout]    --> src/mock.rs:137:6
[INFO] [stdout]     |
[INFO] [stdout] 137 | impl pallet_proxy::Config for Test {
[INFO] [stdout]     |      ^^^^^^^^^^^^ use of undeclared crate or module `pallet_proxy`
[INFO] [stdout] 
[INFO] [stdout] 
[INFO] [stdout] error[E0433]: failed to resolve: use of undeclared crate or module `pallet_balances`
[INFO] [stdout]    --> src/mock.rs:198:2
[INFO] [stdout]     |
[INFO] [stdout] 198 |     pallet_balances::GenesisConfig::<Test> {
[INFO] [stdout]     |     ^^^^^^^^^^^^^^^ use of undeclared crate or module `pallet_balances`
[INFO] [stdout] 
[INFO] [stdout] 
[INFO] [stdout] error[E0433]: failed to resolve: use of undeclared type `TxPause`
[INFO] [stdout]    --> src/mock.rs:217:2
[INFO] [stdout]     |
[INFO] [stdout] 217 |     TxPause::on_finalize(System::block_number());
[INFO] [stdout]     |     ^^^^^^^ use of undeclared type `TxPause`
[INFO] [stdout] 
[INFO] [stdout] 
[INFO] [stdout] error[E0433]: failed to resolve: use of undeclared type `Balances`
[INFO] [stdout]    --> src/mock.rs:218:2
[INFO] [stdout]     |
[INFO] [stdout] 218 |     Balances::on_finalize(System::block_number());
[INFO] [stdout]     |     ^^^^^^^^ use of undeclared type `Balances`
[INFO] [stdout] 
[INFO] [stdout] 
[INFO] [stdout] error[E0433]: failed to resolve: use of undeclared type `Balances`
[INFO] [stdout]    --> src/mock.rs:222:2
[INFO] [stdout]     |
[INFO] [stdout] 222 |     Balances::on_initialize(System::block_number());
[INFO] [stdout]     |     ^^^^^^^^ use of undeclared type `Balances`
[INFO] [stdout] 
[INFO] [stdout] 
[INFO] [stdout] error[E0433]: failed to resolve: use of undeclared type `TxPause`
[INFO] [stdout]    --> src/mock.rs:223:2
[INFO] [stdout]     |
[INFO] [stdout] 223 |     TxPause::on_initialize(System::block_number());
[INFO] [stdout]     |     ^^^^^^^ use of undeclared type `TxPause`
[INFO] [stdout] 
[INFO] [stdout] 
[INFO] [stdout] error[E0433]: failed to resolve: use of undeclared type `RuntimeOrigin`
[INFO] [stdout]   --> src/tests.rs:31:43
[INFO] [stdout]    |
[INFO] [stdout] 31 |         assert_ok!(call_transfer(1, 1).dispatch(RuntimeOrigin::signed(0)));
[INFO] [stdout]    |                                                 ^^^^^^^^^^^^^ use of undeclared type `RuntimeOrigin`
[INFO] [stdout] 
[INFO] [stdout] 
[INFO] [stdout] error[E0433]: failed to resolve: use of undeclared type `TxPause`
[INFO] [stdout]   --> src/tests.rs:33:14
[INFO] [stdout]    |
[INFO] [stdout] 33 |         assert_ok!(TxPause::pause(
[INFO] [stdout]    |                    ^^^^^^^ use of undeclared type `TxPause`
[INFO] [stdout] 
[INFO] [stdout] 
[INFO] [stdout] error[E0433]: failed to resolve: use of undeclared type `RuntimeOrigin`
[INFO] [stdout]   --> src/tests.rs:34:4
[INFO] [stdout]    |
[INFO] [stdout] 34 |             RuntimeOrigin::signed(mock::PauseOrigin::get()),
[INFO] [stdout]    |             ^^^^^^^^^^^^^ use of undeclared type `RuntimeOrigin`
[INFO] [stdout] 
[INFO] [stdout] 
[INFO] [stdout] error[E0433]: failed to resolve: use of undeclared type `RuntimeOrigin`
[INFO] [stdout]   --> src/tests.rs:39:33
[INFO] [stdout]    |
[INFO] [stdout] 39 |             call_transfer(2, 1).dispatch(RuntimeOrigin::signed(2)),
[INFO] [stdout]    |                                          ^^^^^^^^^^^^^ use of undeclared type `RuntimeOrigin`
[INFO] [stdout] 
[INFO] [stdout] 
[INFO] [stdout] error[E0433]: failed to resolve: use of undeclared type `RuntimeOrigin`
[INFO] [stdout]   --> src/tests.rs:42:54
[INFO] [stdout]    |
[INFO] [stdout] 42 |         assert_ok!(call_transfer_keep_alive(3, 1).dispatch(RuntimeOrigin::signed(3)));
[INFO] [stdout]    |                                                            ^^^^^^^^^^^^^ use of undeclared type `RuntimeOrigin`
[INFO] [stdout] 
[INFO] [stdout] 
[INFO] [stdout] error[E0433]: failed to resolve: use of undeclared type `RuntimeOrigin`
[INFO] [stdout]   --> src/tests.rs:49:43
[INFO] [stdout]    |
[INFO] [stdout] 49 |         assert_ok!(call_transfer(1, 1).dispatch(RuntimeOrigin::signed(0)));
[INFO] [stdout]    |                                                 ^^^^^^^^^^^^^ use of undeclared type `RuntimeOrigin`
[INFO] [stdout] 
[INFO] [stdout] 
[INFO] [stdout] error[E0433]: failed to resolve: use of undeclared type `RuntimeOrigin`
[INFO] [stdout]   --> src/tests.rs:53:42
[INFO] [stdout]    |
[INFO] [stdout] 53 |         assert_ok!(batch_call.clone().dispatch(RuntimeOrigin::signed(0)));
[INFO] [stdout]    |                                                ^^^^^^^^^^^^^ use of undeclared type `RuntimeOrigin`
[INFO] [stdout] 
[INFO] [stdout] 
[INFO] [stdout] error[E0433]: failed to resolve: use of undeclared type `TxPause`
[INFO] [stdout]   --> src/tests.rs:55:14
[INFO] [stdout]    |
[INFO] [stdout] 55 |         assert_ok!(TxPause::pause(
[INFO] [stdout]    |                    ^^^^^^^ use of undeclared type `TxPause`
[INFO] [stdout] 
[INFO] [stdout] 
[INFO] [stdout] error[E0433]: failed to resolve: use of undeclared type `RuntimeOrigin`
[INFO] [stdout]   --> src/tests.rs:56:4
[INFO] [stdout]    |
[INFO] [stdout] 56 |             RuntimeOrigin::signed(mock::PauseOrigin::get()),
[INFO] [stdout]    |             ^^^^^^^^^^^^^ use of undeclared type `RuntimeOrigin`
[INFO] [stdout] 
[INFO] [stdout] 
[INFO] [stdout] error[E0433]: failed to resolve: use of undeclared type `RuntimeOrigin`
[INFO] [stdout]   --> src/tests.rs:61:32
[INFO] [stdout]    |
[INFO] [stdout] 61 |             batch_call.clone().dispatch(RuntimeOrigin::signed(0)),
[INFO] [stdout]    |                                         ^^^^^^^^^^^^^ use of undeclared type `RuntimeOrigin`
[INFO] [stdout] 
[INFO] [stdout] 
[INFO] [stdout] error[E0433]: failed to resolve: use of undeclared type `TxPause`
[INFO] [stdout]   --> src/tests.rs:70:14
[INFO] [stdout]    |
[INFO] [stdout] 70 |         assert_ok!(TxPause::pause(
[INFO] [stdout]    |                    ^^^^^^^ use of undeclared type `TxPause`
[INFO] [stdout] 
[INFO] [stdout] 
[INFO] [stdout] error[E0433]: failed to resolve: use of undeclared type `RuntimeOrigin`
[INFO] [stdout]   --> src/tests.rs:71:4
[INFO] [stdout]    |
[INFO] [stdout] 71 |             RuntimeOrigin::signed(mock::PauseOrigin::get()),
[INFO] [stdout]    |             ^^^^^^^^^^^^^ use of undeclared type `RuntimeOrigin`
[INFO] [stdout] 
[INFO] [stdout] 
[INFO] [stdout] error[E0433]: failed to resolve: use of undeclared type `RuntimeOrigin`
[INFO] [stdout]   --> src/tests.rs:75:33
[INFO] [stdout]    |
[INFO] [stdout] 75 |             call_transfer(2, 1).dispatch(RuntimeOrigin::signed(2)),
[INFO] [stdout]    |                                          ^^^^^^^^^^^^^ use of undeclared type `RuntimeOrigin`
[INFO] [stdout] 
[INFO] [stdout] 
[INFO] [stdout] error[E0433]: failed to resolve: use of undeclared type `TxPause`
[INFO] [stdout]   --> src/tests.rs:79:14
[INFO] [stdout]    |
[INFO] [stdout] 79 |         assert_ok!(TxPause::unpause(
[INFO] [stdout]    |                    ^^^^^^^ use of undeclared type `TxPause`
[INFO] [stdout] 
[INFO] [stdout] 
[INFO] [stdout] error[E0433]: failed to resolve: use of undeclared type `RuntimeOrigin`
[INFO] [stdout]   --> src/tests.rs:80:4
[INFO] [stdout]    |
[INFO] [stdout] 80 |             RuntimeOrigin::signed(mock::UnpauseOrigin::get()),
[INFO] [stdout]    |             ^^^^^^^^^^^^^ use of undeclared type `RuntimeOrigin`
[INFO] [stdout] 
[INFO] [stdout] 
[INFO] [stdout] error[E0433]: failed to resolve: use of undeclared type `RuntimeOrigin`
[INFO] [stdout]   --> src/tests.rs:83:43
[INFO] [stdout]    |
[INFO] [stdout] 83 |         assert_ok!(call_transfer(4, 1).dispatch(RuntimeOrigin::signed(0)));
[INFO] [stdout]    |                                                 ^^^^^^^^^^^^^ use of undeclared type `RuntimeOrigin`
[INFO] [stdout] 
[INFO] [stdout] 
[INFO] [stdout] error[E0433]: failed to resolve: use of undeclared type `TxPause`
[INFO] [stdout]   --> src/tests.rs:93:14
[INFO] [stdout]    |
[INFO] [stdout] 93 |         assert_ok!(TxPause::pause(
[INFO] [stdout]    |                    ^^^^^^^ use of undeclared type `TxPause`
[INFO] [stdout] 
[INFO] [stdout] 
[INFO] [stdout] error[E0433]: failed to resolve: use of undeclared type `RuntimeOrigin`
[INFO] [stdout]   --> src/tests.rs:94:4
[INFO] [stdout]    |
[INFO] [stdout] 94 |             RuntimeOrigin::signed(mock::PauseOrigin::get()),
[INFO] [stdout]    |             ^^^^^^^^^^^^^ use of undeclared type `RuntimeOrigin`
[INFO] [stdout] 
[INFO] [stdout] 
[INFO] [stdout] error[E0433]: failed to resolve: use of undeclared type `RuntimeOrigin`
[INFO] [stdout]   --> src/tests.rs:98:42
[INFO] [stdout]    |
[INFO] [stdout] 98 |         assert_ok!(batch_call.clone().dispatch(RuntimeOrigin::signed(0)));
[INFO] [stdout]    |                                                ^^^^^^^^^^^^^ use of undeclared type `RuntimeOrigin`
[INFO] [stdout] 
[INFO] [stdout] 
[INFO] [stdout] error[E0433]: failed to resolve: use of undeclared type `TxPause`
[INFO] [stdout]    --> src/tests.rs:112:14
[INFO] [stdout]     |
[INFO] [stdout] 112 |         assert_ok!(TxPause::pause(
[INFO] [stdout]     |                    ^^^^^^^ use of undeclared type `TxPause`
[INFO] [stdout] 
[INFO] [stdout] 
[INFO] [stdout] error[E0433]: failed to resolve: use of undeclared type `RuntimeOrigin`
[INFO] [stdout]    --> src/tests.rs:113:4
[INFO] [stdout]     |
[INFO] [stdout] 113 |             RuntimeOrigin::signed(mock::PauseOrigin::get()),
[INFO] [stdout]     |             ^^^^^^^^^^^^^ use of undeclared type `RuntimeOrigin`
[INFO] [stdout] 
[INFO] [stdout] 
[INFO] [stdout] error[E0433]: failed to resolve: use of undeclared type `Proxy`
[INFO] [stdout]    --> src/tests.rs:117:14
[INFO] [stdout]     |
[INFO] [stdout] 117 |         assert_ok!(Proxy::add_proxy(RuntimeOrigin::signed(1), 2, ProxyType::JustTransfer, 0));
[INFO] [stdout]     |                    ^^^^^ use of undeclared type `Proxy`
[INFO] [stdout] 
[INFO] [stdout] 
[INFO] [stdout] error[E0433]: failed to resolve: use of undeclared type `RuntimeOrigin`
[INFO] [stdout]    --> src/tests.rs:117:31
[INFO] [stdout]     |
[INFO] [stdout] 117 |         assert_ok!(Proxy::add_proxy(RuntimeOrigin::signed(1), 2, ProxyType::JustTransfer, 0));
[INFO] [stdout]     |                                     ^^^^^^^^^^^^^ use of undeclared type `RuntimeOrigin`
[INFO] [stdout] 
[INFO] [stdout] 
[INFO] [stdout] error[E0433]: failed to resolve: use of undeclared type `Proxy`
[INFO] [stdout]    --> src/tests.rs:119:14
[INFO] [stdout]     |
[INFO] [stdout] 119 |         assert_ok!(Proxy::proxy(RuntimeOrigin::signed(2), 1, None, Box::new(call_transfer(1, 1))));
[INFO] [stdout]     |                    ^^^^^ use of undeclared type `Proxy`
[INFO] [stdout] 
[INFO] [stdout] 
[INFO] [stdout] error[E0433]: failed to resolve: use of undeclared type `RuntimeOrigin`
[INFO] [stdout]    --> src/tests.rs:119:27
[INFO] [stdout]     |
[INFO] [stdout] 119 |         assert_ok!(Proxy::proxy(RuntimeOrigin::signed(2), 1, None, Box::new(call_transfer(1, 1))));
[INFO] [stdout]     |                                 ^^^^^^^^^^^^^ use of undeclared type `RuntimeOrigin`
[INFO] [stdout] 
[INFO] [stdout] 
[INFO] [stdout] error[E0433]: failed to resolve: use of undeclared type `TxPause`
[INFO] [stdout]    --> src/tests.rs:135:4
[INFO] [stdout]     |
[INFO] [stdout] 135 |             TxPause::pause(
[INFO] [stdout]     |             ^^^^^^^ use of undeclared type `TxPause`
[INFO] [stdout] 
[INFO] [stdout] 
[INFO] [stdout] error[E0433]: failed to resolve: use of undeclared type `RuntimeOrigin`
[INFO] [stdout]    --> src/tests.rs:136:5
[INFO] [stdout]     |
[INFO] [stdout] 136 |                 RuntimeOrigin::signed(mock::PauseOrigin::get()),
[INFO] [stdout]     |                 ^^^^^^^^^^^^^ use of undeclared type `RuntimeOrigin`
[INFO] [stdout] 
[INFO] [stdout] 
[INFO] [stdout] error[E0433]: failed to resolve: use of undeclared type `RuntimeOrigin`
[INFO] [stdout]    --> src/tests.rs:147:43
[INFO] [stdout]     |
[INFO] [stdout] 147 |         assert_ok!(call_transfer(1, 1).dispatch(RuntimeOrigin::signed(0)));
[INFO] [stdout]     |                                                 ^^^^^^^^^^^^^ use of undeclared type `RuntimeOrigin`
[INFO] [stdout] 
[INFO] [stdout] 
[INFO] [stdout] error[E0433]: failed to resolve: use of undeclared type `RuntimeOrigin`
[INFO] [stdout]    --> src/tests.rs:151:42
[INFO] [stdout]     |
[INFO] [stdout] 151 |         assert_ok!(batch_call.clone().dispatch(RuntimeOrigin::signed(0)));
[INFO] [stdout]     |                                                ^^^^^^^^^^^^^ use of undeclared type `RuntimeOrigin`
[INFO] [stdout] 
[INFO] [stdout] 
[INFO] [stdout] error[E0433]: failed to resolve: use of undeclared type `TxPause`
[INFO] [stdout]    --> src/tests.rs:153:14
[INFO] [stdout]     |
[INFO] [stdout] 153 |         assert_ok!(TxPause::pause(
[INFO] [stdout]     |                    ^^^^^^^ use of undeclared type `TxPause`
[INFO] [stdout] 
[INFO] [stdout] 
[INFO] [stdout] error[E0433]: failed to resolve: use of undeclared type `RuntimeOrigin`
[INFO] [stdout]    --> src/tests.rs:154:4
[INFO] [stdout]     |
[INFO] [stdout] 154 |             RuntimeOrigin::signed(mock::PauseOrigin::get()),
[INFO] [stdout]     |             ^^^^^^^^^^^^^ use of undeclared type `RuntimeOrigin`
[INFO] [stdout] 
[INFO] [stdout] 
[INFO] [stdout] error[E0433]: failed to resolve: use of undeclared type `RuntimeOrigin`
[INFO] [stdout]    --> src/tests.rs:158:54
[INFO] [stdout]     |
[INFO] [stdout] 158 |         assert_ok!(call_transfer_keep_alive(3, 1).dispatch(RuntimeOrigin::signed(3)));
[INFO] [stdout]     |                                                            ^^^^^^^^^^^^^ use of undeclared type `RuntimeOrigin`
[INFO] [stdout] 
[INFO] [stdout] 
[INFO] [stdout] error[E0433]: failed to resolve: use of undeclared type `RuntimeOrigin`
[INFO] [stdout]    --> src/tests.rs:160:33
[INFO] [stdout]     |
[INFO] [stdout] 160 |             call_transfer(2, 1).dispatch(RuntimeOrigin::signed(0)),
[INFO] [stdout]     |                                          ^^^^^^^^^^^^^ use of undeclared type `RuntimeOrigin`
[INFO] [stdout] 
[INFO] [stdout] 
[INFO] [stdout] error[E0433]: failed to resolve: use of undeclared type `TxPause`
[INFO] [stdout]    --> src/tests.rs:170:4
[INFO] [stdout]     |
[INFO] [stdout] 170 |             TxPause::pause(
[INFO] [stdout]     |             ^^^^^^^ use of undeclared type `TxPause`
[INFO] [stdout] 
[INFO] [stdout] 
[INFO] [stdout] error[E0433]: failed to resolve: use of undeclared type `RuntimeOrigin`
[INFO] [stdout]    --> src/tests.rs:171:5
[INFO] [stdout]     |
[INFO] [stdout] 171 |                 RuntimeOrigin::signed(mock::PauseOrigin::get()),
[INFO] [stdout]     |                 ^^^^^^^^^^^^^ use of undeclared type `RuntimeOrigin`
[INFO] [stdout] 
[INFO] [stdout] 
[INFO] [stdout] error[E0433]: failed to resolve: use of undeclared type `TxPause`
[INFO] [stdout]    --> src/tests.rs:182:14
[INFO] [stdout]     |
[INFO] [stdout] 182 |         assert_ok!(TxPause::pause(
[INFO] [stdout]     |                    ^^^^^^^ use of undeclared type `TxPause`
[INFO] [stdout] 
[INFO] [stdout] 
[INFO] [stdout] error[E0433]: failed to resolve: use of undeclared type `RuntimeOrigin`
[INFO] [stdout]    --> src/tests.rs:183:4
[INFO] [stdout]     |
[INFO] [stdout] 183 |             RuntimeOrigin::signed(mock::PauseOrigin::get()),
[INFO] [stdout]     |             ^^^^^^^^^^^^^ use of undeclared type `RuntimeOrigin`
[INFO] [stdout] 
[INFO] [stdout] 
[INFO] [stdout] error[E0433]: failed to resolve: use of undeclared type `TxPause`
[INFO] [stdout]    --> src/tests.rs:188:4
[INFO] [stdout]     |
[INFO] [stdout] 188 |             TxPause::pause(
[INFO] [stdout]     |             ^^^^^^^ use of undeclared type `TxPause`
[INFO] [stdout] 
[INFO] [stdout] 
[INFO] [stdout] error[E0433]: failed to resolve: use of undeclared type `RuntimeOrigin`
[INFO] [stdout]    --> src/tests.rs:189:5
[INFO] [stdout]     |
[INFO] [stdout] 189 |                 RuntimeOrigin::signed(mock::PauseOrigin::get()),
[INFO] [stdout]     |                 ^^^^^^^^^^^^^ use of undeclared type `RuntimeOrigin`
[INFO] [stdout] 
[INFO] [stdout] 
[INFO] [stdout] error[E0433]: failed to resolve: use of undeclared type `TxPause`
[INFO] [stdout]    --> src/tests.rs:201:4
[INFO] [stdout]     |
[INFO] [stdout] 201 |             TxPause::unpause(
[INFO] [stdout]     |             ^^^^^^^ use of undeclared type `TxPause`
[INFO] [stdout] 
[INFO] [stdout] 
[INFO] [stdout] error[E0433]: failed to resolve: use of undeclared type `RuntimeOrigin`
[INFO] [stdout]    --> src/tests.rs:202:5
[INFO] [stdout]     |
[INFO] [stdout] 202 |                 RuntimeOrigin::signed(mock::UnpauseOrigin::get()),
[INFO] [stdout]     |                 ^^^^^^^^^^^^^ use of undeclared type `RuntimeOrigin`
[INFO] [stdout] 
[INFO] [stdout] 
[INFO] [stdout] error: aborting due to 131 previous errors
[INFO] [stdout] 
[INFO] [stdout] 
[INFO] [stdout] Some errors have detailed explanations: E0412, E0432, E0433.
[INFO] [stdout] 
[INFO] [stdout] For more information about an error, try `rustc --explain E0412`.
[INFO] [stdout] 
[INFO] [stderr] error: could not compile `pallet-tx-pause` (lib test) due to 132 previous errors
[INFO] running `Command { std: "docker" "inspect" "928b46faac4f8164a8bc4503c344f993f0e2a09429b6446d6653cc5eb571526c", kill_on_drop: false }`
[INFO] running `Command { std: "docker" "rm" "-f" "928b46faac4f8164a8bc4503c344f993f0e2a09429b6446d6653cc5eb571526c", kill_on_drop: false }`
[INFO] [stdout] 928b46faac4f8164a8bc4503c344f993f0e2a09429b6446d6653cc5eb571526c
[INFO] testing pallet-tx-pause-7.0.0 against beta-2023-12-22 for beta-1.76-1
[INFO] extracting crate pallet-tx-pause 7.0.0 into /workspace/builds/worker-7-tc2/source
[INFO] validating manifest of crates.io crate pallet-tx-pause 7.0.0 on toolchain beta-2023-12-22
[INFO] running `Command { std: CARGO_HOME="/workspace/cargo-home" RUSTUP_HOME="/workspace/rustup-home" "/workspace/cargo-home/bin/cargo" "+beta-2023-12-22" "metadata" "--manifest-path" "Cargo.toml" "--no-deps", kill_on_drop: false }`
[INFO] started tweaking crates.io crate pallet-tx-pause 7.0.0
[INFO] finished tweaking crates.io crate pallet-tx-pause 7.0.0
[INFO] tweaked toml for crates.io crate pallet-tx-pause 7.0.0 written to /workspace/builds/worker-7-tc2/source/Cargo.toml
[INFO] running `Command { std: CARGO_HOME="/workspace/cargo-home" RUSTUP_HOME="/workspace/rustup-home" "/workspace/cargo-home/bin/cargo" "+beta-2023-12-22" "generate-lockfile" "--manifest-path" "Cargo.toml", kill_on_drop: false }`
[INFO] [stderr]     Updating crates.io index
[INFO] running `Command { std: CARGO_HOME="/workspace/cargo-home" RUSTUP_HOME="/workspace/rustup-home" "/workspace/cargo-home/bin/cargo" "+beta-2023-12-22" "fetch" "--manifest-path" "Cargo.toml", kill_on_drop: false }`
[INFO] running `Command { std: "docker" "create" "-v" "/var/lib/crater-agent-workspace/builds/worker-7-tc2/target:/opt/rustwide/target:rw,Z" "-v" "/var/lib/crater-agent-workspace/builds/worker-7-tc2/source:/opt/rustwide/workdir:ro,Z" "-v" "/var/lib/crater-agent-workspace/cargo-home:/opt/rustwide/cargo-home:ro,Z" "-v" "/var/lib/crater-agent-workspace/rustup-home:/opt/rustwide/rustup-home:ro,Z" "-e" "SOURCE_DIR=/opt/rustwide/workdir" "-e" "CARGO_TARGET_DIR=/opt/rustwide/target" "-e" "CARGO_HOME=/opt/rustwide/cargo-home" "-e" "RUSTUP_HOME=/opt/rustwide/rustup-home" "-w" "/opt/rustwide/workdir" "-m" "1610612736" "--user" "0:0" "--network" "none" "ghcr.io/rust-lang/crates-build-env/linux@sha256:2788e3201cd34a07e3172128adcd8b3090168a8e3bcc40d7c032b9dda1df7d1c" "/opt/rustwide/cargo-home/bin/cargo" "+beta-2023-12-22" "metadata" "--no-deps" "--format-version=1", kill_on_drop: false }`
[INFO] [stdout] 7c5eeef1b3662ca7e4709e6301d0bc759045e39048d328aedafe16d4e4615bc1
[INFO] running `Command { std: "docker" "start" "-a" "7c5eeef1b3662ca7e4709e6301d0bc759045e39048d328aedafe16d4e4615bc1", kill_on_drop: false }`
[INFO] running `Command { std: "docker" "inspect" "7c5eeef1b3662ca7e4709e6301d0bc759045e39048d328aedafe16d4e4615bc1", kill_on_drop: false }`
[INFO] running `Command { std: "docker" "rm" "-f" "7c5eeef1b3662ca7e4709e6301d0bc759045e39048d328aedafe16d4e4615bc1", kill_on_drop: false }`
[INFO] [stdout] 7c5eeef1b3662ca7e4709e6301d0bc759045e39048d328aedafe16d4e4615bc1
[INFO] running `Command { std: "docker" "create" "-v" "/var/lib/crater-agent-workspace/builds/worker-7-tc2/target:/opt/rustwide/target:rw,Z" "-v" "/var/lib/crater-agent-workspace/builds/worker-7-tc2/source:/opt/rustwide/workdir:ro,Z" "-v" "/var/lib/crater-agent-workspace/cargo-home:/opt/rustwide/cargo-home:ro,Z" "-v" "/var/lib/crater-agent-workspace/rustup-home:/opt/rustwide/rustup-home:ro,Z" "-e" "SOURCE_DIR=/opt/rustwide/workdir" "-e" "CARGO_TARGET_DIR=/opt/rustwide/target" "-e" "CARGO_INCREMENTAL=0" "-e" "RUST_BACKTRACE=full" "-e" "RUSTFLAGS=--cap-lints=warn" "-e" "RUSTDOCFLAGS=--cap-lints=warn" "-e" "CARGO_HOME=/opt/rustwide/cargo-home" "-e" "RUSTUP_HOME=/opt/rustwide/rustup-home" "-w" "/opt/rustwide/workdir" "-m" "1610612736" "--user" "0:0" "--network" "none" "ghcr.io/rust-lang/crates-build-env/linux@sha256:2788e3201cd34a07e3172128adcd8b3090168a8e3bcc40d7c032b9dda1df7d1c" "/opt/rustwide/cargo-home/bin/cargo" "+beta-2023-12-22" "build" "--frozen" "--message-format=json", kill_on_drop: false }`
[INFO] [stdout] 52616f2525262027a1769aee3bc509f23c235e53afaaa80f4c202eeab81c5de5
[INFO] running `Command { std: "docker" "start" "-a" "52616f2525262027a1769aee3bc509f23c235e53afaaa80f4c202eeab81c5de5", kill_on_drop: false }`
[INFO] [stderr]    Compiling syn v2.0.48
[INFO] [stderr]    Compiling typenum v1.17.0
[INFO] [stderr]    Compiling libc v0.2.151
[INFO] [stderr]    Compiling syn v1.0.109
[INFO] [stderr]    Compiling serde v1.0.194
[INFO] [stderr]    Compiling generic-array v0.14.7
[INFO] [stderr]    Compiling subtle v2.4.1
[INFO] [stderr]    Compiling indexmap v2.1.0
[INFO] [stderr]    Compiling memchr v2.7.1
[INFO] [stderr]    Compiling const-oid v0.9.6
[INFO] [stderr]    Compiling arrayvec v0.7.4
[INFO] [stderr]    Compiling ahash v0.7.7
[INFO] [stderr]    Compiling cc v1.0.83
[INFO] [stderr]    Compiling crunchy v0.2.2
[INFO] [stderr]    Compiling aho-corasick v1.1.2
[INFO] [stderr]    Compiling num-traits v0.2.17
[INFO] [stderr]    Compiling byte-slice-cast v1.2.2
[INFO] [stderr]    Compiling indexmap v1.9.3
[INFO] [stderr]    Compiling tinyvec_macros v0.1.1
[INFO] [stderr]    Compiling cpufeatures v0.2.12
[INFO] [stderr]    Compiling bytes v1.5.0
[INFO] [stderr]    Compiling getrandom v0.2.11
[INFO] [stderr]    Compiling regex-automata v0.4.3
[INFO] [stderr]    Compiling rand_core v0.6.4
[INFO] [stderr]    Compiling byteorder v1.5.0
[INFO] [stderr]    Compiling hashbrown v0.12.3
[INFO] [stderr]    Compiling rand_chacha v0.3.1
[INFO] [stderr]    Compiling tinyvec v1.6.0
[INFO] [stderr]    Compiling ahash v0.8.7
[INFO] [stderr]    Compiling rand v0.8.5
[INFO] [stderr]    Compiling zerocopy v0.7.32
[INFO] [stderr]    Compiling getrandom v0.1.16
[INFO] [stderr]    Compiling static_assertions v1.1.0
[INFO] [stderr]    Compiling unicode-bidi v0.3.14
[INFO] [stderr]    Compiling unicode-normalization v0.1.22
[INFO] [stderr]    Compiling percent-encoding v2.3.1
[INFO] [stderr]    Compiling idna v0.5.0
[INFO] [stderr]    Compiling form_urlencoded v1.2.1
[INFO] [stderr]    Compiling hashbrown v0.13.2
[INFO] [stderr]    Compiling arrayref v0.3.7
[INFO] [stderr]    Compiling keccak v0.1.4
[INFO] [stderr]    Compiling crc32fast v1.3.2
[INFO] [stderr]    Compiling regex v1.10.2
[INFO] [stderr]    Compiling url v2.5.0
[INFO] [stderr]    Compiling rand_core v0.5.1
[INFO] [stderr]    Compiling target-lexicon v0.12.13
[INFO] [stderr]    Compiling io-lifetimes v1.0.11
[INFO] [stderr]    Compiling fallible-iterator v0.2.0
[INFO] [stderr]    Compiling stable_deref_trait v1.2.0
[INFO] [stderr]    Compiling anyhow v1.0.79
[INFO] [stderr]    Compiling Inflector v0.11.4
[INFO] [stderr]    Compiling memoffset v0.8.0
[INFO] [stderr]    Compiling pin-project-lite v0.2.13
[INFO] [stderr]    Compiling sp-std v12.0.0
[INFO] [stderr]    Compiling rustix v0.36.17
[INFO] [stderr]    Compiling digest v0.9.0
[INFO] [stderr]    Compiling wasmtime-runtime v8.0.1
[INFO] [stderr]    Compiling generic-array v0.12.4
[INFO] [stderr]    Compiling tracing-core v0.1.32
[INFO] [stderr]    Compiling rustc-demangle v0.1.23
[INFO] [stderr]    Compiling constant_time_eq v0.3.0
[INFO] [stderr]    Compiling cpp_demangle v0.3.5
[INFO] [stderr]    Compiling linux-raw-sys v0.1.4
[INFO] [stderr]    Compiling smallvec v1.11.2
[INFO] [stderr]    Compiling libsecp256k1-core v0.3.0
[INFO] [stderr]    Compiling memfd v0.6.4
[INFO] [stderr]    Compiling psm v0.1.21
[INFO] [stderr]    Compiling wasmtime-jit-debug v8.0.1
[INFO] [stderr]    Compiling slab v0.4.9
[INFO] [stderr]    Compiling wasmtime-asm-macros v8.0.1
[INFO] [stderr]    Compiling regex-syntax v0.6.29
[INFO] [stderr]    Compiling ref-cast v1.0.22
[INFO] [stderr]    Compiling serde_json v1.0.111
[INFO] [stderr]    Compiling serde_derive v1.0.194
[INFO] [stderr]    Compiling zeroize_derive v1.4.2
[INFO] [stderr]    Compiling thiserror-impl v1.0.56
[INFO] [stderr]    Compiling tracing-attributes v0.1.27
[INFO] [stderr]    Compiling impl-trait-for-tuples v0.2.2
[INFO] [stderr]    Compiling zeroize v1.7.0
[INFO] [stderr]    Compiling derive_more v0.99.17
[INFO] [stderr]    Compiling ref-cast-impl v1.0.22
[INFO] [stderr]    Compiling crypto-common v0.1.6
[INFO] [stderr]    Compiling block-buffer v0.10.4
[INFO] [stderr]    Compiling digest v0.10.7
[INFO] [stderr]    Compiling thiserror v1.0.56
[INFO] [stderr]    Compiling regex-automata v0.1.10
[INFO] [stderr]    Compiling block-buffer v0.9.0
[INFO] [stderr]    Compiling digest v0.8.1
[INFO] [stderr]    Compiling wasmtime-jit-icache-coherence v8.0.1
[INFO] [stderr]    Compiling futures-core v0.3.30
[INFO] [stderr]    Compiling rustc-hex v2.1.0
[INFO] [stderr]    Compiling futures-sink v0.3.30
[INFO] [stderr]    Compiling wasmtime v8.0.1
[INFO] [stderr]    Compiling hex v0.4.3
[INFO] [stderr]    Compiling opaque-debug v0.3.0
[INFO] [stderr]    Compiling sha2 v0.9.9
[INFO] [stderr]    Compiling tracing v0.1.40
[INFO] [stderr]    Compiling futures-channel v0.3.30
[INFO] [stderr]    Compiling matchers v0.0.1
[INFO] [stderr]    Compiling chrono v0.4.31
[INFO] [stderr]    Compiling block-buffer v0.7.3
[INFO] [stderr]    Compiling sha2 v0.10.8
[INFO] [stderr]    Compiling crypto-mac v0.8.0
[INFO] [stderr]    Compiling crypto-mac v0.11.1
[INFO] [stderr]    Compiling libsecp256k1-gen-genmult v0.3.0
[INFO] [stderr]    Compiling libsecp256k1-gen-ecmult v0.3.0
[INFO] [stderr]    Compiling futures-macro v0.3.30
[INFO] [stderr]    Compiling sp-debug-derive v12.0.0
[INFO] [stderr]    Compiling tracing-log v0.1.4
[INFO] [stderr]    Compiling rand_chacha v0.2.2
[INFO] [stderr]    Compiling sharded-slab v0.1.7
[INFO] [stderr]    Compiling secp256k1-sys v0.6.1
[INFO] [stderr]    Compiling thread_local v1.1.7
[INFO] [stderr]    Compiling lock_api v0.4.11
[INFO] [stderr]    Compiling pin-utils v0.1.0
[INFO] [stderr]    Compiling futures-io v0.3.30
[INFO] [stderr]    Compiling futures-task v0.3.30
[INFO] [stderr]    Compiling ansi_term v0.12.1
[INFO] [stderr]    Compiling parking_lot_core v0.9.9
[INFO] [stderr]    Compiling unicode-xid v0.2.4
[INFO] [stderr]    Compiling either v1.9.0
[INFO] [stderr]    Compiling hash-db v0.16.0
[INFO] [stderr]    Compiling sha2 v0.8.2
[INFO] [stderr]    Compiling futures-util v0.3.30
[INFO] [stderr]    Compiling itertools v0.10.5
[INFO] [stderr]    Compiling rand v0.7.3
[INFO] [stderr]    Compiling libsecp256k1 v0.7.1
[INFO] [stderr]    Compiling hmac v0.8.1
[INFO] [stderr]    Compiling uint v0.9.5
[INFO] [stderr]    Compiling fixed-hash v0.8.0
[INFO] [stderr]    Compiling curve25519-dalek v2.1.3
[INFO] [stderr]    Compiling merlin v2.0.1
[INFO] [stderr]    Compiling num_cpus v1.16.0
[INFO] [stderr]    Compiling environmental v1.1.4
[INFO] [stderr]    Compiling scopeguard v1.2.0
[INFO] [stderr]    Compiling arrayvec v0.5.2
[INFO] [stderr]    Compiling semver v1.0.21
[INFO] [stderr]    Compiling schnorrkel v0.9.1
[INFO] [stderr]    Compiling hmac-drbg v0.3.0
[INFO] [stderr]    Compiling pbkdf2 v0.8.0
[INFO] [stderr]    Compiling hmac v0.11.0
[INFO] [stderr]    Compiling sha3 v0.10.8
[INFO] [stderr]    Compiling twox-hash v1.6.3
[INFO] [stderr]    Compiling toml_datetime v0.6.3
[INFO] [stderr]    Compiling serde_spanned v0.6.5
[INFO] [stderr]    Compiling toml_edit v0.19.15
[INFO] [stderr]    Compiling toml_edit v0.20.2
[INFO] [stderr]    Compiling cranelift-entity v0.95.1
[INFO] [stderr]    Compiling bincode v1.3.3
[INFO] [stderr]    Compiling gimli v0.27.3
[INFO] [stderr]    Compiling wasmparser v0.102.0
[INFO] [stderr]    Compiling object v0.30.4
[INFO] [stderr]    Compiling impl-serde v0.4.0
[INFO] [stderr]    Compiling tracing-serde v0.1.3
[INFO] [stderr]    Compiling futures-executor v0.3.30
[INFO] [stderr]    Compiling proc-macro-crate v1.3.1
[INFO] [stderr]    Compiling proc-macro-crate v2.0.1
[INFO] [stderr]    Compiling ss58-registry v1.44.0
[INFO] [stderr]    Compiling tracing-subscriber v0.2.25
[INFO] [stderr]    Compiling curve25519-dalek v3.2.0
[INFO] [stderr]    Compiling scale-info-derive v2.10.0
[INFO] [stderr]    Compiling sp-runtime-interface-proc-macro v15.0.0
[INFO] [stderr]    Compiling parity-scale-codec-derive v3.6.9
[INFO] [stderr]    Compiling wasmtime-types v8.0.1
[INFO] [stderr]    Compiling addr2line v0.19.0
[INFO] [stderr]    Compiling wasmtime-environ v8.0.1
[INFO] [stderr]    Compiling dyn-clonable-impl v0.9.0
[INFO] [stderr]    Compiling blake2b_simd v1.0.2
[INFO] [stderr]    Compiling num-format v0.4.4
[INFO] [stderr]    Compiling dyn-clone v1.0.16
[INFO] [stderr]    Compiling base64 v0.13.1
[INFO] [stderr]    Compiling bitcoin_hashes v0.11.0
[INFO] [stderr]    Compiling parity-scale-codec v3.6.9
[INFO] [stderr]    Compiling dyn-clonable v0.9.0
[INFO] [stderr]    Compiling scale-info v2.10.0
[INFO] [stderr]    Compiling impl-codec v0.6.0
[INFO] [stderr]    Compiling sp-storage v17.0.0
[INFO] [stderr]    Compiling sp-tracing v14.0.0
[INFO] [stderr]    Compiling sp-externalities v0.23.0
[INFO] [stderr]    Compiling wasmtime-jit v8.0.1
[INFO] [stderr]    Compiling bip39 v2.0.0
[INFO] [stderr]    Compiling sp-core-hashing v13.0.0
[INFO] [stderr]    Compiling ed25519-zebra v3.1.0
[INFO] [stderr]    Compiling primitive-types v0.12.2
[INFO] [stderr]    Compiling bounded-collections v0.1.9
[INFO] [stderr]    Compiling secp256k1 v0.24.3
[INFO] [stderr]    Compiling futures v0.3.30
[INFO] [stderr]    Compiling substrate-bip39 v0.4.5
[INFO] [stderr]    Compiling parking_lot v0.12.1
[INFO] [stderr]    Compiling blake2 v0.10.6
[INFO] [stderr]    Compiling secrecy v0.8.0
[INFO] [stderr]    Compiling hash256-std-hasher v0.15.2
[INFO] [stderr]    Compiling array-bytes v6.2.2
[INFO] [stderr]    Compiling bs58 v0.5.0
[INFO] [stderr]    Compiling rustc_version v0.4.0
[INFO] [stderr]    Compiling signature v2.2.0
[INFO] [stderr]    Compiling backtrace v0.3.69
[INFO] [stderr]    Compiling rustversion v1.0.14
[INFO] [stderr]    Compiling platforms v3.3.0
[INFO] [stderr]    Compiling gimli v0.28.1
[INFO] [stderr]    Compiling miniz_oxide v0.7.1
[INFO] [stderr]    Compiling curve25519-dalek v4.1.1
[INFO] [stderr]    Compiling object v0.32.2
[INFO] [stderr]    Compiling trie-db v0.28.0
[INFO] [stderr]    Compiling memory-db v0.32.0
[INFO] [stderr]    Compiling sp-wasm-interface v18.0.0
[INFO] [stderr]    Compiling trie-root v0.18.0
[INFO] [stderr]    Compiling curve25519-dalek-derive v0.1.1
[INFO] [stderr]    Compiling schnellru v0.2.1
[INFO] [stderr]    Compiling sp-runtime-interface v22.0.0
[INFO] [stderr]    Compiling nohash-hasher v0.2.0
[INFO] [stderr]    Compiling sp-io v28.0.0
[INFO] [stderr]    Compiling ed25519 v2.2.3
[INFO] [stderr]    Compiling sp-core v26.0.0
[INFO] [stderr]    Compiling tiny-keccak v2.0.2
[INFO] [stderr]    Compiling integer-sqrt v0.1.5
[INFO] [stderr]    Compiling sp-arithmetic v21.0.0
[INFO] [stderr]    Compiling addr2line v0.21.0
[INFO] [stderr]    Compiling ed25519-dalek v2.1.0
[INFO] [stderr]    Compiling derive-syn-parse v0.1.5
[INFO] [stderr]    Compiling fs-err v2.11.0
[INFO] [stderr]    Compiling const-random-macro v0.1.16
[INFO] [stderr]    Compiling sp-trie v27.0.0
[INFO] [stderr]    Compiling sp-keystore v0.32.0
[INFO] [stderr]    Compiling sp-weights v25.0.0
[INFO] [stderr]    Compiling sp-panic-handler v12.0.0
[INFO] [stderr]    Compiling expander v2.0.0
[INFO] [stderr]    Compiling sp-state-machine v0.33.0
[INFO] [stderr]    Compiling const-random v0.1.17
[INFO] [stderr]    Compiling der v0.7.8
[INFO] [stderr]    Compiling macro_magic_core_macros v0.5.0
[INFO] [stderr]    Compiling ff v0.13.0
[INFO] [stderr]    Compiling base16ct v0.2.0
[INFO] [stderr]    Compiling sp-core-hashing-proc-macro v13.0.0
[INFO] [stderr]    Compiling macro_magic_core v0.5.0
[INFO] [stderr]    Compiling group v0.13.0
[INFO] [stderr]    Compiling frame-metadata v16.0.0
[INFO] [stderr]    Compiling hmac v0.12.1
[INFO] [stderr]    Compiling crypto-bigint v0.5.5
[INFO] [stderr]    Compiling sp-version-proc-macro v12.0.0
[INFO] [stderr]    Compiling macro_magic_macros v0.5.0
[INFO] [stderr]    Compiling num-integer v0.1.45
[INFO] [stderr]    Compiling sec1 v0.7.3
[INFO] [stderr]    Compiling bytemuck v1.14.0
[INFO] [stderr]    Compiling parity-wasm v0.45.0
[INFO] [stderr]    Compiling same-file v1.0.6
[INFO] [stderr]    Compiling async-trait v0.1.77
[INFO] [stderr]    Compiling walkdir v2.4.0
[INFO] [stderr]    Compiling safe_arch v0.7.1
[INFO] [stderr]    Compiling elliptic-curve v0.13.8
[INFO] [stderr]    Compiling sp-metadata-ir v0.4.0
[INFO] [stderr]    Compiling spki v0.7.3
[INFO] [stderr]    Compiling rfc6979 v0.4.0
[INFO] [stderr]    Compiling sp-api-proc-macro v13.0.0
[INFO] [stderr]    Compiling toml v0.8.2
[INFO] [stderr]    Compiling frame-support-procedural-tools-derive v10.0.0
[INFO] [stderr]    Compiling num-rational v0.4.1
[INFO] [stderr]    Compiling matrixmultiply v0.3.8
[INFO] [stderr]    Compiling include_dir_macros v0.7.3
[INFO] [stderr]    Compiling termcolor v1.4.0
[INFO] [stderr]    Compiling common-path v1.0.0
[INFO] [stderr]    Compiling cfg-expr v0.15.6
[INFO] [stderr]    Compiling frame-support-procedural-tools v9.0.0
[INFO] [stderr]    Compiling docify_macros v0.2.7
[INFO] [stderr]    Compiling include_dir v0.7.3
[INFO] [stderr]    Compiling ecdsa v0.16.9
[INFO] [stderr]    Compiling proc-macro-error v1.0.4
[INFO] [stderr]    Compiling wide v0.7.13
[INFO] [stderr]    Compiling macro_magic v0.5.0
[INFO] [stderr]    Compiling proc-macro-warning v1.0.2
[INFO] [stderr]    Compiling num-complex v0.4.4
[INFO] [stderr]    Compiling approx v0.5.1
[INFO] [stderr]    Compiling rawpointer v0.2.1
[INFO] [stderr]    Compiling frame-support-procedural v21.0.0
[INFO] [stderr]    Compiling sp-application-crypto v28.0.0
[INFO] [stderr]    Compiling simba v0.8.1
[INFO] [stderr]    Compiling sp-runtime v29.0.0
[INFO] [stderr]    Compiling docify v0.2.7
[INFO] [stderr]    Compiling k256 v0.13.2
[INFO] [stderr]    Compiling aquamarine v0.3.3
[INFO] [stderr]    Compiling nalgebra-macros v0.2.1
[INFO] [stderr]    Compiling tt-call v1.0.9
[INFO] [stderr]    Compiling sp-version v27.0.0
[INFO] [stderr]    Compiling sp-inherents v24.0.0
[INFO] [stderr]    Compiling sp-staking v24.0.0
[INFO] [stderr]    Compiling sp-api v24.0.0
[INFO] [stderr]    Compiling sp-genesis-builder v0.5.0
[INFO] [stderr]    Compiling nalgebra v0.32.3
[INFO] [stderr]    Compiling frame-support v26.0.0
[INFO] [stderr]    Compiling linregress v0.5.3
[INFO] [stderr]    Compiling frame-system v26.0.0
[INFO] [stderr]    Compiling frame-benchmarking v26.0.0
[INFO] [stderr]    Compiling pallet-tx-pause v7.0.0 (/opt/rustwide/workdir)
[INFO] [stderr]     Finished dev [unoptimized + debuginfo] target(s) in 5m 04s
[INFO] running `Command { std: "docker" "inspect" "52616f2525262027a1769aee3bc509f23c235e53afaaa80f4c202eeab81c5de5", kill_on_drop: false }`
[INFO] running `Command { std: "docker" "rm" "-f" "52616f2525262027a1769aee3bc509f23c235e53afaaa80f4c202eeab81c5de5", kill_on_drop: false }`
[INFO] [stdout] 52616f2525262027a1769aee3bc509f23c235e53afaaa80f4c202eeab81c5de5
[INFO] running `Command { std: "docker" "create" "-v" "/var/lib/crater-agent-workspace/builds/worker-7-tc2/target:/opt/rustwide/target:rw,Z" "-v" "/var/lib/crater-agent-workspace/builds/worker-7-tc2/source:/opt/rustwide/workdir:ro,Z" "-v" "/var/lib/crater-agent-workspace/cargo-home:/opt/rustwide/cargo-home:ro,Z" "-v" "/var/lib/crater-agent-workspace/rustup-home:/opt/rustwide/rustup-home:ro,Z" "-e" "SOURCE_DIR=/opt/rustwide/workdir" "-e" "CARGO_TARGET_DIR=/opt/rustwide/target" "-e" "CARGO_INCREMENTAL=0" "-e" "RUST_BACKTRACE=full" "-e" "RUSTFLAGS=--cap-lints=warn" "-e" "RUSTDOCFLAGS=--cap-lints=warn" "-e" "CARGO_HOME=/opt/rustwide/cargo-home" "-e" "RUSTUP_HOME=/opt/rustwide/rustup-home" "-w" "/opt/rustwide/workdir" "-m" "1610612736" "--user" "0:0" "--network" "none" "ghcr.io/rust-lang/crates-build-env/linux@sha256:2788e3201cd34a07e3172128adcd8b3090168a8e3bcc40d7c032b9dda1df7d1c" "/opt/rustwide/cargo-home/bin/cargo" "+beta-2023-12-22" "test" "--frozen" "--no-run" "--message-format=json", kill_on_drop: false }`
[INFO] [stdout] 11e95817aafb1bcaef793d25be82e179eb3d5b5a766ab5a1d74670fce7522e52
[INFO] running `Command { std: "docker" "start" "-a" "11e95817aafb1bcaef793d25be82e179eb3d5b5a766ab5a1d74670fce7522e52", kill_on_drop: false }`
[INFO] [stderr]    Compiling pallet-tx-pause v7.0.0 (/opt/rustwide/workdir)
[INFO] [stdout] error[E0432]: unresolved import `sp_core`
[INFO] [stdout]   --> src/mock.rs:30:5
[INFO] [stdout]    |
[INFO] [stdout] 30 | use sp_core::H256;
[INFO] [stdout]    |     ^^^^^^^ use of undeclared crate or module `sp_core`
[INFO] [stdout] 
[INFO] [stdout] 
[INFO] [stdout] error[E0432]: unresolved import `crate::mock::RuntimeCall`
[INFO] [stdout]   --> src/tests.rs:21:19
[INFO] [stdout]    |
[INFO] [stdout] 21 | use crate::mock::{RuntimeCall, *};
[INFO] [stdout]    |                   ^^^^^^^^^^^
[INFO] [stdout]    |                   |
[INFO] [stdout]    |                   no `RuntimeCall` in `mock`
[INFO] [stdout]    |                   help: a similar name exists in the module: `RuntimeCallFor`
[INFO] [stdout] 
[INFO] [stdout] 
[INFO] [stdout] error[E0433]: failed to resolve: use of undeclared crate or module `pallet_proxy`
[INFO] [stdout]    --> src/mock.rs:190:10
[INFO] [stdout]     |
[INFO] [stdout] 190 |         Proxy: pallet_proxy,
[INFO] [stdout]     |                ^^^^^^^^^^^^ use of undeclared crate or module `pallet_proxy`
[INFO] [stdout] 
[INFO] [stdout] 
[INFO] [stdout] error[E0433]: failed to resolve: use of undeclared crate or module `sp_io`
[INFO] [stdout]    --> src/mock.rs:209:16
[INFO] [stdout]     |
[INFO] [stdout] 209 |     let mut ext = sp_io::TestExternalities::new(t);
[INFO] [stdout]     |                   ^^^^^ use of undeclared crate or module `sp_io`
[INFO] [stdout] 
[INFO] [stdout] 
[INFO] [stdout] error[E0412]: cannot find type `Test` in this scope
[INFO] [stdout]   --> src/mock.rs:39:31
[INFO] [stdout]    |
[INFO] [stdout] 39 | impl frame_system::Config for Test {
[INFO] [stdout]    |                               ^^^^ not found in this scope
[INFO] [stdout] 
[INFO] [stdout] 
[INFO] [stdout] error[E0412]: cannot find type `TxPause` in this scope
[INFO] [stdout]   --> src/mock.rs:40:47
[INFO] [stdout]    |
[INFO] [stdout] 40 |     type BaseCallFilter = InsideBoth<Everything, TxPause>;
[INFO] [stdout]    |                                                  ^^^^^^^ not found in this scope
[INFO] [stdout]    |
[INFO] [stdout] help: you might be missing a type parameter
[INFO] [stdout]    |
[INFO] [stdout] 39 | impl<TxPause> frame_system::Config for Test {
[INFO] [stdout]    |     +++++++++
[INFO] [stdout] 
[INFO] [stdout] 
[INFO] [stdout] error[E0412]: cannot find type `RuntimeOrigin` in this scope
[INFO] [stdout]   --> src/mock.rs:43:23
[INFO] [stdout]    |
[INFO] [stdout] 43 |     type RuntimeOrigin = RuntimeOrigin;
[INFO] [stdout]    |                          ^^^^^^^^^^^^^
[INFO] [stdout]    |
[INFO] [stdout] help: you might have meant to use the associated type
[INFO] [stdout]    |
[INFO] [stdout] 43 |     type RuntimeOrigin = Self::RuntimeOrigin;
[INFO] [stdout]    |                          ++++++
[INFO] [stdout] 
[INFO] [stdout] 
[INFO] [stdout] error[E0412]: cannot find type `RuntimeCall` in this scope
[INFO] [stdout]     --> src/mock.rs:44:21
[INFO] [stdout]      |
[INFO] [stdout] 44   |     type RuntimeCall = RuntimeCall;
[INFO] [stdout]      |                        ^^^^^^^^^^^
[INFO] [stdout]      |
[INFO] [stdout]     ::: /opt/rustwide/cargo-home/registry/src/index.crates.io-6f17d22bba15001f/frame-system-26.0.0/src/lib.rs:1869:2
[INFO] [stdout]      |
[INFO] [stdout] 1869 |     pub type RuntimeCallFor<T> = <T as crate::Config>::RuntimeCall;
[INFO] [stdout]      |     -------------------------- similarly named type alias `RuntimeCallFor` defined here
[INFO] [stdout]      |
[INFO] [stdout] help: you might have meant to use the associated type
[INFO] [stdout]      |
[INFO] [stdout] 44   |     type RuntimeCall = Self::RuntimeCall;
[INFO] [stdout]      |                        ++++++
[INFO] [stdout] help: a type alias with a similar name exists
[INFO] [stdout]      |
[INFO] [stdout] 44   |     type RuntimeCall = RuntimeCallFor;
[INFO] [stdout]      |                        ~~~~~~~~~~~~~~
[INFO] [stdout] 
[INFO] [stdout] 
[INFO] [stdout] error[E0412]: cannot find type `RuntimeEvent` in this scope
[INFO] [stdout]   --> src/mock.rs:50:22
[INFO] [stdout]    |
[INFO] [stdout] 50 |     type RuntimeEvent = RuntimeEvent;
[INFO] [stdout]    |                         ^^^^^^^^^^^^
[INFO] [stdout]    |
[INFO] [stdout] help: you might have meant to use the associated type
[INFO] [stdout]    |
[INFO] [stdout] 50 |     type RuntimeEvent = Self::RuntimeEvent;
[INFO] [stdout]    |                         ++++++
[INFO] [stdout] 
[INFO] [stdout] 
[INFO] [stdout] error[E0412]: cannot find type `PalletInfo` in this scope
[INFO] [stdout]   --> src/mock.rs:55:20
[INFO] [stdout]    |
[INFO] [stdout] 55 |     type PalletInfo = PalletInfo;
[INFO] [stdout]    |                       ^^^^^^^^^^
[INFO] [stdout]    |
[INFO] [stdout] help: you might have meant to use the associated type
[INFO] [stdout]    |
[INFO] [stdout] 55 |     type PalletInfo = Self::PalletInfo;
[INFO] [stdout]    |                       ++++++
[INFO] [stdout] help: consider importing one of these items
[INFO] [stdout]    |
[INFO] [stdout] 22 + use frame_benchmarking::__private::traits::PalletInfo;
[INFO] [stdout]    |
[INFO] [stdout] 22 + use frame_support::traits::PalletInfo;
[INFO] [stdout]    |
[INFO] [stdout] 
[INFO] [stdout] 
[INFO] [stdout] error[E0412]: cannot find type `Test` in this scope
[INFO] [stdout]   --> src/mock.rs:69:34
[INFO] [stdout]    |
[INFO] [stdout] 69 | impl pallet_balances::Config for Test {
[INFO] [stdout]    |                                  ^^^^ not found in this scope
[INFO] [stdout] 
[INFO] [stdout] 
[INFO] [stdout] error[E0412]: cannot find type `RuntimeEvent` in this scope
[INFO] [stdout]   --> src/mock.rs:72:22
[INFO] [stdout]    |
[INFO] [stdout] 72 |     type RuntimeEvent = RuntimeEvent;
[INFO] [stdout]    |                         ^^^^^^^^^^^^ not found in this scope
[INFO] [stdout] 
[INFO] [stdout] 
[INFO] [stdout] error[E0412]: cannot find type `System` in this scope
[INFO] [stdout]   --> src/mock.rs:74:22
[INFO] [stdout]    |
[INFO] [stdout] 74 |     type AccountStore = System;
[INFO] [stdout]    |                         ^^^^^^ not found in this scope
[INFO] [stdout]    |
[INFO] [stdout] help: consider importing one of these items
[INFO] [stdout]    |
[INFO] [stdout] 22 + use codec::alloc::alloc::System;
[INFO] [stdout]    |
[INFO] [stdout] 22 + use sp_std::alloc::System;
[INFO] [stdout]    |
[INFO] [stdout] 22 + use std::alloc::System;
[INFO] [stdout]    |
[INFO] [stdout] 
[INFO] [stdout] 
[INFO] [stdout] error[E0412]: cannot find type `RuntimeHoldReason` in this scope
[INFO] [stdout]   --> src/mock.rs:80:27
[INFO] [stdout]    |
[INFO] [stdout] 80 |     type RuntimeHoldReason = RuntimeHoldReason;
[INFO] [stdout]    |                              ^^^^^^^^^^^^^^^^^ not found in this scope
[INFO] [stdout] 
[INFO] [stdout] 
[INFO] [stdout] error[E0412]: cannot find type `RuntimeFreezeReason` in this scope
[INFO] [stdout]   --> src/mock.rs:81:29
[INFO] [stdout]    |
[INFO] [stdout] 81 |     type RuntimeFreezeReason = RuntimeFreezeReason;
[INFO] [stdout]    |                                ^^^^^^^^^^^^^^^^^^^ not found in this scope
[INFO] [stdout] 
[INFO] [stdout] 
[INFO] [stdout] error[E0412]: cannot find type `Test` in this scope
[INFO] [stdout]   --> src/mock.rs:86:33
[INFO] [stdout]    |
[INFO] [stdout] 86 | impl pallet_utility::Config for Test {
[INFO] [stdout]    |                                 ^^^^ not found in this scope
[INFO] [stdout] 
[INFO] [stdout] 
[INFO] [stdout] error[E0412]: cannot find type `RuntimeEvent` in this scope
[INFO] [stdout]   --> src/mock.rs:87:22
[INFO] [stdout]    |
[INFO] [stdout] 87 |     type RuntimeEvent = RuntimeEvent;
[INFO] [stdout]    |                         ^^^^^^^^^^^^ not found in this scope
[INFO] [stdout] 
[INFO] [stdout] 
[INFO] [stdout] error[E0412]: cannot find type `RuntimeCall` in this scope
[INFO] [stdout]     --> src/mock.rs:88:21
[INFO] [stdout]      |
[INFO] [stdout] 88   |     type RuntimeCall = RuntimeCall;
[INFO] [stdout]      |                        ^^^^^^^^^^^ help: a type alias with a similar name exists: `RuntimeCallFor`
[INFO] [stdout]      |
[INFO] [stdout]     ::: /opt/rustwide/cargo-home/registry/src/index.crates.io-6f17d22bba15001f/frame-system-26.0.0/src/lib.rs:1869:2
[INFO] [stdout]      |
[INFO] [stdout] 1869 |     pub type RuntimeCallFor<T> = <T as crate::Config>::RuntimeCall;
[INFO] [stdout]      |     -------------------------- similarly named type alias `RuntimeCallFor` defined here
[INFO] [stdout] 
[INFO] [stdout] 
[INFO] [stdout] error[E0412]: cannot find type `OriginCaller` in this scope
[INFO] [stdout]   --> src/mock.rs:89:23
[INFO] [stdout]    |
[INFO] [stdout] 89 |     type PalletsOrigin = OriginCaller;
[INFO] [stdout]    |                          ^^^^^^^^^^^^ not found in this scope
[INFO] [stdout] 
[INFO] [stdout] 
[INFO] [stdout] error[E0412]: cannot find type `RuntimeCall` in this scope
[INFO] [stdout]     --> src/mock.rs:119:21
[INFO] [stdout]      |
[INFO] [stdout] 119  | impl InstanceFilter<RuntimeCall> for ProxyType {
[INFO] [stdout]      |                     ^^^^^^^^^^^
[INFO] [stdout]      |
[INFO] [stdout]     ::: /opt/rustwide/cargo-home/registry/src/index.crates.io-6f17d22bba15001f/frame-system-26.0.0/src/lib.rs:1869:2
[INFO] [stdout]      |
[INFO] [stdout] 1869 |     pub type RuntimeCallFor<T> = <T as crate::Config>::RuntimeCall;
[INFO] [stdout]      |     -------------------------- similarly named type alias `RuntimeCallFor` defined here
[INFO] [stdout]      |
[INFO] [stdout] help: a type alias with a similar name exists
[INFO] [stdout]      |
[INFO] [stdout] 119  | impl InstanceFilter<RuntimeCallFor> for ProxyType {
[INFO] [stdout]      |                     ~~~~~~~~~~~~~~
[INFO] [stdout] help: you might be missing a type parameter
[INFO] [stdout]      |
[INFO] [stdout] 119  | impl<RuntimeCall> InstanceFilter<RuntimeCall> for ProxyType {
[INFO] [stdout]      |     +++++++++++++
[INFO] [stdout] 
[INFO] [stdout] 
[INFO] [stdout] error[E0412]: cannot find type `RuntimeCall` in this scope
[INFO] [stdout]     --> src/mock.rs:120:23
[INFO] [stdout]      |
[INFO] [stdout] 120  |     fn filter(&self, c: &RuntimeCall) -> bool {
[INFO] [stdout]      |                          ^^^^^^^^^^^ help: a type alias with a similar name exists: `RuntimeCallFor`
[INFO] [stdout]      |
[INFO] [stdout]     ::: /opt/rustwide/cargo-home/registry/src/index.crates.io-6f17d22bba15001f/frame-system-26.0.0/src/lib.rs:1869:2
[INFO] [stdout]      |
[INFO] [stdout] 1869 |     pub type RuntimeCallFor<T> = <T as crate::Config>::RuntimeCall;
[INFO] [stdout]      |     -------------------------- similarly named type alias `RuntimeCallFor` defined here
[INFO] [stdout] 
[INFO] [stdout] 
[INFO] [stdout] error[E0433]: failed to resolve: use of undeclared crate or module `pallet_balances`
[INFO] [stdout]    --> src/mock.rs:126:28
[INFO] [stdout]     |
[INFO] [stdout] 126 |                     RuntimeCall::Balances(pallet_balances::Call::transfer_allow_death { .. })
[INFO] [stdout]     |                                           ^^^^^^^^^^^^^^^ use of undeclared crate or module `pallet_balances`
[INFO] [stdout]     |
[INFO] [stdout] help: consider importing one of these items
[INFO] [stdout]     |
[INFO] [stdout] 22  + use crate::Call;
[INFO] [stdout]     |
[INFO] [stdout] 22  + use frame_system::Call;
[INFO] [stdout]     |
[INFO] [stdout] help: if you import `Call`, refer to it directly
[INFO] [stdout]     |
[INFO] [stdout] 126 -                     RuntimeCall::Balances(pallet_balances::Call::transfer_allow_death { .. })
[INFO] [stdout] 126 +                     RuntimeCall::Balances(Call::transfer_allow_death { .. })
[INFO] [stdout]     |
[INFO] [stdout] 
[INFO] [stdout] 
[INFO] [stdout] error[E0412]: cannot find type `Test` in this scope
[INFO] [stdout]    --> src/mock.rs:137:31
[INFO] [stdout]     |
[INFO] [stdout] 137 | impl pallet_proxy::Config for Test {
[INFO] [stdout]     |                               ^^^^ not found in this scope
[INFO] [stdout] 
[INFO] [stdout] 
[INFO] [stdout] error[E0412]: cannot find type `RuntimeEvent` in this scope
[INFO] [stdout]    --> src/mock.rs:138:22
[INFO] [stdout]     |
[INFO] [stdout] 138 |     type RuntimeEvent = RuntimeEvent;
[INFO] [stdout]     |                         ^^^^^^^^^^^^ not found in this scope
[INFO] [stdout] 
[INFO] [stdout] 
[INFO] [stdout] error[E0412]: cannot find type `RuntimeCall` in this scope
[INFO] [stdout]     --> src/mock.rs:139:21
[INFO] [stdout]      |
[INFO] [stdout] 139  |     type RuntimeCall = RuntimeCall;
[INFO] [stdout]      |                        ^^^^^^^^^^^ help: a type alias with a similar name exists: `RuntimeCallFor`
[INFO] [stdout]      |
[INFO] [stdout]     ::: /opt/rustwide/cargo-home/registry/src/index.crates.io-6f17d22bba15001f/frame-system-26.0.0/src/lib.rs:1869:2
[INFO] [stdout]      |
[INFO] [stdout] 1869 |     pub type RuntimeCallFor<T> = <T as crate::Config>::RuntimeCall;
[INFO] [stdout]      |     -------------------------- similarly named type alias `RuntimeCallFor` defined here
[INFO] [stdout] 
[INFO] [stdout] 
[INFO] [stdout] error[E0412]: cannot find type `Balances` in this scope
[INFO] [stdout]    --> src/mock.rs:140:18
[INFO] [stdout]     |
[INFO] [stdout] 140 |     type Currency = Balances;
[INFO] [stdout]     |                     ^^^^^^^^ not found in this scope
[INFO] [stdout] 
[INFO] [stdout] 
[INFO] [stdout] error[E0412]: cannot find type `Test` in this scope
[INFO] [stdout]    --> src/mock.rs:163:33
[INFO] [stdout]     |
[INFO] [stdout] 163 | impl Contains<RuntimeCallNameOf<Test>> for WhitelistedCalls {
[INFO] [stdout]     |                                 ^^^^ not found in this scope
[INFO] [stdout]     |
[INFO] [stdout] help: you might be missing a type parameter
[INFO] [stdout]     |
[INFO] [stdout] 163 | impl<Test> Contains<RuntimeCallNameOf<Test>> for WhitelistedCalls {
[INFO] [stdout]     |     ++++++
[INFO] [stdout] 
[INFO] [stdout] 
[INFO] [stdout] error[E0412]: cannot find type `Test` in this scope
[INFO] [stdout]    --> src/mock.rs:164:44
[INFO] [stdout]     |
[INFO] [stdout] 164 |     fn contains(full_name: &RuntimeCallNameOf<Test>) -> bool {
[INFO] [stdout]     |                                               ^^^^ not found in this scope
[INFO] [stdout]     |
[INFO] [stdout] help: you might be missing a type parameter
[INFO] [stdout]     |
[INFO] [stdout] 163 | impl<Test> Contains<RuntimeCallNameOf<Test>> for WhitelistedCalls {
[INFO] [stdout]     |     ++++++
[INFO] [stdout] 
[INFO] [stdout] 
[INFO] [stdout] error[E0412]: cannot find type `Test` in this scope
[INFO] [stdout]    --> src/mock.rs:172:17
[INFO] [stdout]     |
[INFO] [stdout] 172 | impl Config for Test {
[INFO] [stdout]     |                 ^^^^ not found in this scope
[INFO] [stdout] 
[INFO] [stdout] 
[INFO] [stdout] error[E0412]: cannot find type `RuntimeEvent` in this scope
[INFO] [stdout]    --> src/mock.rs:173:22
[INFO] [stdout]     |
[INFO] [stdout] 173 |     type RuntimeEvent = RuntimeEvent;
[INFO] [stdout]     |                         ^^^^^^^^^^^^
[INFO] [stdout]     |
[INFO] [stdout] help: you might have meant to use the associated type
[INFO] [stdout]     |
[INFO] [stdout] 173 |     type RuntimeEvent = Self::RuntimeEvent;
[INFO] [stdout]     |                         ++++++
[INFO] [stdout] 
[INFO] [stdout] 
[INFO] [stdout] error[E0412]: cannot find type `RuntimeCall` in this scope
[INFO] [stdout]     --> src/mock.rs:174:21
[INFO] [stdout]      |
[INFO] [stdout] 174  |     type RuntimeCall = RuntimeCall;
[INFO] [stdout]      |                        ^^^^^^^^^^^
[INFO] [stdout]      |
[INFO] [stdout]     ::: /opt/rustwide/cargo-home/registry/src/index.crates.io-6f17d22bba15001f/frame-system-26.0.0/src/lib.rs:1869:2
[INFO] [stdout]      |
[INFO] [stdout] 1869 |     pub type RuntimeCallFor<T> = <T as crate::Config>::RuntimeCall;
[INFO] [stdout]      |     -------------------------- similarly named type alias `RuntimeCallFor` defined here
[INFO] [stdout]      |
[INFO] [stdout] help: you might have meant to use the associated type
[INFO] [stdout]      |
[INFO] [stdout] 174  |     type RuntimeCall = Self::RuntimeCall;
[INFO] [stdout]      |                        ++++++
[INFO] [stdout] help: a type alias with a similar name exists
[INFO] [stdout]      |
[INFO] [stdout] 174  |     type RuntimeCall = RuntimeCallFor;
[INFO] [stdout]      |                        ~~~~~~~~~~~~~~
[INFO] [stdout] 
[INFO] [stdout] 
[INFO] [stdout] error[E0412]: cannot find type `Test` in this scope
[INFO] [stdout]    --> src/mock.rs:182:47
[INFO] [stdout]     |
[INFO] [stdout] 182 | type Block = frame_system::mocking::MockBlock<Test>;
[INFO] [stdout]     |                                               ^^^^ not found in this scope
[INFO] [stdout]     |
[INFO] [stdout] help: you might be missing a type parameter
[INFO] [stdout]     |
[INFO] [stdout] 182 | type Block<Test> = frame_system::mocking::MockBlock<Test>;
[INFO] [stdout]     |           ++++++
[INFO] [stdout] 
[INFO] [stdout] 
[INFO] [stdout] error[E0433]: failed to resolve: use of undeclared crate or module `sp_io`
[INFO] [stdout]    --> src/mock.rs:195:26
[INFO] [stdout]     |
[INFO] [stdout] 195 | pub fn new_test_ext() -> sp_io::TestExternalities {
[INFO] [stdout]     |                          ^^^^^ use of undeclared crate or module `sp_io`
[INFO] [stdout]     |
[INFO] [stdout] help: consider importing this crate
[INFO] [stdout]     |
[INFO] [stdout] 22  + use frame_support::__private::sp_io;
[INFO] [stdout]     |
[INFO] [stdout] 
[INFO] [stdout] 
[INFO] [stdout] error[E0412]: cannot find type `Test` in this scope
[INFO] [stdout]    --> src/mock.rs:196:44
[INFO] [stdout]     |
[INFO] [stdout] 196 |     let mut t = frame_system::GenesisConfig::<Test>::default().build_storage().unwrap();
[INFO] [stdout]     |                                               ^^^^ not found in this scope
[INFO] [stdout]     |
[INFO] [stdout] help: you might be missing a type parameter
[INFO] [stdout]     |
[INFO] [stdout] 195 | pub fn new_test_ext<Test>() -> sp_io::TestExternalities {
[INFO] [stdout]     |                    ++++++
[INFO] [stdout] 
[INFO] [stdout] 
[INFO] [stdout] error[E0412]: cannot find type `Test` in this scope
[INFO] [stdout]    --> src/mock.rs:198:35
[INFO] [stdout]     |
[INFO] [stdout] 198 |     pallet_balances::GenesisConfig::<Test> {
[INFO] [stdout]     |                                      ^^^^ not found in this scope
[INFO] [stdout]     |
[INFO] [stdout] help: you might be missing a type parameter
[INFO] [stdout]     |
[INFO] [stdout] 195 | pub fn new_test_ext<Test>() -> sp_io::TestExternalities {
[INFO] [stdout]     |                    ++++++
[INFO] [stdout] 
[INFO] [stdout] 
[INFO] [stdout] error[E0412]: cannot find type `Test` in this scope
[INFO] [stdout]    --> src/mock.rs:205:35
[INFO] [stdout]     |
[INFO] [stdout] 205 |     pallet_tx_pause::GenesisConfig::<Test> { paused: vec![] }
[INFO] [stdout]     |                                      ^^^^ not found in this scope
[INFO] [stdout]     |
[INFO] [stdout] help: you might be missing a type parameter
[INFO] [stdout]     |
[INFO] [stdout] 195 | pub fn new_test_ext<Test>() -> sp_io::TestExternalities {
[INFO] [stdout]     |                    ++++++
[INFO] [stdout] 
[INFO] [stdout] 
[INFO] [stdout] error[E0433]: failed to resolve: use of undeclared type `System`
[INFO] [stdout]    --> src/mock.rs:211:3
[INFO] [stdout]     |
[INFO] [stdout] 211 |         System::set_block_number(1);
[INFO] [stdout]     |         ^^^^^^ use of undeclared type `System`
[INFO] [stdout]     |
[INFO] [stdout] help: consider importing one of these items
[INFO] [stdout]     |
[INFO] [stdout] 22  + use codec::alloc::alloc::System;
[INFO] [stdout]     |
[INFO] [stdout] 22  + use sp_std::alloc::System;
[INFO] [stdout]     |
[INFO] [stdout] 22  + use std::alloc::System;
[INFO] [stdout]     |
[INFO] [stdout] 
[INFO] [stdout] 
[INFO] [stdout] error[E0433]: failed to resolve: use of undeclared type `System`
[INFO] [stdout]    --> src/mock.rs:217:23
[INFO] [stdout]     |
[INFO] [stdout] 217 |     TxPause::on_finalize(System::block_number());
[INFO] [stdout]     |                          ^^^^^^ use of undeclared type `System`
[INFO] [stdout]     |
[INFO] [stdout] help: consider importing one of these items
[INFO] [stdout]     |
[INFO] [stdout] 22  + use codec::alloc::alloc::System;
[INFO] [stdout]     |
[INFO] [stdout] 22  + use sp_std::alloc::System;
[INFO] [stdout]     |
[INFO] [stdout] 22  + use std::alloc::System;
[INFO] [stdout]     |
[INFO] [stdout] 
[INFO] [stdout] 
[INFO] [stdout] error[E0433]: failed to resolve: use of undeclared type `System`
[INFO] [stdout]    --> src/mock.rs:218:24
[INFO] [stdout]     |
[INFO] [stdout] 218 |     Balances::on_finalize(System::block_number());
[INFO] [stdout]     |                           ^^^^^^ use of undeclared type `System`
[INFO] [stdout]     |
[INFO] [stdout] help: consider importing one of these items
[INFO] [stdout]     |
[INFO] [stdout] 22  + use codec::alloc::alloc::System;
[INFO] [stdout]     |
[INFO] [stdout] 22  + use sp_std::alloc::System;
[INFO] [stdout]     |
[INFO] [stdout] 22  + use std::alloc::System;
[INFO] [stdout]     |
[INFO] [stdout] 
[INFO] [stdout] 
[INFO] [stdout] error[E0433]: failed to resolve: use of undeclared type `System`
[INFO] [stdout]    --> src/mock.rs:219:2
[INFO] [stdout]     |
[INFO] [stdout] 219 |     System::on_finalize(System::block_number());
[INFO] [stdout]     |     ^^^^^^ use of undeclared type `System`
[INFO] [stdout]     |
[INFO] [stdout] help: consider importing one of these items
[INFO] [stdout]     |
[INFO] [stdout] 22  + use codec::alloc::alloc::System;
[INFO] [stdout]     |
[INFO] [stdout] 22  + use sp_std::alloc::System;
[INFO] [stdout]     |
[INFO] [stdout] 22  + use std::alloc::System;
[INFO] [stdout]     |
[INFO] [stdout] 
[INFO] [stdout] 
[INFO] [stdout] error[E0433]: failed to resolve: use of undeclared type `System`
[INFO] [stdout]    --> src/mock.rs:219:22
[INFO] [stdout]     |
[INFO] [stdout] 219 |     System::on_finalize(System::block_number());
[INFO] [stdout]     |                         ^^^^^^ use of undeclared type `System`
[INFO] [stdout]     |
[INFO] [stdout] help: consider importing one of these items
[INFO] [stdout]     |
[INFO] [stdout] 22  + use codec::alloc::alloc::System;
[INFO] [stdout]     |
[INFO] [stdout] 22  + use sp_std::alloc::System;
[INFO] [stdout]     |
[INFO] [stdout] 22  + use std::alloc::System;
[INFO] [stdout]     |
[INFO] [stdout] 
[INFO] [stdout] 
[INFO] [stdout] error[E0433]: failed to resolve: use of undeclared type `System`
[INFO] [stdout]    --> src/mock.rs:220:2
[INFO] [stdout]     |
[INFO] [stdout] 220 |     System::set_block_number(System::block_number() + 1);
[INFO] [stdout]     |     ^^^^^^ use of undeclared type `System`
[INFO] [stdout]     |
[INFO] [stdout] help: consider importing one of these items
[INFO] [stdout]     |
[INFO] [stdout] 22  + use codec::alloc::alloc::System;
[INFO] [stdout]     |
[INFO] [stdout] 22  + use sp_std::alloc::System;
[INFO] [stdout]     |
[INFO] [stdout] 22  + use std::alloc::System;
[INFO] [stdout]     |
[INFO] [stdout] 
[INFO] [stdout] 
[INFO] [stdout] error[E0433]: failed to resolve: use of undeclared type `System`
[INFO] [stdout]    --> src/mock.rs:220:27
[INFO] [stdout]     |
[INFO] [stdout] 220 |     System::set_block_number(System::block_number() + 1);
[INFO] [stdout]     |                              ^^^^^^ use of undeclared type `System`
[INFO] [stdout]     |
[INFO] [stdout] help: consider importing one of these items
[INFO] [stdout]     |
[INFO] [stdout] 22  + use codec::alloc::alloc::System;
[INFO] [stdout]     |
[INFO] [stdout] 22  + use sp_std::alloc::System;
[INFO] [stdout]     |
[INFO] [stdout] 22  + use std::alloc::System;
[INFO] [stdout]     |
[INFO] [stdout] 
[INFO] [stdout] 
[INFO] [stdout] error[E0433]: failed to resolve: use of undeclared type `System`
[INFO] [stdout]    --> src/mock.rs:221:2
[INFO] [stdout]     |
[INFO] [stdout] 221 |     System::on_initialize(System::block_number());
[INFO] [stdout]     |     ^^^^^^ use of undeclared type `System`
[INFO] [stdout]     |
[INFO] [stdout] help: consider importing one of these items
[INFO] [stdout]     |
[INFO] [stdout] 22  + use codec::alloc::alloc::System;
[INFO] [stdout]     |
[INFO] [stdout] 22  + use sp_std::alloc::System;
[INFO] [stdout]     |
[INFO] [stdout] 22  + use std::alloc::System;
[INFO] [stdout]     |
[INFO] [stdout] 
[INFO] [stdout] 
[INFO] [stdout] error[E0433]: failed to resolve: use of undeclared type `System`
[INFO] [stdout]    --> src/mock.rs:221:24
[INFO] [stdout]     |
[INFO] [stdout] 221 |     System::on_initialize(System::block_number());
[INFO] [stdout]     |                           ^^^^^^ use of undeclared type `System`
[INFO] [stdout]     |
[INFO] [stdout] help: consider importing one of these items
[INFO] [stdout]     |
[INFO] [stdout] 22  + use codec::alloc::alloc::System;
[INFO] [stdout]     |
[INFO] [stdout] 22  + use sp_std::alloc::System;
[INFO] [stdout]     |
[INFO] [stdout] 22  + use std::alloc::System;
[INFO] [stdout]     |
[INFO] [stdout] 
[INFO] [stdout] 
[INFO] [stdout] error[E0433]: failed to resolve: use of undeclared type `System`
[INFO] [stdout]    --> src/mock.rs:222:26
[INFO] [stdout]     |
[INFO] [stdout] 222 |     Balances::on_initialize(System::block_number());
[INFO] [stdout]     |                             ^^^^^^ use of undeclared type `System`
[INFO] [stdout]     |
[INFO] [stdout] help: consider importing one of these items
[INFO] [stdout]     |
[INFO] [stdout] 22  + use codec::alloc::alloc::System;
[INFO] [stdout]     |
[INFO] [stdout] 22  + use sp_std::alloc::System;
[INFO] [stdout]     |
[INFO] [stdout] 22  + use std::alloc::System;
[INFO] [stdout]     |
[INFO] [stdout] 
[INFO] [stdout] 
[INFO] [stdout] error[E0433]: failed to resolve: use of undeclared type `System`
[INFO] [stdout]    --> src/mock.rs:223:25
[INFO] [stdout]     |
[INFO] [stdout] 223 |     TxPause::on_initialize(System::block_number());
[INFO] [stdout]     |                            ^^^^^^ use of undeclared type `System`
[INFO] [stdout]     |
[INFO] [stdout] help: consider importing one of these items
[INFO] [stdout]     |
[INFO] [stdout] 22  + use codec::alloc::alloc::System;
[INFO] [stdout]     |
[INFO] [stdout] 22  + use sp_std::alloc::System;
[INFO] [stdout]     |
[INFO] [stdout] 22  + use std::alloc::System;
[INFO] [stdout]     |
[INFO] [stdout] 
[INFO] [stdout] 
[INFO] [stdout] error[E0433]: failed to resolve: use of undeclared type `System`
[INFO] [stdout]    --> src/mock.rs:227:8
[INFO] [stdout]     |
[INFO] [stdout] 227 |     while System::block_number() < n {
[INFO] [stdout]     |           ^^^^^^ use of undeclared type `System`
[INFO] [stdout]     |
[INFO] [stdout] help: consider importing one of these items
[INFO] [stdout]     |
[INFO] [stdout] 22  + use codec::alloc::alloc::System;
[INFO] [stdout]     |
[INFO] [stdout] 22  + use sp_std::alloc::System;
[INFO] [stdout]     |
[INFO] [stdout] 22  + use std::alloc::System;
[INFO] [stdout]     |
[INFO] [stdout] 
[INFO] [stdout] 
[INFO] [stdout] error[E0412]: cannot find type `Test` in this scope
[INFO] [stdout]   --> src/tests.rs:35:16
[INFO] [stdout]    |
[INFO] [stdout] 35 |             full_name::<Test>(b"Balances", b"transfer_allow_death")
[INFO] [stdout]    |                         ^^^^ not found in this scope
[INFO] [stdout]    |
[INFO] [stdout] help: you might be missing a type parameter
[INFO] [stdout]    |
[INFO] [stdout] 29 | fn can_pause_specific_call<Test>() {
[INFO] [stdout]    |                           ++++++
[INFO] [stdout] 
[INFO] [stdout] 
[INFO] [stdout] error[E0412]: cannot find type `Test` in this scope
[INFO] [stdout]   --> src/tests.rs:40:26
[INFO] [stdout]    |
[INFO] [stdout] 40 |             frame_system::Error::<Test>::CallFiltered
[INFO] [stdout]    |                                   ^^^^ not found in this scope
[INFO] [stdout]    |
[INFO] [stdout] help: you might be missing a type parameter
[INFO] [stdout]    |
[INFO] [stdout] 29 | fn can_pause_specific_call<Test>() {
[INFO] [stdout]    |                           ++++++
[INFO] [stdout] 
[INFO] [stdout] 
[INFO] [stdout] error[E0433]: failed to resolve: use of undeclared crate or module `pallet_utility`
[INFO] [stdout]   --> src/tests.rs:52:25
[INFO] [stdout]    |
[INFO] [stdout] 52 |             RuntimeCall::Utility(pallet_utility::Call::batch { calls: vec![call_transfer(1, 1)] });
[INFO] [stdout]    |                                  ^^^^^^^^^^^^^^ use of undeclared crate or module `pallet_utility`
[INFO] [stdout]    |
[INFO] [stdout] help: consider importing one of these items
[INFO] [stdout]    |
[INFO] [stdout] 20 + use crate::Call;
[INFO] [stdout]    |
[INFO] [stdout] 20 + use frame_system::Call;
[INFO] [stdout]    |
[INFO] [stdout] help: if you import `Call`, refer to it directly
[INFO] [stdout]    |
[INFO] [stdout] 52 -             RuntimeCall::Utility(pallet_utility::Call::batch { calls: vec![call_transfer(1, 1)] });
[INFO] [stdout] 52 +             RuntimeCall::Utility(Call::batch { calls: vec![call_transfer(1, 1)] });
[INFO] [stdout]    |
[INFO] [stdout] 
[INFO] [stdout] 
[INFO] [stdout] error[E0412]: cannot find type `Test` in this scope
[INFO] [stdout]   --> src/tests.rs:57:16
[INFO] [stdout]    |
[INFO] [stdout] 57 |             full_name::<Test>(b"Utility", b"batch")
[INFO] [stdout]    |                         ^^^^ not found in this scope
[INFO] [stdout]    |
[INFO] [stdout] help: you might be missing a type parameter
[INFO] [stdout]    |
[INFO] [stdout] 47 | fn can_pause_all_calls_in_pallet_except_on_whitelist<Test>() {
[INFO] [stdout]    |                                                     ++++++
[INFO] [stdout] 
[INFO] [stdout] 
[INFO] [stdout] error[E0412]: cannot find type `Test` in this scope
[INFO] [stdout]   --> src/tests.rs:62:26
[INFO] [stdout]    |
[INFO] [stdout] 62 |             frame_system::Error::<Test>::CallFiltered
[INFO] [stdout]    |                                   ^^^^ not found in this scope
[INFO] [stdout]    |
[INFO] [stdout] help: you might be missing a type parameter
[INFO] [stdout]    |
[INFO] [stdout] 47 | fn can_pause_all_calls_in_pallet_except_on_whitelist<Test>() {
[INFO] [stdout]    |                                                     ++++++
[INFO] [stdout] 
[INFO] [stdout] 
[INFO] [stdout] error[E0412]: cannot find type `Test` in this scope
[INFO] [stdout]   --> src/tests.rs:72:16
[INFO] [stdout]    |
[INFO] [stdout] 72 |             full_name::<Test>(b"Balances", b"transfer_allow_death"),
[INFO] [stdout]    |                         ^^^^ not found in this scope
[INFO] [stdout]    |
[INFO] [stdout] help: you might be missing a type parameter
[INFO] [stdout]    |
[INFO] [stdout] 68 | fn can_unpause_specific_call<Test>() {
[INFO] [stdout]    |                             ++++++
[INFO] [stdout] 
[INFO] [stdout] 
[INFO] [stdout] error[E0412]: cannot find type `Test` in this scope
[INFO] [stdout]   --> src/tests.rs:76:26
[INFO] [stdout]    |
[INFO] [stdout] 76 |             frame_system::Error::<Test>::CallFiltered
[INFO] [stdout]    |                                   ^^^^ not found in this scope
[INFO] [stdout]    |
[INFO] [stdout] help: you might be missing a type parameter
[INFO] [stdout]    |
[INFO] [stdout] 68 | fn can_unpause_specific_call<Test>() {
[INFO] [stdout]    |                             ++++++
[INFO] [stdout] 
[INFO] [stdout] 
[INFO] [stdout] error[E0412]: cannot find type `Test` in this scope
[INFO] [stdout]   --> src/tests.rs:81:16
[INFO] [stdout]    |
[INFO] [stdout] 81 |             full_name::<Test>(b"Balances", b"transfer_allow_death"),
[INFO] [stdout]    |                         ^^^^ not found in this scope
[INFO] [stdout]    |
[INFO] [stdout] help: you might be missing a type parameter
[INFO] [stdout]    |
[INFO] [stdout] 68 | fn can_unpause_specific_call<Test>() {
[INFO] [stdout]    |                             ++++++
[INFO] [stdout] 
[INFO] [stdout] 
[INFO] [stdout] error[E0433]: failed to resolve: use of undeclared crate or module `pallet_utility`
[INFO] [stdout]   --> src/tests.rs:91:25
[INFO] [stdout]    |
[INFO] [stdout] 91 |             RuntimeCall::Utility(pallet_utility::Call::batch { calls: vec![call_transfer(1, 1)] });
[INFO] [stdout]    |                                  ^^^^^^^^^^^^^^ use of undeclared crate or module `pallet_utility`
[INFO] [stdout]    |
[INFO] [stdout] help: consider importing one of these items
[INFO] [stdout]    |
[INFO] [stdout] 20 + use crate::Call;
[INFO] [stdout]    |
[INFO] [stdout] 20 + use frame_system::Call;
[INFO] [stdout]    |
[INFO] [stdout] help: if you import `Call`, refer to it directly
[INFO] [stdout]    |
[INFO] [stdout] 91 -             RuntimeCall::Utility(pallet_utility::Call::batch { calls: vec![call_transfer(1, 1)] });
[INFO] [stdout] 91 +             RuntimeCall::Utility(Call::batch { calls: vec![call_transfer(1, 1)] });
[INFO] [stdout]    |
[INFO] [stdout] 
[INFO] [stdout] 
[INFO] [stdout] error[E0412]: cannot find type `Test` in this scope
[INFO] [stdout]   --> src/tests.rs:95:16
[INFO] [stdout]    |
[INFO] [stdout] 95 |             full_name::<Test>(b"Balances", b"transfer_allow_death"),
[INFO] [stdout]    |                         ^^^^ not found in this scope
[INFO] [stdout]    |
[INFO] [stdout] help: you might be missing a type parameter
[INFO] [stdout]    |
[INFO] [stdout] 88 | fn can_filter_balance_in_batch_when_paused<Test>() {
[INFO] [stdout]    |                                           ++++++
[INFO] [stdout] 
[INFO] [stdout] 
[INFO] [stdout] error[E0433]: failed to resolve: use of undeclared type `System`
[INFO] [stdout]   --> src/tests.rs:99:3
[INFO] [stdout]    |
[INFO] [stdout] 99 |         System::assert_last_event(
[INFO] [stdout]    |         ^^^^^^ use of undeclared type `System`
[INFO] [stdout]    |
[INFO] [stdout] help: consider importing one of these items
[INFO] [stdout]    |
[INFO] [stdout] 20 + use codec::alloc::alloc::System;
[INFO] [stdout]    |
[INFO] [stdout] 20 + use sp_std::alloc::System;
[INFO] [stdout]    |
[INFO] [stdout] 20 + use std::alloc::System;
[INFO] [stdout]    |
[INFO] [stdout] 
[INFO] [stdout] 
[INFO] [stdout] error[E0433]: failed to resolve: use of undeclared crate or module `pallet_utility`
[INFO] [stdout]    --> src/tests.rs:100:4
[INFO] [stdout]     |
[INFO] [stdout] 100 |             pallet_utility::Event::BatchInterrupted {
[INFO] [stdout]     |             ^^^^^^^^^^^^^^ use of undeclared crate or module `pallet_utility`
[INFO] [stdout]     |
[INFO] [stdout] help: consider importing one of these items
[INFO] [stdout]     |
[INFO] [stdout] 20  + use crate::Event;
[INFO] [stdout]     |
[INFO] [stdout] 20  + use frame_system::Event;
[INFO] [stdout]     |
[INFO] [stdout] help: if you import `Event`, refer to it directly
[INFO] [stdout]     |
[INFO] [stdout] 100 -             pallet_utility::Event::BatchInterrupted {
[INFO] [stdout] 100 +             Event::BatchInterrupted {
[INFO] [stdout]     |
[INFO] [stdout] 
[INFO] [stdout] 
[INFO] [stdout] error[E0412]: cannot find type `Test` in this scope
[INFO] [stdout]    --> src/tests.rs:102:34
[INFO] [stdout]     |
[INFO] [stdout] 102 |                 error: frame_system::Error::<Test>::CallFiltered.into(),
[INFO] [stdout]     |                                              ^^^^ not found in this scope
[INFO] [stdout]     |
[INFO] [stdout] help: you might be missing a type parameter
[INFO] [stdout]     |
[INFO] [stdout] 88  | fn can_filter_balance_in_batch_when_paused<Test>() {
[INFO] [stdout]     |                                           ++++++
[INFO] [stdout] 
[INFO] [stdout] 
[INFO] [stdout] error[E0412]: cannot find type `Test` in this scope
[INFO] [stdout]    --> src/tests.rs:114:16
[INFO] [stdout]     |
[INFO] [stdout] 114 |             full_name::<Test>(b"Balances", b"transfer_allow_death"),
[INFO] [stdout]     |                         ^^^^ not found in this scope
[INFO] [stdout]     |
[INFO] [stdout] help: you might be missing a type parameter
[INFO] [stdout]     |
[INFO] [stdout] 110 | fn can_filter_balance_in_proxy_when_paused<Test>() {
[INFO] [stdout]     |                                           ++++++
[INFO] [stdout] 
[INFO] [stdout] 
[INFO] [stdout] error[E0433]: failed to resolve: use of undeclared type `System`
[INFO] [stdout]    --> src/tests.rs:120:3
[INFO] [stdout]     |
[INFO] [stdout] 120 |         System::assert_last_event(
[INFO] [stdout]     |         ^^^^^^ use of undeclared type `System`
[INFO] [stdout]     |
[INFO] [stdout] help: consider importing one of these items
[INFO] [stdout]     |
[INFO] [stdout] 20  + use codec::alloc::alloc::System;
[INFO] [stdout]     |
[INFO] [stdout] 20  + use sp_std::alloc::System;
[INFO] [stdout]     |
[INFO] [stdout] 20  + use std::alloc::System;
[INFO] [stdout]     |
[INFO] [stdout] 
[INFO] [stdout] 
[INFO] [stdout] error[E0433]: failed to resolve: use of undeclared crate or module `pallet_proxy`
[INFO] [stdout]    --> src/tests.rs:121:4
[INFO] [stdout]     |
[INFO] [stdout] 121 |             pallet_proxy::Event::ProxyExecuted {
[INFO] [stdout]     |             ^^^^^^^^^^^^ use of undeclared crate or module `pallet_proxy`
[INFO] [stdout]     |
[INFO] [stdout] help: consider importing one of these items
[INFO] [stdout]     |
[INFO] [stdout] 20  + use crate::Event;
[INFO] [stdout]     |
[INFO] [stdout] 20  + use frame_system::Event;
[INFO] [stdout]     |
[INFO] [stdout] help: if you import `Event`, refer to it directly
[INFO] [stdout]     |
[INFO] [stdout] 121 -             pallet_proxy::Event::ProxyExecuted {
[INFO] [stdout] 121 +             Event::ProxyExecuted {
[INFO] [stdout]     |
[INFO] [stdout] 
[INFO] [stdout] 
[INFO] [stdout] error[E0412]: cannot find type `Test` in this scope
[INFO] [stdout]    --> src/tests.rs:122:55
[INFO] [stdout]     |
[INFO] [stdout] 122 |                 result: DispatchError::from(frame_system::Error::<Test>::CallFiltered).into(),
[INFO] [stdout]     |                                                                   ^^^^ not found in this scope
[INFO] [stdout]     |
[INFO] [stdout] help: you might be missing a type parameter
[INFO] [stdout]     |
[INFO] [stdout] 110 | fn can_filter_balance_in_proxy_when_paused<Test>() {
[INFO] [stdout]     |                                           ++++++
[INFO] [stdout] 
[INFO] [stdout] 
[INFO] [stdout] error[E0412]: cannot find type `Test` in this scope
[INFO] [stdout]    --> src/tests.rs:137:17
[INFO] [stdout]     |
[INFO] [stdout] 137 |                 full_name::<Test>(b"TxPause", b"pause"),
[INFO] [stdout]     |                             ^^^^ not found in this scope
[INFO] [stdout]     |
[INFO] [stdout] help: you might be missing a type parameter
[INFO] [stdout]     |
[INFO] [stdout] 132 | fn fails_to_pause_self<Test>() {
[INFO] [stdout]     |                       ++++++
[INFO] [stdout] 
[INFO] [stdout] 
[INFO] [stdout] error[E0412]: cannot find type `Test` in this scope
[INFO] [stdout]    --> src/tests.rs:139:12
[INFO] [stdout]     |
[INFO] [stdout] 139 |             Error::<Test>::Unpausable
[INFO] [stdout]     |                     ^^^^ not found in this scope
[INFO] [stdout]     |
[INFO] [stdout] help: you might be missing a type parameter
[INFO] [stdout]     |
[INFO] [stdout] 132 | fn fails_to_pause_self<Test>() {
[INFO] [stdout]     |                       ++++++
[INFO] [stdout] 
[INFO] [stdout] 
[INFO] [stdout] error[E0433]: failed to resolve: use of undeclared crate or module `pallet_utility`
[INFO] [stdout]    --> src/tests.rs:150:25
[INFO] [stdout]     |
[INFO] [stdout] 150 |             RuntimeCall::Utility(pallet_utility::Call::batch { calls: vec![call_transfer(1, 1)] });
[INFO] [stdout]     |                                  ^^^^^^^^^^^^^^ use of undeclared crate or module `pallet_utility`
[INFO] [stdout]     |
[INFO] [stdout] help: consider importing one of these items
[INFO] [stdout]     |
[INFO] [stdout] 20  + use crate::Call;
[INFO] [stdout]     |
[INFO] [stdout] 20  + use frame_system::Call;
[INFO] [stdout]     |
[INFO] [stdout] help: if you import `Call`, refer to it directly
[INFO] [stdout]     |
[INFO] [stdout] 150 -             RuntimeCall::Utility(pallet_utility::Call::batch { calls: vec![call_transfer(1, 1)] });
[INFO] [stdout] 150 +             RuntimeCall::Utility(Call::batch { calls: vec![call_transfer(1, 1)] });
[INFO] [stdout]     |
[INFO] [stdout] 
[INFO] [stdout] 
[INFO] [stdout] error[E0412]: cannot find type `Test` in this scope
[INFO] [stdout]    --> src/tests.rs:155:16
[INFO] [stdout]     |
[INFO] [stdout] 155 |             full_name::<Test>(b"Balances", b"transfer_allow_death"),
[INFO] [stdout]     |                         ^^^^ not found in this scope
[INFO] [stdout]     |
[INFO] [stdout] help: you might be missing a type parameter
[INFO] [stdout]     |
[INFO] [stdout] 145 | fn fails_to_pause_unpausable_call_when_other_call_is_paused<Test>() {
[INFO] [stdout]     |                                                            ++++++
[INFO] [stdout] 
[INFO] [stdout] 
[INFO] [stdout] error[E0412]: cannot find type `Test` in this scope
[INFO] [stdout]    --> src/tests.rs:161:26
[INFO] [stdout]     |
[INFO] [stdout] 161 |             frame_system::Error::<Test>::CallFiltered
[INFO] [stdout]     |                                   ^^^^ not found in this scope
[INFO] [stdout]     |
[INFO] [stdout] help: you might be missing a type parameter
[INFO] [stdout]     |
[INFO] [stdout] 145 | fn fails_to_pause_unpausable_call_when_other_call_is_paused<Test>() {
[INFO] [stdout]     |                                                            ++++++
[INFO] [stdout] 
[INFO] [stdout] 
[INFO] [stdout] error[E0412]: cannot find type `Test` in this scope
[INFO] [stdout]    --> src/tests.rs:172:17
[INFO] [stdout]     |
[INFO] [stdout] 172 |                 full_name::<Test>(b"Balances", b"transfer_keep_alive"),
[INFO] [stdout]     |                             ^^^^ not found in this scope
[INFO] [stdout]     |
[INFO] [stdout] help: you might be missing a type parameter
[INFO] [stdout]     |
[INFO] [stdout] 167 | fn fails_to_pause_unpausable_call<Test>() {
[INFO] [stdout]     |                                  ++++++
[INFO] [stdout] 
[INFO] [stdout] 
[INFO] [stdout] error[E0412]: cannot find type `Test` in this scope
[INFO] [stdout]    --> src/tests.rs:174:12
[INFO] [stdout]     |
[INFO] [stdout] 174 |             Error::<Test>::Unpausable
[INFO] [stdout]     |                     ^^^^ not found in this scope
[INFO] [stdout]     |
[INFO] [stdout] help: you might be missing a type parameter
[INFO] [stdout]     |
[INFO] [stdout] 167 | fn fails_to_pause_unpausable_call<Test>() {
[INFO] [stdout]     |                                  ++++++
[INFO] [stdout] 
[INFO] [stdout] 
[INFO] [stdout] error[E0412]: cannot find type `Test` in this scope
[INFO] [stdout]    --> src/tests.rs:184:16
[INFO] [stdout]     |
[INFO] [stdout] 184 |             full_name::<Test>(b"Balances", b"transfer_allow_death"),
[INFO] [stdout]     |                         ^^^^ not found in this scope
[INFO] [stdout]     |
[INFO] [stdout] help: you might be missing a type parameter
[INFO] [stdout]     |
[INFO] [stdout] 180 | fn fails_to_pause_already_paused_pallet<Test>() {
[INFO] [stdout]     |                                        ++++++
[INFO] [stdout] 
[INFO] [stdout] 
[INFO] [stdout] error[E0412]: cannot find type `Test` in this scope
[INFO] [stdout]    --> src/tests.rs:190:17
[INFO] [stdout]     |
[INFO] [stdout] 190 |                 full_name::<Test>(b"Balances", b"transfer_allow_death"),
[INFO] [stdout]     |                             ^^^^ not found in this scope
[INFO] [stdout]     |
[INFO] [stdout] help: you might be missing a type parameter
[INFO] [stdout]     |
[INFO] [stdout] 180 | fn fails_to_pause_already_paused_pallet<Test>() {
[INFO] [stdout]     |                                        ++++++
[INFO] [stdout] 
[INFO] [stdout] 
[INFO] [stdout] error[E0412]: cannot find type `Test` in this scope
[INFO] [stdout]    --> src/tests.rs:192:12
[INFO] [stdout]     |
[INFO] [stdout] 192 |             Error::<Test>::IsPaused
[INFO] [stdout]     |                     ^^^^ not found in this scope
[INFO] [stdout]     |
[INFO] [stdout] help: you might be missing a type parameter
[INFO] [stdout]     |
[INFO] [stdout] 180 | fn fails_to_pause_already_paused_pallet<Test>() {
[INFO] [stdout]     |                                        ++++++
[INFO] [stdout] 
[INFO] [stdout] 
[INFO] [stdout] error[E0412]: cannot find type `Test` in this scope
[INFO] [stdout]    --> src/tests.rs:203:17
[INFO] [stdout]     |
[INFO] [stdout] 203 |                 full_name::<Test>(b"Balances", b"transfer_keep_alive"),
[INFO] [stdout]     |                             ^^^^ not found in this scope
[INFO] [stdout]     |
[INFO] [stdout] help: you might be missing a type parameter
[INFO] [stdout]     |
[INFO] [stdout] 198 | fn fails_to_unpause_not_paused_pallet<Test>() {
[INFO] [stdout]     |                                      ++++++
[INFO] [stdout] 
[INFO] [stdout] 
[INFO] [stdout] error[E0412]: cannot find type `Test` in this scope
[INFO] [stdout]    --> src/tests.rs:205:12
[INFO] [stdout]     |
[INFO] [stdout] 205 |             Error::<Test>::IsUnpaused
[INFO] [stdout]     |                     ^^^^ not found in this scope
[INFO] [stdout]     |
[INFO] [stdout] help: you might be missing a type parameter
[INFO] [stdout]     |
[INFO] [stdout] 198 | fn fails_to_unpause_not_paused_pallet<Test>() {
[INFO] [stdout]     |                                      ++++++
[INFO] [stdout] 
[INFO] [stdout] 
[INFO] [stdout] error[E0433]: failed to resolve: use of undeclared crate or module `pallet_balances`
[INFO] [stdout]    --> src/tests.rs:211:24
[INFO] [stdout]     |
[INFO] [stdout] 211 |     RuntimeCall::Balances(pallet_balances::Call::transfer_allow_death { dest, value })
[INFO] [stdout]     |                           ^^^^^^^^^^^^^^^ use of undeclared crate or module `pallet_balances`
[INFO] [stdout]     |
[INFO] [stdout] help: consider importing one of these items
[INFO] [stdout]     |
[INFO] [stdout] 20  + use crate::Call;
[INFO] [stdout]     |
[INFO] [stdout] 20  + use frame_system::Call;
[INFO] [stdout]     |
[INFO] [stdout] help: if you import `Call`, refer to it directly
[INFO] [stdout]     |
[INFO] [stdout] 211 -     RuntimeCall::Balances(pallet_balances::Call::transfer_allow_death { dest, value })
[INFO] [stdout] 211 +     RuntimeCall::Balances(Call::transfer_allow_death { dest, value })
[INFO] [stdout]     |
[INFO] [stdout] 
[INFO] [stdout] 
[INFO] [stdout] error[E0433]: failed to resolve: use of undeclared crate or module `pallet_balances`
[INFO] [stdout]    --> src/tests.rs:215:24
[INFO] [stdout]     |
[INFO] [stdout] 215 |     RuntimeCall::Balances(pallet_balances::Call::transfer_keep_alive { dest, value })
[INFO] [stdout]     |                           ^^^^^^^^^^^^^^^ use of undeclared crate or module `pallet_balances`
[INFO] [stdout]     |
[INFO] [stdout] help: consider importing one of these items
[INFO] [stdout]     |
[INFO] [stdout] 20  + use crate::Call;
[INFO] [stdout]     |
[INFO] [stdout] 20  + use frame_system::Call;
[INFO] [stdout]     |
[INFO] [stdout] help: if you import `Call`, refer to it directly
[INFO] [stdout]     |
[INFO] [stdout] 215 -     RuntimeCall::Balances(pallet_balances::Call::transfer_keep_alive { dest, value })
[INFO] [stdout] 215 +     RuntimeCall::Balances(Call::transfer_keep_alive { dest, value })
[INFO] [stdout]     |
[INFO] [stdout] 
[INFO] [stdout] 
[INFO] [stdout] error[E0433]: failed to resolve: use of undeclared crate or module `pallet_balances`
[INFO] [stdout]   --> src/mock.rs:56:21
[INFO] [stdout]    |
[INFO] [stdout] 56 |     type AccountData = pallet_balances::AccountData<u64>;
[INFO] [stdout]    |                        ^^^^^^^^^^^^^^^ use of undeclared crate or module `pallet_balances`
[INFO] [stdout] 
[INFO] [stdout] 
[INFO] [stdout] error[E0433]: failed to resolve: use of undeclared crate or module `pallet_balances`
[INFO] [stdout]   --> src/mock.rs:69:6
[INFO] [stdout]    |
[INFO] [stdout] 69 | impl pallet_balances::Config for Test {
[INFO] [stdout]    |      ^^^^^^^^^^^^^^^ use of undeclared crate or module `pallet_balances`
[INFO] [stdout] 
[INFO] [stdout] 
[INFO] [stdout] error[E0433]: failed to resolve: use of undeclared crate or module `pallet_utility`
[INFO] [stdout]   --> src/mock.rs:86:6
[INFO] [stdout]    |
[INFO] [stdout] 86 | impl pallet_utility::Config for Test {
[INFO] [stdout]    |      ^^^^^^^^^^^^^^ use of undeclared crate or module `pallet_utility`
[INFO] [stdout] 
[INFO] [stdout] 
[INFO] [stdout] error[E0433]: failed to resolve: use of undeclared type `RuntimeCall`
[INFO] [stdout]    --> src/mock.rs:126:6
[INFO] [stdout]     |
[INFO] [stdout] 126 |                     RuntimeCall::Balances(pallet_balances::Call::transfer_allow_death { .. })
[INFO] [stdout]     |                     ^^^^^^^^^^^
[INFO] [stdout]     |                     |
[INFO] [stdout]     |                     use of undeclared type `RuntimeCall`
[INFO] [stdout]     |                     help: a type alias with a similar name exists: `RuntimeCallFor`
[INFO] [stdout] 
[INFO] [stdout] 
[INFO] [stdout] error[E0433]: failed to resolve: use of undeclared type `RuntimeCall`
[INFO] [stdout]    --> src/mock.rs:129:42
[INFO] [stdout]     |
[INFO] [stdout] 129 |             ProxyType::JustUtility => matches!(c, RuntimeCall::Utility { .. }),
[INFO] [stdout]     |                                                   ^^^^^^^^^^^
[INFO] [stdout]     |                                                   |
[INFO] [stdout]     |                                                   use of undeclared type `RuntimeCall`
[INFO] [stdout]     |                                                   help: a type alias with a similar name exists: `RuntimeCallFor`
[INFO] [stdout] 
[INFO] [stdout] 
[INFO] [stdout] error[E0433]: failed to resolve: use of undeclared crate or module `pallet_proxy`
[INFO] [stdout]    --> src/mock.rs:137:6
[INFO] [stdout]     |
[INFO] [stdout] 137 | impl pallet_proxy::Config for Test {
[INFO] [stdout]     |      ^^^^^^^^^^^^ use of undeclared crate or module `pallet_proxy`
[INFO] [stdout] 
[INFO] [stdout] 
[INFO] [stdout] error[E0433]: failed to resolve: use of undeclared crate or module `pallet_balances`
[INFO] [stdout]    --> src/mock.rs:198:2
[INFO] [stdout]     |
[INFO] [stdout] 198 |     pallet_balances::GenesisConfig::<Test> {
[INFO] [stdout]     |     ^^^^^^^^^^^^^^^ use of undeclared crate or module `pallet_balances`
[INFO] [stdout] 
[INFO] [stdout] 
[INFO] [stdout] error[E0433]: failed to resolve: use of undeclared type `TxPause`
[INFO] [stdout]    --> src/mock.rs:217:2
[INFO] [stdout]     |
[INFO] [stdout] 217 |     TxPause::on_finalize(System::block_number());
[INFO] [stdout]     |     ^^^^^^^ use of undeclared type `TxPause`
[INFO] [stdout] 
[INFO] [stdout] 
[INFO] [stdout] error[E0433]: failed to resolve: use of undeclared type `Balances`
[INFO] [stdout]    --> src/mock.rs:218:2
[INFO] [stdout]     |
[INFO] [stdout] 218 |     Balances::on_finalize(System::block_number());
[INFO] [stdout]     |     ^^^^^^^^ use of undeclared type `Balances`
[INFO] [stdout] 
[INFO] [stdout] 
[INFO] [stdout] error[E0433]: failed to resolve: use of undeclared type `Balances`
[INFO] [stdout]    --> src/mock.rs:222:2
[INFO] [stdout]     |
[INFO] [stdout] 222 |     Balances::on_initialize(System::block_number());
[INFO] [stdout]     |     ^^^^^^^^ use of undeclared type `Balances`
[INFO] [stdout] 
[INFO] [stdout] 
[INFO] [stdout] error[E0433]: failed to resolve: use of undeclared type `TxPause`
[INFO] [stdout]    --> src/mock.rs:223:2
[INFO] [stdout]     |
[INFO] [stdout] 223 |     TxPause::on_initialize(System::block_number());
[INFO] [stdout]     |     ^^^^^^^ use of undeclared type `TxPause`
[INFO] [stdout] 
[INFO] [stdout] 
[INFO] [stdout] error[E0433]: failed to resolve: use of undeclared type `RuntimeOrigin`
[INFO] [stdout]   --> src/tests.rs:31:43
[INFO] [stdout]    |
[INFO] [stdout] 31 |         assert_ok!(call_transfer(1, 1).dispatch(RuntimeOrigin::signed(0)));
[INFO] [stdout]    |                                                 ^^^^^^^^^^^^^ use of undeclared type `RuntimeOrigin`
[INFO] [stdout] 
[INFO] [stdout] 
[INFO] [stdout] error[E0433]: failed to resolve: use of undeclared type `TxPause`
[INFO] [stdout]   --> src/tests.rs:33:14
[INFO] [stdout]    |
[INFO] [stdout] 33 |         assert_ok!(TxPause::pause(
[INFO] [stdout]    |                    ^^^^^^^ use of undeclared type `TxPause`
[INFO] [stdout] 
[INFO] [stdout] 
[INFO] [stdout] error[E0433]: failed to resolve: use of undeclared type `RuntimeOrigin`
[INFO] [stdout]   --> src/tests.rs:34:4
[INFO] [stdout]    |
[INFO] [stdout] 34 |             RuntimeOrigin::signed(mock::PauseOrigin::get()),
[INFO] [stdout]    |             ^^^^^^^^^^^^^ use of undeclared type `RuntimeOrigin`
[INFO] [stdout] 
[INFO] [stdout] 
[INFO] [stdout] error[E0433]: failed to resolve: use of undeclared type `RuntimeOrigin`
[INFO] [stdout]   --> src/tests.rs:39:33
[INFO] [stdout]    |
[INFO] [stdout] 39 |             call_transfer(2, 1).dispatch(RuntimeOrigin::signed(2)),
[INFO] [stdout]    |                                          ^^^^^^^^^^^^^ use of undeclared type `RuntimeOrigin`
[INFO] [stdout] 
[INFO] [stdout] 
[INFO] [stdout] error[E0433]: failed to resolve: use of undeclared type `RuntimeOrigin`
[INFO] [stdout]   --> src/tests.rs:42:54
[INFO] [stdout]    |
[INFO] [stdout] 42 |         assert_ok!(call_transfer_keep_alive(3, 1).dispatch(RuntimeOrigin::signed(3)));
[INFO] [stdout]    |                                                            ^^^^^^^^^^^^^ use of undeclared type `RuntimeOrigin`
[INFO] [stdout] 
[INFO] [stdout] 
[INFO] [stdout] error[E0433]: failed to resolve: use of undeclared type `RuntimeOrigin`
[INFO] [stdout]   --> src/tests.rs:49:43
[INFO] [stdout]    |
[INFO] [stdout] 49 |         assert_ok!(call_transfer(1, 1).dispatch(RuntimeOrigin::signed(0)));
[INFO] [stdout]    |                                                 ^^^^^^^^^^^^^ use of undeclared type `RuntimeOrigin`
[INFO] [stdout] 
[INFO] [stdout] 
[INFO] [stdout] error[E0433]: failed to resolve: use of undeclared type `RuntimeOrigin`
[INFO] [stdout]   --> src/tests.rs:53:42
[INFO] [stdout]    |
[INFO] [stdout] 53 |         assert_ok!(batch_call.clone().dispatch(RuntimeOrigin::signed(0)));
[INFO] [stdout]    |                                                ^^^^^^^^^^^^^ use of undeclared type `RuntimeOrigin`
[INFO] [stdout] 
[INFO] [stdout] 
[INFO] [stdout] error[E0433]: failed to resolve: use of undeclared type `TxPause`
[INFO] [stdout]   --> src/tests.rs:55:14
[INFO] [stdout]    |
[INFO] [stdout] 55 |         assert_ok!(TxPause::pause(
[INFO] [stdout]    |                    ^^^^^^^ use of undeclared type `TxPause`
[INFO] [stdout] 
[INFO] [stdout] 
[INFO] [stdout] error[E0433]: failed to resolve: use of undeclared type `RuntimeOrigin`
[INFO] [stdout]   --> src/tests.rs:56:4
[INFO] [stdout]    |
[INFO] [stdout] 56 |             RuntimeOrigin::signed(mock::PauseOrigin::get()),
[INFO] [stdout]    |             ^^^^^^^^^^^^^ use of undeclared type `RuntimeOrigin`
[INFO] [stdout] 
[INFO] [stdout] 
[INFO] [stdout] error[E0433]: failed to resolve: use of undeclared type `RuntimeOrigin`
[INFO] [stdout]   --> src/tests.rs:61:32
[INFO] [stdout]    |
[INFO] [stdout] 61 |             batch_call.clone().dispatch(RuntimeOrigin::signed(0)),
[INFO] [stdout]    |                                         ^^^^^^^^^^^^^ use of undeclared type `RuntimeOrigin`
[INFO] [stdout] 
[INFO] [stdout] 
[INFO] [stdout] error[E0433]: failed to resolve: use of undeclared type `TxPause`
[INFO] [stdout]   --> src/tests.rs:70:14
[INFO] [stdout]    |
[INFO] [stdout] 70 |         assert_ok!(TxPause::pause(
[INFO] [stdout]    |                    ^^^^^^^ use of undeclared type `TxPause`
[INFO] [stdout] 
[INFO] [stdout] 
[INFO] [stdout] error[E0433]: failed to resolve: use of undeclared type `RuntimeOrigin`
[INFO] [stdout]   --> src/tests.rs:71:4
[INFO] [stdout]    |
[INFO] [stdout] 71 |             RuntimeOrigin::signed(mock::PauseOrigin::get()),
[INFO] [stdout]    |             ^^^^^^^^^^^^^ use of undeclared type `RuntimeOrigin`
[INFO] [stdout] 
[INFO] [stdout] 
[INFO] [stdout] error[E0433]: failed to resolve: use of undeclared type `RuntimeOrigin`
[INFO] [stdout]   --> src/tests.rs:75:33
[INFO] [stdout]    |
[INFO] [stdout] 75 |             call_transfer(2, 1).dispatch(RuntimeOrigin::signed(2)),
[INFO] [stdout]    |                                          ^^^^^^^^^^^^^ use of undeclared type `RuntimeOrigin`
[INFO] [stdout] 
[INFO] [stdout] 
[INFO] [stdout] error[E0433]: failed to resolve: use of undeclared type `TxPause`
[INFO] [stdout]   --> src/tests.rs:79:14
[INFO] [stdout]    |
[INFO] [stdout] 79 |         assert_ok!(TxPause::unpause(
[INFO] [stdout]    |                    ^^^^^^^ use of undeclared type `TxPause`
[INFO] [stdout] 
[INFO] [stdout] 
[INFO] [stdout] error[E0433]: failed to resolve: use of undeclared type `RuntimeOrigin`
[INFO] [stdout]   --> src/tests.rs:80:4
[INFO] [stdout]    |
[INFO] [stdout] 80 |             RuntimeOrigin::signed(mock::UnpauseOrigin::get()),
[INFO] [stdout]    |             ^^^^^^^^^^^^^ use of undeclared type `RuntimeOrigin`
[INFO] [stdout] 
[INFO] [stdout] 
[INFO] [stdout] error[E0433]: failed to resolve: use of undeclared type `RuntimeOrigin`
[INFO] [stdout]   --> src/tests.rs:83:43
[INFO] [stdout]    |
[INFO] [stdout] 83 |         assert_ok!(call_transfer(4, 1).dispatch(RuntimeOrigin::signed(0)));
[INFO] [stdout]    |                                                 ^^^^^^^^^^^^^ use of undeclared type `RuntimeOrigin`
[INFO] [stdout] 
[INFO] [stdout] 
[INFO] [stdout] error[E0433]: failed to resolve: use of undeclared type `TxPause`
[INFO] [stdout]   --> src/tests.rs:93:14
[INFO] [stdout]    |
[INFO] [stdout] 93 |         assert_ok!(TxPause::pause(
[INFO] [stdout]    |                    ^^^^^^^ use of undeclared type `TxPause`
[INFO] [stdout] 
[INFO] [stdout] 
[INFO] [stdout] error[E0433]: failed to resolve: use of undeclared type `RuntimeOrigin`
[INFO] [stdout]   --> src/tests.rs:94:4
[INFO] [stdout]    |
[INFO] [stdout] 94 |             RuntimeOrigin::signed(mock::PauseOrigin::get()),
[INFO] [stdout]    |             ^^^^^^^^^^^^^ use of undeclared type `RuntimeOrigin`
[INFO] [stdout] 
[INFO] [stdout] 
[INFO] [stdout] error[E0433]: failed to resolve: use of undeclared type `RuntimeOrigin`
[INFO] [stdout]   --> src/tests.rs:98:42
[INFO] [stdout]    |
[INFO] [stdout] 98 |         assert_ok!(batch_call.clone().dispatch(RuntimeOrigin::signed(0)));
[INFO] [stdout]    |                                                ^^^^^^^^^^^^^ use of undeclared type `RuntimeOrigin`
[INFO] [stdout] 
[INFO] [stdout] 
[INFO] [stdout] error[E0433]: failed to resolve: use of undeclared type `TxPause`
[INFO] [stdout]    --> src/tests.rs:112:14
[INFO] [stdout]     |
[INFO] [stdout] 112 |         assert_ok!(TxPause::pause(
[INFO] [stdout]     |                    ^^^^^^^ use of undeclared type `TxPause`
[INFO] [stdout] 
[INFO] [stdout] 
[INFO] [stdout] error[E0433]: failed to resolve: use of undeclared type `RuntimeOrigin`
[INFO] [stdout]    --> src/tests.rs:113:4
[INFO] [stdout]     |
[INFO] [stdout] 113 |             RuntimeOrigin::signed(mock::PauseOrigin::get()),
[INFO] [stdout]     |             ^^^^^^^^^^^^^ use of undeclared type `RuntimeOrigin`
[INFO] [stdout] 
[INFO] [stdout] 
[INFO] [stdout] error[E0433]: failed to resolve: use of undeclared type `Proxy`
[INFO] [stdout]    --> src/tests.rs:117:14
[INFO] [stdout]     |
[INFO] [stdout] 117 |         assert_ok!(Proxy::add_proxy(RuntimeOrigin::signed(1), 2, ProxyType::JustTransfer, 0));
[INFO] [stdout]     |                    ^^^^^ use of undeclared type `Proxy`
[INFO] [stdout] 
[INFO] [stdout] 
[INFO] [stdout] error[E0433]: failed to resolve: use of undeclared type `RuntimeOrigin`
[INFO] [stdout]    --> src/tests.rs:117:31
[INFO] [stdout]     |
[INFO] [stdout] 117 |         assert_ok!(Proxy::add_proxy(RuntimeOrigin::signed(1), 2, ProxyType::JustTransfer, 0));
[INFO] [stdout]     |                                     ^^^^^^^^^^^^^ use of undeclared type `RuntimeOrigin`
[INFO] [stdout] 
[INFO] [stdout] 
[INFO] [stdout] error[E0433]: failed to resolve: use of undeclared type `Proxy`
[INFO] [stdout]    --> src/tests.rs:119:14
[INFO] [stdout]     |
[INFO] [stdout] 119 |         assert_ok!(Proxy::proxy(RuntimeOrigin::signed(2), 1, None, Box::new(call_transfer(1, 1))));
[INFO] [stdout]     |                    ^^^^^ use of undeclared type `Proxy`
[INFO] [stdout] 
[INFO] [stdout] 
[INFO] [stdout] error[E0433]: failed to resolve: use of undeclared type `RuntimeOrigin`
[INFO] [stdout]    --> src/tests.rs:119:27
[INFO] [stdout]     |
[INFO] [stdout] 119 |         assert_ok!(Proxy::proxy(RuntimeOrigin::signed(2), 1, None, Box::new(call_transfer(1, 1))));
[INFO] [stdout]     |                                 ^^^^^^^^^^^^^ use of undeclared type `RuntimeOrigin`
[INFO] [stdout] 
[INFO] [stdout] 
[INFO] [stdout] error[E0433]: failed to resolve: use of undeclared type `TxPause`
[INFO] [stdout]    --> src/tests.rs:135:4
[INFO] [stdout]     |
[INFO] [stdout] 135 |             TxPause::pause(
[INFO] [stdout]     |             ^^^^^^^ use of undeclared type `TxPause`
[INFO] [stdout] 
[INFO] [stdout] 
[INFO] [stdout] error[E0433]: failed to resolve: use of undeclared type `RuntimeOrigin`
[INFO] [stdout]    --> src/tests.rs:136:5
[INFO] [stdout]     |
[INFO] [stdout] 136 |                 RuntimeOrigin::signed(mock::PauseOrigin::get()),
[INFO] [stdout]     |                 ^^^^^^^^^^^^^ use of undeclared type `RuntimeOrigin`
[INFO] [stdout] 
[INFO] [stdout] 
[INFO] [stdout] error[E0433]: failed to resolve: use of undeclared type `RuntimeOrigin`
[INFO] [stdout]    --> src/tests.rs:147:43
[INFO] [stdout]     |
[INFO] [stdout] 147 |         assert_ok!(call_transfer(1, 1).dispatch(RuntimeOrigin::signed(0)));
[INFO] [stdout]     |                                                 ^^^^^^^^^^^^^ use of undeclared type `RuntimeOrigin`
[INFO] [stdout] 
[INFO] [stdout] 
[INFO] [stdout] error[E0433]: failed to resolve: use of undeclared type `RuntimeOrigin`
[INFO] [stdout]    --> src/tests.rs:151:42
[INFO] [stdout]     |
[INFO] [stdout] 151 |         assert_ok!(batch_call.clone().dispatch(RuntimeOrigin::signed(0)));
[INFO] [stdout]     |                                                ^^^^^^^^^^^^^ use of undeclared type `RuntimeOrigin`
[INFO] [stdout] 
[INFO] [stdout] 
[INFO] [stdout] error[E0433]: failed to resolve: use of undeclared type `TxPause`
[INFO] [stdout]    --> src/tests.rs:153:14
[INFO] [stdout]     |
[INFO] [stdout] 153 |         assert_ok!(TxPause::pause(
[INFO] [stdout]     |                    ^^^^^^^ use of undeclared type `TxPause`
[INFO] [stdout] 
[INFO] [stdout] 
[INFO] [stdout] error[E0433]: failed to resolve: use of undeclared type `RuntimeOrigin`
[INFO] [stdout]    --> src/tests.rs:154:4
[INFO] [stdout]     |
[INFO] [stdout] 154 |             RuntimeOrigin::signed(mock::PauseOrigin::get()),
[INFO] [stdout]     |             ^^^^^^^^^^^^^ use of undeclared type `RuntimeOrigin`
[INFO] [stdout] 
[INFO] [stdout] 
[INFO] [stdout] error[E0433]: failed to resolve: use of undeclared type `RuntimeOrigin`
[INFO] [stdout]    --> src/tests.rs:158:54
[INFO] [stdout]     |
[INFO] [stdout] 158 |         assert_ok!(call_transfer_keep_alive(3, 1).dispatch(RuntimeOrigin::signed(3)));
[INFO] [stdout]     |                                                            ^^^^^^^^^^^^^ use of undeclared type `RuntimeOrigin`
[INFO] [stdout] 
[INFO] [stdout] 
[INFO] [stdout] error[E0433]: failed to resolve: use of undeclared type `RuntimeOrigin`
[INFO] [stdout]    --> src/tests.rs:160:33
[INFO] [stdout]     |
[INFO] [stdout] 160 |             call_transfer(2, 1).dispatch(RuntimeOrigin::signed(0)),
[INFO] [stdout]     |                                          ^^^^^^^^^^^^^ use of undeclared type `RuntimeOrigin`
[INFO] [stdout] 
[INFO] [stdout] 
[INFO] [stdout] error[E0433]: failed to resolve: use of undeclared type `TxPause`
[INFO] [stdout]    --> src/tests.rs:170:4
[INFO] [stdout]     |
[INFO] [stdout] 170 |             TxPause::pause(
[INFO] [stdout]     |             ^^^^^^^ use of undeclared type `TxPause`
[INFO] [stdout] 
[INFO] [stdout] 
[INFO] [stdout] error[E0433]: failed to resolve: use of undeclared type `RuntimeOrigin`
[INFO] [stdout]    --> src/tests.rs:171:5
[INFO] [stdout]     |
[INFO] [stdout] 171 |                 RuntimeOrigin::signed(mock::PauseOrigin::get()),
[INFO] [stdout]     |                 ^^^^^^^^^^^^^ use of undeclared type `RuntimeOrigin`
[INFO] [stdout] 
[INFO] [stdout] 
[INFO] [stdout] error[E0433]: failed to resolve: use of undeclared type `TxPause`
[INFO] [stdout]    --> src/tests.rs:182:14
[INFO] [stdout]     |
[INFO] [stdout] 182 |         assert_ok!(TxPause::pause(
[INFO] [stdout]     |                    ^^^^^^^ use of undeclared type `TxPause`
[INFO] [stdout] 
[INFO] [stdout] 
[INFO] [stdout] error[E0433]: failed to resolve: use of undeclared type `RuntimeOrigin`
[INFO] [stdout]    --> src/tests.rs:183:4
[INFO] [stdout]     |
[INFO] [stdout] 183 |             RuntimeOrigin::signed(mock::PauseOrigin::get()),
[INFO] [stdout]     |             ^^^^^^^^^^^^^ use of undeclared type `RuntimeOrigin`
[INFO] [stdout] 
[INFO] [stdout] 
[INFO] [stdout] error[E0433]: failed to resolve: use of undeclared type `TxPause`
[INFO] [stdout]    --> src/tests.rs:188:4
[INFO] [stdout]     |
[INFO] [stdout] 188 |             TxPause::pause(
[INFO] [stdout]     |             ^^^^^^^ use of undeclared type `TxPause`
[INFO] [stdout] 
[INFO] [stdout] 
[INFO] [stdout] error[E0433]: failed to resolve: use of undeclared type `RuntimeOrigin`
[INFO] [stdout]    --> src/tests.rs:189:5
[INFO] [stdout]     |
[INFO] [stdout] 189 |                 RuntimeOrigin::signed(mock::PauseOrigin::get()),
[INFO] [stdout]     |                 ^^^^^^^^^^^^^ use of undeclared type `RuntimeOrigin`
[INFO] [stdout] 
[INFO] [stdout] 
[INFO] [stdout] error[E0433]: failed to resolve: use of undeclared type `TxPause`
[INFO] [stdout]    --> src/tests.rs:201:4
[INFO] [stdout]     |
[INFO] [stdout] 201 |             TxPause::unpause(
[INFO] [stdout]     |             ^^^^^^^ use of undeclared type `TxPause`
[INFO] [stdout] 
[INFO] [stdout] 
[INFO] [stdout] error[E0433]: failed to resolve: use of undeclared type `RuntimeOrigin`
[INFO] [stdout]    --> src/tests.rs:202:5
[INFO] [stdout]     |
[INFO] [stdout] 202 |                 RuntimeOrigin::signed(mock::UnpauseOrigin::get()),
[INFO] [stdout]     |                 ^^^^^^^^^^^^^ use of undeclared type `RuntimeOrigin`
[INFO] [stdout] 
[INFO] [stdout] 
[INFO] [stdout] error: aborting due to 131 previous errors
[INFO] [stdout] 
[INFO] [stdout] 
[INFO] [stdout] Some errors have detailed explanations: E0412, E0432, E0433.
[INFO] [stdout] 
[INFO] [stdout] For more information about an error, try `rustc --explain E0412`.
[INFO] [stdout] 
[INFO] [stderr] error: could not compile `pallet-tx-pause` (lib test) due to 132 previous errors
[INFO] running `Command { std: "docker" "inspect" "11e95817aafb1bcaef793d25be82e179eb3d5b5a766ab5a1d74670fce7522e52", kill_on_drop: false }`
[INFO] running `Command { std: "docker" "rm" "-f" "11e95817aafb1bcaef793d25be82e179eb3d5b5a766ab5a1d74670fce7522e52", kill_on_drop: false }`
[INFO] [stdout] 11e95817aafb1bcaef793d25be82e179eb3d5b5a766ab5a1d74670fce7522e52
