[INFO] fetching crate pallet-scheduler 27.0.0...
[INFO] testing pallet-scheduler-27.0.0 against 1.75.0 for beta-1.76-1
[INFO] extracting crate pallet-scheduler 27.0.0 into /workspace/builds/worker-5-tc1/source
[INFO] validating manifest of crates.io crate pallet-scheduler 27.0.0 on toolchain 1.75.0
[INFO] running `Command { std: CARGO_HOME="/workspace/cargo-home" RUSTUP_HOME="/workspace/rustup-home" "/workspace/cargo-home/bin/cargo" "+1.75.0" "metadata" "--manifest-path" "Cargo.toml" "--no-deps", kill_on_drop: false }`
[INFO] started tweaking crates.io crate pallet-scheduler 27.0.0
[INFO] finished tweaking crates.io crate pallet-scheduler 27.0.0
[INFO] tweaked toml for crates.io crate pallet-scheduler 27.0.0 written to /workspace/builds/worker-5-tc1/source/Cargo.toml
[INFO] running `Command { std: CARGO_HOME="/workspace/cargo-home" RUSTUP_HOME="/workspace/rustup-home" "/workspace/cargo-home/bin/cargo" "+1.75.0" "generate-lockfile" "--manifest-path" "Cargo.toml", kill_on_drop: false }`
[INFO] [stderr]     Updating crates.io index
[INFO] running `Command { std: CARGO_HOME="/workspace/cargo-home" RUSTUP_HOME="/workspace/rustup-home" "/workspace/cargo-home/bin/cargo" "+1.75.0" "fetch" "--manifest-path" "Cargo.toml", kill_on_drop: false }`
[INFO] [stderr]     Blocking waiting for file lock on package cache
[INFO] running `Command { std: "docker" "create" "-v" "/var/lib/crater-agent-workspace/builds/worker-5-tc1/target:/opt/rustwide/target:rw,Z" "-v" "/var/lib/crater-agent-workspace/builds/worker-5-tc1/source:/opt/rustwide/workdir:ro,Z" "-v" "/var/lib/crater-agent-workspace/cargo-home:/opt/rustwide/cargo-home:ro,Z" "-v" "/var/lib/crater-agent-workspace/rustup-home:/opt/rustwide/rustup-home:ro,Z" "-e" "SOURCE_DIR=/opt/rustwide/workdir" "-e" "CARGO_TARGET_DIR=/opt/rustwide/target" "-e" "CARGO_HOME=/opt/rustwide/cargo-home" "-e" "RUSTUP_HOME=/opt/rustwide/rustup-home" "-w" "/opt/rustwide/workdir" "-m" "1610612736" "--user" "0:0" "--network" "none" "ghcr.io/rust-lang/crates-build-env/linux@sha256:2788e3201cd34a07e3172128adcd8b3090168a8e3bcc40d7c032b9dda1df7d1c" "/opt/rustwide/cargo-home/bin/cargo" "+1.75.0" "metadata" "--no-deps" "--format-version=1", kill_on_drop: false }`
[INFO] [stdout] 9b848bcd45321f5d7cd8a1b2a112a44feac7531aa3bed199d416d32dca7ee9a9
[INFO] running `Command { std: "docker" "start" "-a" "9b848bcd45321f5d7cd8a1b2a112a44feac7531aa3bed199d416d32dca7ee9a9", kill_on_drop: false }`
[INFO] running `Command { std: "docker" "inspect" "9b848bcd45321f5d7cd8a1b2a112a44feac7531aa3bed199d416d32dca7ee9a9", kill_on_drop: false }`
[INFO] running `Command { std: "docker" "rm" "-f" "9b848bcd45321f5d7cd8a1b2a112a44feac7531aa3bed199d416d32dca7ee9a9", kill_on_drop: false }`
[INFO] [stdout] 9b848bcd45321f5d7cd8a1b2a112a44feac7531aa3bed199d416d32dca7ee9a9
[INFO] running `Command { std: "docker" "create" "-v" "/var/lib/crater-agent-workspace/builds/worker-5-tc1/target:/opt/rustwide/target:rw,Z" "-v" "/var/lib/crater-agent-workspace/builds/worker-5-tc1/source:/opt/rustwide/workdir:ro,Z" "-v" "/var/lib/crater-agent-workspace/cargo-home:/opt/rustwide/cargo-home:ro,Z" "-v" "/var/lib/crater-agent-workspace/rustup-home:/opt/rustwide/rustup-home:ro,Z" "-e" "SOURCE_DIR=/opt/rustwide/workdir" "-e" "CARGO_TARGET_DIR=/opt/rustwide/target" "-e" "CARGO_INCREMENTAL=0" "-e" "RUST_BACKTRACE=full" "-e" "RUSTFLAGS=--cap-lints=warn" "-e" "RUSTDOCFLAGS=--cap-lints=warn" "-e" "CARGO_HOME=/opt/rustwide/cargo-home" "-e" "RUSTUP_HOME=/opt/rustwide/rustup-home" "-w" "/opt/rustwide/workdir" "-m" "1610612736" "--user" "0:0" "--network" "none" "ghcr.io/rust-lang/crates-build-env/linux@sha256:2788e3201cd34a07e3172128adcd8b3090168a8e3bcc40d7c032b9dda1df7d1c" "/opt/rustwide/cargo-home/bin/cargo" "+1.75.0" "build" "--frozen" "--message-format=json", kill_on_drop: false }`
[INFO] [stdout] 2ec6682434785daab3ed4c56a57bf186ed2670a39bbd1f0a7ec5da6aaa219da8
[INFO] running `Command { std: "docker" "start" "-a" "2ec6682434785daab3ed4c56a57bf186ed2670a39bbd1f0a7ec5da6aaa219da8", kill_on_drop: false }`
[INFO] [stderr]    Compiling proc-macro2 v1.0.75
[INFO] [stderr]    Compiling unicode-ident v1.0.12
[INFO] [stderr]    Compiling typenum v1.17.0
[INFO] [stderr]    Compiling libc v0.2.151
[INFO] [stderr]    Compiling once_cell v1.19.0
[INFO] [stderr]    Compiling serde v1.0.194
[INFO] [stderr]    Compiling generic-array v0.14.7
[INFO] [stderr]    Compiling syn v1.0.109
[INFO] [stderr]    Compiling subtle v2.4.1
[INFO] [stderr]    Compiling hashbrown v0.14.3
[INFO] [stderr]    Compiling equivalent v1.0.1
[INFO] [stderr]    Compiling winnow v0.5.32
[INFO] [stderr]    Compiling memchr v2.7.1
[INFO] [stderr]    Compiling ppv-lite86 v0.2.17
[INFO] [stderr]    Compiling quote v1.0.35
[INFO] [stderr]    Compiling indexmap v2.1.0
[INFO] [stderr]    Compiling syn v2.0.48
[INFO] [stderr]    Compiling cc v1.0.83
[INFO] [stderr]    Compiling const-oid v0.9.6
[INFO] [stderr]    Compiling arrayvec v0.7.4
[INFO] [stderr]    Compiling ahash v0.7.7
[INFO] [stderr]    Compiling getrandom v0.2.11
[INFO] [stderr]    Compiling crunchy v0.2.2
[INFO] [stderr]    Compiling rand_core v0.6.4
[INFO] [stderr]    Compiling aho-corasick v1.1.2
[INFO] [stderr]    Compiling regex-syntax v0.8.2
[INFO] [stderr]    Compiling byte-slice-cast v1.2.2
[INFO] [stderr]    Compiling hashbrown v0.12.3
[INFO] [stderr]    Compiling indexmap v1.9.3
[INFO] [stderr]    Compiling byteorder v1.5.0
[INFO] [stderr]    Compiling cpufeatures v0.2.12
[INFO] [stderr]    Compiling tinyvec_macros v0.1.1
[INFO] [stderr]    Compiling bytes v1.5.0
[INFO] [stderr]    Compiling rand_chacha v0.3.1
[INFO] [stderr]    Compiling tinyvec v1.6.0
[INFO] [stderr]    Compiling ahash v0.8.7
[INFO] [stderr]    Compiling rand v0.8.5
[INFO] [stderr]    Compiling static_assertions v1.1.0
[INFO] [stderr]    Compiling getrandom v0.1.16
[INFO] [stderr]    Compiling regex-automata v0.4.3
[INFO] [stderr]    Compiling zerocopy v0.7.32
[INFO] [stderr]    Compiling unicode-normalization v0.1.22
[INFO] [stderr]    Compiling log v0.4.20
[INFO] [stderr]    Compiling unicode-bidi v0.3.14
[INFO] [stderr]    Compiling percent-encoding v2.3.1
[INFO] [stderr]    Compiling form_urlencoded v1.2.1
[INFO] [stderr]    Compiling hashbrown v0.13.2
[INFO] [stderr]    Compiling idna v0.5.0
[INFO] [stderr]    Compiling thiserror v1.0.56
[INFO] [stderr]    Compiling crc32fast v1.3.2
[INFO] [stderr]    Compiling arrayref v0.3.7
[INFO] [stderr]    Compiling keccak v0.1.4
[INFO] [stderr]    Compiling rand_core v0.5.1
[INFO] [stderr]    Compiling url v2.5.0
[INFO] [stderr]    Compiling num-traits v0.2.17
[INFO] [stderr]    Compiling io-lifetimes v1.0.11
[INFO] [stderr]    Compiling target-lexicon v0.12.13
[INFO] [stderr]    Compiling regex v1.10.2
[INFO] [stderr]    Compiling stable_deref_trait v1.2.0
[INFO] [stderr]    Compiling anyhow v1.0.79
[INFO] [stderr]    Compiling rustix v0.38.28
[INFO] [stderr]    Compiling fallible-iterator v0.2.0
[INFO] [stderr]    Compiling Inflector v0.11.4
[INFO] [stderr]    Compiling memoffset v0.8.0
[INFO] [stderr]    Compiling sp-std v12.0.0
[INFO] [stderr]    Compiling linux-raw-sys v0.4.12
[INFO] [stderr]    Compiling pin-project-lite v0.2.13
[INFO] [stderr]    Compiling rustix v0.36.17
[INFO] [stderr]    Compiling paste v1.0.14
[INFO] [stderr]    Compiling bitflags v2.4.1
[INFO] [stderr]    Compiling wasmtime-runtime v8.0.1
[INFO] [stderr]    Compiling impl-trait-for-tuples v0.2.2
[INFO] [stderr]    Compiling derive_more v0.99.17
[INFO] [stderr]    Compiling digest v0.9.0
[INFO] [stderr]    Compiling generic-array v0.12.4
[INFO] [stderr]    Compiling tracing-core v0.1.32
[INFO] [stderr]    Compiling cpp_demangle v0.3.5
[INFO] [stderr]    Compiling serde_derive v1.0.194
[INFO] [stderr]    Compiling zeroize_derive v1.4.2
[INFO] [stderr]    Compiling thiserror-impl v1.0.56
[INFO] [stderr]    Compiling linux-raw-sys v0.1.4
[INFO] [stderr]    Compiling zeroize v1.7.0
[INFO] [stderr]    Compiling constant_time_eq v0.3.0
[INFO] [stderr]    Compiling smallvec v1.11.2
[INFO] [stderr]    Compiling rustc-demangle v0.1.23
[INFO] [stderr]    Compiling memfd v0.6.4
[INFO] [stderr]    Compiling libsecp256k1-core v0.3.0
[INFO] [stderr]    Compiling crypto-common v0.1.6
[INFO] [stderr]    Compiling block-buffer v0.10.4
[INFO] [stderr]    Compiling digest v0.10.7
[INFO] [stderr]    Compiling psm v0.1.21
[INFO] [stderr]    Compiling wasmtime-jit-debug v8.0.1
[INFO] [stderr]    Compiling slab v0.4.9
[INFO] [stderr]    Compiling wasmtime-asm-macros v8.0.1
[INFO] [stderr]    Compiling serde_json v1.0.111
[INFO] [stderr]    Compiling regex-syntax v0.6.29
[INFO] [stderr]    Compiling byte-tools v0.3.1
[INFO] [stderr]    Compiling ref-cast v1.0.22
[INFO] [stderr]    Compiling block-padding v0.1.5
[INFO] [stderr]    Compiling block-buffer v0.9.0
[INFO] [stderr]    Compiling digest v0.8.1
[INFO] [stderr]    Compiling tracing-attributes v0.1.27
[INFO] [stderr]    Compiling ref-cast-impl v1.0.22
[INFO] [stderr]    Compiling wasmtime-jit-icache-coherence v8.0.1
[INFO] [stderr]    Compiling futures-sink v0.3.30
[INFO] [stderr]    Compiling iana-time-zone v0.1.59
[INFO] [stderr]    Compiling futures-core v0.3.30
[INFO] [stderr]    Compiling wasmtime v8.0.1
[INFO] [stderr]    Compiling rustc-hex v2.1.0
[INFO] [stderr]    Compiling opaque-debug v0.3.0
[INFO] [stderr]    Compiling hex v0.4.3
[INFO] [stderr]    Compiling sha2 v0.9.9
[INFO] [stderr]    Compiling futures-channel v0.3.30
[INFO] [stderr]    Compiling chrono v0.4.31
[INFO] [stderr]    Compiling block-buffer v0.7.3
[INFO] [stderr]    Compiling libsecp256k1-gen-ecmult v0.3.0
[INFO] [stderr]    Compiling libsecp256k1-gen-genmult v0.3.0
[INFO] [stderr]    Compiling sha2 v0.10.8
[INFO] [stderr]    Compiling regex-automata v0.1.10
[INFO] [stderr]    Compiling crypto-mac v0.11.1
[INFO] [stderr]    Compiling crypto-mac v0.8.0
[INFO] [stderr]    Compiling tracing v0.1.40
[INFO] [stderr]    Compiling tracing-log v0.1.4
[INFO] [stderr]    Compiling futures-macro v0.3.30
[INFO] [stderr]    Compiling matchers v0.0.1
[INFO] [stderr]    Compiling sp-debug-derive v12.0.0
[INFO] [stderr]    Compiling rand_chacha v0.2.2
[INFO] [stderr]    Compiling sharded-slab v0.1.7
[INFO] [stderr]    Compiling secp256k1-sys v0.6.1
[INFO] [stderr]    Compiling thread_local v1.1.7
[INFO] [stderr]    Compiling lock_api v0.4.11
[INFO] [stderr]    Compiling fake-simd v0.1.2
[INFO] [stderr]    Compiling opaque-debug v0.2.3
[INFO] [stderr]    Compiling unicode-xid v0.2.4
[INFO] [stderr]    Compiling futures-task v0.3.30
[INFO] [stderr]    Compiling either v1.9.0
[INFO] [stderr]    Compiling pin-utils v0.1.0
[INFO] [stderr]    Compiling ansi_term v0.12.1
[INFO] [stderr]    Compiling hash-db v0.16.0
[INFO] [stderr]    Compiling futures-io v0.3.30
[INFO] [stderr]    Compiling parking_lot_core v0.9.9
[INFO] [stderr]    Compiling itertools v0.10.5
[INFO] [stderr]    Compiling futures-util v0.3.30
[INFO] [stderr]    Compiling sha2 v0.8.2
[INFO] [stderr]    Compiling rand v0.7.3
[INFO] [stderr]    Compiling hmac v0.8.1
[INFO] [stderr]    Compiling cranelift-entity v0.95.1
[INFO] [stderr]    Compiling bincode v1.3.3
[INFO] [stderr]    Compiling wasmparser v0.102.0
[INFO] [stderr]    Compiling gimli v0.27.3
[INFO] [stderr]    Compiling object v0.30.4
[INFO] [stderr]    Compiling toml_datetime v0.6.3
[INFO] [stderr]    Compiling serde_spanned v0.6.5
[INFO] [stderr]    Compiling impl-serde v0.4.0
[INFO] [stderr]    Compiling toml_edit v0.20.2
[INFO] [stderr]    Compiling toml_edit v0.19.15
[INFO] [stderr]    Compiling proc-macro-crate v2.0.1
[INFO] [stderr]    Compiling proc-macro-crate v1.3.1
[INFO] [stderr]    Compiling tracing-serde v0.1.3
[INFO] [stderr]    Compiling ss58-registry v1.44.0
[INFO] [stderr]    Compiling libsecp256k1 v0.7.1
[INFO] [stderr]    Compiling wasmtime-types v8.0.1
[INFO] [stderr]    Compiling addr2line v0.19.0
[INFO] [stderr]    Compiling tracing-subscriber v0.2.25
[INFO] [stderr]    Compiling wasmtime-environ v8.0.1
[INFO] [stderr]    Compiling uint v0.9.5
[INFO] [stderr]    Compiling fixed-hash v0.8.0
[INFO] [stderr]    Compiling curve25519-dalek v2.1.3
[INFO] [stderr]    Compiling merlin v2.0.1
[INFO] [stderr]    Compiling num_cpus v1.16.0
[INFO] [stderr]    Compiling scale-info-derive v2.10.0
[INFO] [stderr]    Compiling semver v1.0.21
[INFO] [stderr]    Compiling parity-scale-codec-derive v3.6.9
[INFO] [stderr]    Compiling environmental v1.1.4
[INFO] [stderr]    Compiling scopeguard v1.2.0
[INFO] [stderr]    Compiling arrayvec v0.5.2
[INFO] [stderr]    Compiling schnorrkel v0.9.1
[INFO] [stderr]    Compiling futures-executor v0.3.30
[INFO] [stderr]    Compiling sp-runtime-interface-proc-macro v15.0.0
[INFO] [stderr]    Compiling wasmtime-jit v8.0.1
[INFO] [stderr]    Compiling hmac-drbg v0.3.0
[INFO] [stderr]    Compiling parity-scale-codec v3.6.9
[INFO] [stderr]    Compiling hmac v0.11.0
[INFO] [stderr]    Compiling pbkdf2 v0.8.0
[INFO] [stderr]    Compiling sha3 v0.10.8
[INFO] [stderr]    Compiling twox-hash v1.6.3
[INFO] [stderr]    Compiling curve25519-dalek v3.2.0
[INFO] [stderr]    Compiling scale-info v2.10.0
[INFO] [stderr]    Compiling sp-storage v17.0.0
[INFO] [stderr]    Compiling impl-codec v0.6.0
[INFO] [stderr]    Compiling sp-externalities v0.23.0
[INFO] [stderr]    Compiling sp-tracing v14.0.0
[INFO] [stderr]    Compiling blake2b_simd v1.0.2
[INFO] [stderr]    Compiling dyn-clonable-impl v0.9.0
[INFO] [stderr]    Compiling primitive-types v0.12.2
[INFO] [stderr]    Compiling num-format v0.4.4
[INFO] [stderr]    Compiling dyn-clone v1.0.16
[INFO] [stderr]    Compiling bitcoin_hashes v0.11.0
[INFO] [stderr]    Compiling sp-wasm-interface v18.0.0
[INFO] [stderr]    Compiling base64 v0.13.1
[INFO] [stderr]    Compiling dyn-clonable v0.9.0
[INFO] [stderr]    Compiling sp-core-hashing v13.0.0
[INFO] [stderr]    Compiling bip39 v2.0.0
[INFO] [stderr]    Compiling bounded-collections v0.1.9
[INFO] [stderr]    Compiling ed25519-zebra v3.1.0
[INFO] [stderr]    Compiling sp-runtime-interface v22.0.0
[INFO] [stderr]    Compiling substrate-bip39 v0.4.5
[INFO] [stderr]    Compiling parking_lot v0.12.1
[INFO] [stderr]    Compiling secp256k1 v0.24.3
[INFO] [stderr]    Compiling futures v0.3.30
[INFO] [stderr]    Compiling blake2 v0.10.6
[INFO] [stderr]    Compiling secrecy v0.8.0
[INFO] [stderr]    Compiling hash256-std-hasher v0.15.2
[INFO] [stderr]    Compiling array-bytes v6.2.2
[INFO] [stderr]    Compiling bs58 v0.5.0
[INFO] [stderr]    Compiling rustc_version v0.4.0
[INFO] [stderr]    Compiling signature v2.2.0
[INFO] [stderr]    Compiling backtrace v0.3.69
[INFO] [stderr]    Compiling adler v1.0.2
[INFO] [stderr]    Compiling gimli v0.28.1
[INFO] [stderr]    Compiling platforms v3.3.0
[INFO] [stderr]    Compiling rustversion v1.0.14
[INFO] [stderr]    Compiling miniz_oxide v0.7.1
[INFO] [stderr]    Compiling curve25519-dalek v4.1.1
[INFO] [stderr]    Compiling object v0.32.2
[INFO] [stderr]    Compiling trie-db v0.28.0
[INFO] [stderr]    Compiling memory-db v0.32.0
[INFO] [stderr]    Compiling trie-root v0.18.0
[INFO] [stderr]    Compiling curve25519-dalek-derive v0.1.1
[INFO] [stderr]    Compiling schnellru v0.2.1
[INFO] [stderr]    Compiling nohash-hasher v0.2.0
[INFO] [stderr]    Compiling ed25519 v2.2.3
[INFO] [stderr]    Compiling sp-io v28.0.0
[INFO] [stderr]    Compiling tiny-keccak v2.0.2
[INFO] [stderr]    Compiling integer-sqrt v0.1.5
[INFO] [stderr]    Compiling sp-arithmetic v21.0.0
[INFO] [stderr]    Compiling derive-syn-parse v0.1.5
[INFO] [stderr]    Compiling fs-err v2.11.0
[INFO] [stderr]    Compiling addr2line v0.21.0
[INFO] [stderr]    Compiling ed25519-dalek v2.1.0
[INFO] [stderr]    Compiling const-random-macro v0.1.16
[INFO] [stderr]    Compiling expander v2.0.0
[INFO] [stderr]    Compiling sp-core v26.0.0
[INFO] [stderr]    Compiling const-random v0.1.17
[INFO] [stderr]    Compiling der v0.7.8
[INFO] [stderr]    Compiling macro_magic_core_macros v0.5.0
[INFO] [stderr]    Compiling ff v0.13.0
[INFO] [stderr]    Compiling base16ct v0.2.0
[INFO] [stderr]    Compiling group v0.13.0
[INFO] [stderr]    Compiling macro_magic_core v0.5.0
[INFO] [stderr]    Compiling frame-metadata v16.0.0
[INFO] [stderr]    Compiling sec1 v0.7.3
[INFO] [stderr]    Compiling sp-core-hashing-proc-macro v13.0.0
[INFO] [stderr]    Compiling sp-version-proc-macro v12.0.0
[INFO] [stderr]    Compiling macro_magic_macros v0.5.0
[INFO] [stderr]    Compiling sp-panic-handler v12.0.0
[INFO] [stderr]    Compiling hmac v0.12.1
[INFO] [stderr]    Compiling crypto-bigint v0.5.5
[INFO] [stderr]    Compiling same-file v1.0.6
[INFO] [stderr]    Compiling parity-wasm v0.45.0
[INFO] [stderr]    Compiling sp-trie v27.0.0
[INFO] [stderr]    Compiling sp-keystore v0.32.0
[INFO] [stderr]    Compiling sp-weights v25.0.0
[INFO] [stderr]    Compiling async-trait v0.1.77
[INFO] [stderr]    Compiling walkdir v2.4.0
[INFO] [stderr]    Compiling sp-state-machine v0.33.0
[INFO] [stderr]    Compiling rfc6979 v0.4.0
[INFO] [stderr]    Compiling sp-metadata-ir v0.4.0
[INFO] [stderr]    Compiling spki v0.7.3
[INFO] [stderr]    Compiling proc-macro-error-attr v1.0.4
[INFO] [stderr]    Compiling sp-api-proc-macro v13.0.0
[INFO] [stderr]    Compiling toml v0.8.2
[INFO] [stderr]    Compiling frame-support-procedural-tools-derive v10.0.0
[INFO] [stderr]    Compiling include_dir_macros v0.7.3
[INFO] [stderr]    Compiling elliptic-curve v0.13.8
[INFO] [stderr]    Compiling termcolor v1.4.0
[INFO] [stderr]    Compiling common-path v1.0.0
[INFO] [stderr]    Compiling ecdsa v0.16.9
[INFO] [stderr]    Compiling include_dir v0.7.3
[INFO] [stderr]    Compiling proc-macro-error v1.0.4
[INFO] [stderr]    Compiling cfg-expr v0.15.6
[INFO] [stderr]    Compiling frame-support-procedural-tools v9.0.0
[INFO] [stderr]    Compiling docify_macros v0.2.7
[INFO] [stderr]    Compiling macro_magic v0.5.0
[INFO] [stderr]    Compiling proc-macro-warning v1.0.2
[INFO] [stderr]    Compiling k256 v0.13.2
[INFO] [stderr]    Compiling aquamarine v0.3.3
[INFO] [stderr]    Compiling frame-support-procedural v21.0.0
[INFO] [stderr]    Compiling tt-call v1.0.9
[INFO] [stderr]    Compiling docify v0.2.7
[INFO] [stderr]    Compiling sp-application-crypto v28.0.0
[INFO] [stderr]    Compiling sp-runtime v29.0.0
[INFO] [stderr]    Compiling sp-version v27.0.0
[INFO] [stderr]    Compiling sp-inherents v24.0.0
[INFO] [stderr]    Compiling sp-staking v24.0.0
[INFO] [stderr]    Compiling sp-api v24.0.0
[INFO] [stderr]    Compiling sp-genesis-builder v0.5.0
[INFO] [stderr]    Compiling frame-support v26.0.0
[INFO] [stderr]    Compiling frame-system v26.0.0
[INFO] [stderr]    Compiling pallet-scheduler v27.0.0 (/opt/rustwide/workdir)
[INFO] [stderr]     Finished dev [unoptimized + debuginfo] target(s) in 3m 19s
[INFO] running `Command { std: "docker" "inspect" "2ec6682434785daab3ed4c56a57bf186ed2670a39bbd1f0a7ec5da6aaa219da8", kill_on_drop: false }`
[INFO] running `Command { std: "docker" "rm" "-f" "2ec6682434785daab3ed4c56a57bf186ed2670a39bbd1f0a7ec5da6aaa219da8", kill_on_drop: false }`
[INFO] [stdout] 2ec6682434785daab3ed4c56a57bf186ed2670a39bbd1f0a7ec5da6aaa219da8
[INFO] running `Command { std: "docker" "create" "-v" "/var/lib/crater-agent-workspace/builds/worker-5-tc1/target:/opt/rustwide/target:rw,Z" "-v" "/var/lib/crater-agent-workspace/builds/worker-5-tc1/source:/opt/rustwide/workdir:ro,Z" "-v" "/var/lib/crater-agent-workspace/cargo-home:/opt/rustwide/cargo-home:ro,Z" "-v" "/var/lib/crater-agent-workspace/rustup-home:/opt/rustwide/rustup-home:ro,Z" "-e" "SOURCE_DIR=/opt/rustwide/workdir" "-e" "CARGO_TARGET_DIR=/opt/rustwide/target" "-e" "CARGO_INCREMENTAL=0" "-e" "RUST_BACKTRACE=full" "-e" "RUSTFLAGS=--cap-lints=warn" "-e" "RUSTDOCFLAGS=--cap-lints=warn" "-e" "CARGO_HOME=/opt/rustwide/cargo-home" "-e" "RUSTUP_HOME=/opt/rustwide/rustup-home" "-w" "/opt/rustwide/workdir" "-m" "1610612736" "--user" "0:0" "--network" "none" "ghcr.io/rust-lang/crates-build-env/linux@sha256:2788e3201cd34a07e3172128adcd8b3090168a8e3bcc40d7c032b9dda1df7d1c" "/opt/rustwide/cargo-home/bin/cargo" "+1.75.0" "test" "--frozen" "--no-run" "--message-format=json", kill_on_drop: false }`
[INFO] [stdout] b84b70433490ba63cecf4c6cbb97488453c55c9f9045c406be86f430f4078b4f
[INFO] running `Command { std: "docker" "start" "-a" "b84b70433490ba63cecf4c6cbb97488453c55c9f9045c406be86f430f4078b4f", kill_on_drop: false }`
[INFO] [stderr]    Compiling pallet-scheduler v27.0.0 (/opt/rustwide/workdir)
[INFO] [stdout] error[E0432]: unresolved import `sp_core`
[INFO] [stdout]   --> src/mock.rs:31:5
[INFO] [stdout]    |
[INFO] [stdout] 31 | use sp_core::H256;
[INFO] [stdout]    |     ^^^^^^^ use of undeclared crate or module `sp_core`
[INFO] [stdout] 
[INFO] [stdout] 
[INFO] [stdout] error[E0432]: unresolved imports `crate::mock::RuntimeCall`, `crate::mock::Scheduler`, `crate::mock::Test`
[INFO] [stdout]   --> src/tests.rs:22:56
[INFO] [stdout]    |
[INFO] [stdout] 22 |     logger, new_test_ext, root, run_to_block, LoggerCall, RuntimeCall, Scheduler, Test, *,
[INFO] [stdout]    |                                                           ^^^^^^^^^^^  ^^^^^^^^^  ^^^^ no `Test` in `mock`
[INFO] [stdout]    |                                                           |            |
[INFO] [stdout]    |                                                           |            no `Scheduler` in `mock`
[INFO] [stdout]    |                                                           |            help: a similar name exists in the module (notice the capitalization): `scheduler`
[INFO] [stdout]    |                                                           no `RuntimeCall` in `mock`
[INFO] [stdout] 
[INFO] [stdout] 
[INFO] [stdout] error[E0432]: unresolved import `substrate_test_utils`
[INFO] [stdout]   --> src/tests.rs:30:5
[INFO] [stdout]    |
[INFO] [stdout] 30 | use substrate_test_utils::assert_eq_uvec;
[INFO] [stdout]    |     ^^^^^^^^^^^^^^^^^^^^ use of undeclared crate or module `substrate_test_utils`
[INFO] [stdout] 
[INFO] [stdout] 
[INFO] [stdout] error[E0432]: unresolved import `super::OriginCaller`
[INFO] [stdout]   --> src/mock.rs:40:14
[INFO] [stdout]    |
[INFO] [stdout] 40 |     use super::{OriginCaller, OriginTrait};
[INFO] [stdout]    |                 ^^^^^^^^^^^^ no `OriginCaller` in `mock`
[INFO] [stdout] 
[INFO] [stdout] 
[INFO] [stdout] error[E0433]: failed to resolve: use of undeclared crate or module `pallet_preimage`
[INFO] [stdout]    --> src/mock.rs:103:13
[INFO] [stdout]     |
[INFO] [stdout] 103 |         Preimage: pallet_preimage::{Pallet, Call, Storage, Event<T>, HoldReason},
[INFO] [stdout]     |                   ^^^^^^^^^^^^^^^ use of undeclared crate or module `pallet_preimage`
[INFO] [stdout] 
[INFO] [stdout] 
[INFO] [stdout] error: cannot determine resolution for the macro `assert_eq_uvec`
[INFO] [stdout]     --> src/tests.rs:1064:3
[INFO] [stdout]      |
[INFO] [stdout] 1064 |         assert_eq_uvec!(
[INFO] [stdout]      |         ^^^^^^^^^^^^^^
[INFO] [stdout]      |
[INFO] [stdout]      = note: import resolution is stuck, try simplifying macro imports
[INFO] [stdout] 
[INFO] [stdout] 
[INFO] [stdout] error: cannot determine resolution for the macro `assert_eq_uvec`
[INFO] [stdout]     --> src/tests.rs:1011:3
[INFO] [stdout]      |
[INFO] [stdout] 1011 |         assert_eq_uvec!(x, expected);
[INFO] [stdout]      |         ^^^^^^^^^^^^^^
[INFO] [stdout]      |
[INFO] [stdout]      = note: import resolution is stuck, try simplifying macro imports
[INFO] [stdout] 
[INFO] [stdout] 
[INFO] [stdout] error[E0412]: cannot find type `Test` in this scope
[INFO] [stdout]   --> src/mock.rs:95:47
[INFO] [stdout]    |
[INFO] [stdout] 95 | type Block = frame_system::mocking::MockBlock<Test>;
[INFO] [stdout]    |                                               ^^^^ not found in this scope
[INFO] [stdout]    |
[INFO] [stdout] help: you might be missing a type parameter
[INFO] [stdout]    |
[INFO] [stdout] 95 | type Block<Test> = frame_system::mocking::MockBlock<Test>;
[INFO] [stdout]    |           ++++++
[INFO] [stdout] 
[INFO] [stdout] 
[INFO] [stdout] error[E0412]: cannot find type `RuntimeCall` in this scope
[INFO] [stdout]    --> src/mock.rs:109:15
[INFO] [stdout]     |
[INFO] [stdout] 109 | impl Contains<RuntimeCall> for BaseFilter {
[INFO] [stdout]     |               ^^^^^^^^^^^ not found in this scope
[INFO] [stdout]     |
[INFO] [stdout] help: you might be missing a type parameter
[INFO] [stdout]     |
[INFO] [stdout] 109 | impl<RuntimeCall> Contains<RuntimeCall> for BaseFilter {
[INFO] [stdout]     |     +++++++++++++
[INFO] [stdout] 
[INFO] [stdout] 
[INFO] [stdout] error[E0412]: cannot find type `RuntimeCall` in this scope
[INFO] [stdout]    --> src/mock.rs:110:21
[INFO] [stdout]     |
[INFO] [stdout] 110 |     fn contains(call: &RuntimeCall) -> bool {
[INFO] [stdout]     |                        ^^^^^^^^^^^ not found in this scope
[INFO] [stdout] 
[INFO] [stdout] 
[INFO] [stdout] error[E0412]: cannot find type `Test` in this scope
[INFO] [stdout]    --> src/mock.rs:121:25
[INFO] [stdout]     |
[INFO] [stdout] 121 | impl system::Config for Test {
[INFO] [stdout]     |                         ^^^^ not found in this scope
[INFO] [stdout] 
[INFO] [stdout] 
[INFO] [stdout] error[E0412]: cannot find type `RuntimeOrigin` in this scope
[INFO] [stdout]    --> src/mock.rs:126:23
[INFO] [stdout]     |
[INFO] [stdout] 126 |     type RuntimeOrigin = RuntimeOrigin;
[INFO] [stdout]     |                          ^^^^^^^^^^^^^
[INFO] [stdout]     |
[INFO] [stdout] help: you might have meant to use the associated type
[INFO] [stdout]     |
[INFO] [stdout] 126 |     type RuntimeOrigin = Self::RuntimeOrigin;
[INFO] [stdout]     |                          ++++++
[INFO] [stdout] 
[INFO] [stdout] 
[INFO] [stdout] error[E0412]: cannot find type `RuntimeCall` in this scope
[INFO] [stdout]    --> src/mock.rs:127:21
[INFO] [stdout]     |
[INFO] [stdout] 127 |     type RuntimeCall = RuntimeCall;
[INFO] [stdout]     |                        ^^^^^^^^^^^
[INFO] [stdout]     |
[INFO] [stdout] help: you might have meant to use the associated type
[INFO] [stdout]     |
[INFO] [stdout] 127 |     type RuntimeCall = Self::RuntimeCall;
[INFO] [stdout]     |                        ++++++
[INFO] [stdout] 
[INFO] [stdout] 
[INFO] [stdout] error[E0412]: cannot find type `RuntimeEvent` in this scope
[INFO] [stdout]    --> src/mock.rs:134:22
[INFO] [stdout]     |
[INFO] [stdout] 134 |     type RuntimeEvent = RuntimeEvent;
[INFO] [stdout]     |                         ^^^^^^^^^^^^
[INFO] [stdout]     |
[INFO] [stdout] help: you might have meant to use the associated type
[INFO] [stdout]     |
[INFO] [stdout] 134 |     type RuntimeEvent = Self::RuntimeEvent;
[INFO] [stdout]     |                         ++++++
[INFO] [stdout] 
[INFO] [stdout] 
[INFO] [stdout] error[E0412]: cannot find type `PalletInfo` in this scope
[INFO] [stdout]    --> src/mock.rs:137:20
[INFO] [stdout]     |
[INFO] [stdout] 137 |     type PalletInfo = PalletInfo;
[INFO] [stdout]     |                       ^^^^^^^^^^
[INFO] [stdout]     |
[INFO] [stdout] help: you might have meant to use the associated type
[INFO] [stdout]     |
[INFO] [stdout] 137 |     type PalletInfo = Self::PalletInfo;
[INFO] [stdout]     |                       ++++++
[INFO] [stdout] help: consider importing this trait
[INFO] [stdout]     |
[INFO] [stdout] 20  + use frame_support::traits::PalletInfo;
[INFO] [stdout]     |
[INFO] [stdout] 
[INFO] [stdout] 
[INFO] [stdout] error[E0412]: cannot find type `Test` in this scope
[INFO] [stdout]    --> src/mock.rs:146:25
[INFO] [stdout]     |
[INFO] [stdout] 146 | impl logger::Config for Test {
[INFO] [stdout]     |                         ^^^^ not found in this scope
[INFO] [stdout] 
[INFO] [stdout] 
[INFO] [stdout] error[E0412]: cannot find type `RuntimeEvent` in this scope
[INFO] [stdout]    --> src/mock.rs:147:22
[INFO] [stdout]     |
[INFO] [stdout] 147 |     type RuntimeEvent = RuntimeEvent;
[INFO] [stdout]     |                         ^^^^^^^^^^^^
[INFO] [stdout]     |
[INFO] [stdout] help: you might have meant to use the associated type
[INFO] [stdout]     |
[INFO] [stdout] 147 |     type RuntimeEvent = Self::RuntimeEvent;
[INFO] [stdout]     |                         ++++++
[INFO] [stdout] 
[INFO] [stdout] 
[INFO] [stdout] error[E0412]: cannot find type `Test` in this scope
[INFO] [stdout]    --> src/mock.rs:153:34
[INFO] [stdout]     |
[INFO] [stdout] 153 | impl pallet_preimage::Config for Test {
[INFO] [stdout]     |                                  ^^^^ not found in this scope
[INFO] [stdout] 
[INFO] [stdout] 
[INFO] [stdout] error[E0412]: cannot find type `RuntimeEvent` in this scope
[INFO] [stdout]    --> src/mock.rs:154:22
[INFO] [stdout]     |
[INFO] [stdout] 154 |     type RuntimeEvent = RuntimeEvent;
[INFO] [stdout]     |                         ^^^^^^^^^^^^ not found in this scope
[INFO] [stdout] 
[INFO] [stdout] 
[INFO] [stdout] error[E0412]: cannot find type `Test` in this scope
[INFO] [stdout]    --> src/mock.rs:205:17
[INFO] [stdout]     |
[INFO] [stdout] 205 | impl Config for Test {
[INFO] [stdout]     |                 ^^^^ not found in this scope
[INFO] [stdout] 
[INFO] [stdout] 
[INFO] [stdout] error[E0412]: cannot find type `RuntimeEvent` in this scope
[INFO] [stdout]    --> src/mock.rs:206:22
[INFO] [stdout]     |
[INFO] [stdout] 206 |     type RuntimeEvent = RuntimeEvent;
[INFO] [stdout]     |                         ^^^^^^^^^^^^
[INFO] [stdout]     |
[INFO] [stdout] help: you might have meant to use the associated type
[INFO] [stdout]     |
[INFO] [stdout] 206 |     type RuntimeEvent = Self::RuntimeEvent;
[INFO] [stdout]     |                         ++++++
[INFO] [stdout] 
[INFO] [stdout] 
[INFO] [stdout] error[E0412]: cannot find type `RuntimeOrigin` in this scope
[INFO] [stdout]    --> src/mock.rs:207:23
[INFO] [stdout]     |
[INFO] [stdout] 207 |     type RuntimeOrigin = RuntimeOrigin;
[INFO] [stdout]     |                          ^^^^^^^^^^^^^
[INFO] [stdout]     |
[INFO] [stdout] help: you might have meant to use the associated type
[INFO] [stdout]     |
[INFO] [stdout] 207 |     type RuntimeOrigin = Self::RuntimeOrigin;
[INFO] [stdout]     |                          ++++++
[INFO] [stdout] 
[INFO] [stdout] 
[INFO] [stdout] error[E0412]: cannot find type `OriginCaller` in this scope
[INFO] [stdout]    --> src/mock.rs:208:23
[INFO] [stdout]     |
[INFO] [stdout] 208 |     type PalletsOrigin = OriginCaller;
[INFO] [stdout]     |                          ^^^^^^^^^^^^ not found in this scope
[INFO] [stdout] 
[INFO] [stdout] 
[INFO] [stdout] error[E0412]: cannot find type `RuntimeCall` in this scope
[INFO] [stdout]    --> src/mock.rs:209:21
[INFO] [stdout]     |
[INFO] [stdout] 209 |     type RuntimeCall = RuntimeCall;
[INFO] [stdout]     |                        ^^^^^^^^^^^
[INFO] [stdout]     |
[INFO] [stdout] help: you might have meant to use the associated type
[INFO] [stdout]     |
[INFO] [stdout] 209 |     type RuntimeCall = Self::RuntimeCall;
[INFO] [stdout]     |                        ++++++
[INFO] [stdout] 
[INFO] [stdout] 
[INFO] [stdout] error[E0412]: cannot find type `Preimage` in this scope
[INFO] [stdout]    --> src/mock.rs:215:19
[INFO] [stdout]     |
[INFO] [stdout] 215 |     type Preimages = Preimage;
[INFO] [stdout]     |                      ^^^^^^^^ not found in this scope
[INFO] [stdout] 
[INFO] [stdout] 
[INFO] [stdout] error[E0412]: cannot find type `Test` in this scope
[INFO] [stdout]    --> src/mock.rs:218:36
[INFO] [stdout]     |
[INFO] [stdout] 218 | pub type LoggerCall = logger::Call<Test>;
[INFO] [stdout]     |                                    ^^^^ not found in this scope
[INFO] [stdout]     |
[INFO] [stdout] help: you might be missing a type parameter
[INFO] [stdout]     |
[INFO] [stdout] 218 | pub type LoggerCall<Test> = logger::Call<Test>;
[INFO] [stdout]     |                    ++++++
[INFO] [stdout] 
[INFO] [stdout] 
[INFO] [stdout] error[E0412]: cannot find type `Test` in this scope
[INFO] [stdout]    --> src/mock.rs:221:34
[INFO] [stdout]     |
[INFO] [stdout] 221 |     let t = system::GenesisConfig::<Test>::default().build_storage().unwrap();
[INFO] [stdout]     |                                     ^^^^ not found in this scope
[INFO] [stdout]     |
[INFO] [stdout] help: you might be missing a type parameter
[INFO] [stdout]     |
[INFO] [stdout] 220 | pub fn new_test_ext<Test>() -> sp_io::TestExternalities {
[INFO] [stdout]     |                    ++++++
[INFO] [stdout] 
[INFO] [stdout] 
[INFO] [stdout] error[E0433]: failed to resolve: use of undeclared type `System`
[INFO] [stdout]    --> src/mock.rs:226:8
[INFO] [stdout]     |
[INFO] [stdout] 226 |     while System::block_number() < n {
[INFO] [stdout]     |           ^^^^^^ use of undeclared type `System`
[INFO] [stdout]     |
[INFO] [stdout] help: consider importing one of these items
[INFO] [stdout]     |
[INFO] [stdout] 20  + use codec::alloc::alloc::System;
[INFO] [stdout]     |
[INFO] [stdout] 20  + use sp_std::alloc::System;
[INFO] [stdout]     |
[INFO] [stdout] 20  + use std::alloc::System;
[INFO] [stdout]     |
[INFO] [stdout] 
[INFO] [stdout] 
[INFO] [stdout] error[E0433]: failed to resolve: use of undeclared type `System`
[INFO] [stdout]    --> src/mock.rs:227:26
[INFO] [stdout]     |
[INFO] [stdout] 227 |         Scheduler::on_finalize(System::block_number());
[INFO] [stdout]     |                                ^^^^^^ use of undeclared type `System`
[INFO] [stdout]     |
[INFO] [stdout] help: consider importing one of these items
[INFO] [stdout]     |
[INFO] [stdout] 20  + use codec::alloc::alloc::System;
[INFO] [stdout]     |
[INFO] [stdout] 20  + use sp_std::alloc::System;
[INFO] [stdout]     |
[INFO] [stdout] 20  + use std::alloc::System;
[INFO] [stdout]     |
[INFO] [stdout] 
[INFO] [stdout] 
[INFO] [stdout] error[E0433]: failed to resolve: use of undeclared type `System`
[INFO] [stdout]    --> src/mock.rs:228:3
[INFO] [stdout]     |
[INFO] [stdout] 228 |         System::set_block_number(System::block_number() + 1);
[INFO] [stdout]     |         ^^^^^^ use of undeclared type `System`
[INFO] [stdout]     |
[INFO] [stdout] help: consider importing one of these items
[INFO] [stdout]     |
[INFO] [stdout] 20  + use codec::alloc::alloc::System;
[INFO] [stdout]     |
[INFO] [stdout] 20  + use sp_std::alloc::System;
[INFO] [stdout]     |
[INFO] [stdout] 20  + use std::alloc::System;
[INFO] [stdout]     |
[INFO] [stdout] 
[INFO] [stdout] 
[INFO] [stdout] error[E0433]: failed to resolve: use of undeclared type `System`
[INFO] [stdout]    --> src/mock.rs:228:28
[INFO] [stdout]     |
[INFO] [stdout] 228 |         System::set_block_number(System::block_number() + 1);
[INFO] [stdout]     |                                  ^^^^^^ use of undeclared type `System`
[INFO] [stdout]     |
[INFO] [stdout] help: consider importing one of these items
[INFO] [stdout]     |
[INFO] [stdout] 20  + use codec::alloc::alloc::System;
[INFO] [stdout]     |
[INFO] [stdout] 20  + use sp_std::alloc::System;
[INFO] [stdout]     |
[INFO] [stdout] 20  + use std::alloc::System;
[INFO] [stdout]     |
[INFO] [stdout] 
[INFO] [stdout] 
[INFO] [stdout] error[E0433]: failed to resolve: use of undeclared type `System`
[INFO] [stdout]    --> src/mock.rs:229:28
[INFO] [stdout]     |
[INFO] [stdout] 229 |         Scheduler::on_initialize(System::block_number());
[INFO] [stdout]     |                                  ^^^^^^ use of undeclared type `System`
[INFO] [stdout]     |
[INFO] [stdout] help: consider importing one of these items
[INFO] [stdout]     |
[INFO] [stdout] 20  + use codec::alloc::alloc::System;
[INFO] [stdout]     |
[INFO] [stdout] 20  + use sp_std::alloc::System;
[INFO] [stdout]     |
[INFO] [stdout] 20  + use std::alloc::System;
[INFO] [stdout]     |
[INFO] [stdout] 
[INFO] [stdout] 
[INFO] [stdout] error[E0412]: cannot find type `OriginCaller` in this scope
[INFO] [stdout]    --> src/mock.rs:233:18
[INFO] [stdout]     |
[INFO] [stdout] 233 | pub fn root() -> OriginCaller {
[INFO] [stdout]     |                  ^^^^^^^^^^^^ not found in this scope
[INFO] [stdout] 
[INFO] [stdout] 
[INFO] [stdout] error[E0433]: failed to resolve: use of undeclared type `System`
[INFO] [stdout]    --> src/tests.rs:452:4
[INFO] [stdout]     |
[INFO] [stdout] 452 |             System::events().last().unwrap().event,
[INFO] [stdout]     |             ^^^^^^ use of undeclared type `System`
[INFO] [stdout]     |
[INFO] [stdout] help: consider importing one of these items
[INFO] [stdout]     |
[INFO] [stdout] 20  + use codec::alloc::alloc::System;
[INFO] [stdout]     |
[INFO] [stdout] 20  + use sp_std::alloc::System;
[INFO] [stdout]     |
[INFO] [stdout] 20  + use std::alloc::System;
[INFO] [stdout]     |
[INFO] [stdout] 
[INFO] [stdout] 
[INFO] [stdout] error[E0433]: failed to resolve: use of undeclared type `System`
[INFO] [stdout]    --> src/tests.rs:496:4
[INFO] [stdout]     |
[INFO] [stdout] 496 |             System::events().last().unwrap().event,
[INFO] [stdout]     |             ^^^^^^ use of undeclared type `System`
[INFO] [stdout]     |
[INFO] [stdout] help: consider importing one of these items
[INFO] [stdout]     |
[INFO] [stdout] 20  + use codec::alloc::alloc::System;
[INFO] [stdout]     |
[INFO] [stdout] 20  + use sp_std::alloc::System;
[INFO] [stdout]     |
[INFO] [stdout] 20  + use std::alloc::System;
[INFO] [stdout]     |
[INFO] [stdout] 
[INFO] [stdout] 
[INFO] [stdout] error[E0412]: cannot find type `OriginCaller` in this scope
[INFO] [stdout]     --> src/tests.rs:1052:13
[INFO] [stdout]      |
[INFO] [stdout] 1052 |         impl Into<OriginCaller> for u32 {
[INFO] [stdout]      |                   ^^^^^^^^^^^^ not found in this scope
[INFO] [stdout]      |
[INFO] [stdout] help: you might be missing a type parameter
[INFO] [stdout]      |
[INFO] [stdout] 1052 |         impl<OriginCaller> Into<OriginCaller> for u32 {
[INFO] [stdout]      |             ++++++++++++++
[INFO] [stdout] 
[INFO] [stdout] 
[INFO] [stdout] error[E0412]: cannot find type `OriginCaller` in this scope
[INFO] [stdout]     --> src/tests.rs:1053:21
[INFO] [stdout]      |
[INFO] [stdout] 1053 |             fn into(self) -> OriginCaller {
[INFO] [stdout]      |                              ^^^^^^^^^^^^ not found in this scope
[INFO] [stdout] 
[INFO] [stdout] 
[INFO] [stdout] error[E0433]: failed to resolve: use of undeclared type `System`
[INFO] [stdout]     --> src/tests.rs:1915:4
[INFO] [stdout]      |
[INFO] [stdout] 1915 |             System::events().last().unwrap().event,
[INFO] [stdout]      |             ^^^^^^ use of undeclared type `System`
[INFO] [stdout]      |
[INFO] [stdout] help: consider importing one of these items
[INFO] [stdout]      |
[INFO] [stdout] 20   + use codec::alloc::alloc::System;
[INFO] [stdout]      |
[INFO] [stdout] 20   + use sp_std::alloc::System;
[INFO] [stdout]      |
[INFO] [stdout] 20   + use std::alloc::System;
[INFO] [stdout]      |
[INFO] [stdout] 
[INFO] [stdout] 
[INFO] [stdout] warning: unused import: `crate as scheduler`
[INFO] [stdout]   --> src/mock.rs:22:5
[INFO] [stdout]    |
[INFO] [stdout] 22 | use crate as scheduler;
[INFO] [stdout]    |     ^^^^^^^^^^^^^^^^^^
[INFO] [stdout]    |
[INFO] [stdout]    = note: `#[warn(unused_imports)]` on by default
[INFO] [stdout] 
[INFO] [stdout] 
[INFO] [stdout] warning: unused imports: `OnFinalize`, `OnInitialize`
[INFO] [stdout]   --> src/mock.rs:26:70
[INFO] [stdout]    |
[INFO] [stdout] 26 |         ConstU32, ConstU64, Contains, EitherOfDiverse, EqualPrivilegeOnly, OnFinalize, OnInitialize,
[INFO] [stdout]    |                                                                            ^^^^^^^^^^  ^^^^^^^^^^^^
[INFO] [stdout] 
[INFO] [stdout] 
[INFO] [stdout] warning: unused import: `call`
[INFO] [stdout]   --> src/mock.rs:68:12
[INFO] [stdout]    |
[INFO] [stdout] 68 |     #[pallet::call]
[INFO] [stdout]    |               ^^^^
[INFO] [stdout] 
[INFO] [stdout] 
[INFO] [stdout] warning: unused import: `event`
[INFO] [stdout]   --> src/mock.rs:62:12
[INFO] [stdout]    |
[INFO] [stdout] 62 |     #[pallet::event]
[INFO] [stdout]    |               ^^^^^
[INFO] [stdout] 
[INFO] [stdout] 
[INFO] [stdout] warning: unused imports: `GetStorageVersion`, `OnInitialize`, `StorePreimage`
[INFO] [stdout]   --> src/tests.rs:26:21
[INFO] [stdout]    |
[INFO] [stdout] 26 |     traits::{Contains, GetStorageVersion, OnInitialize, QueryPreimage, StorePreimage},
[INFO] [stdout]    |                        ^^^^^^^^^^^^^^^^^  ^^^^^^^^^^^^                 ^^^^^^^^^^^^^
[INFO] [stdout] 
[INFO] [stdout] 
[INFO] [stdout] error[E0433]: failed to resolve: use of undeclared type `RuntimeCall`
[INFO] [stdout]    --> src/mock.rs:111:19
[INFO] [stdout]     |
[INFO] [stdout] 111 |         !matches!(call, RuntimeCall::Logger(LoggerCall::log { .. }))
[INFO] [stdout]     |                         ^^^^^^^^^^^ use of undeclared type `RuntimeCall`
[INFO] [stdout] 
[INFO] [stdout] 
[INFO] [stdout] error[E0433]: failed to resolve: use of undeclared crate or module `pallet_preimage`
[INFO] [stdout]    --> src/mock.rs:153:6
[INFO] [stdout]     |
[INFO] [stdout] 153 | impl pallet_preimage::Config for Test {
[INFO] [stdout]     |      ^^^^^^^^^^^^^^^ use of undeclared crate or module `pallet_preimage`
[INFO] [stdout] 
[INFO] [stdout] 
[INFO] [stdout] error[E0433]: failed to resolve: use of undeclared type `Scheduler`
[INFO] [stdout]    --> src/mock.rs:227:3
[INFO] [stdout]     |
[INFO] [stdout] 227 |         Scheduler::on_finalize(System::block_number());
[INFO] [stdout]     |         ^^^^^^^^^
[INFO] [stdout]     |         |
[INFO] [stdout]     |         use of undeclared type `Scheduler`
[INFO] [stdout]     |         help: a struct with a similar name exists: `Scheduled`
[INFO] [stdout] 
[INFO] [stdout] 
[INFO] [stdout] error[E0433]: failed to resolve: use of undeclared type `Scheduler`
[INFO] [stdout]    --> src/mock.rs:229:3
[INFO] [stdout]     |
[INFO] [stdout] 229 |         Scheduler::on_initialize(System::block_number());
[INFO] [stdout]     |         ^^^^^^^^^
[INFO] [stdout]     |         |
[INFO] [stdout]     |         use of undeclared type `Scheduler`
[INFO] [stdout]     |         help: a struct with a similar name exists: `Scheduled`
[INFO] [stdout] 
[INFO] [stdout] 
[INFO] [stdout] error[E0433]: failed to resolve: use of undeclared type `Preimage`
[INFO] [stdout]   --> src/tests.rs:50:4
[INFO] [stdout]    |
[INFO] [stdout] 50 |             Preimage::bound(call).unwrap()
[INFO] [stdout]    |             ^^^^^^^^ use of undeclared type `Preimage`
[INFO] [stdout] 
[INFO] [stdout] 
[INFO] [stdout] error[E0433]: failed to resolve: use of undeclared type `Preimage`
[INFO] [stdout]   --> src/tests.rs:85:14
[INFO] [stdout]    |
[INFO] [stdout] 85 |         assert_ok!(Preimage::note_preimage(RuntimeOrigin::signed(0), call.encode()));
[INFO] [stdout]    |                    ^^^^^^^^ use of undeclared type `Preimage`
[INFO] [stdout] 
[INFO] [stdout] 
[INFO] [stdout] error[E0433]: failed to resolve: use of undeclared type `RuntimeOrigin`
[INFO] [stdout]   --> src/tests.rs:85:38
[INFO] [stdout]    |
[INFO] [stdout] 85 |         assert_ok!(Preimage::note_preimage(RuntimeOrigin::signed(0), call.encode()));
[INFO] [stdout]    |                                            ^^^^^^^^^^^^^ use of undeclared type `RuntimeOrigin`
[INFO] [stdout] 
[INFO] [stdout] 
[INFO] [stdout] error[E0433]: failed to resolve: use of undeclared type `Preimage`
[INFO] [stdout]   --> src/tests.rs:86:11
[INFO] [stdout]    |
[INFO] [stdout] 86 |         assert!(Preimage::is_requested(&hash));
[INFO] [stdout]    |                 ^^^^^^^^ use of undeclared type `Preimage`
[INFO] [stdout] 
[INFO] [stdout] 
[INFO] [stdout] error[E0433]: failed to resolve: use of undeclared type `Preimage`
[INFO] [stdout]   --> src/tests.rs:94:12
[INFO] [stdout]    |
[INFO] [stdout] 94 |         assert!(!Preimage::len(&hash).is_some());
[INFO] [stdout]    |                  ^^^^^^^^ use of undeclared type `Preimage`
[INFO] [stdout] 
[INFO] [stdout] 
[INFO] [stdout] error[E0433]: failed to resolve: use of undeclared type `Preimage`
[INFO] [stdout]   --> src/tests.rs:95:12
[INFO] [stdout]    |
[INFO] [stdout] 95 |         assert!(!Preimage::is_requested(&hash));
[INFO] [stdout]    |                  ^^^^^^^^ use of undeclared type `Preimage`
[INFO] [stdout] 
[INFO] [stdout] 
[INFO] [stdout] error[E0433]: failed to resolve: use of undeclared type `Preimage`
[INFO] [stdout]    --> src/tests.rs:117:4
[INFO] [stdout]     |
[INFO] [stdout] 117 |             Preimage::bound(call).unwrap()
[INFO] [stdout]     |             ^^^^^^^^ use of undeclared type `Preimage`
[INFO] [stdout] 
[INFO] [stdout] 
[INFO] [stdout] error[E0433]: failed to resolve: use of undeclared type `Preimage`
[INFO] [stdout]    --> src/tests.rs:140:4
[INFO] [stdout]     |
[INFO] [stdout] 140 |             Preimage::bound(call).unwrap()
[INFO] [stdout]     |             ^^^^^^^^ use of undeclared type `Preimage`
[INFO] [stdout] 
[INFO] [stdout] 
[INFO] [stdout] error[E0433]: failed to resolve: use of undeclared type `Preimage`
[INFO] [stdout]    --> src/tests.rs:159:4
[INFO] [stdout]     |
[INFO] [stdout] 159 |             Preimage::bound(RuntimeCall::Logger(logger::Call::log {
[INFO] [stdout]     |             ^^^^^^^^ use of undeclared type `Preimage`
[INFO] [stdout] 
[INFO] [stdout] 
[INFO] [stdout] error[E0433]: failed to resolve: use of undeclared type `Preimage`
[INFO] [stdout]    --> src/tests.rs:194:5
[INFO] [stdout]     |
[INFO] [stdout] 194 |                 Preimage::bound(call).unwrap()
[INFO] [stdout]     |                 ^^^^^^^^ use of undeclared type `Preimage`
[INFO] [stdout] 
[INFO] [stdout] 
[INFO] [stdout] error[E0433]: failed to resolve: use of undeclared type `Preimage`
[INFO] [stdout]    --> src/tests.rs:234:5
[INFO] [stdout]     |
[INFO] [stdout] 234 |                 Preimage::bound(call).unwrap(),
[INFO] [stdout]     |                 ^^^^^^^^ use of undeclared type `Preimage`
[INFO] [stdout] 
[INFO] [stdout] 
[INFO] [stdout] error[E0433]: failed to resolve: use of undeclared type `Preimage`
[INFO] [stdout]    --> src/tests.rs:274:5
[INFO] [stdout]     |
[INFO] [stdout] 274 |                 Preimage::bound(call).unwrap(),
[INFO] [stdout]     |                 ^^^^^^^^ use of undeclared type `Preimage`
[INFO] [stdout] 
[INFO] [stdout] 
[INFO] [stdout] error[E0433]: failed to resolve: use of undeclared type `Preimage`
[INFO] [stdout]    --> src/tests.rs:321:4
[INFO] [stdout]     |
[INFO] [stdout] 321 |             Preimage::bound(RuntimeCall::Logger(LoggerCall::log {
[INFO] [stdout]     |             ^^^^^^^^ use of undeclared type `Preimage`
[INFO] [stdout] 
[INFO] [stdout] 
[INFO] [stdout] error[E0433]: failed to resolve: use of undeclared type `Preimage`
[INFO] [stdout]    --> src/tests.rs:333:4
[INFO] [stdout]     |
[INFO] [stdout] 333 |             Preimage::bound(RuntimeCall::Logger(LoggerCall::log {
[INFO] [stdout]     |             ^^^^^^^^ use of undeclared type `Preimage`
[INFO] [stdout] 
[INFO] [stdout] 
[INFO] [stdout] error[E0433]: failed to resolve: use of undeclared type `Preimage`
[INFO] [stdout]    --> src/tests.rs:359:4
[INFO] [stdout]     |
[INFO] [stdout] 359 |             Preimage::bound(RuntimeCall::Logger(LoggerCall::log {
[INFO] [stdout]     |             ^^^^^^^^ use of undeclared type `Preimage`
[INFO] [stdout] 
[INFO] [stdout] 
[INFO] [stdout] error[E0433]: failed to resolve: use of undeclared type `Preimage`
[INFO] [stdout]    --> src/tests.rs:373:4
[INFO] [stdout]     |
[INFO] [stdout] 373 |             Preimage::bound(RuntimeCall::Logger(LoggerCall::log {
[INFO] [stdout]     |             ^^^^^^^^ use of undeclared type `Preimage`
[INFO] [stdout] 
[INFO] [stdout] 
[INFO] [stdout] error[E0433]: failed to resolve: use of undeclared type `Preimage`
[INFO] [stdout]    --> src/tests.rs:387:4
[INFO] [stdout]     |
[INFO] [stdout] 387 |             Preimage::bound(RuntimeCall::Logger(LoggerCall::log {
[INFO] [stdout]     |             ^^^^^^^^ use of undeclared type `Preimage`
[INFO] [stdout] 
[INFO] [stdout] 
[INFO] [stdout] error[E0433]: failed to resolve: use of undeclared type `Preimage`
[INFO] [stdout]    --> src/tests.rs:415:4
[INFO] [stdout]     |
[INFO] [stdout] 415 |             Preimage::bound(call).unwrap(),
[INFO] [stdout]     |             ^^^^^^^^ use of undeclared type `Preimage`
[INFO] [stdout] 
[INFO] [stdout] 
[INFO] [stdout] error[E0433]: failed to resolve: use of undeclared type `Preimage`
[INFO] [stdout]    --> src/tests.rs:423:4
[INFO] [stdout]     |
[INFO] [stdout] 423 |             Preimage::bound(call).unwrap(),
[INFO] [stdout]     |             ^^^^^^^^ use of undeclared type `Preimage`
[INFO] [stdout] 
[INFO] [stdout] 
[INFO] [stdout] error[E0433]: failed to resolve: use of undeclared type `Preimage`
[INFO] [stdout]    --> src/tests.rs:444:4
[INFO] [stdout]     |
[INFO] [stdout] 444 |             Preimage::bound(call).unwrap(),
[INFO] [stdout]     |             ^^^^^^^^ use of undeclared type `Preimage`
[INFO] [stdout] 
[INFO] [stdout] 
[INFO] [stdout] error[E0433]: failed to resolve: use of undeclared type `Preimage`
[INFO] [stdout]    --> src/tests.rs:467:15
[INFO] [stdout]     |
[INFO] [stdout] 467 |         let bound = Preimage::bound(call).unwrap();
[INFO] [stdout]     |                     ^^^^^^^^ use of undeclared type `Preimage`
[INFO] [stdout] 
[INFO] [stdout] 
[INFO] [stdout] error[E0433]: failed to resolve: use of undeclared type `Preimage`
[INFO] [stdout]    --> src/tests.rs:513:12
[INFO] [stdout]     |
[INFO] [stdout] 513 |         assert!(!Preimage::is_requested(&hash));
[INFO] [stdout]     |                  ^^^^^^^^ use of undeclared type `Preimage`
[INFO] [stdout] 
[INFO] [stdout] 
[INFO] [stdout] error[E0433]: failed to resolve: use of undeclared type `Preimage`
[INFO] [stdout]    --> src/tests.rs:524:11
[INFO] [stdout]     |
[INFO] [stdout] 524 |         assert!(Preimage::is_requested(&hash));
[INFO] [stdout]     |                 ^^^^^^^^ use of undeclared type `Preimage`
[INFO] [stdout] 
[INFO] [stdout] 
[INFO] [stdout] error[E0433]: failed to resolve: use of undeclared type `Preimage`
[INFO] [stdout]    --> src/tests.rs:527:14
[INFO] [stdout]     |
[INFO] [stdout] 527 |         assert_ok!(Preimage::note_preimage(RuntimeOrigin::signed(1), call.encode()));
[INFO] [stdout]     |                    ^^^^^^^^ use of undeclared type `Preimage`
[INFO] [stdout] 
[INFO] [stdout] 
[INFO] [stdout] error[E0433]: failed to resolve: use of undeclared type `RuntimeOrigin`
[INFO] [stdout]    --> src/tests.rs:527:38
[INFO] [stdout]     |
[INFO] [stdout] 527 |         assert_ok!(Preimage::note_preimage(RuntimeOrigin::signed(1), call.encode()));
[INFO] [stdout]     |                                            ^^^^^^^^^^^^^ use of undeclared type `RuntimeOrigin`
[INFO] [stdout] 
[INFO] [stdout] 
[INFO] [stdout] error[E0433]: failed to resolve: use of undeclared type `Preimage`
[INFO] [stdout]    --> src/tests.rs:534:3
[INFO] [stdout]     |
[INFO] [stdout] 534 |         Preimage::unnote(&hash);
[INFO] [stdout]     |         ^^^^^^^^ use of undeclared type `Preimage`
[INFO] [stdout] 
[INFO] [stdout] 
[INFO] [stdout] error[E0433]: failed to resolve: use of undeclared type `Preimage`
[INFO] [stdout]    --> src/tests.rs:541:12
[INFO] [stdout]     |
[INFO] [stdout] 541 |         assert!(!Preimage::is_requested(&hash));
[INFO] [stdout]     |                  ^^^^^^^^ use of undeclared type `Preimage`
[INFO] [stdout] 
[INFO] [stdout] 
[INFO] [stdout] error[E0433]: failed to resolve: use of undeclared type `Preimage`
[INFO] [stdout]    --> src/tests.rs:555:4
[INFO] [stdout]     |
[INFO] [stdout] 555 |             Preimage::bound(call).unwrap(),
[INFO] [stdout]     |             ^^^^^^^^ use of undeclared type `Preimage`
[INFO] [stdout] 
[INFO] [stdout] 
[INFO] [stdout] error[E0433]: failed to resolve: use of undeclared type `Preimage`
[INFO] [stdout]    --> src/tests.rs:563:4
[INFO] [stdout]     |
[INFO] [stdout] 563 |             Preimage::bound(call).unwrap(),
[INFO] [stdout]     |             ^^^^^^^^ use of undeclared type `Preimage`
[INFO] [stdout] 
[INFO] [stdout] 
[INFO] [stdout] error[E0433]: failed to resolve: use of undeclared type `Preimage`
[INFO] [stdout]    --> src/tests.rs:580:4
[INFO] [stdout]     |
[INFO] [stdout] 580 |             Preimage::bound(call).unwrap(),
[INFO] [stdout]     |             ^^^^^^^^ use of undeclared type `Preimage`
[INFO] [stdout] 
[INFO] [stdout] 
[INFO] [stdout] error[E0433]: failed to resolve: use of undeclared type `Preimage`
[INFO] [stdout]    --> src/tests.rs:588:4
[INFO] [stdout]     |
[INFO] [stdout] 588 |             Preimage::bound(call).unwrap(),
[INFO] [stdout]     |             ^^^^^^^^ use of undeclared type `Preimage`
[INFO] [stdout] 
[INFO] [stdout] 
[INFO] [stdout] error[E0433]: failed to resolve: use of undeclared type `Preimage`
[INFO] [stdout]    --> src/tests.rs:596:4
[INFO] [stdout]     |
[INFO] [stdout] 596 |             Preimage::bound(call).unwrap(),
[INFO] [stdout]     |             ^^^^^^^^ use of undeclared type `Preimage`
[INFO] [stdout] 
[INFO] [stdout] 
[INFO] [stdout] error[E0433]: failed to resolve: use of undeclared type `Preimage`
[INFO] [stdout]    --> src/tests.rs:624:4
[INFO] [stdout]     |
[INFO] [stdout] 624 |             Preimage::bound(call).unwrap(),
[INFO] [stdout]     |             ^^^^^^^^ use of undeclared type `Preimage`
[INFO] [stdout] 
[INFO] [stdout] 
[INFO] [stdout] error[E0433]: failed to resolve: use of undeclared type `Preimage`
[INFO] [stdout]    --> src/tests.rs:636:4
[INFO] [stdout]     |
[INFO] [stdout] 636 |             Preimage::bound(call).unwrap(),
[INFO] [stdout]     |             ^^^^^^^^ use of undeclared type `Preimage`
[INFO] [stdout] 
[INFO] [stdout] 
[INFO] [stdout] error[E0433]: failed to resolve: use of undeclared type `Preimage`
[INFO] [stdout]    --> src/tests.rs:648:4
[INFO] [stdout]     |
[INFO] [stdout] 648 |             Preimage::bound(call).unwrap(),
[INFO] [stdout]     |             ^^^^^^^^ use of undeclared type `Preimage`
[INFO] [stdout] 
[INFO] [stdout] 
[INFO] [stdout] error[E0433]: failed to resolve: use of undeclared type `Preimage`
[INFO] [stdout]    --> src/tests.rs:661:4
[INFO] [stdout]     |
[INFO] [stdout] 661 |             Preimage::bound(call).unwrap(),
[INFO] [stdout]     |             ^^^^^^^^ use of undeclared type `Preimage`
[INFO] [stdout] 
[INFO] [stdout] 
[INFO] [stdout] error[E0433]: failed to resolve: use of undeclared type `RuntimeOrigin`
[INFO] [stdout]    --> src/tests.rs:727:30
[INFO] [stdout]     |
[INFO] [stdout] 727 |             Scheduler::schedule_named(RuntimeOrigin::root(), [1u8; 32], 4, None, 127, call,)
[INFO] [stdout]     |                                       ^^^^^^^^^^^^^ use of undeclared type `RuntimeOrigin`
[INFO] [stdout] 
[INFO] [stdout] 
[INFO] [stdout] error[E0433]: failed to resolve: use of undeclared type `RuntimeOrigin`
[INFO] [stdout]    --> src/tests.rs:729:34
[INFO] [stdout]     |
[INFO] [stdout] 729 |         assert_ok!(Scheduler::schedule(RuntimeOrigin::root(), 4, None, 127, call2));
[INFO] [stdout]     |                                        ^^^^^^^^^^^^^ use of undeclared type `RuntimeOrigin`
[INFO] [stdout] 
[INFO] [stdout] 
[INFO] [stdout] error[E0433]: failed to resolve: use of undeclared type `RuntimeOrigin`
[INFO] [stdout]    --> src/tests.rs:734:38
[INFO] [stdout]     |
[INFO] [stdout] 734 |         assert_ok!(Scheduler::cancel_named(RuntimeOrigin::root(), [1u8; 32]));
[INFO] [stdout]     |                                            ^^^^^^^^^^^^^ use of undeclared type `RuntimeOrigin`
[INFO] [stdout] 
[INFO] [stdout] 
[INFO] [stdout] error[E0433]: failed to resolve: use of undeclared type `RuntimeOrigin`
[INFO] [stdout]    --> src/tests.rs:735:32
[INFO] [stdout]     |
[INFO] [stdout] 735 |         assert_ok!(Scheduler::cancel(RuntimeOrigin::root(), 4, 1));
[INFO] [stdout]     |                                      ^^^^^^^^^^^^^ use of undeclared type `RuntimeOrigin`
[INFO] [stdout] 
[INFO] [stdout] 
[INFO] [stdout] error[E0433]: failed to resolve: use of undeclared type `RuntimeOrigin`
[INFO] [stdout]    --> src/tests.rs:761:30
[INFO] [stdout]     |
[INFO] [stdout] 761 |             Scheduler::schedule_named(RuntimeOrigin::root(), [1u8; 32], 2, None, 127, call1),
[INFO] [stdout]     |                                       ^^^^^^^^^^^^^ use of undeclared type `RuntimeOrigin`
[INFO] [stdout] 
[INFO] [stdout] 
[INFO] [stdout] error[E0433]: failed to resolve: use of undeclared type `RuntimeOrigin`
[INFO] [stdout]    --> src/tests.rs:766:24
[INFO] [stdout]     |
[INFO] [stdout] 766 |             Scheduler::schedule(RuntimeOrigin::root(), 2, None, 127, call2),
[INFO] [stdout]     |                                 ^^^^^^^^^^^^^ use of undeclared type `RuntimeOrigin`
[INFO] [stdout] 
[INFO] [stdout] 
[INFO] [stdout] error[E0433]: failed to resolve: use of undeclared type `RuntimeOrigin`
[INFO] [stdout]    --> src/tests.rs:771:24
[INFO] [stdout]     |
[INFO] [stdout] 771 |             Scheduler::schedule(RuntimeOrigin::root(), 3, None, 127, call3),
[INFO] [stdout]     |                                 ^^^^^^^^^^^^^ use of undeclared type `RuntimeOrigin`
[INFO] [stdout] 
[INFO] [stdout] 
[INFO] [stdout] error[E0433]: failed to resolve: use of undeclared type `Preimage`
[INFO] [stdout]    --> src/tests.rs:920:13
[INFO] [stdout]     |
[INFO] [stdout] 920 |                         call: Preimage::bound(RuntimeCall::Logger(LoggerCall::log {
[INFO] [stdout]     |                               ^^^^^^^^ use of undeclared type `Preimage`
[INFO] [stdout] 
[INFO] [stdout] 
[INFO] [stdout] error[E0433]: failed to resolve: use of undeclared type `Preimage`
[INFO] [stdout]    --> src/tests.rs:933:13
[INFO] [stdout]     |
[INFO] [stdout] 933 |                         call: Preimage::bound(RuntimeCall::Logger(LoggerCall::log {
[INFO] [stdout]     |                               ^^^^^^^^ use of undeclared type `Preimage`
[INFO] [stdout] 
[INFO] [stdout] 
[INFO] [stdout] error[E0433]: failed to resolve: use of undeclared type `Preimage`
[INFO] [stdout]    --> src/tests.rs:950:13
[INFO] [stdout]     |
[INFO] [stdout] 950 |                         call: Preimage::bound(RuntimeCall::Logger(LoggerCall::log {
[INFO] [stdout]     |                               ^^^^^^^^ use of undeclared type `Preimage`
[INFO] [stdout] 
[INFO] [stdout] 
[INFO] [stdout] error[E0433]: failed to resolve: use of undeclared type `Preimage`
[INFO] [stdout]    --> src/tests.rs:963:13
[INFO] [stdout]     |
[INFO] [stdout] 963 |                         call: Preimage::bound(RuntimeCall::Logger(LoggerCall::log {
[INFO] [stdout]     |                               ^^^^^^^^ use of undeclared type `Preimage`
[INFO] [stdout] 
[INFO] [stdout] 
[INFO] [stdout] error[E0433]: failed to resolve: use of undeclared type `Preimage`
[INFO] [stdout]    --> src/tests.rs:980:13
[INFO] [stdout]     |
[INFO] [stdout] 980 |                         call: Preimage::bound(RuntimeCall::Logger(LoggerCall::log {
[INFO] [stdout]     |                               ^^^^^^^^ use of undeclared type `Preimage`
[INFO] [stdout] 
[INFO] [stdout] 
[INFO] [stdout] error[E0433]: failed to resolve: use of undeclared type `Preimage`
[INFO] [stdout]    --> src/tests.rs:993:13
[INFO] [stdout]     |
[INFO] [stdout] 993 |                         call: Preimage::bound(RuntimeCall::Logger(LoggerCall::log {
[INFO] [stdout]     |                               ^^^^^^^^ use of undeclared type `Preimage`
[INFO] [stdout] 
[INFO] [stdout] 
[INFO] [stdout] error[E0433]: failed to resolve: use of undeclared type `Preimage`
[INFO] [stdout]     --> src/tests.rs:1026:12
[INFO] [stdout]      |
[INFO] [stdout] 1026 |                     call: Preimage::bound(RuntimeCall::Logger(LoggerCall::log {
[INFO] [stdout]      |                           ^^^^^^^^ use of undeclared type `Preimage`
[INFO] [stdout] 
[INFO] [stdout] 
[INFO] [stdout] error[E0433]: failed to resolve: use of undeclared type `Preimage`
[INFO] [stdout]     --> src/tests.rs:1040:12
[INFO] [stdout]      |
[INFO] [stdout] 1040 |                     call: Preimage::bound(RuntimeCall::Logger(LoggerCall::log {
[INFO] [stdout]      |                           ^^^^^^^^ use of undeclared type `Preimage`
[INFO] [stdout] 
[INFO] [stdout] 
[INFO] [stdout] error[E0433]: failed to resolve: use of undeclared type `Preimage`
[INFO] [stdout]     --> src/tests.rs:1182:11
[INFO] [stdout]      |
[INFO] [stdout] 1182 |         assert!(Preimage::is_requested(&hash));
[INFO] [stdout]      |                 ^^^^^^^^ use of undeclared type `Preimage`
[INFO] [stdout] 
[INFO] [stdout] 
[INFO] [stdout] error[E0433]: failed to resolve: use of undeclared type `Preimage`
[INFO] [stdout]     --> src/tests.rs:1189:11
[INFO] [stdout]      |
[INFO] [stdout] 1189 |         assert!(Preimage::is_requested(&hash));
[INFO] [stdout]      |                 ^^^^^^^^ use of undeclared type `Preimage`
[INFO] [stdout] 
[INFO] [stdout] 
[INFO] [stdout] error[E0433]: failed to resolve: use of undeclared type `Preimage`
[INFO] [stdout]     --> src/tests.rs:1209:14
[INFO] [stdout]      |
[INFO] [stdout] 1209 |         assert_ok!(Preimage::note(call.encode().into()));
[INFO] [stdout]      |                    ^^^^^^^^ use of undeclared type `Preimage`
[INFO] [stdout] 
[INFO] [stdout] 
[INFO] [stdout] error[E0433]: failed to resolve: use of undeclared type `Preimage`
[INFO] [stdout]     --> src/tests.rs:1213:11
[INFO] [stdout]      |
[INFO] [stdout] 1213 |         assert!(Preimage::is_requested(&hash));
[INFO] [stdout]      |                 ^^^^^^^^ use of undeclared type `Preimage`
[INFO] [stdout] 
[INFO] [stdout] 
[INFO] [stdout] error[E0433]: failed to resolve: use of undeclared type `Preimage`
[INFO] [stdout]     --> src/tests.rs:1242:4
[INFO] [stdout]      |
[INFO] [stdout] 1242 |             Preimage::bound(call).unwrap(),
[INFO] [stdout]      |             ^^^^^^^^ use of undeclared type `Preimage`
[INFO] [stdout] 
[INFO] [stdout] 
[INFO] [stdout] error[E0433]: failed to resolve: use of undeclared type `Preimage`
[INFO] [stdout]     --> src/tests.rs:1264:15
[INFO] [stdout]      |
[INFO] [stdout] 1264 |         let bound = Preimage::bound(call).unwrap();
[INFO] [stdout]      |                     ^^^^^^^^ use of undeclared type `Preimage`
[INFO] [stdout] 
[INFO] [stdout] 
[INFO] [stdout] error[E0433]: failed to resolve: use of undeclared type `Preimage`
[INFO] [stdout]     --> src/tests.rs:1298:4
[INFO] [stdout]      |
[INFO] [stdout] 1298 |             Preimage::bound(call).unwrap(),
[INFO] [stdout]      |             ^^^^^^^^ use of undeclared type `Preimage`
[INFO] [stdout] 
[INFO] [stdout] 
[INFO] [stdout] error[E0433]: failed to resolve: use of undeclared type `Preimage`
[INFO] [stdout]     --> src/tests.rs:1338:15
[INFO] [stdout]      |
[INFO] [stdout] 1338 |         let bound = Preimage::bound(call).unwrap();
[INFO] [stdout]      |                     ^^^^^^^^ use of undeclared type `Preimage`
[INFO] [stdout] 
[INFO] [stdout] 
[INFO] [stdout] error[E0433]: failed to resolve: use of undeclared type `Preimage`
[INFO] [stdout]     --> src/tests.rs:1375:15
[INFO] [stdout]      |
[INFO] [stdout] 1375 |         let bound = Preimage::bound(call).unwrap();
[INFO] [stdout]      |                     ^^^^^^^^ use of undeclared type `Preimage`
[INFO] [stdout] 
[INFO] [stdout] 
[INFO] [stdout] error[E0433]: failed to resolve: use of undeclared type `Preimage`
[INFO] [stdout]     --> src/tests.rs:1417:15
[INFO] [stdout]      |
[INFO] [stdout] 1417 |         let bound = Preimage::bound(call).unwrap();
[INFO] [stdout]      |                     ^^^^^^^^ use of undeclared type `Preimage`
[INFO] [stdout] 
[INFO] [stdout] 
[INFO] [stdout] error[E0433]: failed to resolve: use of undeclared type `Preimage`
[INFO] [stdout]     --> src/tests.rs:1453:15
[INFO] [stdout]      |
[INFO] [stdout] 1453 |         let bound = Preimage::bound(call).unwrap();
[INFO] [stdout]      |                     ^^^^^^^^ use of undeclared type `Preimage`
[INFO] [stdout] 
[INFO] [stdout] 
[INFO] [stdout] error[E0433]: failed to resolve: use of undeclared type `Preimage`
[INFO] [stdout]     --> src/tests.rs:1502:15
[INFO] [stdout]      |
[INFO] [stdout] 1502 |         let bound = Preimage::bound(call).unwrap();
[INFO] [stdout]      |                     ^^^^^^^^ use of undeclared type `Preimage`
[INFO] [stdout] 
[INFO] [stdout] 
[INFO] [stdout] error[E0433]: failed to resolve: use of undeclared type `Preimage`
[INFO] [stdout]     --> src/tests.rs:1555:4
[INFO] [stdout]      |
[INFO] [stdout] 1555 |             Preimage::bound(call).unwrap(),
[INFO] [stdout]      |             ^^^^^^^^ use of undeclared type `Preimage`
[INFO] [stdout] 
[INFO] [stdout] 
[INFO] [stdout] error[E0433]: failed to resolve: use of undeclared type `Preimage`
[INFO] [stdout]     --> src/tests.rs:1578:15
[INFO] [stdout]      |
[INFO] [stdout] 1578 |         let bound = Preimage::bound(call).unwrap();
[INFO] [stdout]      |                     ^^^^^^^^ use of undeclared type `Preimage`
[INFO] [stdout] 
[INFO] [stdout] 
[INFO] [stdout] error[E0433]: failed to resolve: use of undeclared type `Preimage`
[INFO] [stdout]     --> src/tests.rs:1608:15
[INFO] [stdout]      |
[INFO] [stdout] 1608 |         let bound = Preimage::bound(call).unwrap();
[INFO] [stdout]      |                     ^^^^^^^^ use of undeclared type `Preimage`
[INFO] [stdout] 
[INFO] [stdout] 
[INFO] [stdout] error[E0433]: failed to resolve: use of undeclared type `Preimage`
[INFO] [stdout]     --> src/tests.rs:1647:4
[INFO] [stdout]      |
[INFO] [stdout] 1647 |             Preimage::bound(call).unwrap(),
[INFO] [stdout]      |             ^^^^^^^^ use of undeclared type `Preimage`
[INFO] [stdout] 
[INFO] [stdout] 
[INFO] [stdout] error[E0433]: failed to resolve: use of undeclared type `Preimage`
[INFO] [stdout]     --> src/tests.rs:1697:15
[INFO] [stdout]      |
[INFO] [stdout] 1697 |         let bound = Preimage::bound(call).unwrap();
[INFO] [stdout]      |                     ^^^^^^^^ use of undeclared type `Preimage`
[INFO] [stdout] 
[INFO] [stdout] 
[INFO] [stdout] error[E0433]: failed to resolve: use of undeclared type `Preimage`
[INFO] [stdout]     --> src/tests.rs:1747:4
[INFO] [stdout]      |
[INFO] [stdout] 1747 |             Preimage::bound(call.clone()).unwrap(),
[INFO] [stdout]      |             ^^^^^^^^ use of undeclared type `Preimage`
[INFO] [stdout] 
[INFO] [stdout] 
[INFO] [stdout] error[E0433]: failed to resolve: use of undeclared type `Preimage`
[INFO] [stdout]     --> src/tests.rs:1755:4
[INFO] [stdout]      |
[INFO] [stdout] 1755 |             Preimage::bound(call).unwrap(),
[INFO] [stdout]      |             ^^^^^^^^ use of undeclared type `Preimage`
[INFO] [stdout] 
[INFO] [stdout] 
[INFO] [stdout] error[E0433]: failed to resolve: use of undeclared type `Preimage`
[INFO] [stdout]     --> src/tests.rs:1782:4
[INFO] [stdout]      |
[INFO] [stdout] 1782 |             Preimage::bound(call.clone()).unwrap(),
[INFO] [stdout]      |             ^^^^^^^^ use of undeclared type `Preimage`
[INFO] [stdout] 
[INFO] [stdout] 
[INFO] [stdout] error[E0433]: failed to resolve: use of undeclared type `Preimage`
[INFO] [stdout]     --> src/tests.rs:1791:4
[INFO] [stdout]      |
[INFO] [stdout] 1791 |             Preimage::bound(call).unwrap(),
[INFO] [stdout]      |             ^^^^^^^^ use of undeclared type `Preimage`
[INFO] [stdout] 
[INFO] [stdout] 
[INFO] [stdout] error[E0433]: failed to resolve: use of undeclared type `Preimage`
[INFO] [stdout]     --> src/tests.rs:1817:4
[INFO] [stdout]      |
[INFO] [stdout] 1817 |             Preimage::bound(call.clone()).unwrap(),
[INFO] [stdout]      |             ^^^^^^^^ use of undeclared type `Preimage`
[INFO] [stdout] 
[INFO] [stdout] 
[INFO] [stdout] error[E0433]: failed to resolve: use of undeclared type `Preimage`
[INFO] [stdout]     --> src/tests.rs:1825:4
[INFO] [stdout]      |
[INFO] [stdout] 1825 |             Preimage::bound(call).unwrap(),
[INFO] [stdout]      |             ^^^^^^^^ use of undeclared type `Preimage`
[INFO] [stdout] 
[INFO] [stdout] 
[INFO] [stdout] error[E0433]: failed to resolve: use of undeclared type `Preimage`
[INFO] [stdout]     --> src/tests.rs:1855:4
[INFO] [stdout]      |
[INFO] [stdout] 1855 |             Preimage::bound(call.clone()).unwrap(),
[INFO] [stdout]      |             ^^^^^^^^ use of undeclared type `Preimage`
[INFO] [stdout] 
[INFO] [stdout] 
[INFO] [stdout] error[E0433]: failed to resolve: use of undeclared type `Preimage`
[INFO] [stdout]     --> src/tests.rs:1864:4
[INFO] [stdout]      |
[INFO] [stdout] 1864 |             Preimage::bound(call).unwrap(),
[INFO] [stdout]      |             ^^^^^^^^ use of undeclared type `Preimage`
[INFO] [stdout] 
[INFO] [stdout] 
[INFO] [stdout] error[E0433]: failed to resolve: use of undeclared type `Preimage`
[INFO] [stdout]     --> src/tests.rs:1909:12
[INFO] [stdout]      |
[INFO] [stdout] 1909 |         assert!(!Preimage::have(&bound));
[INFO] [stdout]      |                  ^^^^^^^^ use of undeclared type `Preimage`
[INFO] [stdout] 
[INFO] [stdout] 
[INFO] [stdout] error: aborting due to 119 previous errors; 5 warnings emitted
[INFO] [stdout] 
[INFO] [stdout] 
[INFO] [stdout] Some errors have detailed explanations: E0412, E0432, E0433.
[INFO] [stdout] 
[INFO] [stdout] For more information about an error, try `rustc --explain E0412`.
[INFO] [stdout] 
[INFO] [stderr] error: could not compile `pallet-scheduler` (lib test) due to 120 previous errors; 5 warnings emitted
[INFO] running `Command { std: "docker" "inspect" "b84b70433490ba63cecf4c6cbb97488453c55c9f9045c406be86f430f4078b4f", kill_on_drop: false }`
[INFO] running `Command { std: "docker" "rm" "-f" "b84b70433490ba63cecf4c6cbb97488453c55c9f9045c406be86f430f4078b4f", kill_on_drop: false }`
[INFO] [stdout] b84b70433490ba63cecf4c6cbb97488453c55c9f9045c406be86f430f4078b4f
