[INFO] fetching crate pallet-multisig 26.0.0...
[INFO] testing pallet-multisig-26.0.0 against 1.75.0 for beta-1.76-1
[INFO] extracting crate pallet-multisig 26.0.0 into /workspace/builds/worker-6-tc1/source
[INFO] validating manifest of crates.io crate pallet-multisig 26.0.0 on toolchain 1.75.0
[INFO] running `Command { std: CARGO_HOME="/workspace/cargo-home" RUSTUP_HOME="/workspace/rustup-home" "/workspace/cargo-home/bin/cargo" "+1.75.0" "metadata" "--manifest-path" "Cargo.toml" "--no-deps", kill_on_drop: false }`
[INFO] started tweaking crates.io crate pallet-multisig 26.0.0
[INFO] finished tweaking crates.io crate pallet-multisig 26.0.0
[INFO] tweaked toml for crates.io crate pallet-multisig 26.0.0 written to /workspace/builds/worker-6-tc1/source/Cargo.toml
[INFO] running `Command { std: CARGO_HOME="/workspace/cargo-home" RUSTUP_HOME="/workspace/rustup-home" "/workspace/cargo-home/bin/cargo" "+1.75.0" "generate-lockfile" "--manifest-path" "Cargo.toml", kill_on_drop: false }`
[INFO] [stderr]     Updating crates.io index
[INFO] running `Command { std: CARGO_HOME="/workspace/cargo-home" RUSTUP_HOME="/workspace/rustup-home" "/workspace/cargo-home/bin/cargo" "+1.75.0" "fetch" "--manifest-path" "Cargo.toml", kill_on_drop: false }`
[INFO] [stderr]  Downloading crates ...
[INFO] [stderr]   Downloaded sp-version v27.0.0
[INFO] [stderr]   Downloaded sp-application-crypto v28.0.0
[INFO] [stderr]   Downloaded sp-genesis-builder v0.5.0
[INFO] [stderr]   Downloaded sp-keystore v0.32.0
[INFO] [stderr]   Downloaded sp-api v24.0.0
[INFO] [stderr]   Downloaded sp-runtime v29.0.0
[INFO] [stderr]   Downloaded sp-io v28.0.0
[INFO] [stderr]   Downloaded sp-trie v27.0.0
[INFO] [stderr]   Downloaded frame-support v26.0.0
[INFO] [stderr]   Downloaded sp-arithmetic v21.0.0
[INFO] [stderr]   Downloaded frame-system v26.0.0
[INFO] [stderr]   Downloaded linregress v0.5.3
[INFO] [stderr]   Downloaded frame-benchmarking v26.0.0
[INFO] [stderr]   Downloaded frame-support-procedural v21.0.0
[INFO] [stderr]   Downloaded sp-runtime-interface v22.0.0
[INFO] [stderr]   Downloaded sp-core v26.0.0
[INFO] [stderr]   Downloaded sp-weights v25.0.0
[INFO] [stderr]   Downloaded sp-api-proc-macro v13.0.0
[INFO] [stderr]   Downloaded sp-inherents v24.0.0
[INFO] [stderr]   Downloaded sp-staking v24.0.0
[INFO] [stderr]   Downloaded sp-state-machine v0.33.0
[INFO] running `Command { std: "docker" "create" "-v" "/var/lib/crater-agent-workspace/builds/worker-6-tc1/target:/opt/rustwide/target:rw,Z" "-v" "/var/lib/crater-agent-workspace/builds/worker-6-tc1/source:/opt/rustwide/workdir:ro,Z" "-v" "/var/lib/crater-agent-workspace/cargo-home:/opt/rustwide/cargo-home:ro,Z" "-v" "/var/lib/crater-agent-workspace/rustup-home:/opt/rustwide/rustup-home:ro,Z" "-e" "SOURCE_DIR=/opt/rustwide/workdir" "-e" "CARGO_TARGET_DIR=/opt/rustwide/target" "-e" "CARGO_HOME=/opt/rustwide/cargo-home" "-e" "RUSTUP_HOME=/opt/rustwide/rustup-home" "-w" "/opt/rustwide/workdir" "-m" "1610612736" "--user" "0:0" "--network" "none" "ghcr.io/rust-lang/crates-build-env/linux@sha256:2788e3201cd34a07e3172128adcd8b3090168a8e3bcc40d7c032b9dda1df7d1c" "/opt/rustwide/cargo-home/bin/cargo" "+1.75.0" "metadata" "--no-deps" "--format-version=1", kill_on_drop: false }`
[INFO] [stdout] 219c7b66b4cef5b4ce08fee8449a74be351306b836b6149c2793f909494e3d50
[INFO] running `Command { std: "docker" "start" "-a" "219c7b66b4cef5b4ce08fee8449a74be351306b836b6149c2793f909494e3d50", kill_on_drop: false }`
[INFO] running `Command { std: "docker" "inspect" "219c7b66b4cef5b4ce08fee8449a74be351306b836b6149c2793f909494e3d50", kill_on_drop: false }`
[INFO] running `Command { std: "docker" "rm" "-f" "219c7b66b4cef5b4ce08fee8449a74be351306b836b6149c2793f909494e3d50", kill_on_drop: false }`
[INFO] [stdout] 219c7b66b4cef5b4ce08fee8449a74be351306b836b6149c2793f909494e3d50
[INFO] running `Command { std: "docker" "create" "-v" "/var/lib/crater-agent-workspace/builds/worker-6-tc1/target:/opt/rustwide/target:rw,Z" "-v" "/var/lib/crater-agent-workspace/builds/worker-6-tc1/source:/opt/rustwide/workdir:ro,Z" "-v" "/var/lib/crater-agent-workspace/cargo-home:/opt/rustwide/cargo-home:ro,Z" "-v" "/var/lib/crater-agent-workspace/rustup-home:/opt/rustwide/rustup-home:ro,Z" "-e" "SOURCE_DIR=/opt/rustwide/workdir" "-e" "CARGO_TARGET_DIR=/opt/rustwide/target" "-e" "CARGO_INCREMENTAL=0" "-e" "RUST_BACKTRACE=full" "-e" "RUSTFLAGS=--cap-lints=warn" "-e" "RUSTDOCFLAGS=--cap-lints=warn" "-e" "CARGO_HOME=/opt/rustwide/cargo-home" "-e" "RUSTUP_HOME=/opt/rustwide/rustup-home" "-w" "/opt/rustwide/workdir" "-m" "1610612736" "--user" "0:0" "--network" "none" "ghcr.io/rust-lang/crates-build-env/linux@sha256:2788e3201cd34a07e3172128adcd8b3090168a8e3bcc40d7c032b9dda1df7d1c" "/opt/rustwide/cargo-home/bin/cargo" "+1.75.0" "build" "--frozen" "--message-format=json", kill_on_drop: false }`
[INFO] [stdout] 14385072c9be4eb02a753a559b5e7b82e77b5d299c8569c8e2f64c9be32bb4c6
[INFO] running `Command { std: "docker" "start" "-a" "14385072c9be4eb02a753a559b5e7b82e77b5d299c8569c8e2f64c9be32bb4c6", kill_on_drop: false }`
[INFO] [stderr]    Compiling proc-macro2 v1.0.75
[INFO] [stderr]    Compiling unicode-ident v1.0.12
[INFO] [stderr]    Compiling version_check v0.9.4
[INFO] [stderr]    Compiling cfg-if v1.0.0
[INFO] [stderr]    Compiling typenum v1.17.0
[INFO] [stderr]    Compiling libc v0.2.151
[INFO] [stderr]    Compiling once_cell v1.19.0
[INFO] [stderr]    Compiling autocfg v1.1.0
[INFO] [stderr]    Compiling serde v1.0.194
[INFO] [stderr]    Compiling syn v1.0.109
[INFO] [stderr]    Compiling generic-array v0.14.7
[INFO] [stderr]    Compiling subtle v2.4.1
[INFO] [stderr]    Compiling hashbrown v0.14.3
[INFO] [stderr]    Compiling equivalent v1.0.1
[INFO] [stderr]    Compiling winnow v0.5.32
[INFO] [stderr]    Compiling memchr v2.7.1
[INFO] [stderr]    Compiling ppv-lite86 v0.2.17
[INFO] [stderr]    Compiling quote v1.0.35
[INFO] [stderr]    Compiling syn v2.0.48
[INFO] [stderr]    Compiling indexmap v2.1.0
[INFO] [stderr]    Compiling cc v1.0.83
[INFO] [stderr]    Compiling getrandom v0.2.11
[INFO] [stderr]    Compiling const-oid v0.9.6
[INFO] [stderr]    Compiling rand_core v0.6.4
[INFO] [stderr]    Compiling arrayvec v0.7.4
[INFO] [stderr]    Compiling ahash v0.7.7
[INFO] [stderr]    Compiling crunchy v0.2.2
[INFO] [stderr]    Compiling aho-corasick v1.1.2
[INFO] [stderr]    Compiling regex-syntax v0.8.2
[INFO] [stderr]    Compiling byte-slice-cast v1.2.2
[INFO] [stderr]    Compiling indexmap v1.9.3
[INFO] [stderr]    Compiling cpufeatures v0.2.12
[INFO] [stderr]    Compiling hashbrown v0.12.3
[INFO] [stderr]    Compiling byteorder v1.5.0
[INFO] [stderr]    Compiling tinyvec_macros v0.1.1
[INFO] [stderr]    Compiling bytes v1.5.0
[INFO] [stderr]    Compiling tinyvec v1.6.0
[INFO] [stderr]    Compiling rand_chacha v0.3.1
[INFO] [stderr]    Compiling ahash v0.8.7
[INFO] [stderr]    Compiling lazy_static v1.4.0
[INFO] [stderr]    Compiling rand v0.8.5
[INFO] [stderr]    Compiling getrandom v0.1.16
[INFO] [stderr]    Compiling regex-automata v0.4.3
[INFO] [stderr]    Compiling unicode-normalization v0.1.22
[INFO] [stderr]    Compiling zerocopy v0.7.32
[INFO] [stderr]    Compiling log v0.4.20
[INFO] [stderr]    Compiling static_assertions v1.1.0
[INFO] [stderr]    Compiling unicode-bidi v0.3.14
[INFO] [stderr]    Compiling percent-encoding v2.3.1
[INFO] [stderr]    Compiling form_urlencoded v1.2.1
[INFO] [stderr]    Compiling hashbrown v0.13.2
[INFO] [stderr]    Compiling idna v0.5.0
[INFO] [stderr]    Compiling arrayref v0.3.7
[INFO] [stderr]    Compiling keccak v0.1.4
[INFO] [stderr]    Compiling crc32fast v1.3.2
[INFO] [stderr]    Compiling thiserror v1.0.56
[INFO] [stderr]    Compiling itoa v1.0.10
[INFO] [stderr]    Compiling url v2.5.0
[INFO] [stderr]    Compiling rand_core v0.5.1
[INFO] [stderr]    Compiling num-traits v0.2.17
[INFO] [stderr]    Compiling regex v1.10.2
[INFO] [stderr]    Compiling target-lexicon v0.12.13
[INFO] [stderr]    Compiling rustix v0.38.28
[INFO] [stderr]    Compiling io-lifetimes v1.0.11
[INFO] [stderr]    Compiling anyhow v1.0.79
[INFO] [stderr]    Compiling fallible-iterator v0.2.0
[INFO] [stderr]    Compiling ryu v1.0.16
[INFO] [stderr]    Compiling stable_deref_trait v1.2.0
[INFO] [stderr]    Compiling Inflector v0.11.4
[INFO] [stderr]    Compiling memoffset v0.8.0
[INFO] [stderr]    Compiling paste v1.0.14
[INFO] [stderr]    Compiling linux-raw-sys v0.4.12
[INFO] [stderr]    Compiling bitflags v2.4.1
[INFO] [stderr]    Compiling pin-project-lite v0.2.13
[INFO] [stderr]    Compiling sp-std v12.0.0
[INFO] [stderr]    Compiling rustix v0.36.17
[INFO] [stderr]    Compiling wasmtime-runtime v8.0.1
[INFO] [stderr]    Compiling digest v0.9.0
[INFO] [stderr]    Compiling serde_derive v1.0.194
[INFO] [stderr]    Compiling zeroize_derive v1.4.2
[INFO] [stderr]    Compiling thiserror-impl v1.0.56
[INFO] [stderr]    Compiling generic-array v0.12.4
[INFO] [stderr]    Compiling tracing-core v0.1.32
[INFO] [stderr]    Compiling constant_time_eq v0.3.0
[INFO] [stderr]    Compiling linux-raw-sys v0.1.4
[INFO] [stderr]    Compiling impl-trait-for-tuples v0.2.2
[INFO] [stderr]    Compiling derive_more v0.99.17
[INFO] [stderr]    Compiling zeroize v1.7.0
[INFO] [stderr]    Compiling rustc-demangle v0.1.23
[INFO] [stderr]    Compiling smallvec v1.11.2
[INFO] [stderr]    Compiling bitflags v1.3.2
[INFO] [stderr]    Compiling cpp_demangle v0.3.5
[INFO] [stderr]    Compiling memfd v0.6.4
[INFO] [stderr]    Compiling block-buffer v0.10.4
[INFO] [stderr]    Compiling crypto-common v0.1.6
[INFO] [stderr]    Compiling digest v0.10.7
[INFO] [stderr]    Compiling libsecp256k1-core v0.3.0
[INFO] [stderr]    Compiling psm v0.1.21
[INFO] [stderr]    Compiling slab v0.4.9
[INFO] [stderr]    Compiling wasmtime-jit-debug v8.0.1
[INFO] [stderr]    Compiling wasmtime-asm-macros v8.0.1
[INFO] [stderr]    Compiling ref-cast v1.0.22
[INFO] [stderr]    Compiling serde_json v1.0.111
[INFO] [stderr]    Compiling regex-syntax v0.6.29
[INFO] [stderr]    Compiling byte-tools v0.3.1
[INFO] [stderr]    Compiling block-padding v0.1.5
[INFO] [stderr]    Compiling block-buffer v0.9.0
[INFO] [stderr]    Compiling digest v0.8.1
[INFO] [stderr]    Compiling ref-cast-impl v1.0.22
[INFO] [stderr]    Compiling tracing-attributes v0.1.27
[INFO] [stderr]    Compiling wasmtime-jit-icache-coherence v8.0.1
[INFO] [stderr]    Compiling rustc-hex v2.1.0
[INFO] [stderr]    Compiling hex v0.4.3
[INFO] [stderr]    Compiling futures-sink v0.3.30
[INFO] [stderr]    Compiling iana-time-zone v0.1.59
[INFO] [stderr]    Compiling futures-core v0.3.30
[INFO] [stderr]    Compiling wasmtime v8.0.1
[INFO] [stderr]    Compiling opaque-debug v0.3.0
[INFO] [stderr]    Compiling sha2 v0.9.9
[INFO] [stderr]    Compiling futures-channel v0.3.30
[INFO] [stderr]    Compiling chrono v0.4.31
[INFO] [stderr]    Compiling libsecp256k1-gen-genmult v0.3.0
[INFO] [stderr]    Compiling libsecp256k1-gen-ecmult v0.3.0
[INFO] [stderr]    Compiling block-buffer v0.7.3
[INFO] [stderr]    Compiling sha2 v0.10.8
[INFO] [stderr]    Compiling crypto-mac v0.8.0
[INFO] [stderr]    Compiling regex-automata v0.1.10
[INFO] [stderr]    Compiling tracing v0.1.40
[INFO] [stderr]    Compiling crypto-mac v0.11.1
[INFO] [stderr]    Compiling tracing-log v0.1.4
[INFO] [stderr]    Compiling futures-macro v0.3.30
[INFO] [stderr]    Compiling sp-debug-derive v12.0.0
[INFO] [stderr]    Compiling matchers v0.0.1
[INFO] [stderr]    Compiling rand_chacha v0.2.2
[INFO] [stderr]    Compiling sharded-slab v0.1.7
[INFO] [stderr]    Compiling secp256k1-sys v0.6.1
[INFO] [stderr]    Compiling lock_api v0.4.11
[INFO] [stderr]    Compiling thread_local v1.1.7
[INFO] [stderr]    Compiling unicode-xid v0.2.4
[INFO] [stderr]    Compiling ansi_term v0.12.1
[INFO] [stderr]    Compiling hash-db v0.16.0
[INFO] [stderr]    Compiling fake-simd v0.1.2
[INFO] [stderr]    Compiling either v1.9.0
[INFO] [stderr]    Compiling opaque-debug v0.2.3
[INFO] [stderr]    Compiling parking_lot_core v0.9.9
[INFO] [stderr]    Compiling futures-io v0.3.30
[INFO] [stderr]    Compiling pin-utils v0.1.0
[INFO] [stderr]    Compiling futures-task v0.3.30
[INFO] [stderr]    Compiling itertools v0.10.5
[INFO] [stderr]    Compiling sha2 v0.8.2
[INFO] [stderr]    Compiling futures-util v0.3.30
[INFO] [stderr]    Compiling rand v0.7.3
[INFO] [stderr]    Compiling hmac v0.8.1
[INFO] [stderr]    Compiling libsecp256k1 v0.7.1
[INFO] [stderr]    Compiling uint v0.9.5
[INFO] [stderr]    Compiling fixed-hash v0.8.0
[INFO] [stderr]    Compiling curve25519-dalek v2.1.3
[INFO] [stderr]    Compiling merlin v2.0.1
[INFO] [stderr]    Compiling toml_datetime v0.6.3
[INFO] [stderr]    Compiling serde_spanned v0.6.5
[INFO] [stderr]    Compiling toml_edit v0.19.15
[INFO] [stderr]    Compiling toml_edit v0.20.2
[INFO] [stderr]    Compiling cranelift-entity v0.95.1
[INFO] [stderr]    Compiling wasmparser v0.102.0
[INFO] [stderr]    Compiling gimli v0.27.3
[INFO] [stderr]    Compiling object v0.30.4
[INFO] [stderr]    Compiling impl-serde v0.4.0
[INFO] [stderr]    Compiling bincode v1.3.3
[INFO] [stderr]    Compiling proc-macro-crate v1.3.1
[INFO] [stderr]    Compiling proc-macro-crate v2.0.1
[INFO] [stderr]    Compiling tracing-serde v0.1.3
[INFO] [stderr]    Compiling scale-info-derive v2.10.0
[INFO] [stderr]    Compiling tracing-subscriber v0.2.25
[INFO] [stderr]    Compiling addr2line v0.19.0
[INFO] [stderr]    Compiling num_cpus v1.16.0
[INFO] [stderr]    Compiling arrayvec v0.5.2
[INFO] [stderr]    Compiling semver v1.0.21
[INFO] [stderr]    Compiling environmental v1.1.4
[INFO] [stderr]    Compiling wasmtime-types v8.0.1
[INFO] [stderr]    Compiling ss58-registry v1.44.0
[INFO] [stderr]    Compiling parity-scale-codec-derive v3.6.9
[INFO] [stderr]    Compiling scopeguard v1.2.0
[INFO] [stderr]    Compiling schnorrkel v0.9.1
[INFO] [stderr]    Compiling wasmtime-environ v8.0.1
[INFO] [stderr]    Compiling futures-executor v0.3.30
[INFO] [stderr]    Compiling sp-runtime-interface-proc-macro v15.0.0
[INFO] [stderr]    Compiling hmac-drbg v0.3.0
[INFO] [stderr]    Compiling pbkdf2 v0.8.0
[INFO] [stderr]    Compiling hmac v0.11.0
[INFO] [stderr]    Compiling parity-scale-codec v3.6.9
[INFO] [stderr]    Compiling wasmtime-jit v8.0.1
[INFO] [stderr]    Compiling curve25519-dalek v3.2.0
[INFO] [stderr]    Compiling twox-hash v1.6.3
[INFO] [stderr]    Compiling scale-info v2.10.0
[INFO] [stderr]    Compiling impl-codec v0.6.0
[INFO] [stderr]    Compiling sp-storage v17.0.0
[INFO] [stderr]    Compiling sp-externalities v0.23.0
[INFO] [stderr]    Compiling sp-tracing v14.0.0
[INFO] [stderr]    Compiling sha3 v0.10.8
[INFO] [stderr]    Compiling dyn-clonable-impl v0.9.0
[INFO] [stderr]    Compiling primitive-types v0.12.2
[INFO] [stderr]    Compiling blake2b_simd v1.0.2
[INFO] [stderr]    Compiling num-format v0.4.4
[INFO] [stderr]    Compiling base64 v0.13.1
[INFO] [stderr]    Compiling bitcoin_hashes v0.11.0
[INFO] [stderr]    Compiling dyn-clone v1.0.16
[INFO] [stderr]    Compiling dyn-clonable v0.9.0
[INFO] [stderr]    Compiling sp-core-hashing v13.0.0
[INFO] [stderr]    Compiling bounded-collections v0.1.9
[INFO] [stderr]    Compiling ed25519-zebra v3.1.0
[INFO] [stderr]    Compiling parking_lot v0.12.1
[INFO] [stderr]    Compiling substrate-bip39 v0.4.5
[INFO] [stderr]    Compiling bip39 v2.0.0
[INFO] [stderr]    Compiling secp256k1 v0.24.3
[INFO] [stderr]    Compiling sp-wasm-interface v18.0.0
[INFO] [stderr]    Compiling futures v0.3.30
[INFO] [stderr]    Compiling blake2 v0.10.6
[INFO] [stderr]    Compiling secrecy v0.8.0
[INFO] [stderr]    Compiling hash256-std-hasher v0.15.2
[INFO] [stderr]    Compiling bs58 v0.5.0
[INFO] [stderr]    Compiling array-bytes v6.2.2
[INFO] [stderr]    Compiling rustc_version v0.4.0
[INFO] [stderr]    Compiling sp-runtime-interface v22.0.0
[INFO] [stderr]    Compiling signature v2.2.0
[INFO] [stderr]    Compiling backtrace v0.3.69
[INFO] [stderr]    Compiling rustversion v1.0.14
[INFO] [stderr]    Compiling gimli v0.28.1
[INFO] [stderr]    Compiling adler v1.0.2
[INFO] [stderr]    Compiling platforms v3.3.0
[INFO] [stderr]    Compiling miniz_oxide v0.7.1
[INFO] [stderr]    Compiling object v0.32.2
[INFO] [stderr]    Compiling curve25519-dalek v4.1.1
[INFO] [stderr]    Compiling memory-db v0.32.0
[INFO] [stderr]    Compiling trie-db v0.28.0
[INFO] [stderr]    Compiling trie-root v0.18.0
[INFO] [stderr]    Compiling curve25519-dalek-derive v0.1.1
[INFO] [stderr]    Compiling schnellru v0.2.1
[INFO] [stderr]    Compiling nohash-hasher v0.2.0
[INFO] [stderr]    Compiling sp-io v28.0.0
[INFO] [stderr]    Compiling ed25519 v2.2.3
[INFO] [stderr]    Compiling tiny-keccak v2.0.2
[INFO] [stderr]    Compiling integer-sqrt v0.1.5
[INFO] [stderr]    Compiling sp-arithmetic v21.0.0
[INFO] [stderr]    Compiling derive-syn-parse v0.1.5
[INFO] [stderr]    Compiling sp-core v26.0.0
[INFO] [stderr]    Compiling fs-err v2.11.0
[INFO] [stderr]    Compiling addr2line v0.21.0
[INFO] [stderr]    Compiling ed25519-dalek v2.1.0
[INFO] [stderr]    Compiling const-random-macro v0.1.16
[INFO] [stderr]    Compiling expander v2.0.0
[INFO] [stderr]    Compiling const-random v0.1.17
[INFO] [stderr]    Compiling der v0.7.8
[INFO] [stderr]    Compiling macro_magic_core_macros v0.5.0
[INFO] [stderr]    Compiling ff v0.13.0
[INFO] [stderr]    Compiling sp-panic-handler v12.0.0
[INFO] [stderr]    Compiling macro_magic_core v0.5.0
[INFO] [stderr]    Compiling proc-macro-error-attr v1.0.4
[INFO] [stderr]    Compiling sp-trie v27.0.0
[INFO] [stderr]    Compiling sp-keystore v0.32.0
[INFO] [stderr]    Compiling sp-weights v25.0.0
[INFO] [stderr]    Compiling base16ct v0.2.0
[INFO] [stderr]    Compiling sp-version-proc-macro v12.0.0
[INFO] [stderr]    Compiling sec1 v0.7.3
[INFO] [stderr]    Compiling sp-state-machine v0.33.0
[INFO] [stderr]    Compiling sp-core-hashing-proc-macro v13.0.0
[INFO] [stderr]    Compiling macro_magic_macros v0.5.0
[INFO] [stderr]    Compiling group v0.13.0
[INFO] [stderr]    Compiling frame-metadata v16.0.0
[INFO] [stderr]    Compiling hmac v0.12.1
[INFO] [stderr]    Compiling crypto-bigint v0.5.5
[INFO] [stderr]    Compiling proc-macro-error v1.0.4
[INFO] [stderr]    Compiling parity-wasm v0.45.0
[INFO] [stderr]    Compiling same-file v1.0.6
[INFO] [stderr]    Compiling async-trait v0.1.77
[INFO] [stderr]    Compiling walkdir v2.4.0
[INFO] [stderr]    Compiling sp-metadata-ir v0.4.0
[INFO] [stderr]    Compiling rfc6979 v0.4.0
[INFO] [stderr]    Compiling spki v0.7.3
[INFO] [stderr]    Compiling sp-api-proc-macro v13.0.0
[INFO] [stderr]    Compiling toml v0.8.2
[INFO] [stderr]    Compiling frame-support-procedural-tools-derive v10.0.0
[INFO] [stderr]    Compiling include_dir_macros v0.7.3
[INFO] [stderr]    Compiling common-path v1.0.0
[INFO] [stderr]    Compiling termcolor v1.4.0
[INFO] [stderr]    Compiling elliptic-curve v0.13.8
[INFO] [stderr]    Compiling include_dir v0.7.3
[INFO] [stderr]    Compiling docify_macros v0.2.7
[INFO] [stderr]    Compiling cfg-expr v0.15.6
[INFO] [stderr]    Compiling ecdsa v0.16.9
[INFO] [stderr]    Compiling frame-support-procedural-tools v9.0.0
[INFO] [stderr]    Compiling macro_magic v0.5.0
[INFO] [stderr]    Compiling proc-macro-warning v1.0.2
[INFO] [stderr]    Compiling k256 v0.13.2
[INFO] [stderr]    Compiling aquamarine v0.3.3
[INFO] [stderr]    Compiling frame-support-procedural v21.0.0
[INFO] [stderr]    Compiling tt-call v1.0.9
[INFO] [stderr]    Compiling sp-application-crypto v28.0.0
[INFO] [stderr]    Compiling docify v0.2.7
[INFO] [stderr]    Compiling sp-runtime v29.0.0
[INFO] [stderr]    Compiling sp-version v27.0.0
[INFO] [stderr]    Compiling sp-inherents v24.0.0
[INFO] [stderr]    Compiling sp-staking v24.0.0
[INFO] [stderr]    Compiling sp-api v24.0.0
[INFO] [stderr]    Compiling sp-genesis-builder v0.5.0
[INFO] [stderr]    Compiling frame-support v26.0.0
[INFO] [stderr]    Compiling frame-system v26.0.0
[INFO] [stderr]    Compiling pallet-multisig v26.0.0 (/opt/rustwide/workdir)
[INFO] [stderr]     Finished dev [unoptimized + debuginfo] target(s) in 3m 42s
[INFO] running `Command { std: "docker" "inspect" "14385072c9be4eb02a753a559b5e7b82e77b5d299c8569c8e2f64c9be32bb4c6", kill_on_drop: false }`
[INFO] running `Command { std: "docker" "rm" "-f" "14385072c9be4eb02a753a559b5e7b82e77b5d299c8569c8e2f64c9be32bb4c6", kill_on_drop: false }`
[INFO] [stdout] 14385072c9be4eb02a753a559b5e7b82e77b5d299c8569c8e2f64c9be32bb4c6
[INFO] running `Command { std: "docker" "create" "-v" "/var/lib/crater-agent-workspace/builds/worker-6-tc1/target:/opt/rustwide/target:rw,Z" "-v" "/var/lib/crater-agent-workspace/builds/worker-6-tc1/source:/opt/rustwide/workdir:ro,Z" "-v" "/var/lib/crater-agent-workspace/cargo-home:/opt/rustwide/cargo-home:ro,Z" "-v" "/var/lib/crater-agent-workspace/rustup-home:/opt/rustwide/rustup-home:ro,Z" "-e" "SOURCE_DIR=/opt/rustwide/workdir" "-e" "CARGO_TARGET_DIR=/opt/rustwide/target" "-e" "CARGO_INCREMENTAL=0" "-e" "RUST_BACKTRACE=full" "-e" "RUSTFLAGS=--cap-lints=warn" "-e" "RUSTDOCFLAGS=--cap-lints=warn" "-e" "CARGO_HOME=/opt/rustwide/cargo-home" "-e" "RUSTUP_HOME=/opt/rustwide/rustup-home" "-w" "/opt/rustwide/workdir" "-m" "1610612736" "--user" "0:0" "--network" "none" "ghcr.io/rust-lang/crates-build-env/linux@sha256:2788e3201cd34a07e3172128adcd8b3090168a8e3bcc40d7c032b9dda1df7d1c" "/opt/rustwide/cargo-home/bin/cargo" "+1.75.0" "test" "--frozen" "--no-run" "--message-format=json", kill_on_drop: false }`
[INFO] [stdout] 34b76d0117f228f28ae094a86b4a1bc41d4dc66fb9559bc4b7f1d14b33be66ee
[INFO] running `Command { std: "docker" "start" "-a" "34b76d0117f228f28ae094a86b4a1bc41d4dc66fb9559bc4b7f1d14b33be66ee", kill_on_drop: false }`
[INFO] [stderr]    Compiling pallet-multisig v26.0.0 (/opt/rustwide/workdir)
[INFO] [stdout] error[E0432]: unresolved import `pallet_balances`
[INFO] [stdout]   --> src/tests.rs:77:5
[INFO] [stdout]    |
[INFO] [stdout] 77 | use pallet_balances::Call as BalancesCall;
[INFO] [stdout]    |     ^^^^^^^^^^^^^^^ use of undeclared crate or module `pallet_balances`
[INFO] [stdout] 
[INFO] [stdout] 
[INFO] [stdout] error[E0433]: failed to resolve: use of undeclared crate or module `pallet_balances`
[INFO] [stdout]   --> src/tests.rs:50:15
[INFO] [stdout]    |
[INFO] [stdout] 50 | #[derive_impl(pallet_balances::config_preludes::TestDefaultConfig as pallet_balances::DefaultConfig)]
[INFO] [stdout]    |               ^^^^^^^^^^^^^^^ use of undeclared crate or module `pallet_balances`
[INFO] [stdout] 
[INFO] [stdout] 
[INFO] [stdout] error[E0433]: failed to resolve: use of undeclared crate or module `pallet_balances`
[INFO] [stdout]   --> src/tests.rs:36:13
[INFO] [stdout]    |
[INFO] [stdout] 36 |         Balances: pallet_balances::{Pallet, Call, Storage, Config<T>, Event<T>},
[INFO] [stdout]    |                   ^^^^^^^^^^^^^^^ use of undeclared crate or module `pallet_balances`
[INFO] [stdout] 
[INFO] [stdout] 
[INFO] [stdout] error[E0412]: cannot find type `Test` in this scope
[INFO] [stdout]   --> src/tests.rs:31:50
[INFO] [stdout]    |
[INFO] [stdout] 31 | type Block = frame_system::mocking::MockBlockU32<Test>;
[INFO] [stdout]    |                                                  ^^^^ not found in this scope
[INFO] [stdout]    |
[INFO] [stdout] help: you might be missing a type parameter
[INFO] [stdout]    |
[INFO] [stdout] 31 | type Block<Test> = frame_system::mocking::MockBlockU32<Test>;
[INFO] [stdout]    |           ++++++
[INFO] [stdout] 
[INFO] [stdout] 
[INFO] [stdout] error[E0412]: cannot find type `Test` in this scope
[INFO] [stdout]   --> src/tests.rs:42:31
[INFO] [stdout]    |
[INFO] [stdout] 42 | impl frame_system::Config for Test {
[INFO] [stdout]    |                               ^^^^ not found in this scope
[INFO] [stdout] 
[INFO] [stdout] 
[INFO] [stdout] error[E0412]: cannot find type `RuntimeEvent` in this scope
[INFO] [stdout]   --> src/tests.rs:41:1
[INFO] [stdout]    |
[INFO] [stdout] 41 | #[derive_impl(frame_system::config_preludes::TestDefaultConfig as frame_system::DefaultConfig)]
[INFO] [stdout]    | ^^^^^^^^^^^^^^^^^^^^^^^^^^^^^^^^^^^^^^^^^^^^^^^^^^^^^^^^^^^^^^^^^^^^^^^^^^^^^^^^^^^^^^^^^^^^^^^
[INFO] [stdout]    |
[INFO] [stdout]    = note: this error originates in the macro `frame_system::config_preludes::TestDefaultConfig` which comes from the expansion of the macro `frame_support::macro_magic::forward_tokens_verbatim` (in Nightly builds, run with -Z macro-backtrace for more info)
[INFO] [stdout] help: you might have meant to use the associated type
[INFO] [stdout]   --> /opt/rustwide/cargo-home/registry/src/index.crates.io-6f17d22bba15001f/frame-system-26.0.0/src/lib.rs:236:9
[INFO] [stdout]    |
[INFO] [stdout] 236|             type Self::RuntimeEvent = ();
[INFO] [stdout]    |                  ++++++
[INFO] [stdout] 
[INFO] [stdout] 
[INFO] [stdout] error[E0412]: cannot find type `RuntimeOrigin` in this scope
[INFO] [stdout]   --> src/tests.rs:41:1
[INFO] [stdout]    |
[INFO] [stdout] 41 | #[derive_impl(frame_system::config_preludes::TestDefaultConfig as frame_system::DefaultConfig)]
[INFO] [stdout]    | ^^^^^^^^^^^^^^^^^^^^^^^^^^^^^^^^^^^^^^^^^^^^^^^^^^^^^^^^^^^^^^^^^^^^^^^^^^^^^^^^^^^^^^^^^^^^^^^
[INFO] [stdout]    |
[INFO] [stdout]    = note: this error originates in the macro `frame_system::config_preludes::TestDefaultConfig` which comes from the expansion of the macro `frame_support::macro_magic::forward_tokens_verbatim` (in Nightly builds, run with -Z macro-backtrace for more info)
[INFO] [stdout] help: you might have meant to use the associated type
[INFO] [stdout]   --> /opt/rustwide/cargo-home/registry/src/index.crates.io-6f17d22bba15001f/frame-system-26.0.0/src/lib.rs:238:9
[INFO] [stdout]    |
[INFO] [stdout] 238|             type Self::RuntimeOrigin = ();
[INFO] [stdout]    |                  ++++++
[INFO] [stdout] 
[INFO] [stdout] 
[INFO] [stdout] error[E0412]: cannot find type `RuntimeCall` in this scope
[INFO] [stdout]   --> src/tests.rs:41:1
[INFO] [stdout]    |
[INFO] [stdout] 41 | #[derive_impl(frame_system::config_preludes::TestDefaultConfig as frame_system::DefaultConfig)]
[INFO] [stdout]    | ^^^^^^^^^^^^^^^^^^^^^^^^^^^^^^^^^^^^^^^^^^^^^^^^^^^^^^^^^^^^^^^^^^^^^^^^^^^^^^^^^^^^^^^^^^^^^^^
[INFO] [stdout]    |
[INFO] [stdout]    = note: this error originates in the macro `frame_system::config_preludes::TestDefaultConfig` which comes from the expansion of the macro `frame_support::macro_magic::forward_tokens_verbatim` (in Nightly builds, run with -Z macro-backtrace for more info)
[INFO] [stdout] help: you might have meant to use the associated type
[INFO] [stdout]   --> /opt/rustwide/cargo-home/registry/src/index.crates.io-6f17d22bba15001f/frame-system-26.0.0/src/lib.rs:240:9
[INFO] [stdout]    |
[INFO] [stdout] 240|             type Self::RuntimeCall = ();
[INFO] [stdout]    |                  ++++++
[INFO] [stdout] 
[INFO] [stdout] 
[INFO] [stdout] error[E0412]: cannot find type `PalletInfo` in this scope
[INFO] [stdout]   --> src/tests.rs:41:1
[INFO] [stdout]    |
[INFO] [stdout] 41 | #[derive_impl(frame_system::config_preludes::TestDefaultConfig as frame_system::DefaultConfig)]
[INFO] [stdout]    | ^^^^^^^^^^^^^^^^^^^^^^^^^^^^^^^^^^^^^^^^^^^^^^^^^^^^^^^^^^^^^^^^^^^^^^^^^^^^^^^^^^^^^^^^^^^^^^^
[INFO] [stdout]    |
[INFO] [stdout]    = note: this error originates in the macro `frame_system::config_preludes::TestDefaultConfig` which comes from the expansion of the macro `frame_support::macro_magic::forward_tokens_verbatim` (in Nightly builds, run with -Z macro-backtrace for more info)
[INFO] [stdout] help: you might have meant to use the associated type
[INFO] [stdout]   --> /opt/rustwide/cargo-home/registry/src/index.crates.io-6f17d22bba15001f/frame-system-26.0.0/src/lib.rs:242:9
[INFO] [stdout]    |
[INFO] [stdout] 242|             type Self::PalletInfo = ();
[INFO] [stdout]    |                  ++++++
[INFO] [stdout] help: consider importing this trait
[INFO] [stdout]    |
[INFO] [stdout] 22 + use frame_support::traits::PalletInfo;
[INFO] [stdout]    |
[INFO] [stdout] 
[INFO] [stdout] 
[INFO] [stdout] error[E0412]: cannot find type `RuntimeCall` in this scope
[INFO] [stdout]   --> src/tests.rs:57:15
[INFO] [stdout]    |
[INFO] [stdout] 57 | impl Contains<RuntimeCall> for TestBaseCallFilter {
[INFO] [stdout]    |               ^^^^^^^^^^^ not found in this scope
[INFO] [stdout]    |
[INFO] [stdout] help: you might be missing a type parameter
[INFO] [stdout]    |
[INFO] [stdout] 57 | impl<RuntimeCall> Contains<RuntimeCall> for TestBaseCallFilter {
[INFO] [stdout]    |     +++++++++++++
[INFO] [stdout] 
[INFO] [stdout] 
[INFO] [stdout] error[E0412]: cannot find type `RuntimeCall` in this scope
[INFO] [stdout]   --> src/tests.rs:58:18
[INFO] [stdout]    |
[INFO] [stdout] 58 |     fn contains(c: &RuntimeCall) -> bool {
[INFO] [stdout]    |                     ^^^^^^^^^^^ not found in this scope
[INFO] [stdout] 
[INFO] [stdout] 
[INFO] [stdout] error[E0412]: cannot find type `Test` in this scope
[INFO] [stdout]   --> src/tests.rs:67:17
[INFO] [stdout]    |
[INFO] [stdout] 67 | impl Config for Test {
[INFO] [stdout]    |                 ^^^^ not found in this scope
[INFO] [stdout] 
[INFO] [stdout] 
[INFO] [stdout] error[E0412]: cannot find type `RuntimeEvent` in this scope
[INFO] [stdout]   --> src/tests.rs:68:22
[INFO] [stdout]    |
[INFO] [stdout] 68 |     type RuntimeEvent = RuntimeEvent;
[INFO] [stdout]    |                         ^^^^^^^^^^^^
[INFO] [stdout]    |
[INFO] [stdout] help: you might have meant to use the associated type
[INFO] [stdout]    |
[INFO] [stdout] 68 |     type RuntimeEvent = Self::RuntimeEvent;
[INFO] [stdout]    |                         ++++++
[INFO] [stdout] 
[INFO] [stdout] 
[INFO] [stdout] error[E0412]: cannot find type `RuntimeCall` in this scope
[INFO] [stdout]   --> src/tests.rs:69:21
[INFO] [stdout]    |
[INFO] [stdout] 69 |     type RuntimeCall = RuntimeCall;
[INFO] [stdout]    |                        ^^^^^^^^^^^
[INFO] [stdout]    |
[INFO] [stdout] help: you might have meant to use the associated type
[INFO] [stdout]    |
[INFO] [stdout] 69 |     type RuntimeCall = Self::RuntimeCall;
[INFO] [stdout]    |                        ++++++
[INFO] [stdout] 
[INFO] [stdout] 
[INFO] [stdout] error[E0412]: cannot find type `Balances` in this scope
[INFO] [stdout]   --> src/tests.rs:70:18
[INFO] [stdout]    |
[INFO] [stdout] 70 |       type Currency = Balances;
[INFO] [stdout]    |                       ^^^^^^^^ help: a type alias with a similar name exists: `BalanceOf`
[INFO] [stdout]    |
[INFO] [stdout]   ::: src/lib.rs:88:1
[INFO] [stdout]    |
[INFO] [stdout] 88 | / type BalanceOf<T> =
[INFO] [stdout] 89 | |     <<T as Config>::Currency as Currency<<T as frame_system::Config>::AccountId>>::Balance;
[INFO] [stdout]    | |___________________________________________________________________________________________- similarly named type alias `BalanceOf` defined here
[INFO] [stdout] 
[INFO] [stdout] 
[INFO] [stdout] error[E0412]: cannot find type `Test` in this scope
[INFO] [stdout]   --> src/tests.rs:80:44
[INFO] [stdout]    |
[INFO] [stdout] 80 |     let mut t = frame_system::GenesisConfig::<Test>::default().build_storage().unwrap();
[INFO] [stdout]    |                                               ^^^^ not found in this scope
[INFO] [stdout]    |
[INFO] [stdout] help: you might be missing a type parameter
[INFO] [stdout]    |
[INFO] [stdout] 79 | pub fn new_test_ext<Test>() -> sp_io::TestExternalities {
[INFO] [stdout]    |                    ++++++
[INFO] [stdout] 
[INFO] [stdout] 
[INFO] [stdout] error[E0412]: cannot find type `Test` in this scope
[INFO] [stdout]   --> src/tests.rs:81:35
[INFO] [stdout]    |
[INFO] [stdout] 81 |     pallet_balances::GenesisConfig::<Test> {
[INFO] [stdout]    |                                      ^^^^ not found in this scope
[INFO] [stdout]    |
[INFO] [stdout] help: you might be missing a type parameter
[INFO] [stdout]    |
[INFO] [stdout] 79 | pub fn new_test_ext<Test>() -> sp_io::TestExternalities {
[INFO] [stdout]    |                    ++++++
[INFO] [stdout] 
[INFO] [stdout] 
[INFO] [stdout] error[E0433]: failed to resolve: use of undeclared type `System`
[INFO] [stdout]   --> src/tests.rs:87:22
[INFO] [stdout]    |
[INFO] [stdout] 87 |     ext.execute_with(|| System::set_block_number(1));
[INFO] [stdout]    |                         ^^^^^^ use of undeclared type `System`
[INFO] [stdout]    |
[INFO] [stdout] help: consider importing one of these items
[INFO] [stdout]    |
[INFO] [stdout] 22 + use codec::alloc::alloc::System;
[INFO] [stdout]    |
[INFO] [stdout] 22 + use sp_std::alloc::System;
[INFO] [stdout]    |
[INFO] [stdout] 22 + use std::alloc::System;
[INFO] [stdout]    |
[INFO] [stdout] 
[INFO] [stdout] 
[INFO] [stdout] error[E0412]: cannot find type `RuntimeCall` in this scope
[INFO] [stdout]   --> src/tests.rs:95:48
[INFO] [stdout]    |
[INFO] [stdout] 95 | fn call_transfer(dest: u64, value: u64) -> Box<RuntimeCall> {
[INFO] [stdout]    |                                                ^^^^^^^^^^^ not found in this scope
[INFO] [stdout]    |
[INFO] [stdout] help: you might be missing a type parameter
[INFO] [stdout]    |
[INFO] [stdout] 95 | fn call_transfer<RuntimeCall>(dest: u64, value: u64) -> Box<RuntimeCall> {
[INFO] [stdout]    |                 +++++++++++++
[INFO] [stdout] 
[INFO] [stdout] 
[INFO] [stdout] error[E0412]: cannot find type `Test` in this scope
[INFO] [stdout]    --> src/tests.rs:182:12
[INFO] [stdout]     |
[INFO] [stdout] 182 |             Error::<Test>::UnexpectedTimepoint,
[INFO] [stdout]     |                     ^^^^ not found in this scope
[INFO] [stdout]     |
[INFO] [stdout] help: you might be missing a type parameter
[INFO] [stdout]     |
[INFO] [stdout] 163 | fn timepoint_checking_works<Test>() {
[INFO] [stdout]     |                            ++++++
[INFO] [stdout] 
[INFO] [stdout] 
[INFO] [stdout] error[E0412]: cannot find type `Test` in this scope
[INFO] [stdout]    --> src/tests.rs:203:12
[INFO] [stdout]     |
[INFO] [stdout] 203 |             Error::<Test>::NoTimepoint,
[INFO] [stdout]     |                     ^^^^ not found in this scope
[INFO] [stdout]     |
[INFO] [stdout] help: you might be missing a type parameter
[INFO] [stdout]     |
[INFO] [stdout] 163 | fn timepoint_checking_works<Test>() {
[INFO] [stdout]     |                            ++++++
[INFO] [stdout] 
[INFO] [stdout] 
[INFO] [stdout] error[E0412]: cannot find type `Test` in this scope
[INFO] [stdout]    --> src/tests.rs:215:12
[INFO] [stdout]     |
[INFO] [stdout] 215 |             Error::<Test>::WrongTimepoint,
[INFO] [stdout]     |                     ^^^^ not found in this scope
[INFO] [stdout]     |
[INFO] [stdout] help: you might be missing a type parameter
[INFO] [stdout]     |
[INFO] [stdout] 163 | fn timepoint_checking_works<Test>() {
[INFO] [stdout]     |                            ++++++
[INFO] [stdout] 
[INFO] [stdout] 
[INFO] [stdout] error[E0412]: cannot find type `Test` in this scope
[INFO] [stdout]    --> src/tests.rs:317:12
[INFO] [stdout]     |
[INFO] [stdout] 317 |             Error::<Test>::NotOwner,
[INFO] [stdout]     |                     ^^^^ not found in this scope
[INFO] [stdout]     |
[INFO] [stdout] help: you might be missing a type parameter
[INFO] [stdout]     |
[INFO] [stdout] 295 | fn cancel_multisig_works<Test>() {
[INFO] [stdout]     |                         ++++++
[INFO] [stdout] 
[INFO] [stdout] 
[INFO] [stdout] error[E0433]: failed to resolve: use of undeclared type `System`
[INFO] [stdout]    --> src/tests.rs:452:3
[INFO] [stdout]     |
[INFO] [stdout] 452 |         System::assert_last_event(
[INFO] [stdout]     |         ^^^^^^ use of undeclared type `System`
[INFO] [stdout]     |
[INFO] [stdout] help: consider importing one of these items
[INFO] [stdout]     |
[INFO] [stdout] 22  + use codec::alloc::alloc::System;
[INFO] [stdout]     |
[INFO] [stdout] 22  + use sp_std::alloc::System;
[INFO] [stdout]     |
[INFO] [stdout] 22  + use std::alloc::System;
[INFO] [stdout]     |
[INFO] [stdout] 
[INFO] [stdout] 
[INFO] [stdout] error[E0412]: cannot find type `Test` in this scope
[INFO] [stdout]    --> src/tests.rs:478:12
[INFO] [stdout]     |
[INFO] [stdout] 478 |             Error::<Test>::MinimumThreshold,
[INFO] [stdout]     |                     ^^^^ not found in this scope
[INFO] [stdout]     |
[INFO] [stdout] help: you might be missing a type parameter
[INFO] [stdout]     |
[INFO] [stdout] 466 | fn minimum_threshold_check_works<Test>() {
[INFO] [stdout]     |                                 ++++++
[INFO] [stdout] 
[INFO] [stdout] 
[INFO] [stdout] error[E0412]: cannot find type `Test` in this scope
[INFO] [stdout]    --> src/tests.rs:489:12
[INFO] [stdout]     |
[INFO] [stdout] 489 |             Error::<Test>::MinimumThreshold,
[INFO] [stdout]     |                     ^^^^ not found in this scope
[INFO] [stdout]     |
[INFO] [stdout] help: you might be missing a type parameter
[INFO] [stdout]     |
[INFO] [stdout] 466 | fn minimum_threshold_check_works<Test>() {
[INFO] [stdout]     |                                 ++++++
[INFO] [stdout] 
[INFO] [stdout] 
[INFO] [stdout] error[E0412]: cannot find type `Test` in this scope
[INFO] [stdout]    --> src/tests.rs:507:12
[INFO] [stdout]     |
[INFO] [stdout] 507 |             Error::<Test>::TooManySignatories,
[INFO] [stdout]     |                     ^^^^ not found in this scope
[INFO] [stdout]     |
[INFO] [stdout] help: you might be missing a type parameter
[INFO] [stdout]     |
[INFO] [stdout] 495 | fn too_many_signatories_fails<Test>() {
[INFO] [stdout]     |                              ++++++
[INFO] [stdout] 
[INFO] [stdout] 
[INFO] [stdout] error[E0412]: cannot find type `Test` in this scope
[INFO] [stdout]    --> src/tests.rs:534:12
[INFO] [stdout]     |
[INFO] [stdout] 534 |             Error::<Test>::AlreadyApproved,
[INFO] [stdout]     |                     ^^^^ not found in this scope
[INFO] [stdout]     |
[INFO] [stdout] help: you might be missing a type parameter
[INFO] [stdout]     |
[INFO] [stdout] 513 | fn duplicate_approvals_are_ignored<Test>() {
[INFO] [stdout]     |                                   ++++++
[INFO] [stdout] 
[INFO] [stdout] 
[INFO] [stdout] error[E0412]: cannot find type `Test` in this scope
[INFO] [stdout]    --> src/tests.rs:553:12
[INFO] [stdout]     |
[INFO] [stdout] 553 |             Error::<Test>::AlreadyApproved,
[INFO] [stdout]     |                     ^^^^ not found in this scope
[INFO] [stdout]     |
[INFO] [stdout] help: you might be missing a type parameter
[INFO] [stdout]     |
[INFO] [stdout] 513 | fn duplicate_approvals_are_ignored<Test>() {
[INFO] [stdout]     |                                   ++++++
[INFO] [stdout] 
[INFO] [stdout] 
[INFO] [stdout] error[E0412]: cannot find type `Test` in this scope
[INFO] [stdout]    --> src/tests.rs:577:12
[INFO] [stdout]     |
[INFO] [stdout] 577 |             Error::<Test>::MinimumThreshold,
[INFO] [stdout]     |                     ^^^^ not found in this scope
[INFO] [stdout]     |
[INFO] [stdout] help: you might be missing a type parameter
[INFO] [stdout]     |
[INFO] [stdout] 559 | fn multisig_1_of_3_works<Test>() {
[INFO] [stdout]     |                         ++++++
[INFO] [stdout] 
[INFO] [stdout] 
[INFO] [stdout] error[E0412]: cannot find type `Test` in this scope
[INFO] [stdout]    --> src/tests.rs:588:12
[INFO] [stdout]     |
[INFO] [stdout] 588 |             Error::<Test>::MinimumThreshold,
[INFO] [stdout]     |                     ^^^^ not found in this scope
[INFO] [stdout]     |
[INFO] [stdout] help: you might be missing a type parameter
[INFO] [stdout]     |
[INFO] [stdout] 559 | fn multisig_1_of_3_works<Test>() {
[INFO] [stdout]     |                         ++++++
[INFO] [stdout] 
[INFO] [stdout] 
[INFO] [stdout] error[E0412]: cannot find type `Test` in this scope
[INFO] [stdout]    --> src/tests.rs:606:46
[INFO] [stdout]     |
[INFO] [stdout] 606 |             DispatchError::from(frame_system::Error::<Test>::CallFiltered),
[INFO] [stdout]     |                                                       ^^^^ not found in this scope
[INFO] [stdout]     |
[INFO] [stdout] help: you might be missing a type parameter
[INFO] [stdout]     |
[INFO] [stdout] 601 | fn multisig_filters<Test>() {
[INFO] [stdout]     |                    ++++++
[INFO] [stdout] 
[INFO] [stdout] 
[INFO] [stdout] error[E0412]: cannot find type `Test` in this scope
[INFO] [stdout]    --> src/tests.rs:639:12
[INFO] [stdout]     |
[INFO] [stdout] 639 |             Error::<Test>::MaxWeightTooLow,
[INFO] [stdout]     |                     ^^^^ not found in this scope
[INFO] [stdout]     |
[INFO] [stdout] help: you might be missing a type parameter
[INFO] [stdout]     |
[INFO] [stdout] 612 | fn weight_check_works<Test>() {
[INFO] [stdout]     |                      ++++++
[INFO] [stdout] 
[INFO] [stdout] 
[INFO] [stdout] error[E0433]: failed to resolve: use of undeclared crate or module `pallet_balances`
[INFO] [stdout]   --> src/tests.rs:45:21
[INFO] [stdout]    |
[INFO] [stdout] 45 |     type AccountData = pallet_balances::AccountData<u64>;
[INFO] [stdout]    |                        ^^^^^^^^^^^^^^^ use of undeclared crate or module `pallet_balances`
[INFO] [stdout] 
[INFO] [stdout] 
[INFO] [stdout] error[E0433]: failed to resolve: use of undeclared type `RuntimeCall`
[INFO] [stdout]   --> src/tests.rs:60:4
[INFO] [stdout]    |
[INFO] [stdout] 60 |             RuntimeCall::Balances(_) => true,
[INFO] [stdout]    |             ^^^^^^^^^^^ use of undeclared type `RuntimeCall`
[INFO] [stdout] 
[INFO] [stdout] 
[INFO] [stdout] error[E0433]: failed to resolve: use of undeclared type `RuntimeCall`
[INFO] [stdout]   --> src/tests.rs:62:4
[INFO] [stdout]    |
[INFO] [stdout] 62 |             RuntimeCall::System(frame_system::Call::remark { .. }) => true,
[INFO] [stdout]    |             ^^^^^^^^^^^ use of undeclared type `RuntimeCall`
[INFO] [stdout] 
[INFO] [stdout] 
[INFO] [stdout] error[E0433]: failed to resolve: use of undeclared crate or module `pallet_balances`
[INFO] [stdout]   --> src/tests.rs:81:2
[INFO] [stdout]    |
[INFO] [stdout] 81 |     pallet_balances::GenesisConfig::<Test> {
[INFO] [stdout]    |     ^^^^^^^^^^^^^^^ use of undeclared crate or module `pallet_balances`
[INFO] [stdout] 
[INFO] [stdout] 
[INFO] [stdout] error[E0433]: failed to resolve: use of undeclared type `RuntimeCall`
[INFO] [stdout]   --> src/tests.rs:96:11
[INFO] [stdout]    |
[INFO] [stdout] 96 |     Box::new(RuntimeCall::Balances(BalancesCall::transfer_allow_death { dest, value }))
[INFO] [stdout]    |              ^^^^^^^^^^^ use of undeclared type `RuntimeCall`
[INFO] [stdout] 
[INFO] [stdout] 
[INFO] [stdout] error[E0433]: failed to resolve: use of undeclared type `Balances`
[INFO] [stdout]    --> src/tests.rs:103:14
[INFO] [stdout]     |
[INFO] [stdout] 103 |         assert_ok!(Balances::transfer_allow_death(RuntimeOrigin::signed(1), multi, 5));
[INFO] [stdout]     |                    ^^^^^^^^
[INFO] [stdout]     |                    |
[INFO] [stdout]     |                    use of undeclared type `Balances`
[INFO] [stdout]     |                    help: a type alias with a similar name exists: `BalanceOf`
[INFO] [stdout] 
[INFO] [stdout] 
[INFO] [stdout] error[E0433]: failed to resolve: use of undeclared type `RuntimeOrigin`
[INFO] [stdout]    --> src/tests.rs:103:45
[INFO] [stdout]     |
[INFO] [stdout] 103 |         assert_ok!(Balances::transfer_allow_death(RuntimeOrigin::signed(1), multi, 5));
[INFO] [stdout]     |                                                   ^^^^^^^^^^^^^ use of undeclared type `RuntimeOrigin`
[INFO] [stdout] 
[INFO] [stdout] 
[INFO] [stdout] error[E0433]: failed to resolve: use of undeclared type `Balances`
[INFO] [stdout]    --> src/tests.rs:104:14
[INFO] [stdout]     |
[INFO] [stdout] 104 |         assert_ok!(Balances::transfer_allow_death(RuntimeOrigin::signed(2), multi, 5));
[INFO] [stdout]     |                    ^^^^^^^^
[INFO] [stdout]     |                    |
[INFO] [stdout]     |                    use of undeclared type `Balances`
[INFO] [stdout]     |                    help: a type alias with a similar name exists: `BalanceOf`
[INFO] [stdout] 
[INFO] [stdout] 
[INFO] [stdout] error[E0433]: failed to resolve: use of undeclared type `RuntimeOrigin`
[INFO] [stdout]    --> src/tests.rs:104:45
[INFO] [stdout]     |
[INFO] [stdout] 104 |         assert_ok!(Balances::transfer_allow_death(RuntimeOrigin::signed(2), multi, 5));
[INFO] [stdout]     |                                                   ^^^^^^^^^^^^^ use of undeclared type `RuntimeOrigin`
[INFO] [stdout] 
[INFO] [stdout] 
[INFO] [stdout] error[E0433]: failed to resolve: use of undeclared type `Balances`
[INFO] [stdout]    --> src/tests.rs:105:14
[INFO] [stdout]     |
[INFO] [stdout] 105 |         assert_ok!(Balances::transfer_allow_death(RuntimeOrigin::signed(3), multi, 5));
[INFO] [stdout]     |                    ^^^^^^^^
[INFO] [stdout]     |                    |
[INFO] [stdout]     |                    use of undeclared type `Balances`
[INFO] [stdout]     |                    help: a type alias with a similar name exists: `BalanceOf`
[INFO] [stdout] 
[INFO] [stdout] 
[INFO] [stdout] error[E0433]: failed to resolve: use of undeclared type `RuntimeOrigin`
[INFO] [stdout]    --> src/tests.rs:105:45
[INFO] [stdout]     |
[INFO] [stdout] 105 |         assert_ok!(Balances::transfer_allow_death(RuntimeOrigin::signed(3), multi, 5));
[INFO] [stdout]     |                                                   ^^^^^^^^^^^^^ use of undeclared type `RuntimeOrigin`
[INFO] [stdout] 
[INFO] [stdout] 
[INFO] [stdout] error[E0433]: failed to resolve: use of undeclared type `RuntimeOrigin`
[INFO] [stdout]    --> src/tests.rs:110:4
[INFO] [stdout]     |
[INFO] [stdout] 110 |             RuntimeOrigin::signed(1),
[INFO] [stdout]     |             ^^^^^^^^^^^^^ use of undeclared type `RuntimeOrigin`
[INFO] [stdout] 
[INFO] [stdout] 
[INFO] [stdout] error[E0433]: failed to resolve: use of undeclared type `Balances`
[INFO] [stdout]    --> src/tests.rs:117:14
[INFO] [stdout]     |
[INFO] [stdout] 117 |         assert_eq!(Balances::free_balance(1), 2);
[INFO] [stdout]     |                    ^^^^^^^^
[INFO] [stdout]     |                    |
[INFO] [stdout]     |                    use of undeclared type `Balances`
[INFO] [stdout]     |                    help: a type alias with a similar name exists: `BalanceOf`
[INFO] [stdout] 
[INFO] [stdout] 
[INFO] [stdout] error[E0433]: failed to resolve: use of undeclared type `Balances`
[INFO] [stdout]    --> src/tests.rs:118:14
[INFO] [stdout]     |
[INFO] [stdout] 118 |         assert_eq!(Balances::reserved_balance(1), 3);
[INFO] [stdout]     |                    ^^^^^^^^
[INFO] [stdout]     |                    |
[INFO] [stdout]     |                    use of undeclared type `Balances`
[INFO] [stdout]     |                    help: a type alias with a similar name exists: `BalanceOf`
[INFO] [stdout] 
[INFO] [stdout] 
[INFO] [stdout] error[E0433]: failed to resolve: use of undeclared type `RuntimeOrigin`
[INFO] [stdout]    --> src/tests.rs:121:4
[INFO] [stdout]     |
[INFO] [stdout] 121 |             RuntimeOrigin::signed(2),
[INFO] [stdout]     |             ^^^^^^^^^^^^^ use of undeclared type `RuntimeOrigin`
[INFO] [stdout] 
[INFO] [stdout] 
[INFO] [stdout] error[E0433]: failed to resolve: use of undeclared type `Balances`
[INFO] [stdout]    --> src/tests.rs:128:14
[INFO] [stdout]     |
[INFO] [stdout] 128 |         assert_eq!(Balances::free_balance(1), 5);
[INFO] [stdout]     |                    ^^^^^^^^
[INFO] [stdout]     |                    |
[INFO] [stdout]     |                    use of undeclared type `Balances`
[INFO] [stdout]     |                    help: a type alias with a similar name exists: `BalanceOf`
[INFO] [stdout] 
[INFO] [stdout] 
[INFO] [stdout] error[E0433]: failed to resolve: use of undeclared type `Balances`
[INFO] [stdout]    --> src/tests.rs:129:14
[INFO] [stdout]     |
[INFO] [stdout] 129 |         assert_eq!(Balances::reserved_balance(1), 0);
[INFO] [stdout]     |                    ^^^^^^^^
[INFO] [stdout]     |                    |
[INFO] [stdout]     |                    use of undeclared type `Balances`
[INFO] [stdout]     |                    help: a type alias with a similar name exists: `BalanceOf`
[INFO] [stdout] 
[INFO] [stdout] 
[INFO] [stdout] error[E0433]: failed to resolve: use of undeclared type `RuntimeOrigin`
[INFO] [stdout]    --> src/tests.rs:139:4
[INFO] [stdout]     |
[INFO] [stdout] 139 |             RuntimeOrigin::signed(1),
[INFO] [stdout]     |             ^^^^^^^^^^^^^ use of undeclared type `RuntimeOrigin`
[INFO] [stdout] 
[INFO] [stdout] 
[INFO] [stdout] error[E0433]: failed to resolve: use of undeclared type `RuntimeOrigin`
[INFO] [stdout]    --> src/tests.rs:147:4
[INFO] [stdout]     |
[INFO] [stdout] 147 |             RuntimeOrigin::signed(2),
[INFO] [stdout]     |             ^^^^^^^^^^^^^ use of undeclared type `RuntimeOrigin`
[INFO] [stdout] 
[INFO] [stdout] 
[INFO] [stdout] error[E0433]: failed to resolve: use of undeclared type `Balances`
[INFO] [stdout]    --> src/tests.rs:154:14
[INFO] [stdout]     |
[INFO] [stdout] 154 |         assert_eq!(Balances::free_balance(1), 6);
[INFO] [stdout]     |                    ^^^^^^^^
[INFO] [stdout]     |                    |
[INFO] [stdout]     |                    use of undeclared type `Balances`
[INFO] [stdout]     |                    help: a type alias with a similar name exists: `BalanceOf`
[INFO] [stdout] 
[INFO] [stdout] 
[INFO] [stdout] error[E0433]: failed to resolve: use of undeclared type `Balances`
[INFO] [stdout]    --> src/tests.rs:155:14
[INFO] [stdout]     |
[INFO] [stdout] 155 |         assert_eq!(Balances::reserved_balance(1), 4);
[INFO] [stdout]     |                    ^^^^^^^^
[INFO] [stdout]     |                    |
[INFO] [stdout]     |                    use of undeclared type `Balances`
[INFO] [stdout]     |                    help: a type alias with a similar name exists: `BalanceOf`
[INFO] [stdout] 
[INFO] [stdout] 
[INFO] [stdout] error[E0433]: failed to resolve: use of undeclared type `RuntimeOrigin`
[INFO] [stdout]    --> src/tests.rs:156:40
[INFO] [stdout]     |
[INFO] [stdout] 156 |         assert_ok!(Multisig::cancel_as_multi(RuntimeOrigin::signed(1), 3, vec![2, 3], now(), hash));
[INFO] [stdout]     |                                              ^^^^^^^^^^^^^ use of undeclared type `RuntimeOrigin`
[INFO] [stdout] 
[INFO] [stdout] 
[INFO] [stdout] error[E0433]: failed to resolve: use of undeclared type `Balances`
[INFO] [stdout]    --> src/tests.rs:157:14
[INFO] [stdout]     |
[INFO] [stdout] 157 |         assert_eq!(Balances::free_balance(1), 10);
[INFO] [stdout]     |                    ^^^^^^^^
[INFO] [stdout]     |                    |
[INFO] [stdout]     |                    use of undeclared type `Balances`
[INFO] [stdout]     |                    help: a type alias with a similar name exists: `BalanceOf`
[INFO] [stdout] 
[INFO] [stdout] 
[INFO] [stdout] error[E0433]: failed to resolve: use of undeclared type `Balances`
[INFO] [stdout]    --> src/tests.rs:158:14
[INFO] [stdout]     |
[INFO] [stdout] 158 |         assert_eq!(Balances::reserved_balance(1), 0);
[INFO] [stdout]     |                    ^^^^^^^^
[INFO] [stdout]     |                    |
[INFO] [stdout]     |                    use of undeclared type `Balances`
[INFO] [stdout]     |                    help: a type alias with a similar name exists: `BalanceOf`
[INFO] [stdout] 
[INFO] [stdout] 
[INFO] [stdout] error[E0433]: failed to resolve: use of undeclared type `Balances`
[INFO] [stdout]    --> src/tests.rs:166:14
[INFO] [stdout]     |
[INFO] [stdout] 166 |         assert_ok!(Balances::transfer_allow_death(RuntimeOrigin::signed(1), multi, 5));
[INFO] [stdout]     |                    ^^^^^^^^
[INFO] [stdout]     |                    |
[INFO] [stdout]     |                    use of undeclared type `Balances`
[INFO] [stdout]     |                    help: a type alias with a similar name exists: `BalanceOf`
[INFO] [stdout] 
[INFO] [stdout] 
[INFO] [stdout] error[E0433]: failed to resolve: use of undeclared type `RuntimeOrigin`
[INFO] [stdout]    --> src/tests.rs:166:45
[INFO] [stdout]     |
[INFO] [stdout] 166 |         assert_ok!(Balances::transfer_allow_death(RuntimeOrigin::signed(1), multi, 5));
[INFO] [stdout]     |                                                   ^^^^^^^^^^^^^ use of undeclared type `RuntimeOrigin`
[INFO] [stdout] 
[INFO] [stdout] 
[INFO] [stdout] error[E0433]: failed to resolve: use of undeclared type `Balances`
[INFO] [stdout]    --> src/tests.rs:167:14
[INFO] [stdout]     |
[INFO] [stdout] 167 |         assert_ok!(Balances::transfer_allow_death(RuntimeOrigin::signed(2), multi, 5));
[INFO] [stdout]     |                    ^^^^^^^^
[INFO] [stdout]     |                    |
[INFO] [stdout]     |                    use of undeclared type `Balances`
[INFO] [stdout]     |                    help: a type alias with a similar name exists: `BalanceOf`
[INFO] [stdout] 
[INFO] [stdout] 
[INFO] [stdout] error[E0433]: failed to resolve: use of undeclared type `RuntimeOrigin`
[INFO] [stdout]    --> src/tests.rs:167:45
[INFO] [stdout]     |
[INFO] [stdout] 167 |         assert_ok!(Balances::transfer_allow_death(RuntimeOrigin::signed(2), multi, 5));
[INFO] [stdout]     |                                                   ^^^^^^^^^^^^^ use of undeclared type `RuntimeOrigin`
[INFO] [stdout] 
[INFO] [stdout] 
[INFO] [stdout] error[E0433]: failed to resolve: use of undeclared type `Balances`
[INFO] [stdout]    --> src/tests.rs:168:14
[INFO] [stdout]     |
[INFO] [stdout] 168 |         assert_ok!(Balances::transfer_allow_death(RuntimeOrigin::signed(3), multi, 5));
[INFO] [stdout]     |                    ^^^^^^^^
[INFO] [stdout]     |                    |
[INFO] [stdout]     |                    use of undeclared type `Balances`
[INFO] [stdout]     |                    help: a type alias with a similar name exists: `BalanceOf`
[INFO] [stdout] 
[INFO] [stdout] 
[INFO] [stdout] error[E0433]: failed to resolve: use of undeclared type `RuntimeOrigin`
[INFO] [stdout]    --> src/tests.rs:168:45
[INFO] [stdout]     |
[INFO] [stdout] 168 |         assert_ok!(Balances::transfer_allow_death(RuntimeOrigin::signed(3), multi, 5));
[INFO] [stdout]     |                                                   ^^^^^^^^^^^^^ use of undeclared type `RuntimeOrigin`
[INFO] [stdout] 
[INFO] [stdout] 
[INFO] [stdout] error[E0433]: failed to resolve: use of undeclared type `RuntimeOrigin`
[INFO] [stdout]    --> src/tests.rs:175:5
[INFO] [stdout]     |
[INFO] [stdout] 175 |                 RuntimeOrigin::signed(2),
[INFO] [stdout]     |                 ^^^^^^^^^^^^^ use of undeclared type `RuntimeOrigin`
[INFO] [stdout] 
[INFO] [stdout] 
[INFO] [stdout] error[E0433]: failed to resolve: use of undeclared type `RuntimeOrigin`
[INFO] [stdout]    --> src/tests.rs:186:4
[INFO] [stdout]     |
[INFO] [stdout] 186 |             RuntimeOrigin::signed(1),
[INFO] [stdout]     |             ^^^^^^^^^^^^^ use of undeclared type `RuntimeOrigin`
[INFO] [stdout] 
[INFO] [stdout] 
[INFO] [stdout] error[E0433]: failed to resolve: use of undeclared type `RuntimeOrigin`
[INFO] [stdout]    --> src/tests.rs:196:5
[INFO] [stdout]     |
[INFO] [stdout] 196 |                 RuntimeOrigin::signed(2),
[INFO] [stdout]     |                 ^^^^^^^^^^^^^ use of undeclared type `RuntimeOrigin`
[INFO] [stdout] 
[INFO] [stdout] 
[INFO] [stdout] error[E0433]: failed to resolve: use of undeclared type `RuntimeOrigin`
[INFO] [stdout]    --> src/tests.rs:208:5
[INFO] [stdout]     |
[INFO] [stdout] 208 |                 RuntimeOrigin::signed(2),
[INFO] [stdout]     |                 ^^^^^^^^^^^^^ use of undeclared type `RuntimeOrigin`
[INFO] [stdout] 
[INFO] [stdout] 
[INFO] [stdout] error[E0433]: failed to resolve: use of undeclared type `Balances`
[INFO] [stdout]    --> src/tests.rs:224:14
[INFO] [stdout]     |
[INFO] [stdout] 224 |         assert_ok!(Balances::transfer_allow_death(RuntimeOrigin::signed(1), multi, 5));
[INFO] [stdout]     |                    ^^^^^^^^
[INFO] [stdout]     |                    |
[INFO] [stdout]     |                    use of undeclared type `Balances`
[INFO] [stdout]     |                    help: a type alias with a similar name exists: `BalanceOf`
[INFO] [stdout] 
[INFO] [stdout] 
[INFO] [stdout] error[E0433]: failed to resolve: use of undeclared type `RuntimeOrigin`
[INFO] [stdout]    --> src/tests.rs:224:45
[INFO] [stdout]     |
[INFO] [stdout] 224 |         assert_ok!(Balances::transfer_allow_death(RuntimeOrigin::signed(1), multi, 5));
[INFO] [stdout]     |                                                   ^^^^^^^^^^^^^ use of undeclared type `RuntimeOrigin`
[INFO] [stdout] 
[INFO] [stdout] 
[INFO] [stdout] error[E0433]: failed to resolve: use of undeclared type `Balances`
[INFO] [stdout]    --> src/tests.rs:225:14
[INFO] [stdout]     |
[INFO] [stdout] 225 |         assert_ok!(Balances::transfer_allow_death(RuntimeOrigin::signed(2), multi, 5));
[INFO] [stdout]     |                    ^^^^^^^^
[INFO] [stdout]     |                    |
[INFO] [stdout]     |                    use of undeclared type `Balances`
[INFO] [stdout]     |                    help: a type alias with a similar name exists: `BalanceOf`
[INFO] [stdout] 
[INFO] [stdout] 
[INFO] [stdout] error[E0433]: failed to resolve: use of undeclared type `RuntimeOrigin`
[INFO] [stdout]    --> src/tests.rs:225:45
[INFO] [stdout]     |
[INFO] [stdout] 225 |         assert_ok!(Balances::transfer_allow_death(RuntimeOrigin::signed(2), multi, 5));
[INFO] [stdout]     |                                                   ^^^^^^^^^^^^^ use of undeclared type `RuntimeOrigin`
[INFO] [stdout] 
[INFO] [stdout] 
[INFO] [stdout] error[E0433]: failed to resolve: use of undeclared type `Balances`
[INFO] [stdout]    --> src/tests.rs:226:14
[INFO] [stdout]     |
[INFO] [stdout] 226 |         assert_ok!(Balances::transfer_allow_death(RuntimeOrigin::signed(3), multi, 5));
[INFO] [stdout]     |                    ^^^^^^^^
[INFO] [stdout]     |                    |
[INFO] [stdout]     |                    use of undeclared type `Balances`
[INFO] [stdout]     |                    help: a type alias with a similar name exists: `BalanceOf`
[INFO] [stdout] 
[INFO] [stdout] 
[INFO] [stdout] error[E0433]: failed to resolve: use of undeclared type `RuntimeOrigin`
[INFO] [stdout]    --> src/tests.rs:226:45
[INFO] [stdout]     |
[INFO] [stdout] 226 |         assert_ok!(Balances::transfer_allow_death(RuntimeOrigin::signed(3), multi, 5));
[INFO] [stdout]     |                                                   ^^^^^^^^^^^^^ use of undeclared type `RuntimeOrigin`
[INFO] [stdout] 
[INFO] [stdout] 
[INFO] [stdout] error[E0433]: failed to resolve: use of undeclared type `RuntimeOrigin`
[INFO] [stdout]    --> src/tests.rs:232:4
[INFO] [stdout]     |
[INFO] [stdout] 232 |             RuntimeOrigin::signed(1),
[INFO] [stdout]     |             ^^^^^^^^^^^^^ use of undeclared type `RuntimeOrigin`
[INFO] [stdout] 
[INFO] [stdout] 
[INFO] [stdout] error[E0433]: failed to resolve: use of undeclared type `Balances`
[INFO] [stdout]    --> src/tests.rs:239:14
[INFO] [stdout]     |
[INFO] [stdout] 239 |         assert_eq!(Balances::free_balance(6), 0);
[INFO] [stdout]     |                    ^^^^^^^^
[INFO] [stdout]     |                    |
[INFO] [stdout]     |                    use of undeclared type `Balances`
[INFO] [stdout]     |                    help: a type alias with a similar name exists: `BalanceOf`
[INFO] [stdout] 
[INFO] [stdout] 
[INFO] [stdout] error[E0433]: failed to resolve: use of undeclared type `RuntimeOrigin`
[INFO] [stdout]    --> src/tests.rs:242:4
[INFO] [stdout]     |
[INFO] [stdout] 242 |             RuntimeOrigin::signed(2),
[INFO] [stdout]     |             ^^^^^^^^^^^^^ use of undeclared type `RuntimeOrigin`
[INFO] [stdout] 
[INFO] [stdout] 
[INFO] [stdout] error[E0433]: failed to resolve: use of undeclared type `Balances`
[INFO] [stdout]    --> src/tests.rs:249:14
[INFO] [stdout]     |
[INFO] [stdout] 249 |         assert_eq!(Balances::free_balance(6), 15);
[INFO] [stdout]     |                    ^^^^^^^^
[INFO] [stdout]     |                    |
[INFO] [stdout]     |                    use of undeclared type `Balances`
[INFO] [stdout]     |                    help: a type alias with a similar name exists: `BalanceOf`
[INFO] [stdout] 
[INFO] [stdout] 
[INFO] [stdout] error[E0433]: failed to resolve: use of undeclared type `Balances`
[INFO] [stdout]    --> src/tests.rs:257:14
[INFO] [stdout]     |
[INFO] [stdout] 257 |         assert_ok!(Balances::transfer_allow_death(RuntimeOrigin::signed(1), multi, 5));
[INFO] [stdout]     |                    ^^^^^^^^
[INFO] [stdout]     |                    |
[INFO] [stdout]     |                    use of undeclared type `Balances`
[INFO] [stdout]     |                    help: a type alias with a similar name exists: `BalanceOf`
[INFO] [stdout] 
[INFO] [stdout] 
[INFO] [stdout] error[E0433]: failed to resolve: use of undeclared type `RuntimeOrigin`
[INFO] [stdout]    --> src/tests.rs:257:45
[INFO] [stdout]     |
[INFO] [stdout] 257 |         assert_ok!(Balances::transfer_allow_death(RuntimeOrigin::signed(1), multi, 5));
[INFO] [stdout]     |                                                   ^^^^^^^^^^^^^ use of undeclared type `RuntimeOrigin`
[INFO] [stdout] 
[INFO] [stdout] 
[INFO] [stdout] error[E0433]: failed to resolve: use of undeclared type `Balances`
[INFO] [stdout]    --> src/tests.rs:258:14
[INFO] [stdout]     |
[INFO] [stdout] 258 |         assert_ok!(Balances::transfer_allow_death(RuntimeOrigin::signed(2), multi, 5));
[INFO] [stdout]     |                    ^^^^^^^^
[INFO] [stdout]     |                    |
[INFO] [stdout]     |                    use of undeclared type `Balances`
[INFO] [stdout]     |                    help: a type alias with a similar name exists: `BalanceOf`
[INFO] [stdout] 
[INFO] [stdout] 
[INFO] [stdout] error[E0433]: failed to resolve: use of undeclared type `RuntimeOrigin`
[INFO] [stdout]    --> src/tests.rs:258:45
[INFO] [stdout]     |
[INFO] [stdout] 258 |         assert_ok!(Balances::transfer_allow_death(RuntimeOrigin::signed(2), multi, 5));
[INFO] [stdout]     |                                                   ^^^^^^^^^^^^^ use of undeclared type `RuntimeOrigin`
[INFO] [stdout] 
[INFO] [stdout] 
[INFO] [stdout] error[E0433]: failed to resolve: use of undeclared type `Balances`
[INFO] [stdout]    --> src/tests.rs:259:14
[INFO] [stdout]     |
[INFO] [stdout] 259 |         assert_ok!(Balances::transfer_allow_death(RuntimeOrigin::signed(3), multi, 5));
[INFO] [stdout]     |                    ^^^^^^^^
[INFO] [stdout]     |                    |
[INFO] [stdout]     |                    use of undeclared type `Balances`
[INFO] [stdout]     |                    help: a type alias with a similar name exists: `BalanceOf`
[INFO] [stdout] 
[INFO] [stdout] 
[INFO] [stdout] error[E0433]: failed to resolve: use of undeclared type `RuntimeOrigin`
[INFO] [stdout]    --> src/tests.rs:259:45
[INFO] [stdout]     |
[INFO] [stdout] 259 |         assert_ok!(Balances::transfer_allow_death(RuntimeOrigin::signed(3), multi, 5));
[INFO] [stdout]     |                                                   ^^^^^^^^^^^^^ use of undeclared type `RuntimeOrigin`
[INFO] [stdout] 
[INFO] [stdout] 
[INFO] [stdout] error[E0433]: failed to resolve: use of undeclared type `RuntimeOrigin`
[INFO] [stdout]    --> src/tests.rs:265:4
[INFO] [stdout]     |
[INFO] [stdout] 265 |             RuntimeOrigin::signed(1),
[INFO] [stdout]     |             ^^^^^^^^^^^^^ use of undeclared type `RuntimeOrigin`
[INFO] [stdout] 
[INFO] [stdout] 
[INFO] [stdout] error[E0433]: failed to resolve: use of undeclared type `RuntimeOrigin`
[INFO] [stdout]    --> src/tests.rs:273:4
[INFO] [stdout]     |
[INFO] [stdout] 273 |             RuntimeOrigin::signed(2),
[INFO] [stdout]     |             ^^^^^^^^^^^^^ use of undeclared type `RuntimeOrigin`
[INFO] [stdout] 
[INFO] [stdout] 
[INFO] [stdout] error[E0433]: failed to resolve: use of undeclared type `Balances`
[INFO] [stdout]    --> src/tests.rs:280:14
[INFO] [stdout]     |
[INFO] [stdout] 280 |         assert_eq!(Balances::free_balance(6), 0);
[INFO] [stdout]     |                    ^^^^^^^^
[INFO] [stdout]     |                    |
[INFO] [stdout]     |                    use of undeclared type `Balances`
[INFO] [stdout]     |                    help: a type alias with a similar name exists: `BalanceOf`
[INFO] [stdout] 
[INFO] [stdout] 
[INFO] [stdout] error[E0433]: failed to resolve: use of undeclared type `RuntimeOrigin`
[INFO] [stdout]    --> src/tests.rs:283:4
[INFO] [stdout]     |
[INFO] [stdout] 283 |             RuntimeOrigin::signed(3),
[INFO] [stdout]     |             ^^^^^^^^^^^^^ use of undeclared type `RuntimeOrigin`
[INFO] [stdout] 
[INFO] [stdout] 
[INFO] [stdout] error[E0433]: failed to resolve: use of undeclared type `Balances`
[INFO] [stdout]    --> src/tests.rs:290:14
[INFO] [stdout]     |
[INFO] [stdout] 290 |         assert_eq!(Balances::free_balance(6), 15);
[INFO] [stdout]     |                    ^^^^^^^^
[INFO] [stdout]     |                    |
[INFO] [stdout]     |                    use of undeclared type `Balances`
[INFO] [stdout]     |                    help: a type alias with a similar name exists: `BalanceOf`
[INFO] [stdout] 
[INFO] [stdout] 
[INFO] [stdout] error[E0433]: failed to resolve: use of undeclared type `RuntimeOrigin`
[INFO] [stdout]    --> src/tests.rs:300:4
[INFO] [stdout]     |
[INFO] [stdout] 300 |             RuntimeOrigin::signed(1),
[INFO] [stdout]     |             ^^^^^^^^^^^^^ use of undeclared type `RuntimeOrigin`
[INFO] [stdout] 
[INFO] [stdout] 
[INFO] [stdout] error[E0433]: failed to resolve: use of undeclared type `RuntimeOrigin`
[INFO] [stdout]    --> src/tests.rs:308:4
[INFO] [stdout]     |
[INFO] [stdout] 308 |             RuntimeOrigin::signed(2),
[INFO] [stdout]     |             ^^^^^^^^^^^^^ use of undeclared type `RuntimeOrigin`
[INFO] [stdout] 
[INFO] [stdout] 
[INFO] [stdout] error[E0433]: failed to resolve: use of undeclared type `RuntimeOrigin`
[INFO] [stdout]    --> src/tests.rs:316:30
[INFO] [stdout]     |
[INFO] [stdout] 316 |             Multisig::cancel_as_multi(RuntimeOrigin::signed(2), 3, vec![1, 3], now(), hash),
[INFO] [stdout]     |                                       ^^^^^^^^^^^^^ use of undeclared type `RuntimeOrigin`
[INFO] [stdout] 
[INFO] [stdout] 
[INFO] [stdout] error[E0433]: failed to resolve: use of undeclared type `RuntimeOrigin`
[INFO] [stdout]    --> src/tests.rs:319:40
[INFO] [stdout]     |
[INFO] [stdout] 319 |         assert_ok!(Multisig::cancel_as_multi(RuntimeOrigin::signed(1), 3, vec![2, 3], now(), hash),);
[INFO] [stdout]     |                                              ^^^^^^^^^^^^^ use of undeclared type `RuntimeOrigin`
[INFO] [stdout] 
[INFO] [stdout] 
[INFO] [stdout] error[E0433]: failed to resolve: use of undeclared type `Balances`
[INFO] [stdout]    --> src/tests.rs:327:14
[INFO] [stdout]     |
[INFO] [stdout] 327 |         assert_ok!(Balances::transfer_allow_death(RuntimeOrigin::signed(1), multi, 5));
[INFO] [stdout]     |                    ^^^^^^^^
[INFO] [stdout]     |                    |
[INFO] [stdout]     |                    use of undeclared type `Balances`
[INFO] [stdout]     |                    help: a type alias with a similar name exists: `BalanceOf`
[INFO] [stdout] 
[INFO] [stdout] 
[INFO] [stdout] error[E0433]: failed to resolve: use of undeclared type `RuntimeOrigin`
[INFO] [stdout]    --> src/tests.rs:327:45
[INFO] [stdout]     |
[INFO] [stdout] 327 |         assert_ok!(Balances::transfer_allow_death(RuntimeOrigin::signed(1), multi, 5));
[INFO] [stdout]     |                                                   ^^^^^^^^^^^^^ use of undeclared type `RuntimeOrigin`
[INFO] [stdout] 
[INFO] [stdout] 
[INFO] [stdout] error[E0433]: failed to resolve: use of undeclared type `Balances`
[INFO] [stdout]    --> src/tests.rs:328:14
[INFO] [stdout]     |
[INFO] [stdout] 328 |         assert_ok!(Balances::transfer_allow_death(RuntimeOrigin::signed(2), multi, 5));
[INFO] [stdout]     |                    ^^^^^^^^
[INFO] [stdout]     |                    |
[INFO] [stdout]     |                    use of undeclared type `Balances`
[INFO] [stdout]     |                    help: a type alias with a similar name exists: `BalanceOf`
[INFO] [stdout] 
[INFO] [stdout] 
[INFO] [stdout] error[E0433]: failed to resolve: use of undeclared type `RuntimeOrigin`
[INFO] [stdout]    --> src/tests.rs:328:45
[INFO] [stdout]     |
[INFO] [stdout] 328 |         assert_ok!(Balances::transfer_allow_death(RuntimeOrigin::signed(2), multi, 5));
[INFO] [stdout]     |                                                   ^^^^^^^^^^^^^ use of undeclared type `RuntimeOrigin`
[INFO] [stdout] 
[INFO] [stdout] 
[INFO] [stdout] error[E0433]: failed to resolve: use of undeclared type `Balances`
[INFO] [stdout]    --> src/tests.rs:329:14
[INFO] [stdout]     |
[INFO] [stdout] 329 |         assert_ok!(Balances::transfer_allow_death(RuntimeOrigin::signed(3), multi, 5));
[INFO] [stdout]     |                    ^^^^^^^^
[INFO] [stdout]     |                    |
[INFO] [stdout]     |                    use of undeclared type `Balances`
[INFO] [stdout]     |                    help: a type alias with a similar name exists: `BalanceOf`
[INFO] [stdout] 
[INFO] [stdout] 
[INFO] [stdout] error[E0433]: failed to resolve: use of undeclared type `RuntimeOrigin`
[INFO] [stdout]    --> src/tests.rs:329:45
[INFO] [stdout]     |
[INFO] [stdout] 329 |         assert_ok!(Balances::transfer_allow_death(RuntimeOrigin::signed(3), multi, 5));
[INFO] [stdout]     |                                                   ^^^^^^^^^^^^^ use of undeclared type `RuntimeOrigin`
[INFO] [stdout] 
[INFO] [stdout] 
[INFO] [stdout] error[E0433]: failed to resolve: use of undeclared type `RuntimeOrigin`
[INFO] [stdout]    --> src/tests.rs:334:4
[INFO] [stdout]     |
[INFO] [stdout] 334 |             RuntimeOrigin::signed(1),
[INFO] [stdout]     |             ^^^^^^^^^^^^^ use of undeclared type `RuntimeOrigin`
[INFO] [stdout] 
[INFO] [stdout] 
[INFO] [stdout] error[E0433]: failed to resolve: use of undeclared type `Balances`
[INFO] [stdout]    --> src/tests.rs:341:14
[INFO] [stdout]     |
[INFO] [stdout] 341 |         assert_eq!(Balances::free_balance(6), 0);
[INFO] [stdout]     |                    ^^^^^^^^
[INFO] [stdout]     |                    |
[INFO] [stdout]     |                    use of undeclared type `Balances`
[INFO] [stdout]     |                    help: a type alias with a similar name exists: `BalanceOf`
[INFO] [stdout] 
[INFO] [stdout] 
[INFO] [stdout] error[E0433]: failed to resolve: use of undeclared type `RuntimeOrigin`
[INFO] [stdout]    --> src/tests.rs:344:4
[INFO] [stdout]     |
[INFO] [stdout] 344 |             RuntimeOrigin::signed(2),
[INFO] [stdout]     |             ^^^^^^^^^^^^^ use of undeclared type `RuntimeOrigin`
[INFO] [stdout] 
[INFO] [stdout] 
[INFO] [stdout] error[E0433]: failed to resolve: use of undeclared type `Balances`
[INFO] [stdout]    --> src/tests.rs:351:14
[INFO] [stdout]     |
[INFO] [stdout] 351 |         assert_eq!(Balances::free_balance(6), 15);
[INFO] [stdout]     |                    ^^^^^^^^
[INFO] [stdout]     |                    |
[INFO] [stdout]     |                    use of undeclared type `Balances`
[INFO] [stdout]     |                    help: a type alias with a similar name exists: `BalanceOf`
[INFO] [stdout] 
[INFO] [stdout] 
[INFO] [stdout] error[E0433]: failed to resolve: use of undeclared type `Balances`
[INFO] [stdout]    --> src/tests.rs:359:14
[INFO] [stdout]     |
[INFO] [stdout] 359 |         assert_ok!(Balances::transfer_allow_death(RuntimeOrigin::signed(1), multi, 5));
[INFO] [stdout]     |                    ^^^^^^^^
[INFO] [stdout]     |                    |
[INFO] [stdout]     |                    use of undeclared type `Balances`
[INFO] [stdout]     |                    help: a type alias with a similar name exists: `BalanceOf`
[INFO] [stdout] 
[INFO] [stdout] 
[INFO] [stdout] error[E0433]: failed to resolve: use of undeclared type `RuntimeOrigin`
[INFO] [stdout]    --> src/tests.rs:359:45
[INFO] [stdout]     |
[INFO] [stdout] 359 |         assert_ok!(Balances::transfer_allow_death(RuntimeOrigin::signed(1), multi, 5));
[INFO] [stdout]     |                                                   ^^^^^^^^^^^^^ use of undeclared type `RuntimeOrigin`
[INFO] [stdout] 
[INFO] [stdout] 
[INFO] [stdout] error[E0433]: failed to resolve: use of undeclared type `Balances`
[INFO] [stdout]    --> src/tests.rs:360:14
[INFO] [stdout]     |
[INFO] [stdout] 360 |         assert_ok!(Balances::transfer_allow_death(RuntimeOrigin::signed(2), multi, 5));
[INFO] [stdout]     |                    ^^^^^^^^
[INFO] [stdout]     |                    |
[INFO] [stdout]     |                    use of undeclared type `Balances`
[INFO] [stdout]     |                    help: a type alias with a similar name exists: `BalanceOf`
[INFO] [stdout] 
[INFO] [stdout] 
[INFO] [stdout] error[E0433]: failed to resolve: use of undeclared type `RuntimeOrigin`
[INFO] [stdout]    --> src/tests.rs:360:45
[INFO] [stdout]     |
[INFO] [stdout] 360 |         assert_ok!(Balances::transfer_allow_death(RuntimeOrigin::signed(2), multi, 5));
[INFO] [stdout]     |                                                   ^^^^^^^^^^^^^ use of undeclared type `RuntimeOrigin`
[INFO] [stdout] 
[INFO] [stdout] 
[INFO] [stdout] error[E0433]: failed to resolve: use of undeclared type `Balances`
[INFO] [stdout]    --> src/tests.rs:361:14
[INFO] [stdout]     |
[INFO] [stdout] 361 |         assert_ok!(Balances::transfer_allow_death(RuntimeOrigin::signed(3), multi, 5));
[INFO] [stdout]     |                    ^^^^^^^^
[INFO] [stdout]     |                    |
[INFO] [stdout]     |                    use of undeclared type `Balances`
[INFO] [stdout]     |                    help: a type alias with a similar name exists: `BalanceOf`
[INFO] [stdout] 
[INFO] [stdout] 
[INFO] [stdout] error[E0433]: failed to resolve: use of undeclared type `RuntimeOrigin`
[INFO] [stdout]    --> src/tests.rs:361:45
[INFO] [stdout]     |
[INFO] [stdout] 361 |         assert_ok!(Balances::transfer_allow_death(RuntimeOrigin::signed(3), multi, 5));
[INFO] [stdout]     |                                                   ^^^^^^^^^^^^^ use of undeclared type `RuntimeOrigin`
[INFO] [stdout] 
[INFO] [stdout] 
[INFO] [stdout] error[E0433]: failed to resolve: use of undeclared type `RuntimeOrigin`
[INFO] [stdout]    --> src/tests.rs:369:4
[INFO] [stdout]     |
[INFO] [stdout] 369 |             RuntimeOrigin::signed(1),
[INFO] [stdout]     |             ^^^^^^^^^^^^^ use of undeclared type `RuntimeOrigin`
[INFO] [stdout] 
[INFO] [stdout] 
[INFO] [stdout] error[E0433]: failed to resolve: use of undeclared type `RuntimeOrigin`
[INFO] [stdout]    --> src/tests.rs:377:4
[INFO] [stdout]     |
[INFO] [stdout] 377 |             RuntimeOrigin::signed(2),
[INFO] [stdout]     |             ^^^^^^^^^^^^^ use of undeclared type `RuntimeOrigin`
[INFO] [stdout] 
[INFO] [stdout] 
[INFO] [stdout] error[E0433]: failed to resolve: use of undeclared type `RuntimeOrigin`
[INFO] [stdout]    --> src/tests.rs:385:4
[INFO] [stdout]     |
[INFO] [stdout] 385 |             RuntimeOrigin::signed(3),
[INFO] [stdout]     |             ^^^^^^^^^^^^^ use of undeclared type `RuntimeOrigin`
[INFO] [stdout] 
[INFO] [stdout] 
[INFO] [stdout] error[E0433]: failed to resolve: use of undeclared type `RuntimeOrigin`
[INFO] [stdout]    --> src/tests.rs:393:4
[INFO] [stdout]     |
[INFO] [stdout] 393 |             RuntimeOrigin::signed(3),
[INFO] [stdout]     |             ^^^^^^^^^^^^^ use of undeclared type `RuntimeOrigin`
[INFO] [stdout] 
[INFO] [stdout] 
[INFO] [stdout] error[E0433]: failed to resolve: use of undeclared type `Balances`
[INFO] [stdout]    --> src/tests.rs:401:14
[INFO] [stdout]     |
[INFO] [stdout] 401 |         assert_eq!(Balances::free_balance(6), 10);
[INFO] [stdout]     |                    ^^^^^^^^
[INFO] [stdout]     |                    |
[INFO] [stdout]     |                    use of undeclared type `Balances`
[INFO] [stdout]     |                    help: a type alias with a similar name exists: `BalanceOf`
[INFO] [stdout] 
[INFO] [stdout] 
[INFO] [stdout] error[E0433]: failed to resolve: use of undeclared type `Balances`
[INFO] [stdout]    --> src/tests.rs:402:14
[INFO] [stdout]     |
[INFO] [stdout] 402 |         assert_eq!(Balances::free_balance(7), 5);
[INFO] [stdout]     |                    ^^^^^^^^
[INFO] [stdout]     |                    |
[INFO] [stdout]     |                    use of undeclared type `Balances`
[INFO] [stdout]     |                    help: a type alias with a similar name exists: `BalanceOf`
[INFO] [stdout] 
[INFO] [stdout] 
[INFO] [stdout] error[E0433]: failed to resolve: use of undeclared type `Balances`
[INFO] [stdout]    --> src/tests.rs:410:14
[INFO] [stdout]     |
[INFO] [stdout] 410 |         assert_ok!(Balances::transfer_allow_death(RuntimeOrigin::signed(1), multi, 5));
[INFO] [stdout]     |                    ^^^^^^^^
[INFO] [stdout]     |                    |
[INFO] [stdout]     |                    use of undeclared type `Balances`
[INFO] [stdout]     |                    help: a type alias with a similar name exists: `BalanceOf`
[INFO] [stdout] 
[INFO] [stdout] 
[INFO] [stdout] error[E0433]: failed to resolve: use of undeclared type `RuntimeOrigin`
[INFO] [stdout]    --> src/tests.rs:410:45
[INFO] [stdout]     |
[INFO] [stdout] 410 |         assert_ok!(Balances::transfer_allow_death(RuntimeOrigin::signed(1), multi, 5));
[INFO] [stdout]     |                                                   ^^^^^^^^^^^^^ use of undeclared type `RuntimeOrigin`
[INFO] [stdout] 
[INFO] [stdout] 
[INFO] [stdout] error[E0433]: failed to resolve: use of undeclared type `Balances`
[INFO] [stdout]    --> src/tests.rs:411:14
[INFO] [stdout]     |
[INFO] [stdout] 411 |         assert_ok!(Balances::transfer_allow_death(RuntimeOrigin::signed(2), multi, 5));
[INFO] [stdout]     |                    ^^^^^^^^
[INFO] [stdout]     |                    |
[INFO] [stdout]     |                    use of undeclared type `Balances`
[INFO] [stdout]     |                    help: a type alias with a similar name exists: `BalanceOf`
[INFO] [stdout] 
[INFO] [stdout] 
[INFO] [stdout] error[E0433]: failed to resolve: use of undeclared type `RuntimeOrigin`
[INFO] [stdout]    --> src/tests.rs:411:45
[INFO] [stdout]     |
[INFO] [stdout] 411 |         assert_ok!(Balances::transfer_allow_death(RuntimeOrigin::signed(2), multi, 5));
[INFO] [stdout]     |                                                   ^^^^^^^^^^^^^ use of undeclared type `RuntimeOrigin`
[INFO] [stdout] 
[INFO] [stdout] 
[INFO] [stdout] error[E0433]: failed to resolve: use of undeclared type `Balances`
[INFO] [stdout]    --> src/tests.rs:412:14
[INFO] [stdout]     |
[INFO] [stdout] 412 |         assert_ok!(Balances::transfer_allow_death(RuntimeOrigin::signed(3), multi, 5));
[INFO] [stdout]     |                    ^^^^^^^^
[INFO] [stdout]     |                    |
[INFO] [stdout]     |                    use of undeclared type `Balances`
[INFO] [stdout]     |                    help: a type alias with a similar name exists: `BalanceOf`
[INFO] [stdout] 
[INFO] [stdout] 
[INFO] [stdout] error[E0433]: failed to resolve: use of undeclared type `RuntimeOrigin`
[INFO] [stdout]    --> src/tests.rs:412:45
[INFO] [stdout]     |
[INFO] [stdout] 412 |         assert_ok!(Balances::transfer_allow_death(RuntimeOrigin::signed(3), multi, 5));
[INFO] [stdout]     |                                                   ^^^^^^^^^^^^^ use of undeclared type `RuntimeOrigin`
[INFO] [stdout] 
[INFO] [stdout] 
[INFO] [stdout] error[E0433]: failed to resolve: use of undeclared type `RuntimeOrigin`
[INFO] [stdout]    --> src/tests.rs:418:4
[INFO] [stdout]     |
[INFO] [stdout] 418 |             RuntimeOrigin::signed(1),
[INFO] [stdout]     |             ^^^^^^^^^^^^^ use of undeclared type `RuntimeOrigin`
[INFO] [stdout] 
[INFO] [stdout] 
[INFO] [stdout] error[E0433]: failed to resolve: use of undeclared type `RuntimeOrigin`
[INFO] [stdout]    --> src/tests.rs:426:4
[INFO] [stdout]     |
[INFO] [stdout] 426 |             RuntimeOrigin::signed(2),
[INFO] [stdout]     |             ^^^^^^^^^^^^^ use of undeclared type `RuntimeOrigin`
[INFO] [stdout] 
[INFO] [stdout] 
[INFO] [stdout] error[E0433]: failed to resolve: use of undeclared type `Balances`
[INFO] [stdout]    --> src/tests.rs:433:14
[INFO] [stdout]     |
[INFO] [stdout] 433 |         assert_eq!(Balances::free_balance(multi), 5);
[INFO] [stdout]     |                    ^^^^^^^^
[INFO] [stdout]     |                    |
[INFO] [stdout]     |                    use of undeclared type `Balances`
[INFO] [stdout]     |                    help: a type alias with a similar name exists: `BalanceOf`
[INFO] [stdout] 
[INFO] [stdout] 
[INFO] [stdout] error[E0433]: failed to resolve: use of undeclared type `RuntimeOrigin`
[INFO] [stdout]    --> src/tests.rs:436:4
[INFO] [stdout]     |
[INFO] [stdout] 436 |             RuntimeOrigin::signed(1),
[INFO] [stdout]     |             ^^^^^^^^^^^^^ use of undeclared type `RuntimeOrigin`
[INFO] [stdout] 
[INFO] [stdout] 
[INFO] [stdout] error[E0433]: failed to resolve: use of undeclared type `RuntimeOrigin`
[INFO] [stdout]    --> src/tests.rs:444:4
[INFO] [stdout]     |
[INFO] [stdout] 444 |             RuntimeOrigin::signed(3),
[INFO] [stdout]     |             ^^^^^^^^^^^^^ use of undeclared type `RuntimeOrigin`
[INFO] [stdout] 
[INFO] [stdout] 
[INFO] [stdout] error[E0433]: failed to resolve: use of undeclared type `RuntimeOrigin`
[INFO] [stdout]    --> src/tests.rs:471:5
[INFO] [stdout]     |
[INFO] [stdout] 471 |                 RuntimeOrigin::signed(1),
[INFO] [stdout]     |                 ^^^^^^^^^^^^^ use of undeclared type `RuntimeOrigin`
[INFO] [stdout] 
[INFO] [stdout] 
[INFO] [stdout] error[E0433]: failed to resolve: use of undeclared type `RuntimeOrigin`
[INFO] [stdout]    --> src/tests.rs:482:5
[INFO] [stdout]     |
[INFO] [stdout] 482 |                 RuntimeOrigin::signed(1),
[INFO] [stdout]     |                 ^^^^^^^^^^^^^ use of undeclared type `RuntimeOrigin`
[INFO] [stdout] 
[INFO] [stdout] 
[INFO] [stdout] error[E0433]: failed to resolve: use of undeclared type `RuntimeOrigin`
[INFO] [stdout]    --> src/tests.rs:500:5
[INFO] [stdout]     |
[INFO] [stdout] 500 |                 RuntimeOrigin::signed(1),
[INFO] [stdout]     |                 ^^^^^^^^^^^^^ use of undeclared type `RuntimeOrigin`
[INFO] [stdout] 
[INFO] [stdout] 
[INFO] [stdout] error[E0433]: failed to resolve: use of undeclared type `RuntimeOrigin`
[INFO] [stdout]    --> src/tests.rs:518:4
[INFO] [stdout]     |
[INFO] [stdout] 518 |             RuntimeOrigin::signed(1),
[INFO] [stdout]     |             ^^^^^^^^^^^^^ use of undeclared type `RuntimeOrigin`
[INFO] [stdout] 
[INFO] [stdout] 
[INFO] [stdout] error[E0433]: failed to resolve: use of undeclared type `RuntimeOrigin`
[INFO] [stdout]    --> src/tests.rs:527:5
[INFO] [stdout]     |
[INFO] [stdout] 527 |                 RuntimeOrigin::signed(1),
[INFO] [stdout]     |                 ^^^^^^^^^^^^^ use of undeclared type `RuntimeOrigin`
[INFO] [stdout] 
[INFO] [stdout] 
[INFO] [stdout] error[E0433]: failed to resolve: use of undeclared type `RuntimeOrigin`
[INFO] [stdout]    --> src/tests.rs:537:4
[INFO] [stdout]     |
[INFO] [stdout] 537 |             RuntimeOrigin::signed(2),
[INFO] [stdout]     |             ^^^^^^^^^^^^^ use of undeclared type `RuntimeOrigin`
[INFO] [stdout] 
[INFO] [stdout] 
[INFO] [stdout] error[E0433]: failed to resolve: use of undeclared type `RuntimeOrigin`
[INFO] [stdout]    --> src/tests.rs:546:5
[INFO] [stdout]     |
[INFO] [stdout] 546 |                 RuntimeOrigin::signed(3),
[INFO] [stdout]     |                 ^^^^^^^^^^^^^ use of undeclared type `RuntimeOrigin`
[INFO] [stdout] 
[INFO] [stdout] 
[INFO] [stdout] error[E0433]: failed to resolve: use of undeclared type `Balances`
[INFO] [stdout]    --> src/tests.rs:562:14
[INFO] [stdout]     |
[INFO] [stdout] 562 |         assert_ok!(Balances::transfer_allow_death(RuntimeOrigin::signed(1), multi, 5));
[INFO] [stdout]     |                    ^^^^^^^^
[INFO] [stdout]     |                    |
[INFO] [stdout]     |                    use of undeclared type `Balances`
[INFO] [stdout]     |                    help: a type alias with a similar name exists: `BalanceOf`
[INFO] [stdout] 
[INFO] [stdout] 
[INFO] [stdout] error[E0433]: failed to resolve: use of undeclared type `RuntimeOrigin`
[INFO] [stdout]    --> src/tests.rs:562:45
[INFO] [stdout]     |
[INFO] [stdout] 562 |         assert_ok!(Balances::transfer_allow_death(RuntimeOrigin::signed(1), multi, 5));
[INFO] [stdout]     |                                                   ^^^^^^^^^^^^^ use of undeclared type `RuntimeOrigin`
[INFO] [stdout] 
[INFO] [stdout] 
[INFO] [stdout] error[E0433]: failed to resolve: use of undeclared type `Balances`
[INFO] [stdout]    --> src/tests.rs:563:14
[INFO] [stdout]     |
[INFO] [stdout] 563 |         assert_ok!(Balances::transfer_allow_death(RuntimeOrigin::signed(2), multi, 5));
[INFO] [stdout]     |                    ^^^^^^^^
[INFO] [stdout]     |                    |
[INFO] [stdout]     |                    use of undeclared type `Balances`
[INFO] [stdout]     |                    help: a type alias with a similar name exists: `BalanceOf`
[INFO] [stdout] 
[INFO] [stdout] 
[INFO] [stderr] error: could not compile `pallet-multisig` (lib test) due to 166 previous errors
[INFO] [stdout] error[E0433]: failed to resolve: use of undeclared type `RuntimeOrigin`
[INFO] [stdout]    --> src/tests.rs:563:45
[INFO] [stdout]     |
[INFO] [stdout] 563 |         assert_ok!(Balances::transfer_allow_death(RuntimeOrigin::signed(2), multi, 5));
[INFO] [stdout]     |                                                   ^^^^^^^^^^^^^ use of undeclared type `RuntimeOrigin`
[INFO] [stdout] 
[INFO] [stdout] 
[INFO] [stdout] error[E0433]: failed to resolve: use of undeclared type `Balances`
[INFO] [stdout]    --> src/tests.rs:564:14
[INFO] [stdout]     |
[INFO] [stdout] 564 |         assert_ok!(Balances::transfer_allow_death(RuntimeOrigin::signed(3), multi, 5));
[INFO] [stdout]     |                    ^^^^^^^^
[INFO] [stdout]     |                    |
[INFO] [stdout]     |                    use of undeclared type `Balances`
[INFO] [stdout]     |                    help: a type alias with a similar name exists: `BalanceOf`
[INFO] [stdout] 
[INFO] [stdout] 
[INFO] [stdout] error[E0433]: failed to resolve: use of undeclared type `RuntimeOrigin`
[INFO] [stdout]    --> src/tests.rs:564:45
[INFO] [stdout]     |
[INFO] [stdout] 564 |         assert_ok!(Balances::transfer_allow_death(RuntimeOrigin::signed(3), multi, 5));
[INFO] [stdout]     |                                                   ^^^^^^^^^^^^^ use of undeclared type `RuntimeOrigin`
[INFO] [stdout] 
[INFO] [stdout] 
[INFO] [stdout] error[E0433]: failed to resolve: use of undeclared type `RuntimeOrigin`
[INFO] [stdout]    --> src/tests.rs:570:5
[INFO] [stdout]     |
[INFO] [stdout] 570 |                 RuntimeOrigin::signed(1),
[INFO] [stdout]     |                 ^^^^^^^^^^^^^ use of undeclared type `RuntimeOrigin`
[INFO] [stdout] 
[INFO] [stdout] 
[INFO] [stdout] error[E0433]: failed to resolve: use of undeclared type `RuntimeOrigin`
[INFO] [stdout]    --> src/tests.rs:581:5
[INFO] [stdout]     |
[INFO] [stdout] 581 |                 RuntimeOrigin::signed(1),
[INFO] [stdout]     |                 ^^^^^^^^^^^^^ use of undeclared type `RuntimeOrigin`
[INFO] [stdout] 
[INFO] [stdout] 
[INFO] [stdout] error[E0433]: failed to resolve: use of undeclared type `RuntimeOrigin`
[INFO] [stdout]    --> src/tests.rs:591:4
[INFO] [stdout]     |
[INFO] [stdout] 591 |             RuntimeOrigin::signed(1),
[INFO] [stdout]     |             ^^^^^^^^^^^^^ use of undeclared type `RuntimeOrigin`
[INFO] [stdout] 
[INFO] [stdout] 
[INFO] [stdout] error[E0433]: failed to resolve: use of undeclared type `Balances`
[INFO] [stdout]    --> src/tests.rs:596:14
[INFO] [stdout]     |
[INFO] [stdout] 596 |         assert_eq!(Balances::free_balance(6), 15);
[INFO] [stdout]     |                    ^^^^^^^^
[INFO] [stdout]     |                    |
[INFO] [stdout]     |                    use of undeclared type `Balances`
[INFO] [stdout]     |                    help: a type alias with a similar name exists: `BalanceOf`
[INFO] [stdout] 
[INFO] [stdout] 
[INFO] [stdout] error[E0433]: failed to resolve: use of undeclared type `RuntimeCall`
[INFO] [stdout]    --> src/tests.rs:603:23
[INFO] [stdout]     |
[INFO] [stdout] 603 |         let call = Box::new(RuntimeCall::System(frame_system::Call::set_code { code: vec![] }));
[INFO] [stdout]     |                             ^^^^^^^^^^^ use of undeclared type `RuntimeCall`
[INFO] [stdout] 
[INFO] [stdout] 
[INFO] [stdout] error[E0433]: failed to resolve: use of undeclared type `RuntimeOrigin`
[INFO] [stdout]    --> src/tests.rs:605:35
[INFO] [stdout]     |
[INFO] [stdout] 605 |             Multisig::as_multi_threshold_1(RuntimeOrigin::signed(1), vec![2], call.clone()),
[INFO] [stdout]     |                                            ^^^^^^^^^^^^^ use of undeclared type `RuntimeOrigin`
[INFO] [stdout] 
[INFO] [stdout] 
[INFO] [stdout] error[E0433]: failed to resolve: use of undeclared type `Balances`
[INFO] [stdout]    --> src/tests.rs:615:14
[INFO] [stdout]     |
[INFO] [stdout] 615 |         assert_ok!(Balances::transfer_allow_death(RuntimeOrigin::signed(1), multi, 5));
[INFO] [stdout]     |                    ^^^^^^^^
[INFO] [stdout]     |                    |
[INFO] [stdout]     |                    use of undeclared type `Balances`
[INFO] [stdout]     |                    help: a type alias with a similar name exists: `BalanceOf`
[INFO] [stdout] 
[INFO] [stdout] 
[INFO] [stdout] error[E0433]: failed to resolve: use of undeclared type `RuntimeOrigin`
[INFO] [stdout]    --> src/tests.rs:615:45
[INFO] [stdout]     |
[INFO] [stdout] 615 |         assert_ok!(Balances::transfer_allow_death(RuntimeOrigin::signed(1), multi, 5));
[INFO] [stdout]     |                                                   ^^^^^^^^^^^^^ use of undeclared type `RuntimeOrigin`
[INFO] [stdout] 
[INFO] [stdout] 
[INFO] [stdout] error[E0433]: failed to resolve: use of undeclared type `Balances`
[INFO] [stdout]    --> src/tests.rs:616:14
[INFO] [stdout]     |
[INFO] [stdout] 616 |         assert_ok!(Balances::transfer_allow_death(RuntimeOrigin::signed(2), multi, 5));
[INFO] [stdout]     |                    ^^^^^^^^
[INFO] [stdout]     |                    |
[INFO] [stdout]     |                    use of undeclared type `Balances`
[INFO] [stdout]     |                    help: a type alias with a similar name exists: `BalanceOf`
[INFO] [stdout] 
[INFO] [stdout] 
[INFO] [stdout] error[E0433]: failed to resolve: use of undeclared type `RuntimeOrigin`
[INFO] [stdout]    --> src/tests.rs:616:45
[INFO] [stdout]     |
[INFO] [stdout] 616 |         assert_ok!(Balances::transfer_allow_death(RuntimeOrigin::signed(2), multi, 5));
[INFO] [stdout]     |                                                   ^^^^^^^^^^^^^ use of undeclared type `RuntimeOrigin`
[INFO] [stdout] 
[INFO] [stdout] 
[INFO] [stdout] error[E0433]: failed to resolve: use of undeclared type `Balances`
[INFO] [stdout]    --> src/tests.rs:617:14
[INFO] [stdout]     |
[INFO] [stdout] 617 |         assert_ok!(Balances::transfer_allow_death(RuntimeOrigin::signed(3), multi, 5));
[INFO] [stdout]     |                    ^^^^^^^^
[INFO] [stdout]     |                    |
[INFO] [stdout]     |                    use of undeclared type `Balances`
[INFO] [stdout]     |                    help: a type alias with a similar name exists: `BalanceOf`
[INFO] [stdout] 
[INFO] [stdout] 
[INFO] [stdout] error[E0433]: failed to resolve: use of undeclared type `RuntimeOrigin`
[INFO] [stdout]    --> src/tests.rs:617:45
[INFO] [stdout]     |
[INFO] [stdout] 617 |         assert_ok!(Balances::transfer_allow_death(RuntimeOrigin::signed(3), multi, 5));
[INFO] [stdout]     |                                                   ^^^^^^^^^^^^^ use of undeclared type `RuntimeOrigin`
[INFO] [stdout] 
[INFO] [stdout] 
[INFO] [stdout] error[E0433]: failed to resolve: use of undeclared type `RuntimeOrigin`
[INFO] [stdout]    --> src/tests.rs:621:4
[INFO] [stdout]     |
[INFO] [stdout] 621 |             RuntimeOrigin::signed(1),
[INFO] [stdout]     |             ^^^^^^^^^^^^^ use of undeclared type `RuntimeOrigin`
[INFO] [stdout] 
[INFO] [stdout] 
[INFO] [stdout] error[E0433]: failed to resolve: use of undeclared type `Balances`
[INFO] [stdout]    --> src/tests.rs:628:14
[INFO] [stdout]     |
[INFO] [stdout] 628 |         assert_eq!(Balances::free_balance(6), 0);
[INFO] [stdout]     |                    ^^^^^^^^
[INFO] [stdout]     |                    |
[INFO] [stdout]     |                    use of undeclared type `Balances`
[INFO] [stdout]     |                    help: a type alias with a similar name exists: `BalanceOf`
[INFO] [stdout] 
[INFO] [stdout] 
[INFO] [stdout] error[E0433]: failed to resolve: use of undeclared type `RuntimeOrigin`
[INFO] [stdout]    --> src/tests.rs:632:5
[INFO] [stdout]     |
[INFO] [stdout] 632 |                 RuntimeOrigin::signed(2),
[INFO] [stdout]     |                 ^^^^^^^^^^^^^ use of undeclared type `RuntimeOrigin`
[INFO] [stdout] 
[INFO] [stdout] 
[INFO] [stdout] error[E0433]: failed to resolve: use of undeclared type `Balances`
[INFO] [stdout]    --> src/tests.rs:651:14
[INFO] [stdout]     |
[INFO] [stdout] 651 |         assert_ok!(Balances::transfer_allow_death(RuntimeOrigin::signed(1), multi, 5));
[INFO] [stdout]     |                    ^^^^^^^^
[INFO] [stdout]     |                    |
[INFO] [stdout]     |                    use of undeclared type `Balances`
[INFO] [stdout]     |                    help: a type alias with a similar name exists: `BalanceOf`
[INFO] [stdout] 
[INFO] [stdout] 
[INFO] [stdout] error[E0433]: failed to resolve: use of undeclared type `RuntimeOrigin`
[INFO] [stdout]    --> src/tests.rs:651:45
[INFO] [stdout]     |
[INFO] [stdout] 651 |         assert_ok!(Balances::transfer_allow_death(RuntimeOrigin::signed(1), multi, 5));
[INFO] [stdout]     |                                                   ^^^^^^^^^^^^^ use of undeclared type `RuntimeOrigin`
[INFO] [stdout] 
[INFO] [stdout] 
[INFO] [stdout] error[E0433]: failed to resolve: use of undeclared type `Balances`
[INFO] [stdout]    --> src/tests.rs:652:14
[INFO] [stdout]     |
[INFO] [stdout] 652 |         assert_ok!(Balances::transfer_allow_death(RuntimeOrigin::signed(2), multi, 5));
[INFO] [stdout]     |                    ^^^^^^^^
[INFO] [stdout]     |                    |
[INFO] [stdout]     |                    use of undeclared type `Balances`
[INFO] [stdout]     |                    help: a type alias with a similar name exists: `BalanceOf`
[INFO] [stdout] 
[INFO] [stdout] 
[INFO] [stdout] error[E0433]: failed to resolve: use of undeclared type `RuntimeOrigin`
[INFO] [stdout]    --> src/tests.rs:652:45
[INFO] [stdout]     |
[INFO] [stdout] 652 |         assert_ok!(Balances::transfer_allow_death(RuntimeOrigin::signed(2), multi, 5));
[INFO] [stdout]     |                                                   ^^^^^^^^^^^^^ use of undeclared type `RuntimeOrigin`
[INFO] [stdout] 
[INFO] [stdout] 
[INFO] [stdout] error[E0433]: failed to resolve: use of undeclared type `Balances`
[INFO] [stdout]    --> src/tests.rs:653:14
[INFO] [stdout]     |
[INFO] [stdout] 653 |         assert_ok!(Balances::transfer_allow_death(RuntimeOrigin::signed(3), multi, 5));
[INFO] [stdout]     |                    ^^^^^^^^
[INFO] [stdout]     |                    |
[INFO] [stdout]     |                    use of undeclared type `Balances`
[INFO] [stdout]     |                    help: a type alias with a similar name exists: `BalanceOf`
[INFO] [stdout] 
[INFO] [stdout] 
[INFO] [stdout] error[E0433]: failed to resolve: use of undeclared type `RuntimeOrigin`
[INFO] [stdout]    --> src/tests.rs:653:45
[INFO] [stdout]     |
[INFO] [stdout] 653 |         assert_ok!(Balances::transfer_allow_death(RuntimeOrigin::signed(3), multi, 5));
[INFO] [stdout]     |                                                   ^^^^^^^^^^^^^ use of undeclared type `RuntimeOrigin`
[INFO] [stdout] 
[INFO] [stdout] 
[INFO] [stdout] error[E0433]: failed to resolve: use of undeclared type `RuntimeOrigin`
[INFO] [stdout]    --> src/tests.rs:659:4
[INFO] [stdout]     |
[INFO] [stdout] 659 |             RuntimeOrigin::signed(1),
[INFO] [stdout]     |             ^^^^^^^^^^^^^ use of undeclared type `RuntimeOrigin`
[INFO] [stdout] 
[INFO] [stdout] 
[INFO] [stdout] error[E0433]: failed to resolve: use of undeclared type `RuntimeOrigin`
[INFO] [stdout]    --> src/tests.rs:667:4
[INFO] [stdout]     |
[INFO] [stdout] 667 |             RuntimeOrigin::signed(2),
[INFO] [stdout]     |             ^^^^^^^^^^^^^ use of undeclared type `RuntimeOrigin`
[INFO] [stdout] 
[INFO] [stdout] 
[INFO] [stdout] error[E0433]: failed to resolve: use of undeclared type `RuntimeOrigin`
[INFO] [stdout]    --> src/tests.rs:675:4
[INFO] [stdout]     |
[INFO] [stdout] 675 |             RuntimeOrigin::signed(3),
[INFO] [stdout]     |             ^^^^^^^^^^^^^ use of undeclared type `RuntimeOrigin`
[INFO] [stdout] 
[INFO] [stdout] 
[INFO] [stdout] error[E0433]: failed to resolve: use of undeclared type `Balances`
[INFO] [stdout]    --> src/tests.rs:682:14
[INFO] [stdout]     |
[INFO] [stdout] 682 |         assert_eq!(Balances::free_balance(6), 0);
[INFO] [stdout]     |                    ^^^^^^^^
[INFO] [stdout]     |                    |
[INFO] [stdout]     |                    use of undeclared type `Balances`
[INFO] [stdout]     |                    help: a type alias with a similar name exists: `BalanceOf`
[INFO] [stdout] 
[INFO] [stdout] 
[INFO] [stdout] error[E0433]: failed to resolve: use of undeclared type `RuntimeOrigin`
[INFO] [stdout]    --> src/tests.rs:685:4
[INFO] [stdout]     |
[INFO] [stdout] 685 |             RuntimeOrigin::signed(3),
[INFO] [stdout]     |             ^^^^^^^^^^^^^ use of undeclared type `RuntimeOrigin`
[INFO] [stdout] 
[INFO] [stdout] 
[INFO] [stdout] error[E0433]: failed to resolve: use of undeclared type `Balances`
[INFO] [stdout]    --> src/tests.rs:692:14
[INFO] [stdout]     |
[INFO] [stdout] 692 |         assert_eq!(Balances::free_balance(6), 15);
[INFO] [stdout]     |                    ^^^^^^^^
[INFO] [stdout]     |                    |
[INFO] [stdout]     |                    use of undeclared type `Balances`
[INFO] [stdout]     |                    help: a type alias with a similar name exists: `BalanceOf`
[INFO] [stdout] 
[INFO] [stdout] 
[INFO] [stdout] error: aborting due to 165 previous errors
[INFO] [stdout] 
[INFO] [stdout] 
[INFO] [stdout] Some errors have detailed explanations: E0412, E0432, E0433.
[INFO] [stdout] 
[INFO] [stdout] For more information about an error, try `rustc --explain E0412`.
[INFO] [stdout] 
[INFO] running `Command { std: "docker" "inspect" "34b76d0117f228f28ae094a86b4a1bc41d4dc66fb9559bc4b7f1d14b33be66ee", kill_on_drop: false }`
[INFO] running `Command { std: "docker" "rm" "-f" "34b76d0117f228f28ae094a86b4a1bc41d4dc66fb9559bc4b7f1d14b33be66ee", kill_on_drop: false }`
[INFO] [stdout] 34b76d0117f228f28ae094a86b4a1bc41d4dc66fb9559bc4b7f1d14b33be66ee
