[INFO] fetching crate pallet-indices 26.0.0...
[INFO] testing pallet-indices-26.0.0 against 1.75.0 for beta-1.76-1
[INFO] extracting crate pallet-indices 26.0.0 into /workspace/builds/worker-3-tc1/source
[INFO] validating manifest of crates.io crate pallet-indices 26.0.0 on toolchain 1.75.0
[INFO] running `Command { std: CARGO_HOME="/workspace/cargo-home" RUSTUP_HOME="/workspace/rustup-home" "/workspace/cargo-home/bin/cargo" "+1.75.0" "metadata" "--manifest-path" "Cargo.toml" "--no-deps", kill_on_drop: false }`
[INFO] started tweaking crates.io crate pallet-indices 26.0.0
[INFO] finished tweaking crates.io crate pallet-indices 26.0.0
[INFO] tweaked toml for crates.io crate pallet-indices 26.0.0 written to /workspace/builds/worker-3-tc1/source/Cargo.toml
[INFO] running `Command { std: CARGO_HOME="/workspace/cargo-home" RUSTUP_HOME="/workspace/rustup-home" "/workspace/cargo-home/bin/cargo" "+1.75.0" "generate-lockfile" "--manifest-path" "Cargo.toml", kill_on_drop: false }`
[INFO] [stderr]     Updating crates.io index
[INFO] running `Command { std: CARGO_HOME="/workspace/cargo-home" RUSTUP_HOME="/workspace/rustup-home" "/workspace/cargo-home/bin/cargo" "+1.75.0" "fetch" "--manifest-path" "Cargo.toml", kill_on_drop: false }`
[INFO] running `Command { std: "docker" "create" "-v" "/var/lib/crater-agent-workspace/builds/worker-3-tc1/target:/opt/rustwide/target:rw,Z" "-v" "/var/lib/crater-agent-workspace/builds/worker-3-tc1/source:/opt/rustwide/workdir:ro,Z" "-v" "/var/lib/crater-agent-workspace/cargo-home:/opt/rustwide/cargo-home:ro,Z" "-v" "/var/lib/crater-agent-workspace/rustup-home:/opt/rustwide/rustup-home:ro,Z" "-e" "SOURCE_DIR=/opt/rustwide/workdir" "-e" "CARGO_TARGET_DIR=/opt/rustwide/target" "-e" "CARGO_HOME=/opt/rustwide/cargo-home" "-e" "RUSTUP_HOME=/opt/rustwide/rustup-home" "-w" "/opt/rustwide/workdir" "-m" "1610612736" "--user" "0:0" "--network" "none" "ghcr.io/rust-lang/crates-build-env/linux@sha256:2788e3201cd34a07e3172128adcd8b3090168a8e3bcc40d7c032b9dda1df7d1c" "/opt/rustwide/cargo-home/bin/cargo" "+1.75.0" "metadata" "--no-deps" "--format-version=1", kill_on_drop: false }`
[INFO] [stdout] eb8d02a57ee2dd2b909eee1141527a24e55b4037cdfe31c11fd4298eba8fbd32
[INFO] running `Command { std: "docker" "start" "-a" "eb8d02a57ee2dd2b909eee1141527a24e55b4037cdfe31c11fd4298eba8fbd32", kill_on_drop: false }`
[INFO] running `Command { std: "docker" "inspect" "eb8d02a57ee2dd2b909eee1141527a24e55b4037cdfe31c11fd4298eba8fbd32", kill_on_drop: false }`
[INFO] running `Command { std: "docker" "rm" "-f" "eb8d02a57ee2dd2b909eee1141527a24e55b4037cdfe31c11fd4298eba8fbd32", kill_on_drop: false }`
[INFO] [stdout] eb8d02a57ee2dd2b909eee1141527a24e55b4037cdfe31c11fd4298eba8fbd32
[INFO] running `Command { std: "docker" "create" "-v" "/var/lib/crater-agent-workspace/builds/worker-3-tc1/target:/opt/rustwide/target:rw,Z" "-v" "/var/lib/crater-agent-workspace/builds/worker-3-tc1/source:/opt/rustwide/workdir:ro,Z" "-v" "/var/lib/crater-agent-workspace/cargo-home:/opt/rustwide/cargo-home:ro,Z" "-v" "/var/lib/crater-agent-workspace/rustup-home:/opt/rustwide/rustup-home:ro,Z" "-e" "SOURCE_DIR=/opt/rustwide/workdir" "-e" "CARGO_TARGET_DIR=/opt/rustwide/target" "-e" "CARGO_INCREMENTAL=0" "-e" "RUST_BACKTRACE=full" "-e" "RUSTFLAGS=--cap-lints=warn" "-e" "RUSTDOCFLAGS=--cap-lints=warn" "-e" "CARGO_HOME=/opt/rustwide/cargo-home" "-e" "RUSTUP_HOME=/opt/rustwide/rustup-home" "-w" "/opt/rustwide/workdir" "-m" "1610612736" "--user" "0:0" "--network" "none" "ghcr.io/rust-lang/crates-build-env/linux@sha256:2788e3201cd34a07e3172128adcd8b3090168a8e3bcc40d7c032b9dda1df7d1c" "/opt/rustwide/cargo-home/bin/cargo" "+1.75.0" "build" "--frozen" "--message-format=json", kill_on_drop: false }`
[INFO] [stdout] baea930848536cf131ee02ea034da6289391d407afc74d6014053323cb1df623
[INFO] running `Command { std: "docker" "start" "-a" "baea930848536cf131ee02ea034da6289391d407afc74d6014053323cb1df623", kill_on_drop: false }`
[INFO] [stderr]    Compiling version_check v0.9.4
[INFO] [stderr]    Compiling typenum v1.17.0
[INFO] [stderr]    Compiling libc v0.2.151
[INFO] [stderr]    Compiling syn v1.0.109
[INFO] [stderr]    Compiling syn v2.0.48
[INFO] [stderr]    Compiling subtle v2.4.1
[INFO] [stderr]    Compiling equivalent v1.0.1
[INFO] [stderr]    Compiling hashbrown v0.14.3
[INFO] [stderr]    Compiling winnow v0.5.32
[INFO] [stderr]    Compiling generic-array v0.14.7
[INFO] [stderr]    Compiling memchr v2.7.1
[INFO] [stderr]    Compiling indexmap v2.1.0
[INFO] [stderr]    Compiling cc v1.0.83
[INFO] [stderr]    Compiling const-oid v0.9.6
[INFO] [stderr]    Compiling arrayvec v0.7.4
[INFO] [stderr]    Compiling ahash v0.7.7
[INFO] [stderr]    Compiling crunchy v0.2.2
[INFO] [stderr]    Compiling getrandom v0.2.11
[INFO] [stderr]    Compiling aho-corasick v1.1.2
[INFO] [stderr]    Compiling byte-slice-cast v1.2.2
[INFO] [stderr]    Compiling rand_core v0.6.4
[INFO] [stderr]    Compiling regex-syntax v0.8.2
[INFO] [stderr]    Compiling indexmap v1.9.3
[INFO] [stderr]    Compiling tinyvec_macros v0.1.1
[INFO] [stderr]    Compiling hashbrown v0.12.3
[INFO] [stderr]    Compiling bytes v1.5.0
[INFO] [stderr]    Compiling byteorder v1.5.0
[INFO] [stderr]    Compiling cpufeatures v0.2.12
[INFO] [stderr]    Compiling tinyvec v1.6.0
[INFO] [stderr]    Compiling rand_chacha v0.3.1
[INFO] [stderr]    Compiling ahash v0.8.7
[INFO] [stderr]    Compiling lazy_static v1.4.0
[INFO] [stderr]    Compiling rand v0.8.5
[INFO] [stderr]    Compiling static_assertions v1.1.0
[INFO] [stderr]    Compiling zerocopy v0.7.32
[INFO] [stderr]    Compiling unicode-normalization v0.1.22
[INFO] [stderr]    Compiling log v0.4.20
[INFO] [stderr]    Compiling unicode-bidi v0.3.14
[INFO] [stderr]    Compiling percent-encoding v2.3.1
[INFO] [stderr]    Compiling hashbrown v0.13.2
[INFO] [stderr]    Compiling regex-automata v0.4.3
[INFO] [stderr]    Compiling form_urlencoded v1.2.1
[INFO] [stderr]    Compiling getrandom v0.1.16
[INFO] [stderr]    Compiling idna v0.5.0
[INFO] [stderr]    Compiling arrayref v0.3.7
[INFO] [stderr]    Compiling keccak v0.1.4
[INFO] [stderr]    Compiling crc32fast v1.3.2
[INFO] [stderr]    Compiling url v2.5.0
[INFO] [stderr]    Compiling rand_core v0.5.1
[INFO] [stderr]    Compiling num-traits v0.2.17
[INFO] [stderr]    Compiling io-lifetimes v1.0.11
[INFO] [stderr]    Compiling fallible-iterator v0.2.0
[INFO] [stderr]    Compiling target-lexicon v0.12.13
[INFO] [stderr]    Compiling stable_deref_trait v1.2.0
[INFO] [stderr]    Compiling rustix v0.38.28
[INFO] [stderr]    Compiling memoffset v0.8.0
[INFO] [stderr]    Compiling sp-std v12.0.0
[INFO] [stderr]    Compiling linux-raw-sys v0.4.12
[INFO] [stderr]    Compiling paste v1.0.14
[INFO] [stderr]    Compiling pin-project-lite v0.2.13
[INFO] [stderr]    Compiling rustix v0.36.17
[INFO] [stderr]    Compiling regex v1.10.2
[INFO] [stderr]    Compiling Inflector v0.11.4
[INFO] [stderr]    Compiling serde_derive v1.0.194
[INFO] [stderr]    Compiling zeroize_derive v1.4.2
[INFO] [stderr]    Compiling thiserror-impl v1.0.56
[INFO] [stderr]    Compiling wasmtime-runtime v8.0.1
[INFO] [stderr]    Compiling impl-trait-for-tuples v0.2.2
[INFO] [stderr]    Compiling derive_more v0.99.17
[INFO] [stderr]    Compiling digest v0.9.0
[INFO] [stderr]    Compiling generic-array v0.12.4
[INFO] [stderr]    Compiling tracing-core v0.1.32
[INFO] [stderr]    Compiling zeroize v1.7.0
[INFO] [stderr]    Compiling constant_time_eq v0.3.0
[INFO] [stderr]    Compiling smallvec v1.11.2
[INFO] [stderr]    Compiling thiserror v1.0.56
[INFO] [stderr]    Compiling crypto-common v0.1.6
[INFO] [stderr]    Compiling block-buffer v0.10.4
[INFO] [stderr]    Compiling rustc-demangle v0.1.23
[INFO] [stderr]    Compiling linux-raw-sys v0.1.4
[INFO] [stderr]    Compiling digest v0.10.7
[INFO] [stderr]    Compiling bitflags v1.3.2
[INFO] [stderr]    Compiling cpp_demangle v0.3.5
[INFO] [stderr]    Compiling memfd v0.6.4
[INFO] [stderr]    Compiling libsecp256k1-core v0.3.0
[INFO] [stderr]    Compiling psm v0.1.21
[INFO] [stderr]    Compiling wasmtime-asm-macros v8.0.1
[INFO] [stderr]    Compiling slab v0.4.9
[INFO] [stderr]    Compiling wasmtime-jit-debug v8.0.1
[INFO] [stderr]    Compiling ref-cast v1.0.22
[INFO] [stderr]    Compiling regex-syntax v0.6.29
[INFO] [stderr]    Compiling serde_json v1.0.111
[INFO] [stderr]    Compiling byte-tools v0.3.1
[INFO] [stderr]    Compiling block-padding v0.1.5
[INFO] [stderr]    Compiling block-buffer v0.9.0
[INFO] [stderr]    Compiling digest v0.8.1
[INFO] [stderr]    Compiling ref-cast-impl v1.0.22
[INFO] [stderr]    Compiling tracing-attributes v0.1.27
[INFO] [stderr]    Compiling wasmtime-jit-icache-coherence v8.0.1
[INFO] [stderr]    Compiling futures-core v0.3.30
[INFO] [stderr]    Compiling wasmtime v8.0.1
[INFO] [stderr]    Compiling opaque-debug v0.3.0
[INFO] [stderr]    Compiling iana-time-zone v0.1.59
[INFO] [stderr]    Compiling hex v0.4.3
[INFO] [stderr]    Compiling rustc-hex v2.1.0
[INFO] [stderr]    Compiling serde v1.0.194
[INFO] [stderr]    Compiling futures-sink v0.3.30
[INFO] [stderr]    Compiling futures-channel v0.3.30
[INFO] [stderr]    Compiling regex-automata v0.1.10
[INFO] [stderr]    Compiling chrono v0.4.31
[INFO] [stderr]    Compiling tracing v0.1.40
[INFO] [stderr]    Compiling matchers v0.0.1
[INFO] [stderr]    Compiling sha2 v0.9.9
[INFO] [stderr]    Compiling block-buffer v0.7.3
[INFO] [stderr]    Compiling libsecp256k1-gen-ecmult v0.3.0
[INFO] [stderr]    Compiling libsecp256k1-gen-genmult v0.3.0
[INFO] [stderr]    Compiling sha2 v0.10.8
[INFO] [stderr]    Compiling crypto-mac v0.11.1
[INFO] [stderr]    Compiling crypto-mac v0.8.0
[INFO] [stderr]    Compiling tracing-log v0.1.4
[INFO] [stderr]    Compiling futures-macro v0.3.30
[INFO] [stderr]    Compiling sp-debug-derive v12.0.0
[INFO] [stderr]    Compiling rand_chacha v0.2.2
[INFO] [stderr]    Compiling sharded-slab v0.1.7
[INFO] [stderr]    Compiling cranelift-entity v0.95.1
[INFO] [stderr]    Compiling bincode v1.3.3
[INFO] [stderr]    Compiling impl-serde v0.4.0
[INFO] [stderr]    Compiling wasmparser v0.102.0
[INFO] [stderr]    Compiling gimli v0.27.3
[INFO] [stderr]    Compiling object v0.30.4
[INFO] [stderr]    Compiling tracing-serde v0.1.3
[INFO] [stderr]    Compiling secp256k1-sys v0.6.1
[INFO] [stderr]    Compiling thread_local v1.1.7
[INFO] [stderr]    Compiling toml_datetime v0.6.3
[INFO] [stderr]    Compiling serde_spanned v0.6.5
[INFO] [stderr]    Compiling lock_api v0.4.11
[INFO] [stderr]    Compiling toml_edit v0.19.15
[INFO] [stderr]    Compiling toml_edit v0.20.2
[INFO] [stderr]    Compiling futures-io v0.3.30
[INFO] [stderr]    Compiling pin-utils v0.1.0
[INFO] [stderr]    Compiling unicode-xid v0.2.4
[INFO] [stderr]    Compiling ansi_term v0.12.1
[INFO] [stderr]    Compiling parking_lot_core v0.9.9
[INFO] [stderr]    Compiling futures-task v0.3.30
[INFO] [stderr]    Compiling fake-simd v0.1.2
[INFO] [stderr]    Compiling opaque-debug v0.2.3
[INFO] [stderr]    Compiling hash-db v0.16.0
[INFO] [stderr]    Compiling either v1.9.0
[INFO] [stderr]    Compiling sha2 v0.8.2
[INFO] [stderr]    Compiling ss58-registry v1.44.0
[INFO] [stderr]    Compiling itertools v0.10.5
[INFO] [stderr]    Compiling proc-macro-crate v1.3.1
[INFO] [stderr]    Compiling proc-macro-crate v2.0.1
[INFO] [stderr]    Compiling futures-util v0.3.30
[INFO] [stderr]    Compiling addr2line v0.19.0
[INFO] [stderr]    Compiling tracing-subscriber v0.2.25
[INFO] [stderr]    Compiling rand v0.7.3
[INFO] [stderr]    Compiling wasmtime-types v8.0.1
[INFO] [stderr]    Compiling scale-info-derive v2.10.0
[INFO] [stderr]    Compiling parity-scale-codec-derive v3.6.9
[INFO] [stderr]    Compiling wasmtime-environ v8.0.1
[INFO] [stderr]    Compiling hmac v0.8.1
[INFO] [stderr]    Compiling libsecp256k1 v0.7.1
[INFO] [stderr]    Compiling uint v0.9.5
[INFO] [stderr]    Compiling fixed-hash v0.8.0
[INFO] [stderr]    Compiling curve25519-dalek v2.1.3
[INFO] [stderr]    Compiling merlin v2.0.1
[INFO] [stderr]    Compiling num_cpus v1.16.0
[INFO] [stderr]    Compiling arrayvec v0.5.2
[INFO] [stderr]    Compiling environmental v1.1.4
[INFO] [stderr]    Compiling scopeguard v1.2.0
[INFO] [stderr]    Compiling semver v1.0.21
[INFO] [stderr]    Compiling schnorrkel v0.9.1
[INFO] [stderr]    Compiling futures-executor v0.3.30
[INFO] [stderr]    Compiling parity-scale-codec v3.6.9
[INFO] [stderr]    Compiling hmac-drbg v0.3.0
[INFO] [stderr]    Compiling sp-runtime-interface-proc-macro v15.0.0
[INFO] [stderr]    Compiling wasmtime-jit v8.0.1
[INFO] [stderr]    Compiling scale-info v2.10.0
[INFO] [stderr]    Compiling sp-storage v17.0.0
[INFO] [stderr]    Compiling impl-codec v0.6.0
[INFO] [stderr]    Compiling sp-tracing v14.0.0
[INFO] [stderr]    Compiling sp-externalities v0.23.0
[INFO] [stderr]    Compiling hmac v0.11.0
[INFO] [stderr]    Compiling pbkdf2 v0.8.0
[INFO] [stderr]    Compiling twox-hash v1.6.3
[INFO] [stderr]    Compiling sha3 v0.10.8
[INFO] [stderr]    Compiling primitive-types v0.12.2
[INFO] [stderr]    Compiling curve25519-dalek v3.2.0
[INFO] [stderr]    Compiling blake2b_simd v1.0.2
[INFO] [stderr]    Compiling dyn-clonable-impl v0.9.0
[INFO] [stderr]    Compiling sp-wasm-interface v18.0.0
[INFO] [stderr]    Compiling num-format v0.4.4
[INFO] [stderr]    Compiling dyn-clone v1.0.16
[INFO] [stderr]    Compiling bitcoin_hashes v0.11.0
[INFO] [stderr]    Compiling base64 v0.13.1
[INFO] [stderr]    Compiling dyn-clonable v0.9.0
[INFO] [stderr]    Compiling sp-core-hashing v13.0.0
[INFO] [stderr]    Compiling ed25519-zebra v3.1.0
[INFO] [stderr]    Compiling bounded-collections v0.1.9
[INFO] [stderr]    Compiling parking_lot v0.12.1
[INFO] [stderr]    Compiling sp-runtime-interface v22.0.0
[INFO] [stderr]    Compiling substrate-bip39 v0.4.5
[INFO] [stderr]    Compiling futures v0.3.30
[INFO] [stderr]    Compiling secp256k1 v0.24.3
[INFO] [stderr]    Compiling blake2 v0.10.6
[INFO] [stderr]    Compiling secrecy v0.8.0
[INFO] [stderr]    Compiling bip39 v2.0.0
[INFO] [stderr]    Compiling hash256-std-hasher v0.15.2
[INFO] [stderr]    Compiling bs58 v0.5.0
[INFO] [stderr]    Compiling array-bytes v6.2.2
[INFO] [stderr]    Compiling rustc_version v0.4.0
[INFO] [stderr]    Compiling signature v2.2.0
[INFO] [stderr]    Compiling backtrace v0.3.69
[INFO] [stderr]    Compiling platforms v3.3.0
[INFO] [stderr]    Compiling gimli v0.28.1
[INFO] [stderr]    Compiling adler v1.0.2
[INFO] [stderr]    Compiling miniz_oxide v0.7.1
[INFO] [stderr]    Compiling object v0.32.2
[INFO] [stderr]    Compiling curve25519-dalek v4.1.1
[INFO] [stderr]    Compiling memory-db v0.32.0
[INFO] [stderr]    Compiling trie-db v0.28.0
[INFO] [stderr]    Compiling trie-root v0.18.0
[INFO] [stderr]    Compiling curve25519-dalek-derive v0.1.1
[INFO] [stderr]    Compiling schnellru v0.2.1
[INFO] [stderr]    Compiling nohash-hasher v0.2.0
[INFO] [stderr]    Compiling ed25519 v2.2.3
[INFO] [stderr]    Compiling sp-io v28.0.0
[INFO] [stderr]    Compiling integer-sqrt v0.1.5
[INFO] [stderr]    Compiling tiny-keccak v2.0.2
[INFO] [stderr]    Compiling sp-arithmetic v21.0.0
[INFO] [stderr]    Compiling derive-syn-parse v0.1.5
[INFO] [stderr]    Compiling ed25519-dalek v2.1.0
[INFO] [stderr]    Compiling fs-err v2.11.0
[INFO] [stderr]    Compiling addr2line v0.21.0
[INFO] [stderr]    Compiling const-random-macro v0.1.16
[INFO] [stderr]    Compiling sp-core v26.0.0
[INFO] [stderr]    Compiling expander v2.0.0
[INFO] [stderr]    Compiling const-random v0.1.17
[INFO] [stderr]    Compiling der v0.7.8
[INFO] [stderr]    Compiling macro_magic_core_macros v0.5.0
[INFO] [stderr]    Compiling sp-panic-handler v12.0.0
[INFO] [stderr]    Compiling ff v0.13.0
[INFO] [stderr]    Compiling macro_magic_core v0.5.0
[INFO] [stderr]    Compiling proc-macro-error-attr v1.0.4
[INFO] [stderr]    Compiling base16ct v0.2.0
[INFO] [stderr]    Compiling group v0.13.0
[INFO] [stderr]    Compiling frame-metadata v16.0.0
[INFO] [stderr]    Compiling hmac v0.12.1
[INFO] [stderr]    Compiling sp-version-proc-macro v12.0.0
[INFO] [stderr]    Compiling crypto-bigint v0.5.5
[INFO] [stderr]    Compiling macro_magic_macros v0.5.0
[INFO] [stderr]    Compiling sp-trie v27.0.0
[INFO] [stderr]    Compiling sp-keystore v0.32.0
[INFO] [stderr]    Compiling sp-weights v25.0.0
[INFO] [stderr]    Compiling sp-core-hashing-proc-macro v13.0.0
[INFO] [stderr]    Compiling sp-state-machine v0.33.0
[INFO] [stderr]    Compiling sec1 v0.7.3
[INFO] [stderr]    Compiling proc-macro-error v1.0.4
[INFO] [stderr]    Compiling same-file v1.0.6
[INFO] [stderr]    Compiling async-trait v0.1.77
[INFO] [stderr]    Compiling parity-wasm v0.45.0
[INFO] [stderr]    Compiling walkdir v2.4.0
[INFO] [stderr]    Compiling sp-metadata-ir v0.4.0
[INFO] [stderr]    Compiling spki v0.7.3
[INFO] [stderr]    Compiling rfc6979 v0.4.0
[INFO] [stderr]    Compiling sp-api-proc-macro v13.0.0
[INFO] [stderr]    Compiling toml v0.8.2
[INFO] [stderr]    Compiling elliptic-curve v0.13.8
[INFO] [stderr]    Compiling frame-support-procedural-tools-derive v10.0.0
[INFO] [stderr]    Compiling include_dir_macros v0.7.3
[INFO] [stderr]    Compiling common-path v1.0.0
[INFO] [stderr]    Compiling termcolor v1.4.0
[INFO] [stderr]    Compiling cfg-expr v0.15.6
[INFO] [stderr]    Compiling ecdsa v0.16.9
[INFO] [stderr]    Compiling include_dir v0.7.3
[INFO] [stderr]    Compiling docify_macros v0.2.7
[INFO] [stderr]    Compiling frame-support-procedural-tools v9.0.0
[INFO] [stderr]    Compiling macro_magic v0.5.0
[INFO] [stderr]    Compiling proc-macro-warning v1.0.2
[INFO] [stderr]    Compiling aquamarine v0.3.3
[INFO] [stderr]    Compiling strum_macros v0.24.3
[INFO] [stderr]    Compiling frame-support-procedural v21.0.0
[INFO] [stderr]    Compiling k256 v0.13.2
[INFO] [stderr]    Compiling tt-call v1.0.9
[INFO] [stderr]    Compiling strum v0.24.1
[INFO] [stderr]    Compiling docify v0.2.7
[INFO] [stderr]    Compiling sp-application-crypto v28.0.0
[INFO] [stderr]    Compiling sp-runtime v29.0.0
[INFO] [stderr]    Compiling sp-version v27.0.0
[INFO] [stderr]    Compiling sp-staking v24.0.0
[INFO] [stderr]    Compiling sp-inherents v24.0.0
[INFO] [stderr]    Compiling sp-keyring v29.0.0
[INFO] [stderr]    Compiling sp-api v24.0.0
[INFO] [stderr]    Compiling sp-genesis-builder v0.5.0
[INFO] [stderr]    Compiling frame-support v26.0.0
[INFO] [stderr]    Compiling frame-system v26.0.0
[INFO] [stderr]    Compiling pallet-indices v26.0.0 (/opt/rustwide/workdir)
[INFO] [stderr]     Finished dev [unoptimized + debuginfo] target(s) in 3m 17s
[INFO] running `Command { std: "docker" "inspect" "baea930848536cf131ee02ea034da6289391d407afc74d6014053323cb1df623", kill_on_drop: false }`
[INFO] running `Command { std: "docker" "rm" "-f" "baea930848536cf131ee02ea034da6289391d407afc74d6014053323cb1df623", kill_on_drop: false }`
[INFO] [stdout] baea930848536cf131ee02ea034da6289391d407afc74d6014053323cb1df623
[INFO] running `Command { std: "docker" "create" "-v" "/var/lib/crater-agent-workspace/builds/worker-3-tc1/target:/opt/rustwide/target:rw,Z" "-v" "/var/lib/crater-agent-workspace/builds/worker-3-tc1/source:/opt/rustwide/workdir:ro,Z" "-v" "/var/lib/crater-agent-workspace/cargo-home:/opt/rustwide/cargo-home:ro,Z" "-v" "/var/lib/crater-agent-workspace/rustup-home:/opt/rustwide/rustup-home:ro,Z" "-e" "SOURCE_DIR=/opt/rustwide/workdir" "-e" "CARGO_TARGET_DIR=/opt/rustwide/target" "-e" "CARGO_INCREMENTAL=0" "-e" "RUST_BACKTRACE=full" "-e" "RUSTFLAGS=--cap-lints=warn" "-e" "RUSTDOCFLAGS=--cap-lints=warn" "-e" "CARGO_HOME=/opt/rustwide/cargo-home" "-e" "RUSTUP_HOME=/opt/rustwide/rustup-home" "-w" "/opt/rustwide/workdir" "-m" "1610612736" "--user" "0:0" "--network" "none" "ghcr.io/rust-lang/crates-build-env/linux@sha256:2788e3201cd34a07e3172128adcd8b3090168a8e3bcc40d7c032b9dda1df7d1c" "/opt/rustwide/cargo-home/bin/cargo" "+1.75.0" "test" "--frozen" "--no-run" "--message-format=json", kill_on_drop: false }`
[INFO] [stdout] 117872afabf374728f62adbddfbad950b6aea5fde01eace630966e0d187d2dbb
[INFO] running `Command { std: "docker" "start" "-a" "117872afabf374728f62adbddfbad950b6aea5fde01eace630966e0d187d2dbb", kill_on_drop: false }`
[INFO] [stderr]    Compiling pallet-indices v26.0.0 (/opt/rustwide/workdir)
[INFO] [stdout] error[E0432]: unresolved import `pallet_balances`
[INFO] [stdout]   --> src/tests.rs:24:5
[INFO] [stdout]    |
[INFO] [stdout] 24 | use pallet_balances::Error as BalancesError;
[INFO] [stdout]    |     ^^^^^^^^^^^^^^^ use of undeclared crate or module `pallet_balances`
[INFO] [stdout] 
[INFO] [stdout] 
[INFO] [stdout] error[E0433]: failed to resolve: use of undeclared crate or module `pallet_balances`
[INFO] [stdout]   --> src/mock.rs:33:13
[INFO] [stdout]    |
[INFO] [stdout] 33 |         Balances: pallet_balances::{Pallet, Call, Storage, Config<T>, Event<T>},
[INFO] [stdout]    |                   ^^^^^^^^^^^^^^^ use of undeclared crate or module `pallet_balances`
[INFO] [stdout] 
[INFO] [stdout] 
[INFO] [stdout] error[E0412]: cannot find type `Test` in this scope
[INFO] [stdout]   --> src/mock.rs:27:47
[INFO] [stdout]    |
[INFO] [stdout] 27 | type Block = frame_system::mocking::MockBlock<Test>;
[INFO] [stdout]    |                                               ^^^^ not found in this scope
[INFO] [stdout]    |
[INFO] [stdout] help: you might be missing a type parameter
[INFO] [stdout]    |
[INFO] [stdout] 27 | type Block<Test> = frame_system::mocking::MockBlock<Test>;
[INFO] [stdout]    |           ++++++
[INFO] [stdout] 
[INFO] [stdout] 
[INFO] [stdout] error[E0412]: cannot find type `Test` in this scope
[INFO] [stdout]   --> src/mock.rs:38:31
[INFO] [stdout]    |
[INFO] [stdout] 38 | impl frame_system::Config for Test {
[INFO] [stdout]    |                               ^^^^ not found in this scope
[INFO] [stdout] 
[INFO] [stdout] 
[INFO] [stdout] error[E0412]: cannot find type `RuntimeOrigin` in this scope
[INFO] [stdout]   --> src/mock.rs:43:23
[INFO] [stdout]    |
[INFO] [stdout] 43 |     type RuntimeOrigin = RuntimeOrigin;
[INFO] [stdout]    |                          ^^^^^^^^^^^^^
[INFO] [stdout]    |
[INFO] [stdout] help: you might have meant to use the associated type
[INFO] [stdout]    |
[INFO] [stdout] 43 |     type RuntimeOrigin = Self::RuntimeOrigin;
[INFO] [stdout]    |                          ++++++
[INFO] [stdout] 
[INFO] [stdout] 
[INFO] [stdout] error[E0412]: cannot find type `RuntimeCall` in this scope
[INFO] [stdout]   --> src/mock.rs:44:21
[INFO] [stdout]    |
[INFO] [stdout] 44 |     type RuntimeCall = RuntimeCall;
[INFO] [stdout]    |                        ^^^^^^^^^^^
[INFO] [stdout]    |
[INFO] [stdout] help: you might have meant to use the associated type
[INFO] [stdout]    |
[INFO] [stdout] 44 |     type RuntimeCall = Self::RuntimeCall;
[INFO] [stdout]    |                        ++++++
[INFO] [stdout] 
[INFO] [stdout] 
[INFO] [stdout] error[E0412]: cannot find type `Indices` in this scope
[INFO] [stdout]   --> src/mock.rs:49:16
[INFO] [stdout]    |
[INFO] [stdout] 49 |     type Lookup = Indices;
[INFO] [stdout]    |                   ^^^^^^^ not found in this scope
[INFO] [stdout] 
[INFO] [stdout] 
[INFO] [stdout] error[E0412]: cannot find type `RuntimeEvent` in this scope
[INFO] [stdout]   --> src/mock.rs:51:22
[INFO] [stdout]    |
[INFO] [stdout] 51 |     type RuntimeEvent = RuntimeEvent;
[INFO] [stdout]    |                         ^^^^^^^^^^^^
[INFO] [stdout]    |
[INFO] [stdout] help: you might have meant to use the associated type
[INFO] [stdout]    |
[INFO] [stdout] 51 |     type RuntimeEvent = Self::RuntimeEvent;
[INFO] [stdout]    |                         ++++++
[INFO] [stdout] 
[INFO] [stdout] 
[INFO] [stdout] error[E0412]: cannot find type `PalletInfo` in this scope
[INFO] [stdout]   --> src/mock.rs:54:20
[INFO] [stdout]    |
[INFO] [stdout] 54 |     type PalletInfo = PalletInfo;
[INFO] [stdout]    |                       ^^^^^^^^^^
[INFO] [stdout]    |
[INFO] [stdout] help: you might have meant to use the associated type
[INFO] [stdout]    |
[INFO] [stdout] 54 |     type PalletInfo = Self::PalletInfo;
[INFO] [stdout]    |                       ++++++
[INFO] [stdout] help: consider importing this trait
[INFO] [stdout]    |
[INFO] [stdout] 22 + use frame_support::traits::PalletInfo;
[INFO] [stdout]    |
[INFO] [stdout] 
[INFO] [stdout] 
[INFO] [stdout] error[E0412]: cannot find type `Test` in this scope
[INFO] [stdout]   --> src/mock.rs:64:34
[INFO] [stdout]    |
[INFO] [stdout] 64 | impl pallet_balances::Config for Test {
[INFO] [stdout]    |                                  ^^^^ not found in this scope
[INFO] [stdout] 
[INFO] [stdout] 
[INFO] [stdout] error[E0412]: cannot find type `RuntimeEvent` in this scope
[INFO] [stdout]   --> src/mock.rs:70:22
[INFO] [stdout]    |
[INFO] [stdout] 70 |     type RuntimeEvent = RuntimeEvent;
[INFO] [stdout]    |                         ^^^^^^^^^^^^ not found in this scope
[INFO] [stdout] 
[INFO] [stdout] 
[INFO] [stdout] error[E0412]: cannot find type `System` in this scope
[INFO] [stdout]   --> src/mock.rs:72:22
[INFO] [stdout]    |
[INFO] [stdout] 72 |     type AccountStore = System;
[INFO] [stdout]    |                         ^^^^^^ not found in this scope
[INFO] [stdout]    |
[INFO] [stdout] help: consider importing one of these items
[INFO] [stdout]    |
[INFO] [stdout] 22 + use codec::alloc::alloc::System;
[INFO] [stdout]    |
[INFO] [stdout] 22 + use sp_std::alloc::System;
[INFO] [stdout]    |
[INFO] [stdout] 22 + use std::alloc::System;
[INFO] [stdout]    |
[INFO] [stdout] 
[INFO] [stdout] 
[INFO] [stdout] error[E0412]: cannot find type `Test` in this scope
[INFO] [stdout]   --> src/mock.rs:81:17
[INFO] [stdout]    |
[INFO] [stdout] 81 | impl Config for Test {
[INFO] [stdout]    |                 ^^^^ not found in this scope
[INFO] [stdout] 
[INFO] [stdout] 
[INFO] [stdout] error[E0412]: cannot find type `Balances` in this scope
[INFO] [stdout]   --> src/mock.rs:83:18
[INFO] [stdout]    |
[INFO] [stdout] 83 |     type Currency = Balances;
[INFO] [stdout]    |                     ^^^^^^^^ not found in this scope
[INFO] [stdout] 
[INFO] [stdout] 
[INFO] [stdout] error[E0412]: cannot find type `RuntimeEvent` in this scope
[INFO] [stdout]   --> src/mock.rs:85:22
[INFO] [stdout]    |
[INFO] [stdout] 85 |     type RuntimeEvent = RuntimeEvent;
[INFO] [stdout]    |                         ^^^^^^^^^^^^
[INFO] [stdout]    |
[INFO] [stdout] help: you might have meant to use the associated type
[INFO] [stdout]    |
[INFO] [stdout] 85 |     type RuntimeEvent = Self::RuntimeEvent;
[INFO] [stdout]    |                         ++++++
[INFO] [stdout] 
[INFO] [stdout] 
[INFO] [stdout] error[E0412]: cannot find type `Test` in this scope
[INFO] [stdout]   --> src/mock.rs:90:44
[INFO] [stdout]    |
[INFO] [stdout] 90 |     let mut t = frame_system::GenesisConfig::<Test>::default().build_storage().unwrap();
[INFO] [stdout]    |                                               ^^^^ not found in this scope
[INFO] [stdout]    |
[INFO] [stdout] help: you might be missing a type parameter
[INFO] [stdout]    |
[INFO] [stdout] 89 | pub fn new_test_ext<Test>() -> sp_io::TestExternalities {
[INFO] [stdout]    |                    ++++++
[INFO] [stdout] 
[INFO] [stdout] 
[INFO] [stdout] error[E0412]: cannot find type `Test` in this scope
[INFO] [stdout]   --> src/mock.rs:91:35
[INFO] [stdout]    |
[INFO] [stdout] 91 |     pallet_balances::GenesisConfig::<Test> {
[INFO] [stdout]    |                                      ^^^^ not found in this scope
[INFO] [stdout]    |
[INFO] [stdout] help: you might be missing a type parameter
[INFO] [stdout]    |
[INFO] [stdout] 89 | pub fn new_test_ext<Test>() -> sp_io::TestExternalities {
[INFO] [stdout]    |                    ++++++
[INFO] [stdout] 
[INFO] [stdout] 
[INFO] [stdout] error[E0412]: cannot find type `Test` in this scope
[INFO] [stdout]   --> src/tests.rs:32:20
[INFO] [stdout]    |
[INFO] [stdout] 32 |             BalancesError::<Test, _>::InsufficientBalance
[INFO] [stdout]    |                             ^^^^ not found in this scope
[INFO] [stdout]    |
[INFO] [stdout] help: you might be missing a type parameter
[INFO] [stdout]    |
[INFO] [stdout] 28 | fn claiming_should_work<Test>() {
[INFO] [stdout]    |                        ++++++
[INFO] [stdout] 
[INFO] [stdout] 
[INFO] [stdout] error[E0412]: cannot find type `Test` in this scope
[INFO] [stdout]   --> src/tests.rs:35:59
[INFO] [stdout]    |
[INFO] [stdout] 35 |         assert_noop!(Indices::claim(Some(2).into(), 0), Error::<Test>::InUse);
[INFO] [stdout]    |                                                                 ^^^^ not found in this scope
[INFO] [stdout]    |
[INFO] [stdout] help: you might be missing a type parameter
[INFO] [stdout]    |
[INFO] [stdout] 28 | fn claiming_should_work<Test>() {
[INFO] [stdout]    |                        ++++++
[INFO] [stdout] 
[INFO] [stdout] 
[INFO] [stdout] error[E0412]: cannot find type `Test` in this scope
[INFO] [stdout]   --> src/tests.rs:45:58
[INFO] [stdout]    |
[INFO] [stdout] 45 |         assert_noop!(Indices::free(Some(0).into(), 0), Error::<Test>::NotOwner);
[INFO] [stdout]    |                                                                ^^^^ not found in this scope
[INFO] [stdout]    |
[INFO] [stdout] help: you might be missing a type parameter
[INFO] [stdout]    |
[INFO] [stdout] 41 | fn freeing_should_work<Test>() {
[INFO] [stdout]    |                       ++++++
[INFO] [stdout] 
[INFO] [stdout] 
[INFO] [stdout] error[E0412]: cannot find type `Test` in this scope
[INFO] [stdout]   --> src/tests.rs:46:58
[INFO] [stdout]    |
[INFO] [stdout] 46 |         assert_noop!(Indices::free(Some(1).into(), 1), Error::<Test>::NotOwner);
[INFO] [stdout]    |                                                                ^^^^ not found in this scope
[INFO] [stdout]    |
[INFO] [stdout] help: you might be missing a type parameter
[INFO] [stdout]    |
[INFO] [stdout] 41 | fn freeing_should_work<Test>() {
[INFO] [stdout]    |                       ++++++
[INFO] [stdout] 
[INFO] [stdout] 
[INFO] [stdout] error[E0412]: cannot find type `Test` in this scope
[INFO] [stdout]   --> src/tests.rs:47:58
[INFO] [stdout]    |
[INFO] [stdout] 47 |         assert_noop!(Indices::free(Some(1).into(), 2), Error::<Test>::NotAssigned);
[INFO] [stdout]    |                                                                ^^^^ not found in this scope
[INFO] [stdout]    |
[INFO] [stdout] help: you might be missing a type parameter
[INFO] [stdout]    |
[INFO] [stdout] 41 | fn freeing_should_work<Test>() {
[INFO] [stdout]    |                       ++++++
[INFO] [stdout] 
[INFO] [stdout] 
[INFO] [stdout] error[E0412]: cannot find type `Test` in this scope
[INFO] [stdout]   --> src/tests.rs:50:58
[INFO] [stdout]    |
[INFO] [stdout] 50 |         assert_noop!(Indices::free(Some(1).into(), 0), Error::<Test>::NotAssigned);
[INFO] [stdout]    |                                                                ^^^^ not found in this scope
[INFO] [stdout]    |
[INFO] [stdout] help: you might be missing a type parameter
[INFO] [stdout]    |
[INFO] [stdout] 41 | fn freeing_should_work<Test>() {
[INFO] [stdout]    |                       ++++++
[INFO] [stdout] 
[INFO] [stdout] 
[INFO] [stdout] error[E0412]: cannot find type `Test` in this scope
[INFO] [stdout]   --> src/tests.rs:58:60
[INFO] [stdout]    |
[INFO] [stdout] 58 |         assert_noop!(Indices::freeze(Some(1).into(), 1), Error::<Test>::NotAssigned);
[INFO] [stdout]    |                                                                  ^^^^ not found in this scope
[INFO] [stdout]    |
[INFO] [stdout] help: you might be missing a type parameter
[INFO] [stdout]    |
[INFO] [stdout] 55 | fn freezing_should_work<Test>() {
[INFO] [stdout]    |                        ++++++
[INFO] [stdout] 
[INFO] [stdout] 
[INFO] [stdout] error[E0412]: cannot find type `Test` in this scope
[INFO] [stdout]   --> src/tests.rs:59:60
[INFO] [stdout]    |
[INFO] [stdout] 59 |         assert_noop!(Indices::freeze(Some(2).into(), 0), Error::<Test>::NotOwner);
[INFO] [stdout]    |                                                                  ^^^^ not found in this scope
[INFO] [stdout]    |
[INFO] [stdout] help: you might be missing a type parameter
[INFO] [stdout]    |
[INFO] [stdout] 55 | fn freezing_should_work<Test>() {
[INFO] [stdout]    |                        ++++++
[INFO] [stdout] 
[INFO] [stdout] 
[INFO] [stdout] error[E0412]: cannot find type `Test` in this scope
[INFO] [stdout]   --> src/tests.rs:61:60
[INFO] [stdout]    |
[INFO] [stdout] 61 |         assert_noop!(Indices::freeze(Some(1).into(), 0), Error::<Test>::Permanent);
[INFO] [stdout]    |                                                                  ^^^^ not found in this scope
[INFO] [stdout]    |
[INFO] [stdout] help: you might be missing a type parameter
[INFO] [stdout]    |
[INFO] [stdout] 55 | fn freezing_should_work<Test>() {
[INFO] [stdout]    |                        ++++++
[INFO] [stdout] 
[INFO] [stdout] 
[INFO] [stdout] error[E0412]: cannot find type `Test` in this scope
[INFO] [stdout]   --> src/tests.rs:63:58
[INFO] [stdout]    |
[INFO] [stdout] 63 |         assert_noop!(Indices::free(Some(1).into(), 0), Error::<Test>::Permanent);
[INFO] [stdout]    |                                                                ^^^^ not found in this scope
[INFO] [stdout]    |
[INFO] [stdout] help: you might be missing a type parameter
[INFO] [stdout]    |
[INFO] [stdout] 55 | fn freezing_should_work<Test>() {
[INFO] [stdout]    |                        ++++++
[INFO] [stdout] 
[INFO] [stdout] 
[INFO] [stdout] error[E0412]: cannot find type `Test` in this scope
[INFO] [stdout]   --> src/tests.rs:64:69
[INFO] [stdout]    |
[INFO] [stdout] 64 |         assert_noop!(Indices::transfer(Some(1).into(), Id(2), 0), Error::<Test>::Permanent);
[INFO] [stdout]    |                                                                           ^^^^ not found in this scope
[INFO] [stdout]    |
[INFO] [stdout] help: you might be missing a type parameter
[INFO] [stdout]    |
[INFO] [stdout] 55 | fn freezing_should_work<Test>() {
[INFO] [stdout]    |                        ++++++
[INFO] [stdout] 
[INFO] [stdout] 
[INFO] [stdout] error[E0412]: cannot find type `Test` in this scope
[INFO] [stdout]   --> src/tests.rs:94:69
[INFO] [stdout]    |
[INFO] [stdout] 94 |         assert_noop!(Indices::transfer(Some(1).into(), Id(2), 1), Error::<Test>::NotAssigned);
[INFO] [stdout]    |                                                                           ^^^^ not found in this scope
[INFO] [stdout]    |
[INFO] [stdout] help: you might be missing a type parameter
[INFO] [stdout]    |
[INFO] [stdout] 91 | fn transfer_index_on_accounts_should_work<Test>() {
[INFO] [stdout]    |                                          ++++++
[INFO] [stdout] 
[INFO] [stdout] 
[INFO] [stdout] error[E0412]: cannot find type `Test` in this scope
[INFO] [stdout]   --> src/tests.rs:95:69
[INFO] [stdout]    |
[INFO] [stdout] 95 |         assert_noop!(Indices::transfer(Some(2).into(), Id(3), 0), Error::<Test>::NotOwner);
[INFO] [stdout]    |                                                                           ^^^^ not found in this scope
[INFO] [stdout]    |
[INFO] [stdout] help: you might be missing a type parameter
[INFO] [stdout]    |
[INFO] [stdout] 91 | fn transfer_index_on_accounts_should_work<Test>() {
[INFO] [stdout]    |                                          ++++++
[INFO] [stdout] 
[INFO] [stdout] 
[INFO] [stdout] error[E0433]: failed to resolve: use of undeclared crate or module `pallet_balances`
[INFO] [stdout]   --> src/mock.rs:55:21
[INFO] [stdout]    |
[INFO] [stdout] 55 |     type AccountData = pallet_balances::AccountData<u64>;
[INFO] [stdout]    |                        ^^^^^^^^^^^^^^^ use of undeclared crate or module `pallet_balances`
[INFO] [stdout] 
[INFO] [stdout] 
[INFO] [stdout] error[E0433]: failed to resolve: use of undeclared crate or module `pallet_balances`
[INFO] [stdout]   --> src/mock.rs:64:6
[INFO] [stdout]    |
[INFO] [stdout] 64 | impl pallet_balances::Config for Test {
[INFO] [stdout]    |      ^^^^^^^^^^^^^^^ use of undeclared crate or module `pallet_balances`
[INFO] [stdout] 
[INFO] [stdout] 
[INFO] [stdout] error[E0433]: failed to resolve: use of undeclared crate or module `pallet_balances`
[INFO] [stdout]   --> src/mock.rs:91:2
[INFO] [stdout]    |
[INFO] [stdout] 91 |     pallet_balances::GenesisConfig::<Test> {
[INFO] [stdout]    |     ^^^^^^^^^^^^^^^ use of undeclared crate or module `pallet_balances`
[INFO] [stdout] 
[INFO] [stdout] 
[INFO] [stdout] error[E0433]: failed to resolve: use of undeclared type `Indices`
[INFO] [stdout]   --> src/tests.rs:31:4
[INFO] [stdout]    |
[INFO] [stdout] 31 |             Indices::claim(Some(0).into(), 0),
[INFO] [stdout]    |             ^^^^^^^ use of undeclared type `Indices`
[INFO] [stdout] 
[INFO] [stdout] 
[INFO] [stdout] error[E0433]: failed to resolve: use of undeclared type `Indices`
[INFO] [stdout]   --> src/tests.rs:34:14
[INFO] [stdout]    |
[INFO] [stdout] 34 |         assert_ok!(Indices::claim(Some(1).into(), 0));
[INFO] [stdout]    |                    ^^^^^^^ use of undeclared type `Indices`
[INFO] [stdout] 
[INFO] [stdout] 
[INFO] [stdout] error[E0433]: failed to resolve: use of undeclared type `Indices`
[INFO] [stdout]   --> src/tests.rs:35:16
[INFO] [stdout]    |
[INFO] [stdout] 35 |         assert_noop!(Indices::claim(Some(2).into(), 0), Error::<Test>::InUse);
[INFO] [stdout]    |                      ^^^^^^^ use of undeclared type `Indices`
[INFO] [stdout] 
[INFO] [stdout] 
[INFO] [stdout] error[E0433]: failed to resolve: use of undeclared type `Balances`
[INFO] [stdout]   --> src/tests.rs:36:14
[INFO] [stdout]    |
[INFO] [stdout] 36 |         assert_eq!(Balances::reserved_balance(1), 1);
[INFO] [stdout]    |                    ^^^^^^^^
[INFO] [stdout]    |                    |
[INFO] [stdout]    |                    use of undeclared type `Balances`
[INFO] [stdout]    |                    help: a type alias with a similar name exists: `BalanceOf`
[INFO] [stdout] 
[INFO] [stdout] 
[INFO] [stdout] error[E0433]: failed to resolve: use of undeclared type `Indices`
[INFO] [stdout]   --> src/tests.rs:43:14
[INFO] [stdout]    |
[INFO] [stdout] 43 |         assert_ok!(Indices::claim(Some(1).into(), 0));
[INFO] [stdout]    |                    ^^^^^^^ use of undeclared type `Indices`
[INFO] [stdout] 
[INFO] [stdout] 
[INFO] [stdout] error[E0433]: failed to resolve: use of undeclared type `Indices`
[INFO] [stdout]   --> src/tests.rs:44:14
[INFO] [stdout]    |
[INFO] [stdout] 44 |         assert_ok!(Indices::claim(Some(2).into(), 1));
[INFO] [stdout]    |                    ^^^^^^^ use of undeclared type `Indices`
[INFO] [stdout] 
[INFO] [stdout] 
[INFO] [stdout] error[E0433]: failed to resolve: use of undeclared type `Indices`
[INFO] [stdout]   --> src/tests.rs:45:16
[INFO] [stdout]    |
[INFO] [stdout] 45 |         assert_noop!(Indices::free(Some(0).into(), 0), Error::<Test>::NotOwner);
[INFO] [stdout]    |                      ^^^^^^^ use of undeclared type `Indices`
[INFO] [stdout] 
[INFO] [stdout] 
[INFO] [stdout] error[E0433]: failed to resolve: use of undeclared type `Indices`
[INFO] [stdout]   --> src/tests.rs:46:16
[INFO] [stdout]    |
[INFO] [stdout] 46 |         assert_noop!(Indices::free(Some(1).into(), 1), Error::<Test>::NotOwner);
[INFO] [stdout]    |                      ^^^^^^^ use of undeclared type `Indices`
[INFO] [stdout] 
[INFO] [stdout] 
[INFO] [stdout] error[E0433]: failed to resolve: use of undeclared type `Indices`
[INFO] [stdout]   --> src/tests.rs:47:16
[INFO] [stdout]    |
[INFO] [stdout] 47 |         assert_noop!(Indices::free(Some(1).into(), 2), Error::<Test>::NotAssigned);
[INFO] [stdout]    |                      ^^^^^^^ use of undeclared type `Indices`
[INFO] [stdout] 
[INFO] [stdout] 
[INFO] [stdout] error[E0433]: failed to resolve: use of undeclared type `Indices`
[INFO] [stdout]   --> src/tests.rs:48:14
[INFO] [stdout]    |
[INFO] [stdout] 48 |         assert_ok!(Indices::free(Some(1).into(), 0));
[INFO] [stdout]    |                    ^^^^^^^ use of undeclared type `Indices`
[INFO] [stdout] 
[INFO] [stdout] 
[INFO] [stdout] error[E0433]: failed to resolve: use of undeclared type `Balances`
[INFO] [stdout]   --> src/tests.rs:49:14
[INFO] [stdout]    |
[INFO] [stdout] 49 |         assert_eq!(Balances::reserved_balance(1), 0);
[INFO] [stdout]    |                    ^^^^^^^^
[INFO] [stdout]    |                    |
[INFO] [stdout]    |                    use of undeclared type `Balances`
[INFO] [stdout]    |                    help: a type alias with a similar name exists: `BalanceOf`
[INFO] [stdout] 
[INFO] [stdout] 
[INFO] [stdout] error[E0433]: failed to resolve: use of undeclared type `Indices`
[INFO] [stdout]   --> src/tests.rs:50:16
[INFO] [stdout]    |
[INFO] [stdout] 50 |         assert_noop!(Indices::free(Some(1).into(), 0), Error::<Test>::NotAssigned);
[INFO] [stdout]    |                      ^^^^^^^ use of undeclared type `Indices`
[INFO] [stdout] 
[INFO] [stdout] 
[INFO] [stdout] error[E0433]: failed to resolve: use of undeclared type `Indices`
[INFO] [stdout]   --> src/tests.rs:57:14
[INFO] [stdout]    |
[INFO] [stdout] 57 |         assert_ok!(Indices::claim(Some(1).into(), 0));
[INFO] [stdout]    |                    ^^^^^^^ use of undeclared type `Indices`
[INFO] [stdout] 
[INFO] [stdout] 
[INFO] [stdout] error[E0433]: failed to resolve: use of undeclared type `Indices`
[INFO] [stdout]   --> src/tests.rs:58:16
[INFO] [stdout]    |
[INFO] [stdout] 58 |         assert_noop!(Indices::freeze(Some(1).into(), 1), Error::<Test>::NotAssigned);
[INFO] [stdout]    |                      ^^^^^^^ use of undeclared type `Indices`
[INFO] [stdout] 
[INFO] [stdout] 
[INFO] [stdout] error[E0433]: failed to resolve: use of undeclared type `Indices`
[INFO] [stdout]   --> src/tests.rs:59:16
[INFO] [stdout]    |
[INFO] [stdout] 59 |         assert_noop!(Indices::freeze(Some(2).into(), 0), Error::<Test>::NotOwner);
[INFO] [stdout]    |                      ^^^^^^^ use of undeclared type `Indices`
[INFO] [stdout] 
[INFO] [stdout] 
[INFO] [stdout] error[E0433]: failed to resolve: use of undeclared type `Indices`
[INFO] [stdout]   --> src/tests.rs:60:14
[INFO] [stdout]    |
[INFO] [stdout] 60 |         assert_ok!(Indices::freeze(Some(1).into(), 0));
[INFO] [stdout]    |                    ^^^^^^^ use of undeclared type `Indices`
[INFO] [stdout] 
[INFO] [stdout] 
[INFO] [stdout] error[E0433]: failed to resolve: use of undeclared type `Indices`
[INFO] [stdout]   --> src/tests.rs:61:16
[INFO] [stdout]    |
[INFO] [stdout] 61 |         assert_noop!(Indices::freeze(Some(1).into(), 0), Error::<Test>::Permanent);
[INFO] [stdout]    |                      ^^^^^^^ use of undeclared type `Indices`
[INFO] [stdout] 
[INFO] [stdout] 
[INFO] [stdout] error[E0433]: failed to resolve: use of undeclared type `Indices`
[INFO] [stdout]   --> src/tests.rs:63:16
[INFO] [stdout]    |
[INFO] [stdout] 63 |         assert_noop!(Indices::free(Some(1).into(), 0), Error::<Test>::Permanent);
[INFO] [stdout]    |                      ^^^^^^^ use of undeclared type `Indices`
[INFO] [stdout] 
[INFO] [stdout] 
[INFO] [stdout] error[E0433]: failed to resolve: use of undeclared type `Indices`
[INFO] [stdout]   --> src/tests.rs:64:16
[INFO] [stdout]    |
[INFO] [stdout] 64 |         assert_noop!(Indices::transfer(Some(1).into(), Id(2), 0), Error::<Test>::Permanent);
[INFO] [stdout]    |                      ^^^^^^^ use of undeclared type `Indices`
[INFO] [stdout] 
[INFO] [stdout] 
[INFO] [stdout] error[E0433]: failed to resolve: use of undeclared type `Indices`
[INFO] [stdout]   --> src/tests.rs:71:14
[INFO] [stdout]    |
[INFO] [stdout] 71 |         assert_ok!(Indices::claim(Some(1).into(), 0));
[INFO] [stdout]    |                    ^^^^^^^ use of undeclared type `Indices`
[INFO] [stdout] 
[INFO] [stdout] 
[INFO] [stdout] error[E0433]: failed to resolve: use of undeclared type `Indices`
[INFO] [stdout]   --> src/tests.rs:72:14
[INFO] [stdout]    |
[INFO] [stdout] 72 |         assert_ok!(Indices::claim(Some(2).into(), 1));
[INFO] [stdout]    |                    ^^^^^^^ use of undeclared type `Indices`
[INFO] [stdout] 
[INFO] [stdout] 
[INFO] [stdout] error[E0433]: failed to resolve: use of undeclared type `Indices`
[INFO] [stdout]   --> src/tests.rs:73:14
[INFO] [stdout]    |
[INFO] [stdout] 73 |         assert_eq!(Indices::lookup_index(0), Some(1));
[INFO] [stdout]    |                    ^^^^^^^ use of undeclared type `Indices`
[INFO] [stdout] 
[INFO] [stdout] 
[INFO] [stdout] error[E0433]: failed to resolve: use of undeclared type `Indices`
[INFO] [stdout]   --> src/tests.rs:74:14
[INFO] [stdout]    |
[INFO] [stdout] 74 |         assert_eq!(Indices::lookup_index(1), Some(2));
[INFO] [stdout]    |                    ^^^^^^^ use of undeclared type `Indices`
[INFO] [stdout] 
[INFO] [stdout] 
[INFO] [stdout] error[E0433]: failed to resolve: use of undeclared type `Indices`
[INFO] [stdout]   --> src/tests.rs:75:14
[INFO] [stdout]    |
[INFO] [stdout] 75 |         assert_eq!(Indices::lookup_index(2), None);
[INFO] [stdout]    |                    ^^^^^^^ use of undeclared type `Indices`
[INFO] [stdout] 
[INFO] [stdout] 
[INFO] [stdout] error[E0433]: failed to resolve: use of undeclared type `Indices`
[INFO] [stdout]   --> src/tests.rs:82:14
[INFO] [stdout]    |
[INFO] [stdout] 82 |         assert_ok!(Indices::claim(Some(1).into(), 0));
[INFO] [stdout]    |                    ^^^^^^^ use of undeclared type `Indices`
[INFO] [stdout] 
[INFO] [stdout] 
[INFO] [stdout] error[E0433]: failed to resolve: use of undeclared type `Indices`
[INFO] [stdout]   --> src/tests.rs:83:14
[INFO] [stdout]    |
[INFO] [stdout] 83 |         assert_ok!(Indices::free(Some(1).into(), 0));
[INFO] [stdout]    |                    ^^^^^^^ use of undeclared type `Indices`
[INFO] [stdout] 
[INFO] [stdout] 
[INFO] [stdout] error[E0433]: failed to resolve: use of undeclared type `Indices`
[INFO] [stdout]   --> src/tests.rs:84:14
[INFO] [stdout]    |
[INFO] [stdout] 84 |         assert_ok!(Indices::claim(Some(2).into(), 0));
[INFO] [stdout]    |                    ^^^^^^^ use of undeclared type `Indices`
[INFO] [stdout] 
[INFO] [stdout] 
[INFO] [stdout] error[E0433]: failed to resolve: use of undeclared type `Indices`
[INFO] [stdout]   --> src/tests.rs:85:14
[INFO] [stdout]    |
[INFO] [stdout] 85 |         assert_eq!(Indices::lookup_index(0), Some(2));
[INFO] [stdout]    |                    ^^^^^^^ use of undeclared type `Indices`
[INFO] [stdout] 
[INFO] [stdout] 
[INFO] [stdout] error[E0433]: failed to resolve: use of undeclared type `Balances`
[INFO] [stdout]   --> src/tests.rs:86:14
[INFO] [stdout]    |
[INFO] [stdout] 86 |         assert_eq!(Balances::reserved_balance(2), 1);
[INFO] [stdout]    |                    ^^^^^^^^
[INFO] [stdout]    |                    |
[INFO] [stdout]    |                    use of undeclared type `Balances`
[INFO] [stdout]    |                    help: a type alias with a similar name exists: `BalanceOf`
[INFO] [stdout] 
[INFO] [stdout] 
[INFO] [stdout] error[E0433]: failed to resolve: use of undeclared type `Indices`
[INFO] [stdout]   --> src/tests.rs:93:14
[INFO] [stdout]    |
[INFO] [stdout] 93 |         assert_ok!(Indices::claim(Some(1).into(), 0));
[INFO] [stdout]    |                    ^^^^^^^ use of undeclared type `Indices`
[INFO] [stdout] 
[INFO] [stdout] 
[INFO] [stdout] error[E0433]: failed to resolve: use of undeclared type `Indices`
[INFO] [stdout]   --> src/tests.rs:94:16
[INFO] [stdout]    |
[INFO] [stdout] 94 |         assert_noop!(Indices::transfer(Some(1).into(), Id(2), 1), Error::<Test>::NotAssigned);
[INFO] [stdout]    |                      ^^^^^^^ use of undeclared type `Indices`
[INFO] [stdout] 
[INFO] [stdout] 
[INFO] [stdout] error[E0433]: failed to resolve: use of undeclared type `Indices`
[INFO] [stdout]   --> src/tests.rs:95:16
[INFO] [stdout]    |
[INFO] [stdout] 95 |         assert_noop!(Indices::transfer(Some(2).into(), Id(3), 0), Error::<Test>::NotOwner);
[INFO] [stdout]    |                      ^^^^^^^ use of undeclared type `Indices`
[INFO] [stdout] 
[INFO] [stdout] 
[INFO] [stdout] error[E0433]: failed to resolve: use of undeclared type `Indices`
[INFO] [stdout]   --> src/tests.rs:96:14
[INFO] [stdout]    |
[INFO] [stdout] 96 |         assert_ok!(Indices::transfer(Some(1).into(), Id(3), 0));
[INFO] [stdout]    |                    ^^^^^^^ use of undeclared type `Indices`
[INFO] [stdout] 
[INFO] [stdout] 
[INFO] [stdout] error[E0433]: failed to resolve: use of undeclared type `Balances`
[INFO] [stdout]   --> src/tests.rs:97:14
[INFO] [stdout]    |
[INFO] [stdout] 97 |         assert_eq!(Balances::reserved_balance(1), 0);
[INFO] [stdout]    |                    ^^^^^^^^
[INFO] [stdout]    |                    |
[INFO] [stdout]    |                    use of undeclared type `Balances`
[INFO] [stdout]    |                    help: a type alias with a similar name exists: `BalanceOf`
[INFO] [stdout] 
[INFO] [stdout] 
[INFO] [stdout] error[E0433]: failed to resolve: use of undeclared type `Balances`
[INFO] [stdout]   --> src/tests.rs:98:14
[INFO] [stdout]    |
[INFO] [stdout] 98 |         assert_eq!(Balances::reserved_balance(3), 1);
[INFO] [stdout]    |                    ^^^^^^^^
[INFO] [stdout]    |                    |
[INFO] [stdout]    |                    use of undeclared type `Balances`
[INFO] [stdout]    |                    help: a type alias with a similar name exists: `BalanceOf`
[INFO] [stdout] 
[INFO] [stdout] 
[INFO] [stdout] error[E0433]: failed to resolve: use of undeclared type `Indices`
[INFO] [stdout]   --> src/tests.rs:99:14
[INFO] [stdout]    |
[INFO] [stdout] 99 |         assert_eq!(Indices::lookup_index(0), Some(3));
[INFO] [stdout]    |                    ^^^^^^^ use of undeclared type `Indices`
[INFO] [stdout] 
[INFO] [stdout] 
[INFO] [stdout] error[E0433]: failed to resolve: use of undeclared type `Indices`
[INFO] [stdout]    --> src/tests.rs:106:14
[INFO] [stdout]     |
[INFO] [stdout] 106 |         assert_ok!(Indices::claim(Some(1).into(), 0));
[INFO] [stdout]     |                    ^^^^^^^ use of undeclared type `Indices`
[INFO] [stdout] 
[INFO] [stdout] 
[INFO] [stdout] error[E0433]: failed to resolve: use of undeclared type `Indices`
[INFO] [stdout]    --> src/tests.rs:107:14
[INFO] [stdout]     |
[INFO] [stdout] 107 |         assert_ok!(Indices::force_transfer(RuntimeOrigin::root(), Id(3), 0, false));
[INFO] [stdout]     |                    ^^^^^^^ use of undeclared type `Indices`
[INFO] [stdout] 
[INFO] [stdout] 
[INFO] [stdout] error[E0433]: failed to resolve: use of undeclared type `RuntimeOrigin`
[INFO] [stdout]    --> src/tests.rs:107:38
[INFO] [stdout]     |
[INFO] [stdout] 107 |         assert_ok!(Indices::force_transfer(RuntimeOrigin::root(), Id(3), 0, false));
[INFO] [stdout]     |                                            ^^^^^^^^^^^^^ use of undeclared type `RuntimeOrigin`
[INFO] [stdout] 
[INFO] [stdout] 
[INFO] [stdout] error[E0433]: failed to resolve: use of undeclared type `Balances`
[INFO] [stdout]    --> src/tests.rs:108:14
[INFO] [stdout]     |
[INFO] [stdout] 108 |         assert_eq!(Balances::reserved_balance(1), 0);
[INFO] [stdout]     |                    ^^^^^^^^
[INFO] [stdout]     |                    |
[INFO] [stdout]     |                    use of undeclared type `Balances`
[INFO] [stdout]     |                    help: a type alias with a similar name exists: `BalanceOf`
[INFO] [stdout] 
[INFO] [stdout] 
[INFO] [stdout] error[E0433]: failed to resolve: use of undeclared type `Balances`
[INFO] [stdout]    --> src/tests.rs:109:14
[INFO] [stdout]     |
[INFO] [stdout] 109 |         assert_eq!(Balances::reserved_balance(3), 0);
[INFO] [stdout]     |                    ^^^^^^^^
[INFO] [stdout]     |                    |
[INFO] [stdout]     |                    use of undeclared type `Balances`
[INFO] [stdout]     |                    help: a type alias with a similar name exists: `BalanceOf`
[INFO] [stdout] 
[INFO] [stdout] 
[INFO] [stdout] error[E0433]: failed to resolve: use of undeclared type `Indices`
[INFO] [stdout]    --> src/tests.rs:110:14
[INFO] [stdout]     |
[INFO] [stdout] 110 |         assert_eq!(Indices::lookup_index(0), Some(3));
[INFO] [stdout]     |                    ^^^^^^^ use of undeclared type `Indices`
[INFO] [stdout] 
[INFO] [stdout] 
[INFO] [stdout] error[E0433]: failed to resolve: use of undeclared type `Indices`
[INFO] [stdout]    --> src/tests.rs:117:14
[INFO] [stdout]     |
[INFO] [stdout] 117 |         assert_ok!(Indices::force_transfer(RuntimeOrigin::root(), Id(3), 0, false));
[INFO] [stdout]     |                    ^^^^^^^ use of undeclared type `Indices`
[INFO] [stdout] 
[INFO] [stdout] 
[INFO] [stdout] error[E0433]: failed to resolve: use of undeclared type `RuntimeOrigin`
[INFO] [stdout]    --> src/tests.rs:117:38
[INFO] [stdout]     |
[INFO] [stdout] 117 |         assert_ok!(Indices::force_transfer(RuntimeOrigin::root(), Id(3), 0, false));
[INFO] [stdout]     |                                            ^^^^^^^^^^^^^ use of undeclared type `RuntimeOrigin`
[INFO] [stdout] 
[INFO] [stdout] 
[INFO] [stdout] error[E0433]: failed to resolve: use of undeclared type `Balances`
[INFO] [stdout]    --> src/tests.rs:118:14
[INFO] [stdout]     |
[INFO] [stdout] 118 |         assert_eq!(Balances::reserved_balance(3), 0);
[INFO] [stdout]     |                    ^^^^^^^^
[INFO] [stdout]     |                    |
[INFO] [stdout]     |                    use of undeclared type `Balances`
[INFO] [stdout]     |                    help: a type alias with a similar name exists: `BalanceOf`
[INFO] [stdout] 
[INFO] [stdout] 
[INFO] [stdout] error[E0433]: failed to resolve: use of undeclared type `Indices`
[INFO] [stdout]    --> src/tests.rs:119:14
[INFO] [stdout]     |
[INFO] [stdout] 119 |         assert_eq!(Indices::lookup_index(0), Some(3));
[INFO] [stdout]     |                    ^^^^^^^ use of undeclared type `Indices`
[INFO] [stdout] 
[INFO] [stdout] 
[INFO] [stdout] error: aborting due to 79 previous errors
[INFO] [stdout] 
[INFO] [stdout] 
[INFO] [stdout] Some errors have detailed explanations: E0412, E0432, E0433.
[INFO] [stdout] 
[INFO] [stdout] For more information about an error, try `rustc --explain E0412`.
[INFO] [stdout] 
[INFO] [stderr] error: could not compile `pallet-indices` (lib test) due to 80 previous errors
[INFO] running `Command { std: "docker" "inspect" "117872afabf374728f62adbddfbad950b6aea5fde01eace630966e0d187d2dbb", kill_on_drop: false }`
[INFO] running `Command { std: "docker" "rm" "-f" "117872afabf374728f62adbddfbad950b6aea5fde01eace630966e0d187d2dbb", kill_on_drop: false }`
[INFO] [stdout] 117872afabf374728f62adbddfbad950b6aea5fde01eace630966e0d187d2dbb
[INFO] testing pallet-indices-26.0.0 against beta-2023-12-22 for beta-1.76-1
[INFO] extracting crate pallet-indices 26.0.0 into /workspace/builds/worker-3-tc2/source
[INFO] validating manifest of crates.io crate pallet-indices 26.0.0 on toolchain beta-2023-12-22
[INFO] running `Command { std: CARGO_HOME="/workspace/cargo-home" RUSTUP_HOME="/workspace/rustup-home" "/workspace/cargo-home/bin/cargo" "+beta-2023-12-22" "metadata" "--manifest-path" "Cargo.toml" "--no-deps", kill_on_drop: false }`
[INFO] started tweaking crates.io crate pallet-indices 26.0.0
[INFO] finished tweaking crates.io crate pallet-indices 26.0.0
[INFO] tweaked toml for crates.io crate pallet-indices 26.0.0 written to /workspace/builds/worker-3-tc2/source/Cargo.toml
[INFO] running `Command { std: CARGO_HOME="/workspace/cargo-home" RUSTUP_HOME="/workspace/rustup-home" "/workspace/cargo-home/bin/cargo" "+beta-2023-12-22" "generate-lockfile" "--manifest-path" "Cargo.toml", kill_on_drop: false }`
[INFO] [stderr]     Updating crates.io index
[INFO] running `Command { std: CARGO_HOME="/workspace/cargo-home" RUSTUP_HOME="/workspace/rustup-home" "/workspace/cargo-home/bin/cargo" "+beta-2023-12-22" "fetch" "--manifest-path" "Cargo.toml", kill_on_drop: false }`
[INFO] [stderr]     Blocking waiting for file lock on package cache
[INFO] running `Command { std: "docker" "create" "-v" "/var/lib/crater-agent-workspace/builds/worker-3-tc2/target:/opt/rustwide/target:rw,Z" "-v" "/var/lib/crater-agent-workspace/builds/worker-3-tc2/source:/opt/rustwide/workdir:ro,Z" "-v" "/var/lib/crater-agent-workspace/cargo-home:/opt/rustwide/cargo-home:ro,Z" "-v" "/var/lib/crater-agent-workspace/rustup-home:/opt/rustwide/rustup-home:ro,Z" "-e" "SOURCE_DIR=/opt/rustwide/workdir" "-e" "CARGO_TARGET_DIR=/opt/rustwide/target" "-e" "CARGO_HOME=/opt/rustwide/cargo-home" "-e" "RUSTUP_HOME=/opt/rustwide/rustup-home" "-w" "/opt/rustwide/workdir" "-m" "1610612736" "--user" "0:0" "--network" "none" "ghcr.io/rust-lang/crates-build-env/linux@sha256:2788e3201cd34a07e3172128adcd8b3090168a8e3bcc40d7c032b9dda1df7d1c" "/opt/rustwide/cargo-home/bin/cargo" "+beta-2023-12-22" "metadata" "--no-deps" "--format-version=1", kill_on_drop: false }`
[INFO] [stdout] ca3abcf7a07bea78a907cbcd808dcfb276b2e7adb6a8a30d0258ce86bd62b84d
[INFO] running `Command { std: "docker" "start" "-a" "ca3abcf7a07bea78a907cbcd808dcfb276b2e7adb6a8a30d0258ce86bd62b84d", kill_on_drop: false }`
[INFO] running `Command { std: "docker" "inspect" "ca3abcf7a07bea78a907cbcd808dcfb276b2e7adb6a8a30d0258ce86bd62b84d", kill_on_drop: false }`
[INFO] running `Command { std: "docker" "rm" "-f" "ca3abcf7a07bea78a907cbcd808dcfb276b2e7adb6a8a30d0258ce86bd62b84d", kill_on_drop: false }`
[INFO] [stdout] ca3abcf7a07bea78a907cbcd808dcfb276b2e7adb6a8a30d0258ce86bd62b84d
[INFO] running `Command { std: "docker" "create" "-v" "/var/lib/crater-agent-workspace/builds/worker-3-tc2/target:/opt/rustwide/target:rw,Z" "-v" "/var/lib/crater-agent-workspace/builds/worker-3-tc2/source:/opt/rustwide/workdir:ro,Z" "-v" "/var/lib/crater-agent-workspace/cargo-home:/opt/rustwide/cargo-home:ro,Z" "-v" "/var/lib/crater-agent-workspace/rustup-home:/opt/rustwide/rustup-home:ro,Z" "-e" "SOURCE_DIR=/opt/rustwide/workdir" "-e" "CARGO_TARGET_DIR=/opt/rustwide/target" "-e" "CARGO_INCREMENTAL=0" "-e" "RUST_BACKTRACE=full" "-e" "RUSTFLAGS=--cap-lints=warn" "-e" "RUSTDOCFLAGS=--cap-lints=warn" "-e" "CARGO_HOME=/opt/rustwide/cargo-home" "-e" "RUSTUP_HOME=/opt/rustwide/rustup-home" "-w" "/opt/rustwide/workdir" "-m" "1610612736" "--user" "0:0" "--network" "none" "ghcr.io/rust-lang/crates-build-env/linux@sha256:2788e3201cd34a07e3172128adcd8b3090168a8e3bcc40d7c032b9dda1df7d1c" "/opt/rustwide/cargo-home/bin/cargo" "+beta-2023-12-22" "build" "--frozen" "--message-format=json", kill_on_drop: false }`
[INFO] [stdout] 51d8119cf03288877b632c3e456808e78395a0ffd6a11c21181eaa0adba17e6e
[INFO] running `Command { std: "docker" "start" "-a" "51d8119cf03288877b632c3e456808e78395a0ffd6a11c21181eaa0adba17e6e", kill_on_drop: false }`
[INFO] [stderr]    Compiling version_check v0.9.4
[INFO] [stderr]    Compiling typenum v1.17.0
[INFO] [stderr]    Compiling libc v0.2.151
[INFO] [stderr]    Compiling syn v1.0.109
[INFO] [stderr]    Compiling syn v2.0.48
[INFO] [stderr]    Compiling subtle v2.4.1
[INFO] [stderr]    Compiling hashbrown v0.14.3
[INFO] [stderr]    Compiling equivalent v1.0.1
[INFO] [stderr]    Compiling winnow v0.5.32
[INFO] [stderr]    Compiling generic-array v0.14.7
[INFO] [stderr]    Compiling memchr v2.7.1
[INFO] [stderr]    Compiling indexmap v2.1.0
[INFO] [stderr]    Compiling cc v1.0.83
[INFO] [stderr]    Compiling const-oid v0.9.6
[INFO] [stderr]    Compiling arrayvec v0.7.4
[INFO] [stderr]    Compiling ahash v0.7.7
[INFO] [stderr]    Compiling crunchy v0.2.2
[INFO] [stderr]    Compiling aho-corasick v1.1.2
[INFO] [stderr]    Compiling regex-syntax v0.8.2
[INFO] [stderr]    Compiling byte-slice-cast v1.2.2
[INFO] [stderr]    Compiling getrandom v0.2.11
[INFO] [stderr]    Compiling rand_core v0.6.4
[INFO] [stderr]    Compiling indexmap v1.9.3
[INFO] [stderr]    Compiling bytes v1.5.0
[INFO] [stderr]    Compiling hashbrown v0.12.3
[INFO] [stderr]    Compiling cpufeatures v0.2.12
[INFO] [stderr]    Compiling byteorder v1.5.0
[INFO] [stderr]    Compiling tinyvec_macros v0.1.1
[INFO] [stderr]    Compiling tinyvec v1.6.0
[INFO] [stderr]    Compiling rand_chacha v0.3.1
[INFO] [stderr]    Compiling ahash v0.8.7
[INFO] [stderr]    Compiling lazy_static v1.4.0
[INFO] [stderr]    Compiling rand v0.8.5
[INFO] [stderr]    Compiling log v0.4.20
[INFO] [stderr]    Compiling unicode-normalization v0.1.22
[INFO] [stderr]    Compiling static_assertions v1.1.0
[INFO] [stderr]    Compiling zerocopy v0.7.32
[INFO] [stderr]    Compiling percent-encoding v2.3.1
[INFO] [stderr]    Compiling unicode-bidi v0.3.14
[INFO] [stderr]    Compiling hashbrown v0.13.2
[INFO] [stderr]    Compiling form_urlencoded v1.2.1
[INFO] [stderr]    Compiling getrandom v0.1.16
[INFO] [stderr]    Compiling crc32fast v1.3.2
[INFO] [stderr]    Compiling idna v0.5.0
[INFO] [stderr]    Compiling regex-automata v0.4.3
[INFO] [stderr]    Compiling keccak v0.1.4
[INFO] [stderr]    Compiling arrayref v0.3.7
[INFO] [stderr]    Compiling url v2.5.0
[INFO] [stderr]    Compiling rand_core v0.5.1
[INFO] [stderr]    Compiling num-traits v0.2.17
[INFO] [stderr]    Compiling fallible-iterator v0.2.0
[INFO] [stderr]    Compiling io-lifetimes v1.0.11
[INFO] [stderr]    Compiling stable_deref_trait v1.2.0
[INFO] [stderr]    Compiling rustix v0.38.28
[INFO] [stderr]    Compiling target-lexicon v0.12.13
[INFO] [stderr]    Compiling memoffset v0.8.0
[INFO] [stderr]    Compiling sp-std v12.0.0
[INFO] [stderr]    Compiling paste v1.0.14
[INFO] [stderr]    Compiling rustix v0.36.17
[INFO] [stderr]    Compiling pin-project-lite v0.2.13
[INFO] [stderr]    Compiling linux-raw-sys v0.4.12
[INFO] [stderr]    Compiling serde_derive v1.0.194
[INFO] [stderr]    Compiling zeroize_derive v1.4.2
[INFO] [stderr]    Compiling thiserror-impl v1.0.56
[INFO] [stderr]    Compiling regex v1.10.2
[INFO] [stderr]    Compiling Inflector v0.11.4
[INFO] [stderr]    Compiling wasmtime-runtime v8.0.1
[INFO] [stderr]    Compiling digest v0.9.0
[INFO] [stderr]    Compiling generic-array v0.12.4
[INFO] [stderr]    Compiling tracing-core v0.1.32
[INFO] [stderr]    Compiling zeroize v1.7.0
[INFO] [stderr]    Compiling smallvec v1.11.2
[INFO] [stderr]    Compiling bitflags v1.3.2
[INFO] [stderr]    Compiling cpp_demangle v0.3.5
[INFO] [stderr]    Compiling impl-trait-for-tuples v0.2.2
[INFO] [stderr]    Compiling derive_more v0.99.17
[INFO] [stderr]    Compiling linux-raw-sys v0.1.4
[INFO] [stderr]    Compiling thiserror v1.0.56
[INFO] [stderr]    Compiling crypto-common v0.1.6
[INFO] [stderr]    Compiling block-buffer v0.10.4
[INFO] [stderr]    Compiling digest v0.10.7
[INFO] [stderr]    Compiling rustc-demangle v0.1.23
[INFO] [stderr]    Compiling constant_time_eq v0.3.0
[INFO] [stderr]    Compiling memfd v0.6.4
[INFO] [stderr]    Compiling libsecp256k1-core v0.3.0
[INFO] [stderr]    Compiling psm v0.1.21
[INFO] [stderr]    Compiling wasmtime-jit-debug v8.0.1
[INFO] [stderr]    Compiling wasmtime-asm-macros v8.0.1
[INFO] [stderr]    Compiling slab v0.4.9
[INFO] [stderr]    Compiling serde_json v1.0.111
[INFO] [stderr]    Compiling byte-tools v0.3.1
[INFO] [stderr]    Compiling ref-cast v1.0.22
[INFO] [stderr]    Compiling regex-syntax v0.6.29
[INFO] [stderr]    Compiling block-padding v0.1.5
[INFO] [stderr]    Compiling serde v1.0.194
[INFO] [stderr]    Compiling block-buffer v0.9.0
[INFO] [stderr]    Compiling digest v0.8.1
[INFO] [stderr]    Compiling tracing-attributes v0.1.27
[INFO] [stderr]    Compiling ref-cast-impl v1.0.22
[INFO] [stderr]    Compiling wasmtime-jit-icache-coherence v8.0.1
[INFO] [stderr]    Compiling hex v0.4.3
[INFO] [stderr]    Compiling opaque-debug v0.3.0
[INFO] [stderr]    Compiling rustc-hex v2.1.0
[INFO] [stderr]    Compiling wasmtime v8.0.1
[INFO] [stderr]    Compiling futures-core v0.3.30
[INFO] [stderr]    Compiling iana-time-zone v0.1.59
[INFO] [stderr]    Compiling futures-sink v0.3.30
[INFO] [stderr]    Compiling futures-channel v0.3.30
[INFO] [stderr]    Compiling chrono v0.4.31
[INFO] [stderr]    Compiling sha2 v0.9.9
[INFO] [stderr]    Compiling regex-automata v0.1.10
[INFO] [stderr]    Compiling tracing v0.1.40
[INFO] [stderr]    Compiling block-buffer v0.7.3
[INFO] [stderr]    Compiling libsecp256k1-gen-ecmult v0.3.0
[INFO] [stderr]    Compiling libsecp256k1-gen-genmult v0.3.0
[INFO] [stderr]    Compiling sha2 v0.10.8
[INFO] [stderr]    Compiling toml_datetime v0.6.3
[INFO] [stderr]    Compiling serde_spanned v0.6.5
[INFO] [stderr]    Compiling cranelift-entity v0.95.1
[INFO] [stderr]    Compiling bincode v1.3.3
[INFO] [stderr]    Compiling toml_edit v0.20.2
[INFO] [stderr]    Compiling toml_edit v0.19.15
[INFO] [stderr]    Compiling wasmparser v0.102.0
[INFO] [stderr]    Compiling gimli v0.27.3
[INFO] [stderr]    Compiling object v0.30.4
[INFO] [stderr]    Compiling impl-serde v0.4.0
[INFO] [stderr]    Compiling tracing-serde v0.1.3
[INFO] [stderr]    Compiling matchers v0.0.1
[INFO] [stderr]    Compiling crypto-mac v0.11.1
[INFO] [stderr]    Compiling crypto-mac v0.8.0
[INFO] [stderr]    Compiling tracing-log v0.1.4
[INFO] [stderr]    Compiling futures-macro v0.3.30
[INFO] [stderr]    Compiling proc-macro-crate v2.0.1
[INFO] [stderr]    Compiling proc-macro-crate v1.3.1
[INFO] [stderr]    Compiling sp-debug-derive v12.0.0
[INFO] [stderr]    Compiling rand_chacha v0.2.2
[INFO] [stderr]    Compiling sharded-slab v0.1.7
[INFO] [stderr]    Compiling secp256k1-sys v0.6.1
[INFO] [stderr]    Compiling lock_api v0.4.11
[INFO] [stderr]    Compiling thread_local v1.1.7
[INFO] [stderr]    Compiling opaque-debug v0.2.3
[INFO] [stderr]    Compiling futures-io v0.3.30
[INFO] [stderr]    Compiling scale-info-derive v2.10.0
[INFO] [stderr]    Compiling ansi_term v0.12.1
[INFO] [stderr]    Compiling hash-db v0.16.0
[INFO] [stderr]    Compiling pin-utils v0.1.0
[INFO] [stderr]    Compiling either v1.9.0
[INFO] [stderr]    Compiling parking_lot_core v0.9.9
[INFO] [stderr]    Compiling futures-task v0.3.30
[INFO] [stderr]    Compiling unicode-xid v0.2.4
[INFO] [stderr]    Compiling fake-simd v0.1.2
[INFO] [stderr]    Compiling wasmtime-types v8.0.1
[INFO] [stderr]    Compiling parity-scale-codec-derive v3.6.9
[INFO] [stderr]    Compiling futures-util v0.3.30
[INFO] [stderr]    Compiling ss58-registry v1.44.0
[INFO] [stderr]    Compiling sha2 v0.8.2
[INFO] [stderr]    Compiling itertools v0.10.5
[INFO] [stderr]    Compiling wasmtime-environ v8.0.1
[INFO] [stderr]    Compiling addr2line v0.19.0
[INFO] [stderr]    Compiling tracing-subscriber v0.2.25
[INFO] [stderr]    Compiling rand v0.7.3
[INFO] [stderr]    Compiling parity-scale-codec v3.6.9
[INFO] [stderr]    Compiling hmac v0.8.1
[INFO] [stderr]    Compiling libsecp256k1 v0.7.1
[INFO] [stderr]    Compiling wasmtime-jit v8.0.1
[INFO] [stderr]    Compiling fixed-hash v0.8.0
[INFO] [stderr]    Compiling scale-info v2.10.0
[INFO] [stderr]    Compiling impl-codec v0.6.0
[INFO] [stderr]    Compiling sp-storage v17.0.0
[INFO] [stderr]    Compiling uint v0.9.5
[INFO] [stderr]    Compiling curve25519-dalek v2.1.3
[INFO] [stderr]    Compiling merlin v2.0.1
[INFO] [stderr]    Compiling num_cpus v1.16.0
[INFO] [stderr]    Compiling scopeguard v1.2.0
[INFO] [stderr]    Compiling environmental v1.1.4
[INFO] [stderr]    Compiling arrayvec v0.5.2
[INFO] [stderr]    Compiling semver v1.0.21
[INFO] [stderr]    Compiling sp-externalities v0.23.0
[INFO] [stderr]    Compiling schnorrkel v0.9.1
[INFO] [stderr]    Compiling futures-executor v0.3.30
[INFO] [stderr]    Compiling primitive-types v0.12.2
[INFO] [stderr]    Compiling sp-tracing v14.0.0
[INFO] [stderr]    Compiling hmac-drbg v0.3.0
[INFO] [stderr]    Compiling sp-runtime-interface-proc-macro v15.0.0
[INFO] [stderr]    Compiling pbkdf2 v0.8.0
[INFO] [stderr]    Compiling hmac v0.11.0
[INFO] [stderr]    Compiling blake2b_simd v1.0.2
[INFO] [stderr]    Compiling sha3 v0.10.8
[INFO] [stderr]    Compiling twox-hash v1.6.3
[INFO] [stderr]    Compiling sp-wasm-interface v18.0.0
[INFO] [stderr]    Compiling curve25519-dalek v3.2.0
[INFO] [stderr]    Compiling dyn-clonable-impl v0.9.0
[INFO] [stderr]    Compiling num-format v0.4.4
[INFO] [stderr]    Compiling base64 v0.13.1
[INFO] [stderr]    Compiling dyn-clone v1.0.16
[INFO] [stderr]    Compiling bitcoin_hashes v0.11.0
[INFO] [stderr]    Compiling dyn-clonable v0.9.0
[INFO] [stderr]    Compiling ed25519-zebra v3.1.0
[INFO] [stderr]    Compiling sp-core-hashing v13.0.0
[INFO] [stderr]    Compiling substrate-bip39 v0.4.5
[INFO] [stderr]    Compiling parking_lot v0.12.1
[INFO] [stderr]    Compiling futures v0.3.30
[INFO] [stderr]    Compiling secp256k1 v0.24.3
[INFO] [stderr]    Compiling bounded-collections v0.1.9
[INFO] [stderr]    Compiling blake2 v0.10.6
[INFO] [stderr]    Compiling bip39 v2.0.0
[INFO] [stderr]    Compiling secrecy v0.8.0
[INFO] [stderr]    Compiling hash256-std-hasher v0.15.2
[INFO] [stderr]    Compiling bs58 v0.5.0
[INFO] [stderr]    Compiling array-bytes v6.2.2
[INFO] [stderr]    Compiling rustc_version v0.4.0
[INFO] [stderr]    Compiling signature v2.2.0
[INFO] [stderr]    Compiling backtrace v0.3.69
[INFO] [stderr]    Compiling adler v1.0.2
[INFO] [stderr]    Compiling gimli v0.28.1
[INFO] [stderr]    Compiling platforms v3.3.0
[INFO] [stderr]    Compiling miniz_oxide v0.7.1
[INFO] [stderr]    Compiling object v0.32.2
[INFO] [stderr]    Compiling memory-db v0.32.0
[INFO] [stderr]    Compiling curve25519-dalek v4.1.1
[INFO] [stderr]    Compiling trie-root v0.18.0
[INFO] [stderr]    Compiling trie-db v0.28.0
[INFO] [stderr]    Compiling curve25519-dalek-derive v0.1.1
[INFO] [stderr]    Compiling schnellru v0.2.1
[INFO] [stderr]    Compiling nohash-hasher v0.2.0
[INFO] [stderr]    Compiling ed25519 v2.2.3
[INFO] [stderr]    Compiling sp-io v28.0.0
[INFO] [stderr]    Compiling sp-runtime-interface v22.0.0
[INFO] [stderr]    Compiling integer-sqrt v0.1.5
[INFO] [stderr]    Compiling tiny-keccak v2.0.2
[INFO] [stderr]    Compiling sp-arithmetic v21.0.0
[INFO] [stderr]    Compiling sp-core v26.0.0
[INFO] [stderr]    Compiling derive-syn-parse v0.1.5
[INFO] [stderr]    Compiling fs-err v2.11.0
[INFO] [stderr]    Compiling addr2line v0.21.0
[INFO] [stderr]    Compiling ed25519-dalek v2.1.0
[INFO] [stderr]    Compiling const-random-macro v0.1.16
[INFO] [stderr]    Compiling expander v2.0.0
[INFO] [stderr]    Compiling const-random v0.1.17
[INFO] [stderr]    Compiling sp-trie v27.0.0
[INFO] [stderr]    Compiling sp-keystore v0.32.0
[INFO] [stderr]    Compiling sp-weights v25.0.0
[INFO] [stderr]    Compiling der v0.7.8
[INFO] [stderr]    Compiling macro_magic_core_macros v0.5.0
[INFO] [stderr]    Compiling ff v0.13.0
[INFO] [stderr]    Compiling sp-panic-handler v12.0.0
[INFO] [stderr]    Compiling macro_magic_core v0.5.0
[INFO] [stderr]    Compiling sp-state-machine v0.33.0
[INFO] [stderr]    Compiling proc-macro-error-attr v1.0.4
[INFO] [stderr]    Compiling base16ct v0.2.0
[INFO] [stderr]    Compiling sp-core-hashing-proc-macro v13.0.0
[INFO] [stderr]    Compiling sp-version-proc-macro v12.0.0
[INFO] [stderr]    Compiling sec1 v0.7.3
[INFO] [stderr]    Compiling macro_magic_macros v0.5.0
[INFO] [stderr]    Compiling group v0.13.0
[INFO] [stderr]    Compiling frame-metadata v16.0.0
[INFO] [stderr]    Compiling hmac v0.12.1
[INFO] [stderr]    Compiling crypto-bigint v0.5.5
[INFO] [stderr]    Compiling proc-macro-error v1.0.4
[INFO] [stderr]    Compiling parity-wasm v0.45.0
[INFO] [stderr]    Compiling async-trait v0.1.77
[INFO] [stderr]    Compiling same-file v1.0.6
[INFO] [stderr]    Compiling walkdir v2.4.0
[INFO] [stderr]    Compiling sp-metadata-ir v0.4.0
[INFO] [stderr]    Compiling rfc6979 v0.4.0
[INFO] [stderr]    Compiling spki v0.7.3
[INFO] [stderr]    Compiling sp-api-proc-macro v13.0.0
[INFO] [stderr]    Compiling toml v0.8.2
[INFO] [stderr]    Compiling frame-support-procedural-tools-derive v10.0.0
[INFO] [stderr]    Compiling include_dir_macros v0.7.3
[INFO] [stderr]    Compiling elliptic-curve v0.13.8
[INFO] [stderr]    Compiling termcolor v1.4.0
[INFO] [stderr]    Compiling common-path v1.0.0
[INFO] [stderr]    Compiling docify_macros v0.2.7
[INFO] [stderr]    Compiling ecdsa v0.16.9
[INFO] [stderr]    Compiling cfg-expr v0.15.6
[INFO] [stderr]    Compiling include_dir v0.7.3
[INFO] [stderr]    Compiling frame-support-procedural-tools v9.0.0
[INFO] [stderr]    Compiling macro_magic v0.5.0
[INFO] [stderr]    Compiling proc-macro-warning v1.0.2
[INFO] [stderr]    Compiling strum_macros v0.24.3
[INFO] [stderr]    Compiling aquamarine v0.3.3
[INFO] [stderr]    Compiling frame-support-procedural v21.0.0
[INFO] [stderr]    Compiling sp-application-crypto v28.0.0
[INFO] [stderr]    Compiling k256 v0.13.2
[INFO] [stderr]    Compiling sp-runtime v29.0.0
[INFO] [stderr]    Compiling docify v0.2.7
[INFO] [stderr]    Compiling tt-call v1.0.9
[INFO] [stderr]    Compiling strum v0.24.1
[INFO] [stderr]    Compiling sp-version v27.0.0
[INFO] [stderr]    Compiling sp-staking v24.0.0
[INFO] [stderr]    Compiling sp-inherents v24.0.0
[INFO] [stderr]    Compiling sp-keyring v29.0.0
[INFO] [stderr]    Compiling sp-api v24.0.0
[INFO] [stderr]    Compiling sp-genesis-builder v0.5.0
[INFO] [stderr]    Compiling frame-support v26.0.0
[INFO] [stderr]    Compiling frame-system v26.0.0
[INFO] [stderr]    Compiling pallet-indices v26.0.0 (/opt/rustwide/workdir)
[INFO] [stdout] warning: unused implementer of `frame_support::traits::Imbalance` in tuple element 0 that must be used
[INFO] [stdout]    --> src/lib.rs:226:5
[INFO] [stdout]     |
[INFO] [stdout] 226 |                 T::Currency::slash_reserved(&who, amount);
[INFO] [stdout]     |                 ^^^^^^^^^^^^^^^^^^^^^^^^^^^^^^^^^^^^^^^^^
[INFO] [stdout]     |
[INFO] [stdout]     = note: `#[warn(unused_must_use)]` on by default
[INFO] [stdout] 
[INFO] [stdout] 
[INFO] [stdout] warning: 1 warning emitted
[INFO] [stdout] 
[INFO] [stdout] 
[INFO] [stderr]     Finished dev [unoptimized + debuginfo] target(s) in 3m 35s
[INFO] running `Command { std: "docker" "inspect" "51d8119cf03288877b632c3e456808e78395a0ffd6a11c21181eaa0adba17e6e", kill_on_drop: false }`
[INFO] running `Command { std: "docker" "rm" "-f" "51d8119cf03288877b632c3e456808e78395a0ffd6a11c21181eaa0adba17e6e", kill_on_drop: false }`
[INFO] [stdout] 51d8119cf03288877b632c3e456808e78395a0ffd6a11c21181eaa0adba17e6e
[INFO] running `Command { std: "docker" "create" "-v" "/var/lib/crater-agent-workspace/builds/worker-3-tc2/target:/opt/rustwide/target:rw,Z" "-v" "/var/lib/crater-agent-workspace/builds/worker-3-tc2/source:/opt/rustwide/workdir:ro,Z" "-v" "/var/lib/crater-agent-workspace/cargo-home:/opt/rustwide/cargo-home:ro,Z" "-v" "/var/lib/crater-agent-workspace/rustup-home:/opt/rustwide/rustup-home:ro,Z" "-e" "SOURCE_DIR=/opt/rustwide/workdir" "-e" "CARGO_TARGET_DIR=/opt/rustwide/target" "-e" "CARGO_INCREMENTAL=0" "-e" "RUST_BACKTRACE=full" "-e" "RUSTFLAGS=--cap-lints=warn" "-e" "RUSTDOCFLAGS=--cap-lints=warn" "-e" "CARGO_HOME=/opt/rustwide/cargo-home" "-e" "RUSTUP_HOME=/opt/rustwide/rustup-home" "-w" "/opt/rustwide/workdir" "-m" "1610612736" "--user" "0:0" "--network" "none" "ghcr.io/rust-lang/crates-build-env/linux@sha256:2788e3201cd34a07e3172128adcd8b3090168a8e3bcc40d7c032b9dda1df7d1c" "/opt/rustwide/cargo-home/bin/cargo" "+beta-2023-12-22" "test" "--frozen" "--no-run" "--message-format=json", kill_on_drop: false }`
[INFO] [stdout] d5f30dc9846bf84b784b19164eebdc3da38fd9ac7cb29c66057289a9e57c3b51
[INFO] running `Command { std: "docker" "start" "-a" "d5f30dc9846bf84b784b19164eebdc3da38fd9ac7cb29c66057289a9e57c3b51", kill_on_drop: false }`
[INFO] [stdout] warning: unused implementer of `frame_support::traits::Imbalance` in tuple element 0 that must be used
[INFO] [stdout]    --> src/lib.rs:226:5
[INFO] [stdout]     |
[INFO] [stdout] 226 |                 T::Currency::slash_reserved(&who, amount);
[INFO] [stdout]     |                 ^^^^^^^^^^^^^^^^^^^^^^^^^^^^^^^^^^^^^^^^^
[INFO] [stdout]     |
[INFO] [stdout]     = note: `#[warn(unused_must_use)]` on by default
[INFO] [stdout] 
[INFO] [stdout] 
[INFO] [stderr]    Compiling pallet-indices v26.0.0 (/opt/rustwide/workdir)
[INFO] [stdout] warning: 1 warning emitted
[INFO] [stdout] 
[INFO] [stdout] 
[INFO] [stdout] error[E0432]: unresolved import `pallet_balances`
[INFO] [stdout]   --> src/tests.rs:24:5
[INFO] [stdout]    |
[INFO] [stdout] 24 | use pallet_balances::Error as BalancesError;
[INFO] [stdout]    |     ^^^^^^^^^^^^^^^ use of undeclared crate or module `pallet_balances`
[INFO] [stdout] 
[INFO] [stdout] 
[INFO] [stdout] error[E0433]: failed to resolve: use of undeclared crate or module `pallet_balances`
[INFO] [stdout]   --> src/mock.rs:33:13
[INFO] [stdout]    |
[INFO] [stdout] 33 |         Balances: pallet_balances::{Pallet, Call, Storage, Config<T>, Event<T>},
[INFO] [stdout]    |                   ^^^^^^^^^^^^^^^ use of undeclared crate or module `pallet_balances`
[INFO] [stdout] 
[INFO] [stdout] 
[INFO] [stdout] error[E0412]: cannot find type `Test` in this scope
[INFO] [stdout]   --> src/mock.rs:27:47
[INFO] [stdout]    |
[INFO] [stdout] 27 | type Block = frame_system::mocking::MockBlock<Test>;
[INFO] [stdout]    |                                               ^^^^ not found in this scope
[INFO] [stdout]    |
[INFO] [stdout] help: you might be missing a type parameter
[INFO] [stdout]    |
[INFO] [stdout] 27 | type Block<Test> = frame_system::mocking::MockBlock<Test>;
[INFO] [stdout]    |           ++++++
[INFO] [stdout] 
[INFO] [stdout] 
[INFO] [stdout] error[E0412]: cannot find type `Test` in this scope
[INFO] [stdout]   --> src/mock.rs:38:31
[INFO] [stdout]    |
[INFO] [stdout] 38 | impl frame_system::Config for Test {
[INFO] [stdout]    |                               ^^^^ not found in this scope
[INFO] [stdout] 
[INFO] [stdout] 
[INFO] [stdout] error[E0412]: cannot find type `RuntimeOrigin` in this scope
[INFO] [stdout]   --> src/mock.rs:43:23
[INFO] [stdout]    |
[INFO] [stdout] 43 |     type RuntimeOrigin = RuntimeOrigin;
[INFO] [stdout]    |                          ^^^^^^^^^^^^^
[INFO] [stdout]    |
[INFO] [stdout] help: you might have meant to use the associated type
[INFO] [stdout]    |
[INFO] [stdout] 43 |     type RuntimeOrigin = Self::RuntimeOrigin;
[INFO] [stdout]    |                          ++++++
[INFO] [stdout] 
[INFO] [stdout] 
[INFO] [stdout] error[E0412]: cannot find type `RuntimeCall` in this scope
[INFO] [stdout]   --> src/mock.rs:44:21
[INFO] [stdout]    |
[INFO] [stdout] 44 |     type RuntimeCall = RuntimeCall;
[INFO] [stdout]    |                        ^^^^^^^^^^^
[INFO] [stdout]    |
[INFO] [stdout] help: you might have meant to use the associated type
[INFO] [stdout]    |
[INFO] [stdout] 44 |     type RuntimeCall = Self::RuntimeCall;
[INFO] [stdout]    |                        ++++++
[INFO] [stdout] 
[INFO] [stdout] 
[INFO] [stdout] error[E0412]: cannot find type `Indices` in this scope
[INFO] [stdout]   --> src/mock.rs:49:16
[INFO] [stdout]    |
[INFO] [stdout] 49 |     type Lookup = Indices;
[INFO] [stdout]    |                   ^^^^^^^ not found in this scope
[INFO] [stdout] 
[INFO] [stdout] 
[INFO] [stdout] error[E0412]: cannot find type `RuntimeEvent` in this scope
[INFO] [stdout]   --> src/mock.rs:51:22
[INFO] [stdout]    |
[INFO] [stdout] 51 |     type RuntimeEvent = RuntimeEvent;
[INFO] [stdout]    |                         ^^^^^^^^^^^^
[INFO] [stdout]    |
[INFO] [stdout] help: you might have meant to use the associated type
[INFO] [stdout]    |
[INFO] [stdout] 51 |     type RuntimeEvent = Self::RuntimeEvent;
[INFO] [stdout]    |                         ++++++
[INFO] [stdout] 
[INFO] [stdout] 
[INFO] [stdout] error[E0412]: cannot find type `PalletInfo` in this scope
[INFO] [stdout]   --> src/mock.rs:54:20
[INFO] [stdout]    |
[INFO] [stdout] 54 |     type PalletInfo = PalletInfo;
[INFO] [stdout]    |                       ^^^^^^^^^^
[INFO] [stdout]    |
[INFO] [stdout] help: you might have meant to use the associated type
[INFO] [stdout]    |
[INFO] [stdout] 54 |     type PalletInfo = Self::PalletInfo;
[INFO] [stdout]    |                       ++++++
[INFO] [stdout] help: consider importing this trait
[INFO] [stdout]    |
[INFO] [stdout] 22 + use frame_support::traits::PalletInfo;
[INFO] [stdout]    |
[INFO] [stdout] 
[INFO] [stdout] 
[INFO] [stdout] error[E0412]: cannot find type `Test` in this scope
[INFO] [stdout]   --> src/mock.rs:64:34
[INFO] [stdout]    |
[INFO] [stdout] 64 | impl pallet_balances::Config for Test {
[INFO] [stdout]    |                                  ^^^^ not found in this scope
[INFO] [stdout] 
[INFO] [stdout] 
[INFO] [stdout] error[E0412]: cannot find type `RuntimeEvent` in this scope
[INFO] [stdout]   --> src/mock.rs:70:22
[INFO] [stdout]    |
[INFO] [stdout] 70 |     type RuntimeEvent = RuntimeEvent;
[INFO] [stdout]    |                         ^^^^^^^^^^^^ not found in this scope
[INFO] [stdout] 
[INFO] [stdout] 
[INFO] [stdout] error[E0412]: cannot find type `System` in this scope
[INFO] [stdout]   --> src/mock.rs:72:22
[INFO] [stdout]    |
[INFO] [stdout] 72 |     type AccountStore = System;
[INFO] [stdout]    |                         ^^^^^^ not found in this scope
[INFO] [stdout]    |
[INFO] [stdout] help: consider importing one of these items
[INFO] [stdout]    |
[INFO] [stdout] 22 + use codec::alloc::alloc::System;
[INFO] [stdout]    |
[INFO] [stdout] 22 + use sp_std::alloc::System;
[INFO] [stdout]    |
[INFO] [stdout] 22 + use std::alloc::System;
[INFO] [stdout]    |
[INFO] [stdout] 
[INFO] [stdout] 
[INFO] [stdout] error[E0412]: cannot find type `Test` in this scope
[INFO] [stdout]   --> src/mock.rs:81:17
[INFO] [stdout]    |
[INFO] [stdout] 81 | impl Config for Test {
[INFO] [stdout]    |                 ^^^^ not found in this scope
[INFO] [stdout] 
[INFO] [stdout] 
[INFO] [stdout] error[E0412]: cannot find type `Balances` in this scope
[INFO] [stdout]   --> src/mock.rs:83:18
[INFO] [stdout]    |
[INFO] [stdout] 83 |     type Currency = Balances;
[INFO] [stdout]    |                     ^^^^^^^^ not found in this scope
[INFO] [stdout] 
[INFO] [stdout] 
[INFO] [stdout] error[E0412]: cannot find type `RuntimeEvent` in this scope
[INFO] [stdout]   --> src/mock.rs:85:22
[INFO] [stdout]    |
[INFO] [stdout] 85 |     type RuntimeEvent = RuntimeEvent;
[INFO] [stdout]    |                         ^^^^^^^^^^^^
[INFO] [stdout]    |
[INFO] [stdout] help: you might have meant to use the associated type
[INFO] [stdout]    |
[INFO] [stdout] 85 |     type RuntimeEvent = Self::RuntimeEvent;
[INFO] [stdout]    |                         ++++++
[INFO] [stdout] 
[INFO] [stdout] 
[INFO] [stdout] error[E0412]: cannot find type `Test` in this scope
[INFO] [stdout]   --> src/mock.rs:90:44
[INFO] [stdout]    |
[INFO] [stdout] 90 |     let mut t = frame_system::GenesisConfig::<Test>::default().build_storage().unwrap();
[INFO] [stdout]    |                                               ^^^^ not found in this scope
[INFO] [stdout]    |
[INFO] [stdout] help: you might be missing a type parameter
[INFO] [stdout]    |
[INFO] [stdout] 89 | pub fn new_test_ext<Test>() -> sp_io::TestExternalities {
[INFO] [stdout]    |                    ++++++
[INFO] [stdout] 
[INFO] [stdout] 
[INFO] [stdout] error[E0412]: cannot find type `Test` in this scope
[INFO] [stdout]   --> src/mock.rs:91:35
[INFO] [stdout]    |
[INFO] [stdout] 91 |     pallet_balances::GenesisConfig::<Test> {
[INFO] [stdout]    |                                      ^^^^ not found in this scope
[INFO] [stdout]    |
[INFO] [stdout] help: you might be missing a type parameter
[INFO] [stdout]    |
[INFO] [stdout] 89 | pub fn new_test_ext<Test>() -> sp_io::TestExternalities {
[INFO] [stdout]    |                    ++++++
[INFO] [stdout] 
[INFO] [stdout] 
[INFO] [stdout] error[E0412]: cannot find type `Test` in this scope
[INFO] [stdout]   --> src/tests.rs:32:20
[INFO] [stdout]    |
[INFO] [stdout] 32 |             BalancesError::<Test, _>::InsufficientBalance
[INFO] [stdout]    |                             ^^^^ not found in this scope
[INFO] [stdout]    |
[INFO] [stdout] help: you might be missing a type parameter
[INFO] [stdout]    |
[INFO] [stdout] 28 | fn claiming_should_work<Test>() {
[INFO] [stdout]    |                        ++++++
[INFO] [stdout] 
[INFO] [stdout] 
[INFO] [stdout] error[E0412]: cannot find type `Test` in this scope
[INFO] [stdout]   --> src/tests.rs:35:59
[INFO] [stdout]    |
[INFO] [stdout] 35 |         assert_noop!(Indices::claim(Some(2).into(), 0), Error::<Test>::InUse);
[INFO] [stdout]    |                                                                 ^^^^ not found in this scope
[INFO] [stdout]    |
[INFO] [stdout] help: you might be missing a type parameter
[INFO] [stdout]    |
[INFO] [stdout] 28 | fn claiming_should_work<Test>() {
[INFO] [stdout]    |                        ++++++
[INFO] [stdout] 
[INFO] [stdout] 
[INFO] [stdout] error[E0412]: cannot find type `Test` in this scope
[INFO] [stdout]   --> src/tests.rs:45:58
[INFO] [stdout]    |
[INFO] [stdout] 45 |         assert_noop!(Indices::free(Some(0).into(), 0), Error::<Test>::NotOwner);
[INFO] [stdout]    |                                                                ^^^^ not found in this scope
[INFO] [stdout]    |
[INFO] [stdout] help: you might be missing a type parameter
[INFO] [stdout]    |
[INFO] [stdout] 41 | fn freeing_should_work<Test>() {
[INFO] [stdout]    |                       ++++++
[INFO] [stdout] 
[INFO] [stdout] 
[INFO] [stdout] error[E0412]: cannot find type `Test` in this scope
[INFO] [stdout]   --> src/tests.rs:46:58
[INFO] [stdout]    |
[INFO] [stdout] 46 |         assert_noop!(Indices::free(Some(1).into(), 1), Error::<Test>::NotOwner);
[INFO] [stdout]    |                                                                ^^^^ not found in this scope
[INFO] [stdout]    |
[INFO] [stdout] help: you might be missing a type parameter
[INFO] [stdout]    |
[INFO] [stdout] 41 | fn freeing_should_work<Test>() {
[INFO] [stdout]    |                       ++++++
[INFO] [stdout] 
[INFO] [stdout] 
[INFO] [stdout] error[E0412]: cannot find type `Test` in this scope
[INFO] [stdout]   --> src/tests.rs:47:58
[INFO] [stdout]    |
[INFO] [stdout] 47 |         assert_noop!(Indices::free(Some(1).into(), 2), Error::<Test>::NotAssigned);
[INFO] [stdout]    |                                                                ^^^^ not found in this scope
[INFO] [stdout]    |
[INFO] [stdout] help: you might be missing a type parameter
[INFO] [stdout]    |
[INFO] [stdout] 41 | fn freeing_should_work<Test>() {
[INFO] [stdout]    |                       ++++++
[INFO] [stdout] 
[INFO] [stdout] 
[INFO] [stdout] error[E0412]: cannot find type `Test` in this scope
[INFO] [stdout]   --> src/tests.rs:50:58
[INFO] [stdout]    |
[INFO] [stdout] 50 |         assert_noop!(Indices::free(Some(1).into(), 0), Error::<Test>::NotAssigned);
[INFO] [stdout]    |                                                                ^^^^ not found in this scope
[INFO] [stdout]    |
[INFO] [stdout] help: you might be missing a type parameter
[INFO] [stdout]    |
[INFO] [stdout] 41 | fn freeing_should_work<Test>() {
[INFO] [stdout]    |                       ++++++
[INFO] [stdout] 
[INFO] [stdout] 
[INFO] [stdout] error[E0412]: cannot find type `Test` in this scope
[INFO] [stdout]   --> src/tests.rs:58:60
[INFO] [stdout]    |
[INFO] [stdout] 58 |         assert_noop!(Indices::freeze(Some(1).into(), 1), Error::<Test>::NotAssigned);
[INFO] [stdout]    |                                                                  ^^^^ not found in this scope
[INFO] [stdout]    |
[INFO] [stdout] help: you might be missing a type parameter
[INFO] [stdout]    |
[INFO] [stdout] 55 | fn freezing_should_work<Test>() {
[INFO] [stdout]    |                        ++++++
[INFO] [stdout] 
[INFO] [stdout] 
[INFO] [stdout] error[E0412]: cannot find type `Test` in this scope
[INFO] [stdout]   --> src/tests.rs:59:60
[INFO] [stdout]    |
[INFO] [stdout] 59 |         assert_noop!(Indices::freeze(Some(2).into(), 0), Error::<Test>::NotOwner);
[INFO] [stdout]    |                                                                  ^^^^ not found in this scope
[INFO] [stdout]    |
[INFO] [stdout] help: you might be missing a type parameter
[INFO] [stdout]    |
[INFO] [stdout] 55 | fn freezing_should_work<Test>() {
[INFO] [stdout]    |                        ++++++
[INFO] [stdout] 
[INFO] [stdout] 
[INFO] [stdout] error[E0412]: cannot find type `Test` in this scope
[INFO] [stdout]   --> src/tests.rs:61:60
[INFO] [stdout]    |
[INFO] [stdout] 61 |         assert_noop!(Indices::freeze(Some(1).into(), 0), Error::<Test>::Permanent);
[INFO] [stdout]    |                                                                  ^^^^ not found in this scope
[INFO] [stdout]    |
[INFO] [stdout] help: you might be missing a type parameter
[INFO] [stdout]    |
[INFO] [stdout] 55 | fn freezing_should_work<Test>() {
[INFO] [stdout]    |                        ++++++
[INFO] [stdout] 
[INFO] [stdout] 
[INFO] [stdout] error[E0412]: cannot find type `Test` in this scope
[INFO] [stdout]   --> src/tests.rs:63:58
[INFO] [stdout]    |
[INFO] [stdout] 63 |         assert_noop!(Indices::free(Some(1).into(), 0), Error::<Test>::Permanent);
[INFO] [stdout]    |                                                                ^^^^ not found in this scope
[INFO] [stdout]    |
[INFO] [stdout] help: you might be missing a type parameter
[INFO] [stdout]    |
[INFO] [stdout] 55 | fn freezing_should_work<Test>() {
[INFO] [stdout]    |                        ++++++
[INFO] [stdout] 
[INFO] [stdout] 
[INFO] [stdout] error[E0412]: cannot find type `Test` in this scope
[INFO] [stdout]   --> src/tests.rs:64:69
[INFO] [stdout]    |
[INFO] [stdout] 64 |         assert_noop!(Indices::transfer(Some(1).into(), Id(2), 0), Error::<Test>::Permanent);
[INFO] [stdout]    |                                                                           ^^^^ not found in this scope
[INFO] [stdout]    |
[INFO] [stdout] help: you might be missing a type parameter
[INFO] [stdout]    |
[INFO] [stdout] 55 | fn freezing_should_work<Test>() {
[INFO] [stdout]    |                        ++++++
[INFO] [stdout] 
[INFO] [stdout] 
[INFO] [stdout] error[E0412]: cannot find type `Test` in this scope
[INFO] [stdout]   --> src/tests.rs:94:69
[INFO] [stdout]    |
[INFO] [stdout] 94 |         assert_noop!(Indices::transfer(Some(1).into(), Id(2), 1), Error::<Test>::NotAssigned);
[INFO] [stdout]    |                                                                           ^^^^ not found in this scope
[INFO] [stdout]    |
[INFO] [stdout] help: you might be missing a type parameter
[INFO] [stdout]    |
[INFO] [stdout] 91 | fn transfer_index_on_accounts_should_work<Test>() {
[INFO] [stdout]    |                                          ++++++
[INFO] [stdout] 
[INFO] [stdout] 
[INFO] [stdout] error[E0412]: cannot find type `Test` in this scope
[INFO] [stdout]   --> src/tests.rs:95:69
[INFO] [stdout]    |
[INFO] [stdout] 95 |         assert_noop!(Indices::transfer(Some(2).into(), Id(3), 0), Error::<Test>::NotOwner);
[INFO] [stdout]    |                                                                           ^^^^ not found in this scope
[INFO] [stdout]    |
[INFO] [stdout] help: you might be missing a type parameter
[INFO] [stdout]    |
[INFO] [stdout] 91 | fn transfer_index_on_accounts_should_work<Test>() {
[INFO] [stdout]    |                                          ++++++
[INFO] [stdout] 
[INFO] [stdout] 
[INFO] [stdout] error[E0433]: failed to resolve: use of undeclared crate or module `pallet_balances`
[INFO] [stdout]   --> src/mock.rs:55:21
[INFO] [stdout]    |
[INFO] [stdout] 55 |     type AccountData = pallet_balances::AccountData<u64>;
[INFO] [stdout]    |                        ^^^^^^^^^^^^^^^ use of undeclared crate or module `pallet_balances`
[INFO] [stdout] 
[INFO] [stdout] 
[INFO] [stdout] error[E0433]: failed to resolve: use of undeclared crate or module `pallet_balances`
[INFO] [stdout]   --> src/mock.rs:64:6
[INFO] [stdout]    |
[INFO] [stdout] 64 | impl pallet_balances::Config for Test {
[INFO] [stdout]    |      ^^^^^^^^^^^^^^^ use of undeclared crate or module `pallet_balances`
[INFO] [stdout] 
[INFO] [stdout] 
[INFO] [stdout] error[E0433]: failed to resolve: use of undeclared crate or module `pallet_balances`
[INFO] [stdout]   --> src/mock.rs:91:2
[INFO] [stdout]    |
[INFO] [stdout] 91 |     pallet_balances::GenesisConfig::<Test> {
[INFO] [stdout]    |     ^^^^^^^^^^^^^^^ use of undeclared crate or module `pallet_balances`
[INFO] [stdout] 
[INFO] [stdout] 
[INFO] [stdout] error[E0433]: failed to resolve: use of undeclared type `Indices`
[INFO] [stdout]   --> src/tests.rs:31:4
[INFO] [stdout]    |
[INFO] [stdout] 31 |             Indices::claim(Some(0).into(), 0),
[INFO] [stdout]    |             ^^^^^^^ use of undeclared type `Indices`
[INFO] [stdout] 
[INFO] [stdout] 
[INFO] [stdout] error[E0433]: failed to resolve: use of undeclared type `Indices`
[INFO] [stdout]   --> src/tests.rs:34:14
[INFO] [stdout]    |
[INFO] [stdout] 34 |         assert_ok!(Indices::claim(Some(1).into(), 0));
[INFO] [stdout]    |                    ^^^^^^^ use of undeclared type `Indices`
[INFO] [stdout] 
[INFO] [stdout] 
[INFO] [stdout] error[E0433]: failed to resolve: use of undeclared type `Indices`
[INFO] [stdout]   --> src/tests.rs:35:16
[INFO] [stdout]    |
[INFO] [stdout] 35 |         assert_noop!(Indices::claim(Some(2).into(), 0), Error::<Test>::InUse);
[INFO] [stdout]    |                      ^^^^^^^ use of undeclared type `Indices`
[INFO] [stdout] 
[INFO] [stdout] 
[INFO] [stdout] error[E0433]: failed to resolve: use of undeclared type `Balances`
[INFO] [stdout]   --> src/tests.rs:36:14
[INFO] [stdout]    |
[INFO] [stdout] 36 |         assert_eq!(Balances::reserved_balance(1), 1);
[INFO] [stdout]    |                    ^^^^^^^^
[INFO] [stdout]    |                    |
[INFO] [stdout]    |                    use of undeclared type `Balances`
[INFO] [stdout]    |                    help: a type alias with a similar name exists: `BalanceOf`
[INFO] [stdout] 
[INFO] [stdout] 
[INFO] [stdout] error[E0433]: failed to resolve: use of undeclared type `Indices`
[INFO] [stdout]   --> src/tests.rs:43:14
[INFO] [stdout]    |
[INFO] [stdout] 43 |         assert_ok!(Indices::claim(Some(1).into(), 0));
[INFO] [stdout]    |                    ^^^^^^^ use of undeclared type `Indices`
[INFO] [stdout] 
[INFO] [stdout] 
[INFO] [stdout] error[E0433]: failed to resolve: use of undeclared type `Indices`
[INFO] [stdout]   --> src/tests.rs:44:14
[INFO] [stdout]    |
[INFO] [stdout] 44 |         assert_ok!(Indices::claim(Some(2).into(), 1));
[INFO] [stdout]    |                    ^^^^^^^ use of undeclared type `Indices`
[INFO] [stdout] 
[INFO] [stdout] 
[INFO] [stdout] error[E0433]: failed to resolve: use of undeclared type `Indices`
[INFO] [stdout]   --> src/tests.rs:45:16
[INFO] [stdout]    |
[INFO] [stdout] 45 |         assert_noop!(Indices::free(Some(0).into(), 0), Error::<Test>::NotOwner);
[INFO] [stdout]    |                      ^^^^^^^ use of undeclared type `Indices`
[INFO] [stdout] 
[INFO] [stdout] 
[INFO] [stdout] error[E0433]: failed to resolve: use of undeclared type `Indices`
[INFO] [stdout]   --> src/tests.rs:46:16
[INFO] [stdout]    |
[INFO] [stdout] 46 |         assert_noop!(Indices::free(Some(1).into(), 1), Error::<Test>::NotOwner);
[INFO] [stdout]    |                      ^^^^^^^ use of undeclared type `Indices`
[INFO] [stdout] 
[INFO] [stdout] 
[INFO] [stdout] error[E0433]: failed to resolve: use of undeclared type `Indices`
[INFO] [stdout]   --> src/tests.rs:47:16
[INFO] [stdout]    |
[INFO] [stdout] 47 |         assert_noop!(Indices::free(Some(1).into(), 2), Error::<Test>::NotAssigned);
[INFO] [stdout]    |                      ^^^^^^^ use of undeclared type `Indices`
[INFO] [stdout] 
[INFO] [stdout] 
[INFO] [stdout] error[E0433]: failed to resolve: use of undeclared type `Indices`
[INFO] [stdout]   --> src/tests.rs:48:14
[INFO] [stdout]    |
[INFO] [stdout] 48 |         assert_ok!(Indices::free(Some(1).into(), 0));
[INFO] [stdout]    |                    ^^^^^^^ use of undeclared type `Indices`
[INFO] [stdout] 
[INFO] [stdout] 
[INFO] [stdout] error[E0433]: failed to resolve: use of undeclared type `Balances`
[INFO] [stdout]   --> src/tests.rs:49:14
[INFO] [stdout]    |
[INFO] [stdout] 49 |         assert_eq!(Balances::reserved_balance(1), 0);
[INFO] [stdout]    |                    ^^^^^^^^
[INFO] [stdout]    |                    |
[INFO] [stdout]    |                    use of undeclared type `Balances`
[INFO] [stdout]    |                    help: a type alias with a similar name exists: `BalanceOf`
[INFO] [stdout] 
[INFO] [stdout] 
[INFO] [stdout] error[E0433]: failed to resolve: use of undeclared type `Indices`
[INFO] [stdout]   --> src/tests.rs:50:16
[INFO] [stdout]    |
[INFO] [stdout] 50 |         assert_noop!(Indices::free(Some(1).into(), 0), Error::<Test>::NotAssigned);
[INFO] [stdout]    |                      ^^^^^^^ use of undeclared type `Indices`
[INFO] [stdout] 
[INFO] [stdout] 
[INFO] [stdout] error[E0433]: failed to resolve: use of undeclared type `Indices`
[INFO] [stdout]   --> src/tests.rs:57:14
[INFO] [stdout]    |
[INFO] [stdout] 57 |         assert_ok!(Indices::claim(Some(1).into(), 0));
[INFO] [stdout]    |                    ^^^^^^^ use of undeclared type `Indices`
[INFO] [stdout] 
[INFO] [stdout] 
[INFO] [stdout] error[E0433]: failed to resolve: use of undeclared type `Indices`
[INFO] [stdout]   --> src/tests.rs:58:16
[INFO] [stdout]    |
[INFO] [stdout] 58 |         assert_noop!(Indices::freeze(Some(1).into(), 1), Error::<Test>::NotAssigned);
[INFO] [stdout]    |                      ^^^^^^^ use of undeclared type `Indices`
[INFO] [stdout] 
[INFO] [stdout] 
[INFO] [stdout] error[E0433]: failed to resolve: use of undeclared type `Indices`
[INFO] [stdout]   --> src/tests.rs:59:16
[INFO] [stdout]    |
[INFO] [stdout] 59 |         assert_noop!(Indices::freeze(Some(2).into(), 0), Error::<Test>::NotOwner);
[INFO] [stdout]    |                      ^^^^^^^ use of undeclared type `Indices`
[INFO] [stdout] 
[INFO] [stdout] 
[INFO] [stdout] error[E0433]: failed to resolve: use of undeclared type `Indices`
[INFO] [stdout]   --> src/tests.rs:60:14
[INFO] [stdout]    |
[INFO] [stdout] 60 |         assert_ok!(Indices::freeze(Some(1).into(), 0));
[INFO] [stdout]    |                    ^^^^^^^ use of undeclared type `Indices`
[INFO] [stdout] 
[INFO] [stdout] 
[INFO] [stdout] error[E0433]: failed to resolve: use of undeclared type `Indices`
[INFO] [stdout]   --> src/tests.rs:61:16
[INFO] [stdout]    |
[INFO] [stdout] 61 |         assert_noop!(Indices::freeze(Some(1).into(), 0), Error::<Test>::Permanent);
[INFO] [stdout]    |                      ^^^^^^^ use of undeclared type `Indices`
[INFO] [stdout] 
[INFO] [stdout] 
[INFO] [stdout] error[E0433]: failed to resolve: use of undeclared type `Indices`
[INFO] [stdout]   --> src/tests.rs:63:16
[INFO] [stdout]    |
[INFO] [stdout] 63 |         assert_noop!(Indices::free(Some(1).into(), 0), Error::<Test>::Permanent);
[INFO] [stdout]    |                      ^^^^^^^ use of undeclared type `Indices`
[INFO] [stdout] 
[INFO] [stdout] 
[INFO] [stdout] error[E0433]: failed to resolve: use of undeclared type `Indices`
[INFO] [stdout]   --> src/tests.rs:64:16
[INFO] [stdout]    |
[INFO] [stdout] 64 |         assert_noop!(Indices::transfer(Some(1).into(), Id(2), 0), Error::<Test>::Permanent);
[INFO] [stdout]    |                      ^^^^^^^ use of undeclared type `Indices`
[INFO] [stdout] 
[INFO] [stdout] 
[INFO] [stdout] error[E0433]: failed to resolve: use of undeclared type `Indices`
[INFO] [stdout]   --> src/tests.rs:71:14
[INFO] [stdout]    |
[INFO] [stdout] 71 |         assert_ok!(Indices::claim(Some(1).into(), 0));
[INFO] [stdout]    |                    ^^^^^^^ use of undeclared type `Indices`
[INFO] [stdout] 
[INFO] [stdout] 
[INFO] [stdout] error[E0433]: failed to resolve: use of undeclared type `Indices`
[INFO] [stdout]   --> src/tests.rs:72:14
[INFO] [stdout]    |
[INFO] [stdout] 72 |         assert_ok!(Indices::claim(Some(2).into(), 1));
[INFO] [stdout]    |                    ^^^^^^^ use of undeclared type `Indices`
[INFO] [stdout] 
[INFO] [stdout] 
[INFO] [stdout] error[E0433]: failed to resolve: use of undeclared type `Indices`
[INFO] [stdout]   --> src/tests.rs:73:14
[INFO] [stdout]    |
[INFO] [stdout] 73 |         assert_eq!(Indices::lookup_index(0), Some(1));
[INFO] [stdout]    |                    ^^^^^^^ use of undeclared type `Indices`
[INFO] [stdout] 
[INFO] [stdout] 
[INFO] [stdout] error[E0433]: failed to resolve: use of undeclared type `Indices`
[INFO] [stdout]   --> src/tests.rs:74:14
[INFO] [stdout]    |
[INFO] [stdout] 74 |         assert_eq!(Indices::lookup_index(1), Some(2));
[INFO] [stdout]    |                    ^^^^^^^ use of undeclared type `Indices`
[INFO] [stdout] 
[INFO] [stdout] 
[INFO] [stdout] error[E0433]: failed to resolve: use of undeclared type `Indices`
[INFO] [stdout]   --> src/tests.rs:75:14
[INFO] [stdout]    |
[INFO] [stdout] 75 |         assert_eq!(Indices::lookup_index(2), None);
[INFO] [stdout]    |                    ^^^^^^^ use of undeclared type `Indices`
[INFO] [stdout] 
[INFO] [stdout] 
[INFO] [stdout] error[E0433]: failed to resolve: use of undeclared type `Indices`
[INFO] [stdout]   --> src/tests.rs:82:14
[INFO] [stdout]    |
[INFO] [stdout] 82 |         assert_ok!(Indices::claim(Some(1).into(), 0));
[INFO] [stdout]    |                    ^^^^^^^ use of undeclared type `Indices`
[INFO] [stdout] 
[INFO] [stdout] 
[INFO] [stdout] error[E0433]: failed to resolve: use of undeclared type `Indices`
[INFO] [stdout]   --> src/tests.rs:83:14
[INFO] [stdout]    |
[INFO] [stdout] 83 |         assert_ok!(Indices::free(Some(1).into(), 0));
[INFO] [stdout]    |                    ^^^^^^^ use of undeclared type `Indices`
[INFO] [stdout] 
[INFO] [stdout] 
[INFO] [stdout] error[E0433]: failed to resolve: use of undeclared type `Indices`
[INFO] [stdout]   --> src/tests.rs:84:14
[INFO] [stdout]    |
[INFO] [stdout] 84 |         assert_ok!(Indices::claim(Some(2).into(), 0));
[INFO] [stdout]    |                    ^^^^^^^ use of undeclared type `Indices`
[INFO] [stdout] 
[INFO] [stdout] 
[INFO] [stdout] error[E0433]: failed to resolve: use of undeclared type `Indices`
[INFO] [stdout]   --> src/tests.rs:85:14
[INFO] [stdout]    |
[INFO] [stdout] 85 |         assert_eq!(Indices::lookup_index(0), Some(2));
[INFO] [stdout]    |                    ^^^^^^^ use of undeclared type `Indices`
[INFO] [stdout] 
[INFO] [stdout] 
[INFO] [stdout] error[E0433]: failed to resolve: use of undeclared type `Balances`
[INFO] [stdout]   --> src/tests.rs:86:14
[INFO] [stdout]    |
[INFO] [stdout] 86 |         assert_eq!(Balances::reserved_balance(2), 1);
[INFO] [stdout]    |                    ^^^^^^^^
[INFO] [stdout]    |                    |
[INFO] [stdout]    |                    use of undeclared type `Balances`
[INFO] [stdout]    |                    help: a type alias with a similar name exists: `BalanceOf`
[INFO] [stdout] 
[INFO] [stdout] 
[INFO] [stdout] error[E0433]: failed to resolve: use of undeclared type `Indices`
[INFO] [stdout]   --> src/tests.rs:93:14
[INFO] [stdout]    |
[INFO] [stdout] 93 |         assert_ok!(Indices::claim(Some(1).into(), 0));
[INFO] [stdout]    |                    ^^^^^^^ use of undeclared type `Indices`
[INFO] [stdout] 
[INFO] [stdout] 
[INFO] [stdout] error[E0433]: failed to resolve: use of undeclared type `Indices`
[INFO] [stdout]   --> src/tests.rs:94:16
[INFO] [stdout]    |
[INFO] [stdout] 94 |         assert_noop!(Indices::transfer(Some(1).into(), Id(2), 1), Error::<Test>::NotAssigned);
[INFO] [stdout]    |                      ^^^^^^^ use of undeclared type `Indices`
[INFO] [stdout] 
[INFO] [stdout] 
[INFO] [stdout] error[E0433]: failed to resolve: use of undeclared type `Indices`
[INFO] [stdout]   --> src/tests.rs:95:16
[INFO] [stdout]    |
[INFO] [stdout] 95 |         assert_noop!(Indices::transfer(Some(2).into(), Id(3), 0), Error::<Test>::NotOwner);
[INFO] [stdout]    |                      ^^^^^^^ use of undeclared type `Indices`
[INFO] [stdout] 
[INFO] [stdout] 
[INFO] [stdout] error[E0433]: failed to resolve: use of undeclared type `Indices`
[INFO] [stdout]   --> src/tests.rs:96:14
[INFO] [stdout]    |
[INFO] [stdout] 96 |         assert_ok!(Indices::transfer(Some(1).into(), Id(3), 0));
[INFO] [stdout]    |                    ^^^^^^^ use of undeclared type `Indices`
[INFO] [stdout] 
[INFO] [stdout] 
[INFO] [stdout] error[E0433]: failed to resolve: use of undeclared type `Balances`
[INFO] [stdout]   --> src/tests.rs:97:14
[INFO] [stdout]    |
[INFO] [stdout] 97 |         assert_eq!(Balances::reserved_balance(1), 0);
[INFO] [stdout]    |                    ^^^^^^^^
[INFO] [stdout]    |                    |
[INFO] [stdout]    |                    use of undeclared type `Balances`
[INFO] [stdout]    |                    help: a type alias with a similar name exists: `BalanceOf`
[INFO] [stdout] 
[INFO] [stdout] 
[INFO] [stdout] error[E0433]: failed to resolve: use of undeclared type `Balances`
[INFO] [stdout]   --> src/tests.rs:98:14
[INFO] [stdout]    |
[INFO] [stdout] 98 |         assert_eq!(Balances::reserved_balance(3), 1);
[INFO] [stdout]    |                    ^^^^^^^^
[INFO] [stdout]    |                    |
[INFO] [stdout]    |                    use of undeclared type `Balances`
[INFO] [stdout]    |                    help: a type alias with a similar name exists: `BalanceOf`
[INFO] [stdout] 
[INFO] [stdout] 
[INFO] [stdout] error[E0433]: failed to resolve: use of undeclared type `Indices`
[INFO] [stdout]   --> src/tests.rs:99:14
[INFO] [stdout]    |
[INFO] [stdout] 99 |         assert_eq!(Indices::lookup_index(0), Some(3));
[INFO] [stdout]    |                    ^^^^^^^ use of undeclared type `Indices`
[INFO] [stdout] 
[INFO] [stdout] 
[INFO] [stdout] error[E0433]: failed to resolve: use of undeclared type `Indices`
[INFO] [stdout]    --> src/tests.rs:106:14
[INFO] [stdout]     |
[INFO] [stdout] 106 |         assert_ok!(Indices::claim(Some(1).into(), 0));
[INFO] [stdout]     |                    ^^^^^^^ use of undeclared type `Indices`
[INFO] [stdout] 
[INFO] [stdout] 
[INFO] [stdout] error[E0433]: failed to resolve: use of undeclared type `Indices`
[INFO] [stdout]    --> src/tests.rs:107:14
[INFO] [stdout]     |
[INFO] [stdout] 107 |         assert_ok!(Indices::force_transfer(RuntimeOrigin::root(), Id(3), 0, false));
[INFO] [stdout]     |                    ^^^^^^^ use of undeclared type `Indices`
[INFO] [stdout] 
[INFO] [stdout] 
[INFO] [stdout] error[E0433]: failed to resolve: use of undeclared type `RuntimeOrigin`
[INFO] [stdout]    --> src/tests.rs:107:38
[INFO] [stdout]     |
[INFO] [stdout] 107 |         assert_ok!(Indices::force_transfer(RuntimeOrigin::root(), Id(3), 0, false));
[INFO] [stdout]     |                                            ^^^^^^^^^^^^^ use of undeclared type `RuntimeOrigin`
[INFO] [stdout] 
[INFO] [stdout] 
[INFO] [stdout] error[E0433]: failed to resolve: use of undeclared type `Balances`
[INFO] [stdout]    --> src/tests.rs:108:14
[INFO] [stdout]     |
[INFO] [stdout] 108 |         assert_eq!(Balances::reserved_balance(1), 0);
[INFO] [stdout]     |                    ^^^^^^^^
[INFO] [stdout]     |                    |
[INFO] [stdout]     |                    use of undeclared type `Balances`
[INFO] [stdout]     |                    help: a type alias with a similar name exists: `BalanceOf`
[INFO] [stdout] 
[INFO] [stdout] 
[INFO] [stdout] error[E0433]: failed to resolve: use of undeclared type `Balances`
[INFO] [stdout]    --> src/tests.rs:109:14
[INFO] [stdout]     |
[INFO] [stdout] 109 |         assert_eq!(Balances::reserved_balance(3), 0);
[INFO] [stdout]     |                    ^^^^^^^^
[INFO] [stdout]     |                    |
[INFO] [stdout]     |                    use of undeclared type `Balances`
[INFO] [stdout]     |                    help: a type alias with a similar name exists: `BalanceOf`
[INFO] [stdout] 
[INFO] [stdout] 
[INFO] [stdout] error[E0433]: failed to resolve: use of undeclared type `Indices`
[INFO] [stdout]    --> src/tests.rs:110:14
[INFO] [stdout]     |
[INFO] [stdout] 110 |         assert_eq!(Indices::lookup_index(0), Some(3));
[INFO] [stdout]     |                    ^^^^^^^ use of undeclared type `Indices`
[INFO] [stdout] 
[INFO] [stdout] 
[INFO] [stdout] error[E0433]: failed to resolve: use of undeclared type `Indices`
[INFO] [stdout]    --> src/tests.rs:117:14
[INFO] [stdout]     |
[INFO] [stdout] 117 |         assert_ok!(Indices::force_transfer(RuntimeOrigin::root(), Id(3), 0, false));
[INFO] [stdout]     |                    ^^^^^^^ use of undeclared type `Indices`
[INFO] [stdout] 
[INFO] [stdout] 
[INFO] [stdout] error[E0433]: failed to resolve: use of undeclared type `RuntimeOrigin`
[INFO] [stdout]    --> src/tests.rs:117:38
[INFO] [stdout]     |
[INFO] [stdout] 117 |         assert_ok!(Indices::force_transfer(RuntimeOrigin::root(), Id(3), 0, false));
[INFO] [stdout]     |                                            ^^^^^^^^^^^^^ use of undeclared type `RuntimeOrigin`
[INFO] [stdout] 
[INFO] [stdout] 
[INFO] [stdout] error[E0433]: failed to resolve: use of undeclared type `Balances`
[INFO] [stdout]    --> src/tests.rs:118:14
[INFO] [stdout]     |
[INFO] [stdout] 118 |         assert_eq!(Balances::reserved_balance(3), 0);
[INFO] [stdout]     |                    ^^^^^^^^
[INFO] [stdout]     |                    |
[INFO] [stdout]     |                    use of undeclared type `Balances`
[INFO] [stdout]     |                    help: a type alias with a similar name exists: `BalanceOf`
[INFO] [stdout] 
[INFO] [stdout] 
[INFO] [stdout] error[E0433]: failed to resolve: use of undeclared type `Indices`
[INFO] [stdout]    --> src/tests.rs:119:14
[INFO] [stdout]     |
[INFO] [stdout] 119 |         assert_eq!(Indices::lookup_index(0), Some(3));
[INFO] [stdout]     |                    ^^^^^^^ use of undeclared type `Indices`
[INFO] [stdout] 
[INFO] [stdout] 
[INFO] [stdout] error: aborting due to 79 previous errors
[INFO] [stdout] 
[INFO] [stdout] 
[INFO] [stdout] Some errors have detailed explanations: E0412, E0432, E0433.
[INFO] [stdout] 
[INFO] [stdout] For more information about an error, try `rustc --explain E0412`.
[INFO] [stdout] 
[INFO] [stderr] error: could not compile `pallet-indices` (lib test) due to 80 previous errors
[INFO] running `Command { std: "docker" "inspect" "d5f30dc9846bf84b784b19164eebdc3da38fd9ac7cb29c66057289a9e57c3b51", kill_on_drop: false }`
[INFO] running `Command { std: "docker" "rm" "-f" "d5f30dc9846bf84b784b19164eebdc3da38fd9ac7cb29c66057289a9e57c3b51", kill_on_drop: false }`
[INFO] [stdout] d5f30dc9846bf84b784b19164eebdc3da38fd9ac7cb29c66057289a9e57c3b51
