[INFO] fetching crate pallet-asset-tx-payment 26.0.0...
[INFO] testing pallet-asset-tx-payment-26.0.0 against 1.75.0 for beta-1.76-1
[INFO] extracting crate pallet-asset-tx-payment 26.0.0 into /workspace/builds/worker-6-tc1/source
[INFO] validating manifest of crates.io crate pallet-asset-tx-payment 26.0.0 on toolchain 1.75.0
[INFO] running `Command { std: CARGO_HOME="/workspace/cargo-home" RUSTUP_HOME="/workspace/rustup-home" "/workspace/cargo-home/bin/cargo" "+1.75.0" "metadata" "--manifest-path" "Cargo.toml" "--no-deps", kill_on_drop: false }`
[INFO] started tweaking crates.io crate pallet-asset-tx-payment 26.0.0
[INFO] finished tweaking crates.io crate pallet-asset-tx-payment 26.0.0
[INFO] tweaked toml for crates.io crate pallet-asset-tx-payment 26.0.0 written to /workspace/builds/worker-6-tc1/source/Cargo.toml
[INFO] running `Command { std: CARGO_HOME="/workspace/cargo-home" RUSTUP_HOME="/workspace/rustup-home" "/workspace/cargo-home/bin/cargo" "+1.75.0" "generate-lockfile" "--manifest-path" "Cargo.toml", kill_on_drop: false }`
[INFO] [stderr]     Updating crates.io index
[INFO] running `Command { std: CARGO_HOME="/workspace/cargo-home" RUSTUP_HOME="/workspace/rustup-home" "/workspace/cargo-home/bin/cargo" "+1.75.0" "fetch" "--manifest-path" "Cargo.toml", kill_on_drop: false }`
[INFO] [stderr]  Downloading crates ...
[INFO] [stderr]   Downloaded macro_magic_macros v0.5.0
[INFO] [stderr]   Downloaded sp-genesis-builder v0.5.0
[INFO] [stderr]   Downloaded frame-support-procedural-tools-derive v10.0.0
[INFO] [stderr]   Downloaded macro_magic_core v0.5.0
[INFO] [stderr]   Downloaded frame-support-procedural-tools v9.0.0
[INFO] [stderr]   Downloaded macro_magic_core_macros v0.5.0
[INFO] [stderr]   Downloaded frame-system v26.0.0
[INFO] [stderr]   Downloaded proc-macro-warning v1.0.2
[INFO] [stderr]   Downloaded frame-benchmarking v26.0.0
[INFO] [stderr]   Downloaded pallet-transaction-payment v26.0.0
[INFO] [stderr]   Downloaded macro_magic v0.5.0
[INFO] [stderr]   Downloaded frame-support-procedural v21.0.0
[INFO] [stderr]   Downloaded frame-support v26.0.0
[INFO] running `Command { std: "docker" "create" "-v" "/var/lib/crater-agent-workspace/builds/worker-6-tc1/target:/opt/rustwide/target:rw,Z" "-v" "/var/lib/crater-agent-workspace/builds/worker-6-tc1/source:/opt/rustwide/workdir:ro,Z" "-v" "/var/lib/crater-agent-workspace/cargo-home:/opt/rustwide/cargo-home:ro,Z" "-v" "/var/lib/crater-agent-workspace/rustup-home:/opt/rustwide/rustup-home:ro,Z" "-e" "SOURCE_DIR=/opt/rustwide/workdir" "-e" "CARGO_TARGET_DIR=/opt/rustwide/target" "-e" "CARGO_HOME=/opt/rustwide/cargo-home" "-e" "RUSTUP_HOME=/opt/rustwide/rustup-home" "-w" "/opt/rustwide/workdir" "-m" "1610612736" "--user" "0:0" "--network" "none" "ghcr.io/rust-lang/crates-build-env/linux@sha256:2788e3201cd34a07e3172128adcd8b3090168a8e3bcc40d7c032b9dda1df7d1c" "/opt/rustwide/cargo-home/bin/cargo" "+1.75.0" "metadata" "--no-deps" "--format-version=1", kill_on_drop: false }`
[INFO] [stdout] e6138449bba5e547a3ae367595e73995d8e0d56a6765b0b89b5eea74fc98bdd3
[INFO] running `Command { std: "docker" "start" "-a" "e6138449bba5e547a3ae367595e73995d8e0d56a6765b0b89b5eea74fc98bdd3", kill_on_drop: false }`
[INFO] running `Command { std: "docker" "inspect" "e6138449bba5e547a3ae367595e73995d8e0d56a6765b0b89b5eea74fc98bdd3", kill_on_drop: false }`
[INFO] running `Command { std: "docker" "rm" "-f" "e6138449bba5e547a3ae367595e73995d8e0d56a6765b0b89b5eea74fc98bdd3", kill_on_drop: false }`
[INFO] [stdout] e6138449bba5e547a3ae367595e73995d8e0d56a6765b0b89b5eea74fc98bdd3
[INFO] running `Command { std: "docker" "create" "-v" "/var/lib/crater-agent-workspace/builds/worker-6-tc1/target:/opt/rustwide/target:rw,Z" "-v" "/var/lib/crater-agent-workspace/builds/worker-6-tc1/source:/opt/rustwide/workdir:ro,Z" "-v" "/var/lib/crater-agent-workspace/cargo-home:/opt/rustwide/cargo-home:ro,Z" "-v" "/var/lib/crater-agent-workspace/rustup-home:/opt/rustwide/rustup-home:ro,Z" "-e" "SOURCE_DIR=/opt/rustwide/workdir" "-e" "CARGO_TARGET_DIR=/opt/rustwide/target" "-e" "CARGO_INCREMENTAL=0" "-e" "RUST_BACKTRACE=full" "-e" "RUSTFLAGS=--cap-lints=warn" "-e" "RUSTDOCFLAGS=--cap-lints=warn" "-e" "CARGO_HOME=/opt/rustwide/cargo-home" "-e" "RUSTUP_HOME=/opt/rustwide/rustup-home" "-w" "/opt/rustwide/workdir" "-m" "1610612736" "--user" "0:0" "--network" "none" "ghcr.io/rust-lang/crates-build-env/linux@sha256:2788e3201cd34a07e3172128adcd8b3090168a8e3bcc40d7c032b9dda1df7d1c" "/opt/rustwide/cargo-home/bin/cargo" "+1.75.0" "build" "--frozen" "--message-format=json", kill_on_drop: false }`
[INFO] [stdout] d12b0211c10f1656c96f6af1a13a992e4be2dd8ba16c7acfc6f641250c710fba
[INFO] running `Command { std: "docker" "start" "-a" "d12b0211c10f1656c96f6af1a13a992e4be2dd8ba16c7acfc6f641250c710fba", kill_on_drop: false }`
[INFO] [stderr]    Compiling version_check v0.9.4
[INFO] [stderr]    Compiling cfg-if v1.0.0
[INFO] [stderr]    Compiling libc v0.2.151
[INFO] [stderr]    Compiling once_cell v1.19.0
[INFO] [stderr]    Compiling serde v1.0.194
[INFO] [stderr]    Compiling syn v2.0.48
[INFO] [stderr]    Compiling syn v1.0.109
[INFO] [stderr]    Compiling subtle v2.4.1
[INFO] [stderr]    Compiling hashbrown v0.14.3
[INFO] [stderr]    Compiling generic-array v0.14.7
[INFO] [stderr]    Compiling equivalent v1.0.1
[INFO] [stderr]    Compiling winnow v0.5.32
[INFO] [stderr]    Compiling memchr v2.7.1
[INFO] [stderr]    Compiling ppv-lite86 v0.2.17
[INFO] [stderr]    Compiling indexmap v2.1.0
[INFO] [stderr]    Compiling cc v1.0.83
[INFO] [stderr]    Compiling const-oid v0.9.6
[INFO] [stderr]    Compiling arrayvec v0.7.4
[INFO] [stderr]    Compiling ahash v0.7.7
[INFO] [stderr]    Compiling crunchy v0.2.2
[INFO] [stderr]    Compiling getrandom v0.2.11
[INFO] [stderr]    Compiling rand_core v0.6.4
[INFO] [stderr]    Compiling aho-corasick v1.1.2
[INFO] [stderr]    Compiling regex-syntax v0.8.2
[INFO] [stderr]    Compiling byte-slice-cast v1.2.2
[INFO] [stderr]    Compiling indexmap v1.9.3
[INFO] [stderr]    Compiling hashbrown v0.12.3
[INFO] [stderr]    Compiling tinyvec_macros v0.1.1
[INFO] [stderr]    Compiling byteorder v1.5.0
[INFO] [stderr]    Compiling cpufeatures v0.2.12
[INFO] [stderr]    Compiling bytes v1.5.0
[INFO] [stderr]    Compiling tinyvec v1.6.0
[INFO] [stderr]    Compiling rand_chacha v0.3.1
[INFO] [stderr]    Compiling ahash v0.8.7
[INFO] [stderr]    Compiling lazy_static v1.4.0
[INFO] [stderr]    Compiling rand v0.8.5
[INFO] [stderr]    Compiling getrandom v0.1.16
[INFO] [stderr]    Compiling unicode-normalization v0.1.22
[INFO] [stderr]    Compiling zerocopy v0.7.32
[INFO] [stderr]    Compiling static_assertions v1.1.0
[INFO] [stderr]    Compiling log v0.4.20
[INFO] [stderr]    Compiling unicode-bidi v0.3.14
[INFO] [stderr]    Compiling percent-encoding v2.3.1
[INFO] [stderr]    Compiling regex-automata v0.4.3
[INFO] [stderr]    Compiling form_urlencoded v1.2.1
[INFO] [stderr]    Compiling hashbrown v0.13.2
[INFO] [stderr]    Compiling idna v0.5.0
[INFO] [stderr]    Compiling arrayref v0.3.7
[INFO] [stderr]    Compiling keccak v0.1.4
[INFO] [stderr]    Compiling crc32fast v1.3.2
[INFO] [stderr]    Compiling itoa v1.0.10
[INFO] [stderr]    Compiling rand_core v0.5.1
[INFO] [stderr]    Compiling url v2.5.0
[INFO] [stderr]    Compiling num-traits v0.2.17
[INFO] [stderr]    Compiling rustix v0.38.28
[INFO] [stderr]    Compiling ryu v1.0.16
[INFO] [stderr]    Compiling anyhow v1.0.79
[INFO] [stderr]    Compiling io-lifetimes v1.0.11
[INFO] [stderr]    Compiling stable_deref_trait v1.2.0
[INFO] [stderr]    Compiling target-lexicon v0.12.13
[INFO] [stderr]    Compiling fallible-iterator v0.2.0
[INFO] [stderr]    Compiling regex v1.10.2
[INFO] [stderr]    Compiling memoffset v0.8.0
[INFO] [stderr]    Compiling bitflags v2.4.1
[INFO] [stderr]    Compiling rustix v0.36.17
[INFO] [stderr]    Compiling sp-std v12.0.0
[INFO] [stderr]    Compiling linux-raw-sys v0.4.12
[INFO] [stderr]    Compiling pin-project-lite v0.2.13
[INFO] [stderr]    Compiling impl-trait-for-tuples v0.2.2
[INFO] [stderr]    Compiling derive_more v0.99.17
[INFO] [stderr]    Compiling Inflector v0.11.4
[INFO] [stderr]    Compiling serde_derive v1.0.194
[INFO] [stderr]    Compiling zeroize_derive v1.4.2
[INFO] [stderr]    Compiling thiserror-impl v1.0.56
[INFO] [stderr]    Compiling wasmtime-runtime v8.0.1
[INFO] [stderr]    Compiling digest v0.9.0
[INFO] [stderr]    Compiling tracing-core v0.1.32
[INFO] [stderr]    Compiling zeroize v1.7.0
[INFO] [stderr]    Compiling generic-array v0.12.4
[INFO] [stderr]    Compiling cpp_demangle v0.3.5
[INFO] [stderr]    Compiling linux-raw-sys v0.1.4
[INFO] [stderr]    Compiling crypto-common v0.1.6
[INFO] [stderr]    Compiling block-buffer v0.10.4
[INFO] [stderr]    Compiling digest v0.10.7
[INFO] [stderr]    Compiling thiserror v1.0.56
[INFO] [stderr]    Compiling rustc-demangle v0.1.23
[INFO] [stderr]    Compiling constant_time_eq v0.3.0
[INFO] [stderr]    Compiling bitflags v1.3.2
[INFO] [stderr]    Compiling smallvec v1.11.2
[INFO] [stderr]    Compiling memfd v0.6.4
[INFO] [stderr]    Compiling libsecp256k1-core v0.3.0
[INFO] [stderr]    Compiling psm v0.1.21
[INFO] [stderr]    Compiling wasmtime-jit-debug v8.0.1
[INFO] [stderr]    Compiling wasmtime-asm-macros v8.0.1
[INFO] [stderr]    Compiling slab v0.4.9
[INFO] [stderr]    Compiling serde_json v1.0.111
[INFO] [stderr]    Compiling byte-tools v0.3.1
[INFO] [stderr]    Compiling regex-syntax v0.6.29
[INFO] [stderr]    Compiling ref-cast v1.0.22
[INFO] [stderr]    Compiling block-padding v0.1.5
[INFO] [stderr]    Compiling block-buffer v0.9.0
[INFO] [stderr]    Compiling digest v0.8.1
[INFO] [stderr]    Compiling tracing-attributes v0.1.27
[INFO] [stderr]    Compiling ref-cast-impl v1.0.22
[INFO] [stderr]    Compiling wasmtime-jit-icache-coherence v8.0.1
[INFO] [stderr]    Compiling wasmtime v8.0.1
[INFO] [stderr]    Compiling futures-core v0.3.30
[INFO] [stderr]    Compiling rustc-hex v2.1.0
[INFO] [stderr]    Compiling iana-time-zone v0.1.59
[INFO] [stderr]    Compiling opaque-debug v0.3.0
[INFO] [stderr]    Compiling futures-sink v0.3.30
[INFO] [stderr]    Compiling hex v0.4.3
[INFO] [stderr]    Compiling futures-channel v0.3.30
[INFO] [stderr]    Compiling sha2 v0.9.9
[INFO] [stderr]    Compiling chrono v0.4.31
[INFO] [stderr]    Compiling libsecp256k1-gen-ecmult v0.3.0
[INFO] [stderr]    Compiling libsecp256k1-gen-genmult v0.3.0
[INFO] [stderr]    Compiling block-buffer v0.7.3
[INFO] [stderr]    Compiling sha2 v0.10.8
[INFO] [stderr]    Compiling crypto-mac v0.8.0
[INFO] [stderr]    Compiling regex-automata v0.1.10
[INFO] [stderr]    Compiling tracing v0.1.40
[INFO] [stderr]    Compiling crypto-mac v0.11.1
[INFO] [stderr]    Compiling tracing-log v0.1.4
[INFO] [stderr]    Compiling sp-debug-derive v12.0.0
[INFO] [stderr]    Compiling futures-macro v0.3.30
[INFO] [stderr]    Compiling matchers v0.0.1
[INFO] [stderr]    Compiling rand_chacha v0.2.2
[INFO] [stderr]    Compiling sharded-slab v0.1.7
[INFO] [stderr]    Compiling secp256k1-sys v0.6.1
[INFO] [stderr]    Compiling thread_local v1.1.7
[INFO] [stderr]    Compiling lock_api v0.4.11
[INFO] [stderr]    Compiling unicode-xid v0.2.4
[INFO] [stderr]    Compiling futures-task v0.3.30
[INFO] [stderr]    Compiling futures-io v0.3.30
[INFO] [stderr]    Compiling pin-utils v0.1.0
[INFO] [stderr]    Compiling hash-db v0.16.0
[INFO] [stderr]    Compiling parking_lot_core v0.9.9
[INFO] [stderr]    Compiling ansi_term v0.12.1
[INFO] [stderr]    Compiling opaque-debug v0.2.3
[INFO] [stderr]    Compiling fake-simd v0.1.2
[INFO] [stderr]    Compiling either v1.9.0
[INFO] [stderr]    Compiling futures-util v0.3.30
[INFO] [stderr]    Compiling sha2 v0.8.2
[INFO] [stderr]    Compiling itertools v0.10.5
[INFO] [stderr]    Compiling rand v0.7.3
[INFO] [stderr]    Compiling hmac v0.8.1
[INFO] [stderr]    Compiling libsecp256k1 v0.7.1
[INFO] [stderr]    Compiling uint v0.9.5
[INFO] [stderr]    Compiling fixed-hash v0.8.0
[INFO] [stderr]    Compiling curve25519-dalek v2.1.3
[INFO] [stderr]    Compiling merlin v2.0.1
[INFO] [stderr]    Compiling num_cpus v1.16.0
[INFO] [stderr]    Compiling cranelift-entity v0.95.1
[INFO] [stderr]    Compiling bincode v1.3.3
[INFO] [stderr]    Compiling toml_datetime v0.6.3
[INFO] [stderr]    Compiling serde_spanned v0.6.5
[INFO] [stderr]    Compiling toml_edit v0.20.2
[INFO] [stderr]    Compiling toml_edit v0.19.15
[INFO] [stderr]    Compiling gimli v0.27.3
[INFO] [stderr]    Compiling wasmparser v0.102.0
[INFO] [stderr]    Compiling object v0.30.4
[INFO] [stderr]    Compiling impl-serde v0.4.0
[INFO] [stderr]    Compiling proc-macro-crate v1.3.1
[INFO] [stderr]    Compiling proc-macro-crate v2.0.1
[INFO] [stderr]    Compiling tracing-serde v0.1.3
[INFO] [stderr]    Compiling ss58-registry v1.44.0
[INFO] [stderr]    Compiling arrayvec v0.5.2
[INFO] [stderr]    Compiling scopeguard v1.2.0
[INFO] [stderr]    Compiling semver v1.0.21
[INFO] [stderr]    Compiling tracing-subscriber v0.2.25
[INFO] [stderr]    Compiling scale-info-derive v2.10.0
[INFO] [stderr]    Compiling environmental v1.1.4
[INFO] [stderr]    Compiling sp-runtime-interface-proc-macro v15.0.0
[INFO] [stderr]    Compiling schnorrkel v0.9.1
[INFO] [stderr]    Compiling wasmtime-types v8.0.1
[INFO] [stderr]    Compiling parity-scale-codec-derive v3.6.9
[INFO] [stderr]    Compiling wasmtime-environ v8.0.1
[INFO] [stderr]    Compiling addr2line v0.19.0
[INFO] [stderr]    Compiling futures-executor v0.3.30
[INFO] [stderr]    Compiling hmac-drbg v0.3.0
[INFO] [stderr]    Compiling hmac v0.11.0
[INFO] [stderr]    Compiling pbkdf2 v0.8.0
[INFO] [stderr]    Compiling twox-hash v1.6.3
[INFO] [stderr]    Compiling sha3 v0.10.8
[INFO] [stderr]    Compiling blake2b_simd v1.0.2
[INFO] [stderr]    Compiling parity-scale-codec v3.6.9
[INFO] [stderr]    Compiling curve25519-dalek v3.2.0
[INFO] [stderr]    Compiling scale-info v2.10.0
[INFO] [stderr]    Compiling wasmtime-jit v8.0.1
[INFO] [stderr]    Compiling impl-codec v0.6.0
[INFO] [stderr]    Compiling sp-storage v17.0.0
[INFO] [stderr]    Compiling sp-tracing v14.0.0
[INFO] [stderr]    Compiling sp-externalities v0.23.0
[INFO] [stderr]    Compiling dyn-clonable-impl v0.9.0
[INFO] [stderr]    Compiling num-format v0.4.4
[INFO] [stderr]    Compiling primitive-types v0.12.2
[INFO] [stderr]    Compiling base64 v0.13.1
[INFO] [stderr]    Compiling dyn-clone v1.0.16
[INFO] [stderr]    Compiling bitcoin_hashes v0.11.0
[INFO] [stderr]    Compiling dyn-clonable v0.9.0
[INFO] [stderr]    Compiling bounded-collections v0.1.9
[INFO] [stderr]    Compiling ed25519-zebra v3.1.0
[INFO] [stderr]    Compiling sp-core-hashing v13.0.0
[INFO] [stderr]    Compiling substrate-bip39 v0.4.5
[INFO] [stderr]    Compiling parking_lot v0.12.1
[INFO] [stderr]    Compiling secp256k1 v0.24.3
[INFO] [stderr]    Compiling futures v0.3.30
[INFO] [stderr]    Compiling bip39 v2.0.0
[INFO] [stderr]    Compiling blake2 v0.10.6
[INFO] [stderr]    Compiling secrecy v0.8.0
[INFO] [stderr]    Compiling hash256-std-hasher v0.15.2
[INFO] [stderr]    Compiling bs58 v0.5.0
[INFO] [stderr]    Compiling array-bytes v6.2.2
[INFO] [stderr]    Compiling rustc_version v0.4.0
[INFO] [stderr]    Compiling sp-wasm-interface v18.0.0
[INFO] [stderr]    Compiling signature v2.2.0
[INFO] [stderr]    Compiling backtrace v0.3.69
[INFO] [stderr]    Compiling adler v1.0.2
[INFO] [stderr]    Compiling platforms v3.3.0
[INFO] [stderr]    Compiling gimli v0.28.1
[INFO] [stderr]    Compiling rustversion v1.0.14
[INFO] [stderr]    Compiling curve25519-dalek v4.1.1
[INFO] [stderr]    Compiling sp-runtime-interface v22.0.0
[INFO] [stderr]    Compiling miniz_oxide v0.7.1
[INFO] [stderr]    Compiling object v0.32.2
[INFO] [stderr]    Compiling trie-root v0.18.0
[INFO] [stderr]    Compiling memory-db v0.32.0
[INFO] [stderr]    Compiling trie-db v0.28.0
[INFO] [stderr]    Compiling curve25519-dalek-derive v0.1.1
[INFO] [stderr]    Compiling schnellru v0.2.1
[INFO] [stderr]    Compiling nohash-hasher v0.2.0
[INFO] [stderr]    Compiling sp-io v28.0.0
[INFO] [stderr]    Compiling ed25519 v2.2.3
[INFO] [stderr]    Compiling tiny-keccak v2.0.2
[INFO] [stderr]    Compiling integer-sqrt v0.1.5
[INFO] [stderr]    Compiling sp-arithmetic v21.0.0
[INFO] [stderr]    Compiling addr2line v0.21.0
[INFO] [stderr]    Compiling ed25519-dalek v2.1.0
[INFO] [stderr]    Compiling derive-syn-parse v0.1.5
[INFO] [stderr]    Compiling fs-err v2.11.0
[INFO] [stderr]    Compiling const-random-macro v0.1.16
[INFO] [stderr]    Compiling sp-core v26.0.0
[INFO] [stderr]    Compiling expander v2.0.0
[INFO] [stderr]    Compiling const-random v0.1.17
[INFO] [stderr]    Compiling der v0.7.8
[INFO] [stderr]    Compiling macro_magic_core_macros v0.5.0
[INFO] [stderr]    Compiling ff v0.13.0
[INFO] [stderr]    Compiling sp-panic-handler v12.0.0
[INFO] [stderr]    Compiling proc-macro-error-attr v1.0.4
[INFO] [stderr]    Compiling macro_magic_core v0.5.0
[INFO] [stderr]    Compiling base16ct v0.2.0
[INFO] [stderr]    Compiling sp-core-hashing-proc-macro v13.0.0
[INFO] [stderr]    Compiling group v0.13.0
[INFO] [stderr]    Compiling frame-metadata v16.0.0
[INFO] [stderr]    Compiling hmac v0.12.1
[INFO] [stderr]    Compiling macro_magic_macros v0.5.0
[INFO] [stderr]    Compiling crypto-bigint v0.5.5
[INFO] [stderr]    Compiling sp-version-proc-macro v12.0.0
[INFO] [stderr]    Compiling sp-trie v27.0.0
[INFO] [stderr]    Compiling sp-keystore v0.32.0
[INFO] [stderr]    Compiling sp-weights v25.0.0
[INFO] [stderr]    Compiling sec1 v0.7.3
[INFO] [stderr]    Compiling proc-macro-error v1.0.4
[INFO] [stderr]    Compiling same-file v1.0.6
[INFO] [stderr]    Compiling sp-state-machine v0.33.0
[INFO] [stderr]    Compiling parity-wasm v0.45.0
[INFO] [stderr]    Compiling async-trait v0.1.77
[INFO] [stderr]    Compiling walkdir v2.4.0
[INFO] [stderr]    Compiling sp-metadata-ir v0.4.0
[INFO] [stderr]    Compiling spki v0.7.3
[INFO] [stderr]    Compiling rfc6979 v0.4.0
[INFO] [stderr]    Compiling sp-api-proc-macro v13.0.0
[INFO] [stderr]    Compiling toml v0.8.2
[INFO] [stderr]    Compiling elliptic-curve v0.13.8
[INFO] [stderr]    Compiling frame-support-procedural-tools-derive v10.0.0
[INFO] [stderr]    Compiling include_dir_macros v0.7.3
[INFO] [stderr]    Compiling common-path v1.0.0
[INFO] [stderr]    Compiling termcolor v1.4.0
[INFO] [stderr]    Compiling ecdsa v0.16.9
[INFO] [stderr]    Compiling cfg-expr v0.15.6
[INFO] [stderr]    Compiling include_dir v0.7.3
[INFO] [stderr]    Compiling frame-support-procedural-tools v9.0.0
[INFO] [stderr]    Compiling docify_macros v0.2.7
[INFO] [stderr]    Compiling macro_magic v0.5.0
[INFO] [stderr]    Compiling proc-macro-warning v1.0.2
[INFO] [stderr]    Compiling aquamarine v0.3.3
[INFO] [stderr]    Compiling frame-support-procedural v21.0.0
[INFO] [stderr]    Compiling k256 v0.13.2
[INFO] [stderr]    Compiling tt-call v1.0.9
[INFO] [stderr]    Compiling docify v0.2.7
[INFO] [stderr]    Compiling sp-application-crypto v28.0.0
[INFO] [stderr]    Compiling sp-runtime v29.0.0
[INFO] [stderr]    Compiling sp-version v27.0.0
[INFO] [stderr]    Compiling sp-inherents v24.0.0
[INFO] [stderr]    Compiling sp-staking v24.0.0
[INFO] [stderr]    Compiling sp-api v24.0.0
[INFO] [stderr]    Compiling sp-genesis-builder v0.5.0
[INFO] [stderr]    Compiling frame-support v26.0.0
[INFO] [stderr]    Compiling frame-system v26.0.0
[INFO] [stderr]    Compiling pallet-transaction-payment v26.0.0
[INFO] [stderr]    Compiling pallet-asset-tx-payment v26.0.0 (/opt/rustwide/workdir)
[INFO] [stderr]     Finished dev [unoptimized + debuginfo] target(s) in 4m 28s
[INFO] running `Command { std: "docker" "inspect" "d12b0211c10f1656c96f6af1a13a992e4be2dd8ba16c7acfc6f641250c710fba", kill_on_drop: false }`
[INFO] running `Command { std: "docker" "rm" "-f" "d12b0211c10f1656c96f6af1a13a992e4be2dd8ba16c7acfc6f641250c710fba", kill_on_drop: false }`
[INFO] [stdout] d12b0211c10f1656c96f6af1a13a992e4be2dd8ba16c7acfc6f641250c710fba
[INFO] running `Command { std: "docker" "create" "-v" "/var/lib/crater-agent-workspace/builds/worker-6-tc1/target:/opt/rustwide/target:rw,Z" "-v" "/var/lib/crater-agent-workspace/builds/worker-6-tc1/source:/opt/rustwide/workdir:ro,Z" "-v" "/var/lib/crater-agent-workspace/cargo-home:/opt/rustwide/cargo-home:ro,Z" "-v" "/var/lib/crater-agent-workspace/rustup-home:/opt/rustwide/rustup-home:ro,Z" "-e" "SOURCE_DIR=/opt/rustwide/workdir" "-e" "CARGO_TARGET_DIR=/opt/rustwide/target" "-e" "CARGO_INCREMENTAL=0" "-e" "RUST_BACKTRACE=full" "-e" "RUSTFLAGS=--cap-lints=warn" "-e" "RUSTDOCFLAGS=--cap-lints=warn" "-e" "CARGO_HOME=/opt/rustwide/cargo-home" "-e" "RUSTUP_HOME=/opt/rustwide/rustup-home" "-w" "/opt/rustwide/workdir" "-m" "1610612736" "--user" "0:0" "--network" "none" "ghcr.io/rust-lang/crates-build-env/linux@sha256:2788e3201cd34a07e3172128adcd8b3090168a8e3bcc40d7c032b9dda1df7d1c" "/opt/rustwide/cargo-home/bin/cargo" "+1.75.0" "test" "--frozen" "--no-run" "--message-format=json", kill_on_drop: false }`
[INFO] [stdout] c858af3cd806f43e87c325b034af168cbe3463318e3c9248aec92f4d077051cc
[INFO] running `Command { std: "docker" "start" "-a" "c858af3cd806f43e87c325b034af168cbe3463318e3c9248aec92f4d077051cc", kill_on_drop: false }`
[INFO] [stderr]    Compiling pallet-asset-tx-payment v26.0.0 (/opt/rustwide/workdir)
[INFO] [stdout] error[E0432]: unresolved import `pallet_balances`
[INFO] [stdout]   --> src/tests.rs:27:5
[INFO] [stdout]    |
[INFO] [stdout] 27 | use pallet_balances::Call as BalancesCall;
[INFO] [stdout]    |     ^^^^^^^^^^^^^^^ use of undeclared crate or module `pallet_balances`
[INFO] [stdout] 
[INFO] [stdout] 
[INFO] [stdout] error[E0433]: failed to resolve: use of undeclared crate or module `pallet_assets`
[INFO] [stdout]    --> src/mock.rs:168:2
[INFO] [stdout]     |
[INFO] [stdout] 168 |     pallet_assets::runtime_benchmarks_enabled! {
[INFO] [stdout]     |     ^^^^^^^^^^^^^ use of undeclared crate or module `pallet_assets`
[INFO] [stdout] 
[INFO] [stdout] 
[INFO] [stdout] error[E0433]: failed to resolve: use of undeclared crate or module `pallet_authorship`
[INFO] [stdout]   --> src/mock.rs:44:15
[INFO] [stdout]    |
[INFO] [stdout] 44 |         Authorship: pallet_authorship,
[INFO] [stdout]    |                     ^^^^^^^^^^^^^^^^^ use of undeclared crate or module `pallet_authorship`
[INFO] [stdout] 
[INFO] [stdout] 
[INFO] [stdout] error[E0412]: cannot find type `Runtime` in this scope
[INFO] [stdout]   --> src/mock.rs:34:47
[INFO] [stdout]    |
[INFO] [stdout] 34 | type Block = frame_system::mocking::MockBlock<Runtime>;
[INFO] [stdout]    |                                               ^^^^^^^ not found in this scope
[INFO] [stdout]    |
[INFO] [stdout] help: you might be missing a type parameter
[INFO] [stdout]    |
[INFO] [stdout] 34 | type Block<Runtime> = frame_system::mocking::MockBlock<Runtime>;
[INFO] [stdout]    |           +++++++++
[INFO] [stdout] 
[INFO] [stdout] 
[INFO] [stdout] error[E0412]: cannot find type `Runtime` in this scope
[INFO] [stdout]   --> src/mock.rs:73:31
[INFO] [stdout]    |
[INFO] [stdout] 73 | impl frame_system::Config for Runtime {
[INFO] [stdout]    |                               ^^^^^^^ not found in this scope
[INFO] [stdout] 
[INFO] [stdout] 
[INFO] [stdout] error[E0412]: cannot find type `RuntimeOrigin` in this scope
[INFO] [stdout]   --> src/mock.rs:78:23
[INFO] [stdout]    |
[INFO] [stdout] 78 |     type RuntimeOrigin = RuntimeOrigin;
[INFO] [stdout]    |                          ^^^^^^^^^^^^^
[INFO] [stdout]    |
[INFO] [stdout] help: you might have meant to use the associated type
[INFO] [stdout]    |
[INFO] [stdout] 78 |     type RuntimeOrigin = Self::RuntimeOrigin;
[INFO] [stdout]    |                          ++++++
[INFO] [stdout] 
[INFO] [stdout] 
[INFO] [stdout] error[E0412]: cannot find type `RuntimeCall` in this scope
[INFO] [stdout]   --> src/mock.rs:80:21
[INFO] [stdout]    |
[INFO] [stdout] 80 |     type RuntimeCall = RuntimeCall;
[INFO] [stdout]    |                        ^^^^^^^^^^^
[INFO] [stdout]    |
[INFO] [stdout] help: you might have meant to use the associated type
[INFO] [stdout]    |
[INFO] [stdout] 80 |     type RuntimeCall = Self::RuntimeCall;
[INFO] [stdout]    |                        ++++++
[INFO] [stdout] 
[INFO] [stdout] 
[INFO] [stdout] error[E0412]: cannot find type `RuntimeEvent` in this scope
[INFO] [stdout]   --> src/mock.rs:86:22
[INFO] [stdout]    |
[INFO] [stdout] 86 |     type RuntimeEvent = RuntimeEvent;
[INFO] [stdout]    |                         ^^^^^^^^^^^^
[INFO] [stdout]    |
[INFO] [stdout] help: you might have meant to use the associated type
[INFO] [stdout]    |
[INFO] [stdout] 86 |     type RuntimeEvent = Self::RuntimeEvent;
[INFO] [stdout]    |                         ++++++
[INFO] [stdout] 
[INFO] [stdout] 
[INFO] [stdout] error[E0412]: cannot find type `PalletInfo` in this scope
[INFO] [stdout]   --> src/mock.rs:89:20
[INFO] [stdout]    |
[INFO] [stdout] 89 |     type PalletInfo = PalletInfo;
[INFO] [stdout]    |                       ^^^^^^^^^^
[INFO] [stdout]    |
[INFO] [stdout] help: you might have meant to use the associated type
[INFO] [stdout]    |
[INFO] [stdout] 89 |     type PalletInfo = Self::PalletInfo;
[INFO] [stdout]    |                       ++++++
[INFO] [stdout] help: consider importing this trait
[INFO] [stdout]    |
[INFO] [stdout] 16 + use frame_support::traits::PalletInfo;
[INFO] [stdout]    |
[INFO] [stdout] 
[INFO] [stdout] 
[INFO] [stdout] error[E0412]: cannot find type `Runtime` in this scope
[INFO] [stdout]    --> src/mock.rs:103:34
[INFO] [stdout]     |
[INFO] [stdout] 103 | impl pallet_balances::Config for Runtime {
[INFO] [stdout]     |                                  ^^^^^^^ not found in this scope
[INFO] [stdout] 
[INFO] [stdout] 
[INFO] [stdout] error[E0412]: cannot find type `RuntimeEvent` in this scope
[INFO] [stdout]    --> src/mock.rs:105:22
[INFO] [stdout]     |
[INFO] [stdout] 105 |     type RuntimeEvent = RuntimeEvent;
[INFO] [stdout]     |                         ^^^^^^^^^^^^ not found in this scope
[INFO] [stdout] 
[INFO] [stdout] 
[INFO] [stdout] error[E0412]: cannot find type `System` in this scope
[INFO] [stdout]    --> src/mock.rs:108:22
[INFO] [stdout]     |
[INFO] [stdout] 108 |     type AccountStore = System;
[INFO] [stdout]     |                         ^^^^^^ not found in this scope
[INFO] [stdout]     |
[INFO] [stdout] help: consider importing one of these items
[INFO] [stdout]     |
[INFO] [stdout] 16  + use codec::alloc::alloc::System;
[INFO] [stdout]     |
[INFO] [stdout] 16  + use crate::mock::codec::alloc::alloc::System;
[INFO] [stdout]     |
[INFO] [stdout] 16  + use sp_std::alloc::System;
[INFO] [stdout]     |
[INFO] [stdout] 16  + use std::alloc::System;
[INFO] [stdout]     |
[INFO] [stdout] 
[INFO] [stdout] 
[INFO] [stdout] error[E0412]: cannot find type `Runtime` in this scope
[INFO] [stdout]    --> src/mock.rs:138:45
[INFO] [stdout]     |
[INFO] [stdout] 138 | impl pallet_transaction_payment::Config for Runtime {
[INFO] [stdout]     |                                             ^^^^^^^ not found in this scope
[INFO] [stdout] 
[INFO] [stdout] 
[INFO] [stdout] error[E0412]: cannot find type `RuntimeEvent` in this scope
[INFO] [stdout]    --> src/mock.rs:139:22
[INFO] [stdout]     |
[INFO] [stdout] 139 |     type RuntimeEvent = RuntimeEvent;
[INFO] [stdout]     |                         ^^^^^^^^^^^^
[INFO] [stdout]     |
[INFO] [stdout] help: you might have meant to use the associated type
[INFO] [stdout]     |
[INFO] [stdout] 139 |     type RuntimeEvent = Self::RuntimeEvent;
[INFO] [stdout]     |                         ++++++
[INFO] [stdout] 
[INFO] [stdout] 
[INFO] [stdout] error[E0412]: cannot find type `Balances` in this scope
[INFO] [stdout]    --> src/mock.rs:140:45
[INFO] [stdout]     |
[INFO] [stdout] 35  | type Balance = u64;
[INFO] [stdout]     | ------------------- similarly named type alias `Balance` defined here
[INFO] [stdout] ...
[INFO] [stdout] 140 |     type OnChargeTransaction = CurrencyAdapter<Balances, ()>;
[INFO] [stdout]     |                                                ^^^^^^^^
[INFO] [stdout]     |
[INFO] [stdout] help: a type alias with a similar name exists
[INFO] [stdout]     |
[INFO] [stdout] 140 |     type OnChargeTransaction = CurrencyAdapter<Balance, ()>;
[INFO] [stdout]     |                                                ~~~~~~~
[INFO] [stdout] help: you might be missing a type parameter
[INFO] [stdout]     |
[INFO] [stdout] 138 | impl<Balances> pallet_transaction_payment::Config for Runtime {
[INFO] [stdout]     |     ++++++++++
[INFO] [stdout] 
[INFO] [stdout] 
[INFO] [stdout] error[E0412]: cannot find type `Runtime` in this scope
[INFO] [stdout]    --> src/mock.rs:149:32
[INFO] [stdout]     |
[INFO] [stdout] 149 | impl pallet_assets::Config for Runtime {
[INFO] [stdout]     |                                ^^^^^^^ not found in this scope
[INFO] [stdout] 
[INFO] [stdout] 
[INFO] [stdout] error[E0412]: cannot find type `RuntimeEvent` in this scope
[INFO] [stdout]    --> src/mock.rs:150:22
[INFO] [stdout]     |
[INFO] [stdout] 150 |     type RuntimeEvent = RuntimeEvent;
[INFO] [stdout]     |                         ^^^^^^^^^^^^ not found in this scope
[INFO] [stdout] 
[INFO] [stdout] 
[INFO] [stdout] error[E0412]: cannot find type `Balances` in this scope
[INFO] [stdout]    --> src/mock.rs:154:18
[INFO] [stdout]     |
[INFO] [stdout] 35  | type Balance = u64;
[INFO] [stdout]     | ------------------- similarly named type alias `Balance` defined here
[INFO] [stdout] ...
[INFO] [stdout] 154 |     type Currency = Balances;
[INFO] [stdout]     |                     ^^^^^^^^ help: a type alias with a similar name exists: `Balance`
[INFO] [stdout] 
[INFO] [stdout] 
[INFO] [stdout] error[E0412]: cannot find type `Runtime` in this scope
[INFO] [stdout]    --> src/mock.rs:184:36
[INFO] [stdout]     |
[INFO] [stdout] 184 | impl pallet_authorship::Config for Runtime {
[INFO] [stdout]     |                                    ^^^^^^^ not found in this scope
[INFO] [stdout] 
[INFO] [stdout] 
[INFO] [stdout] error[E0412]: cannot find type `Assets` in this scope
[INFO] [stdout]    --> src/mock.rs:190:30
[INFO] [stdout]     |
[INFO] [stdout] 147 | type AssetId = u32;
[INFO] [stdout]     | ------------------- similarly named type alias `AssetId` defined here
[INFO] [stdout] ...
[INFO] [stdout] 190 | impl HandleCredit<AccountId, Assets> for CreditToBlockAuthor {
[INFO] [stdout]     |                              ^^^^^^
[INFO] [stdout]     |
[INFO] [stdout] help: a type alias with a similar name exists
[INFO] [stdout]     |
[INFO] [stdout] 190 | impl HandleCredit<AccountId, AssetId> for CreditToBlockAuthor {
[INFO] [stdout]     |                              ~~~~~~~
[INFO] [stdout] help: you might be missing a type parameter
[INFO] [stdout]     |
[INFO] [stdout] 190 | impl<Assets> HandleCredit<AccountId, Assets> for CreditToBlockAuthor {
[INFO] [stdout]     |     ++++++++
[INFO] [stdout] 
[INFO] [stdout] 
[INFO] [stdout] error[E0412]: cannot find type `Assets` in this scope
[INFO] [stdout]    --> src/mock.rs:191:45
[INFO] [stdout]     |
[INFO] [stdout] 147 | type AssetId = u32;
[INFO] [stdout]     | ------------------- similarly named type alias `AssetId` defined here
[INFO] [stdout] ...
[INFO] [stdout] 191 |     fn handle_credit(credit: Credit<AccountId, Assets>) {
[INFO] [stdout]     |                                                ^^^^^^
[INFO] [stdout]     |
[INFO] [stdout] help: a type alias with a similar name exists
[INFO] [stdout]     |
[INFO] [stdout] 191 |     fn handle_credit(credit: Credit<AccountId, AssetId>) {
[INFO] [stdout]     |                                                ~~~~~~~
[INFO] [stdout] help: you might be missing a type parameter
[INFO] [stdout]     |
[INFO] [stdout] 190 | impl<Assets> HandleCredit<AccountId, Assets> for CreditToBlockAuthor {
[INFO] [stdout]     |     ++++++++
[INFO] [stdout] 
[INFO] [stdout] 
[INFO] [stdout] error[E0433]: failed to resolve: use of undeclared crate or module `pallet_authorship`
[INFO] [stdout]    --> src/mock.rs:192:25
[INFO] [stdout]     |
[INFO] [stdout] 192 |         if let Some(author) = pallet_authorship::Pallet::<Runtime>::author() {
[INFO] [stdout]     |                               ^^^^^^^^^^^^^^^^^ use of undeclared crate or module `pallet_authorship`
[INFO] [stdout]     |
[INFO] [stdout] help: consider importing one of these items
[INFO] [stdout]     |
[INFO] [stdout] 16  + use crate::Pallet;
[INFO] [stdout]     |
[INFO] [stdout] 16  + use crate::mock::system::Pallet;
[INFO] [stdout]     |
[INFO] [stdout] 16  + use frame_system::Pallet;
[INFO] [stdout]     |
[INFO] [stdout] 16  + use pallet_transaction_payment::Pallet;
[INFO] [stdout]     |
[INFO] [stdout] help: if you import `Pallet`, refer to it directly
[INFO] [stdout]     |
[INFO] [stdout] 192 -         if let Some(author) = pallet_authorship::Pallet::<Runtime>::author() {
[INFO] [stdout] 192 +         if let Some(author) = Pallet::<Runtime>::author() {
[INFO] [stdout]     |
[INFO] [stdout] 
[INFO] [stdout] 
[INFO] [stdout] error[E0412]: cannot find type `Runtime` in this scope
[INFO] [stdout]    --> src/mock.rs:192:53
[INFO] [stdout]     |
[INFO] [stdout] 192 |         if let Some(author) = pallet_authorship::Pallet::<Runtime>::author() {
[INFO] [stdout]     |                                                           ^^^^^^^ not found in this scope
[INFO] [stdout]     |
[INFO] [stdout] help: you might be missing a type parameter
[INFO] [stdout]     |
[INFO] [stdout] 190 | impl<Runtime> HandleCredit<AccountId, Assets> for CreditToBlockAuthor {
[INFO] [stdout]     |     +++++++++
[INFO] [stdout] 
[INFO] [stdout] 
[INFO] [stdout] error[E0412]: cannot find type `Assets` in this scope
[INFO] [stdout]    --> src/mock.rs:195:13
[INFO] [stdout]     |
[INFO] [stdout] 147 | type AssetId = u32;
[INFO] [stdout]     | ------------------- similarly named type alias `AssetId` defined here
[INFO] [stdout] ...
[INFO] [stdout] 195 |             let _ = <Assets as Balanced<AccountId>>::resolve(&author, credit);
[INFO] [stdout]     |                      ^^^^^^ help: a type alias with a similar name exists: `AssetId`
[INFO] [stdout] 
[INFO] [stdout] 
[INFO] [stdout] error[E0412]: cannot find type `Runtime` in this scope
[INFO] [stdout]    --> src/mock.rs:200:17
[INFO] [stdout]     |
[INFO] [stdout] 200 | impl Config for Runtime {
[INFO] [stdout]     |                 ^^^^^^^ not found in this scope
[INFO] [stdout] 
[INFO] [stdout] 
[INFO] [stdout] error[E0412]: cannot find type `RuntimeEvent` in this scope
[INFO] [stdout]    --> src/mock.rs:201:22
[INFO] [stdout]     |
[INFO] [stdout] 201 |     type RuntimeEvent = RuntimeEvent;
[INFO] [stdout]     |                         ^^^^^^^^^^^^
[INFO] [stdout]     |
[INFO] [stdout] help: you might have meant to use the associated type
[INFO] [stdout]     |
[INFO] [stdout] 201 |     type RuntimeEvent = Self::RuntimeEvent;
[INFO] [stdout]     |                         ++++++
[INFO] [stdout] 
[INFO] [stdout] 
[INFO] [stdout] error[E0412]: cannot find type `Assets` in this scope
[INFO] [stdout]    --> src/mock.rs:202:19
[INFO] [stdout]     |
[INFO] [stdout] 147 | type AssetId = u32;
[INFO] [stdout]     | ------------------- similarly named type alias `AssetId` defined here
[INFO] [stdout] ...
[INFO] [stdout] 202 |     type Fungibles = Assets;
[INFO] [stdout]     |                      ^^^^^^ help: a type alias with a similar name exists: `AssetId`
[INFO] [stdout] 
[INFO] [stdout] 
[INFO] [stdout] error[E0412]: cannot find type `Balances` in this scope
[INFO] [stdout]    --> src/mock.rs:204:40
[INFO] [stdout]     |
[INFO] [stdout] 35  | type Balance = u64;
[INFO] [stdout]     | ------------------- similarly named type alias `Balance` defined here
[INFO] [stdout] ...
[INFO] [stdout] 204 |         pallet_assets::BalanceToAssetBalance<Balances, Runtime, ConvertInto>,
[INFO] [stdout]     |                                              ^^^^^^^^
[INFO] [stdout]     |
[INFO] [stdout] help: a type alias with a similar name exists
[INFO] [stdout]     |
[INFO] [stdout] 204 |         pallet_assets::BalanceToAssetBalance<Balance, Runtime, ConvertInto>,
[INFO] [stdout]     |                                              ~~~~~~~
[INFO] [stdout] help: you might be missing a type parameter
[INFO] [stdout]     |
[INFO] [stdout] 200 | impl<Balances> Config for Runtime {
[INFO] [stdout]     |     ++++++++++
[INFO] [stdout] 
[INFO] [stdout] 
[INFO] [stdout] error[E0412]: cannot find type `Runtime` in this scope
[INFO] [stdout]    --> src/mock.rs:204:50
[INFO] [stdout]     |
[INFO] [stdout] 204 |         pallet_assets::BalanceToAssetBalance<Balances, Runtime, ConvertInto>,
[INFO] [stdout]     |                                                        ^^^^^^^ not found in this scope
[INFO] [stdout]     |
[INFO] [stdout] help: you might be missing a type parameter
[INFO] [stdout]     |
[INFO] [stdout] 200 | impl<Runtime> Config for Runtime {
[INFO] [stdout]     |     +++++++++
[INFO] [stdout] 
[INFO] [stdout] 
[INFO] [stdout] error[E0412]: cannot find type `Runtime` in this scope
[INFO] [stdout]   --> src/tests.rs:30:15
[INFO] [stdout]    |
[INFO] [stdout] 30 | const CALL: &<Runtime as frame_system::Config>::RuntimeCall =
[INFO] [stdout]    |               ^^^^^^^ not found in this scope
[INFO] [stdout] 
[INFO] [stdout] 
[INFO] [stdout] error[E0412]: cannot find type `Runtime` in this scope
[INFO] [stdout]   --> src/tests.rs:67:45
[INFO] [stdout]    |
[INFO] [stdout] 67 |         let mut t = frame_system::GenesisConfig::<Runtime>::default().build_storage().unwrap();
[INFO] [stdout]    |                                                   ^^^^^^^ not found in this scope
[INFO] [stdout]    |
[INFO] [stdout] help: you might be missing a type parameter
[INFO] [stdout]    |
[INFO] [stdout] 51 | impl<Runtime> ExtBuilder {
[INFO] [stdout]    |     +++++++++
[INFO] [stdout] 
[INFO] [stdout] 
[INFO] [stdout] error[E0412]: cannot find type `Runtime` in this scope
[INFO] [stdout]   --> src/tests.rs:68:36
[INFO] [stdout]    |
[INFO] [stdout] 68 |         pallet_balances::GenesisConfig::<Runtime> {
[INFO] [stdout]    |                                          ^^^^^^^ not found in this scope
[INFO] [stdout]    |
[INFO] [stdout] help: you might be missing a type parameter
[INFO] [stdout]    |
[INFO] [stdout] 51 | impl<Runtime> ExtBuilder {
[INFO] [stdout]    |     +++++++++
[INFO] [stdout] 
[INFO] [stdout] 
[INFO] [stdout] error[E0412]: cannot find type `Runtime` in this scope
[INFO] [stdout]    --> src/tests.rs:119:37
[INFO] [stdout]     |
[INFO] [stdout] 119 |             let pre = ChargeAssetTxPayment::<Runtime>::from(0, None)
[INFO] [stdout]     |                                              ^^^^^^^ not found in this scope
[INFO] [stdout]     |
[INFO] [stdout] help: you might be missing a type parameter
[INFO] [stdout]     |
[INFO] [stdout] 111 | fn transaction_payment_in_native_possible<Runtime>() {
[INFO] [stdout]     |                                          +++++++++
[INFO] [stdout] 
[INFO] [stdout] 
[INFO] [stdout] error[E0412]: cannot find type `Runtime` in this scope
[INFO] [stdout]    --> src/tests.rs:125:38
[INFO] [stdout]     |
[INFO] [stdout] 125 |             assert_ok!(ChargeAssetTxPayment::<Runtime>::post_dispatch(
[INFO] [stdout]     |                                               ^^^^^^^ not found in this scope
[INFO] [stdout]     |
[INFO] [stdout] help: you might be missing a type parameter
[INFO] [stdout]     |
[INFO] [stdout] 111 | fn transaction_payment_in_native_possible<Runtime>() {
[INFO] [stdout]     |                                          +++++++++
[INFO] [stdout] 
[INFO] [stdout] 
[INFO] [stdout] error[E0412]: cannot find type `Runtime` in this scope
[INFO] [stdout]    --> src/tests.rs:134:37
[INFO] [stdout]     |
[INFO] [stdout] 134 |             let pre = ChargeAssetTxPayment::<Runtime>::from(5 /* tipped */, None)
[INFO] [stdout]     |                                              ^^^^^^^ not found in this scope
[INFO] [stdout]     |
[INFO] [stdout] help: you might be missing a type parameter
[INFO] [stdout]     |
[INFO] [stdout] 111 | fn transaction_payment_in_native_possible<Runtime>() {
[INFO] [stdout]     |                                          +++++++++
[INFO] [stdout] 
[INFO] [stdout] 
[INFO] [stdout] error[E0412]: cannot find type `Runtime` in this scope
[INFO] [stdout]    --> src/tests.rs:140:38
[INFO] [stdout]     |
[INFO] [stdout] 140 |             assert_ok!(ChargeAssetTxPayment::<Runtime>::post_dispatch(
[INFO] [stdout]     |                                               ^^^^^^^ not found in this scope
[INFO] [stdout]     |
[INFO] [stdout] help: you might be missing a type parameter
[INFO] [stdout]     |
[INFO] [stdout] 111 | fn transaction_payment_in_native_possible<Runtime>() {
[INFO] [stdout]     |                                          +++++++++
[INFO] [stdout] 
[INFO] [stdout] 
[INFO] [stdout] error[E0412]: cannot find type `Runtime` in this scope
[INFO] [stdout]    --> src/tests.rs:173:23
[INFO] [stdout]     |
[INFO] [stdout] 173 |             let beneficiary = <Runtime as system::Config>::Lookup::unlookup(caller);
[INFO] [stdout]     |                                ^^^^^^^ not found in this scope
[INFO] [stdout] 
[INFO] [stdout] 
[INFO] [stdout] error[E0412]: cannot find type `Runtime` in this scope
[INFO] [stdout]    --> src/tests.rs:182:37
[INFO] [stdout]     |
[INFO] [stdout] 182 |             let pre = ChargeAssetTxPayment::<Runtime>::from(0, Some(asset_id))
[INFO] [stdout]     |                                              ^^^^^^^ not found in this scope
[INFO] [stdout]     |
[INFO] [stdout] help: you might be missing a type parameter
[INFO] [stdout]     |
[INFO] [stdout] 152 | fn transaction_payment_in_asset_possible<Runtime>() {
[INFO] [stdout]     |                                         +++++++++
[INFO] [stdout] 
[INFO] [stdout] 
[INFO] [stdout] error[E0412]: cannot find type `Runtime` in this scope
[INFO] [stdout]    --> src/tests.rs:191:38
[INFO] [stdout]     |
[INFO] [stdout] 191 |             assert_ok!(ChargeAssetTxPayment::<Runtime>::post_dispatch(
[INFO] [stdout]     |                                               ^^^^^^^ not found in this scope
[INFO] [stdout]     |
[INFO] [stdout] help: you might be missing a type parameter
[INFO] [stdout]     |
[INFO] [stdout] 152 | fn transaction_payment_in_asset_possible<Runtime>() {
[INFO] [stdout]     |                                         +++++++++
[INFO] [stdout] 
[INFO] [stdout] 
[INFO] [stdout] error[E0412]: cannot find type `Runtime` in this scope
[INFO] [stdout]    --> src/tests.rs:226:23
[INFO] [stdout]     |
[INFO] [stdout] 226 |             let beneficiary = <Runtime as system::Config>::Lookup::unlookup(caller);
[INFO] [stdout]     |                                ^^^^^^^ not found in this scope
[INFO] [stdout] 
[INFO] [stdout] 
[INFO] [stdout] error[E0412]: cannot find type `Runtime` in this scope
[INFO] [stdout]    --> src/tests.rs:235:37
[INFO] [stdout]     |
[INFO] [stdout] 235 |             let pre = ChargeAssetTxPayment::<Runtime>::from(0, Some(asset_id))
[INFO] [stdout]     |                                              ^^^^^^^ not found in this scope
[INFO] [stdout]     |
[INFO] [stdout] help: you might be missing a type parameter
[INFO] [stdout]     |
[INFO] [stdout] 205 | fn transaction_payment_without_fee<Runtime>() {
[INFO] [stdout]     |                                   +++++++++
[INFO] [stdout] 
[INFO] [stdout] 
[INFO] [stdout] error[E0412]: cannot find type `Runtime` in this scope
[INFO] [stdout]    --> src/tests.rs:244:38
[INFO] [stdout]     |
[INFO] [stdout] 244 |             assert_ok!(ChargeAssetTxPayment::<Runtime>::post_dispatch(
[INFO] [stdout]     |                                               ^^^^^^^ not found in this scope
[INFO] [stdout]     |
[INFO] [stdout] help: you might be missing a type parameter
[INFO] [stdout]     |
[INFO] [stdout] 205 | fn transaction_payment_without_fee<Runtime>() {
[INFO] [stdout]     |                                   +++++++++
[INFO] [stdout] 
[INFO] [stdout] 
[INFO] [stdout] error[E0412]: cannot find type `Runtime` in this scope
[INFO] [stdout]    --> src/tests.rs:279:23
[INFO] [stdout]     |
[INFO] [stdout] 279 |             let beneficiary = <Runtime as system::Config>::Lookup::unlookup(caller);
[INFO] [stdout]     |                                ^^^^^^^ not found in this scope
[INFO] [stdout] 
[INFO] [stdout] 
[INFO] [stdout] error[E0412]: cannot find type `Runtime` in this scope
[INFO] [stdout]    --> src/tests.rs:290:37
[INFO] [stdout]     |
[INFO] [stdout] 290 |             let pre = ChargeAssetTxPayment::<Runtime>::from(tip, Some(asset_id))
[INFO] [stdout]     |                                              ^^^^^^^ not found in this scope
[INFO] [stdout]     |
[INFO] [stdout] help: you might be missing a type parameter
[INFO] [stdout]     |
[INFO] [stdout] 259 | fn asset_transaction_payment_with_tip_and_refund<Runtime>() {
[INFO] [stdout]     |                                                 +++++++++
[INFO] [stdout] 
[INFO] [stdout] 
[INFO] [stdout] error[E0412]: cannot find type `Runtime` in this scope
[INFO] [stdout]    --> src/tests.rs:296:38
[INFO] [stdout]     |
[INFO] [stdout] 296 |             assert_ok!(ChargeAssetTxPayment::<Runtime>::post_dispatch(
[INFO] [stdout]     |                                               ^^^^^^^ not found in this scope
[INFO] [stdout]     |
[INFO] [stdout] help: you might be missing a type parameter
[INFO] [stdout]     |
[INFO] [stdout] 259 | fn asset_transaction_payment_with_tip_and_refund<Runtime>() {
[INFO] [stdout]     |                                                 +++++++++
[INFO] [stdout] 
[INFO] [stdout] 
[INFO] [stdout] error[E0412]: cannot find type `Runtime` in this scope
[INFO] [stdout]    --> src/tests.rs:331:23
[INFO] [stdout]     |
[INFO] [stdout] 331 |             let beneficiary = <Runtime as system::Config>::Lookup::unlookup(caller);
[INFO] [stdout]     |                                ^^^^^^^ not found in this scope
[INFO] [stdout] 
[INFO] [stdout] 
[INFO] [stdout] error[E0412]: cannot find type `Runtime` in this scope
[INFO] [stdout]    --> src/tests.rs:342:37
[INFO] [stdout]     |
[INFO] [stdout] 342 |             let pre = ChargeAssetTxPayment::<Runtime>::from(0, Some(asset_id))
[INFO] [stdout]     |                                              ^^^^^^^ not found in this scope
[INFO] [stdout]     |
[INFO] [stdout] help: you might be missing a type parameter
[INFO] [stdout]     |
[INFO] [stdout] 311 | fn payment_from_account_with_only_assets<Runtime>() {
[INFO] [stdout]     |                                         +++++++++
[INFO] [stdout] 
[INFO] [stdout] 
[INFO] [stdout] error[E0412]: cannot find type `Runtime` in this scope
[INFO] [stdout]    --> src/tests.rs:349:38
[INFO] [stdout]     |
[INFO] [stdout] 349 |             assert_ok!(ChargeAssetTxPayment::<Runtime>::post_dispatch(
[INFO] [stdout]     |                                               ^^^^^^^ not found in this scope
[INFO] [stdout]     |
[INFO] [stdout] help: you might be missing a type parameter
[INFO] [stdout]     |
[INFO] [stdout] 311 | fn payment_from_account_with_only_assets<Runtime>() {
[INFO] [stdout]     |                                         +++++++++
[INFO] [stdout] 
[INFO] [stdout] 
[INFO] [stdout] error[E0412]: cannot find type `Runtime` in this scope
[INFO] [stdout]    --> src/tests.rs:374:35
[INFO] [stdout]     |
[INFO] [stdout] 374 |             assert!(ChargeAssetTxPayment::<Runtime>::from(0, Some(asset_id))
[INFO] [stdout]     |                                            ^^^^^^^ not found in this scope
[INFO] [stdout]     |
[INFO] [stdout] help: you might be missing a type parameter
[INFO] [stdout]     |
[INFO] [stdout] 362 | fn payment_only_with_existing_sufficient_asset<Runtime>() {
[INFO] [stdout]     |                                               +++++++++
[INFO] [stdout] 
[INFO] [stdout] 
[INFO] [stdout] error[E0412]: cannot find type `Runtime` in this scope
[INFO] [stdout]    --> src/tests.rs:388:35
[INFO] [stdout]     |
[INFO] [stdout] 388 |             assert!(ChargeAssetTxPayment::<Runtime>::from(0, Some(asset_id))
[INFO] [stdout]     |                                            ^^^^^^^ not found in this scope
[INFO] [stdout]     |
[INFO] [stdout] help: you might be missing a type parameter
[INFO] [stdout]     |
[INFO] [stdout] 362 | fn payment_only_with_existing_sufficient_asset<Runtime>() {
[INFO] [stdout]     |                                               +++++++++
[INFO] [stdout] 
[INFO] [stdout] 
[INFO] [stdout] error[E0412]: cannot find type `Runtime` in this scope
[INFO] [stdout]    --> src/tests.rs:415:23
[INFO] [stdout]     |
[INFO] [stdout] 415 |             let beneficiary = <Runtime as system::Config>::Lookup::unlookup(caller);
[INFO] [stdout]     |                                ^^^^^^^ not found in this scope
[INFO] [stdout] 
[INFO] [stdout] 
[INFO] [stdout] error[E0412]: cannot find type `Runtime` in this scope
[INFO] [stdout]    --> src/tests.rs:427:38
[INFO] [stdout]     |
[INFO] [stdout] 427 |                 let pre = ChargeAssetTxPayment::<Runtime>::from(0, Some(asset_id))
[INFO] [stdout]     |                                                  ^^^^^^^ not found in this scope
[INFO] [stdout]     |
[INFO] [stdout] help: you might be missing a type parameter
[INFO] [stdout]     |
[INFO] [stdout] 395 | fn converted_fee_is_never_zero_if_input_fee_is_not<Runtime>() {
[INFO] [stdout]     |                                                   +++++++++
[INFO] [stdout] 
[INFO] [stdout] 
[INFO] [stdout] error[E0412]: cannot find type `Runtime` in this scope
[INFO] [stdout]    --> src/tests.rs:433:39
[INFO] [stdout]     |
[INFO] [stdout] 433 |                 assert_ok!(ChargeAssetTxPayment::<Runtime>::post_dispatch(
[INFO] [stdout]     |                                                   ^^^^^^^ not found in this scope
[INFO] [stdout]     |
[INFO] [stdout] help: you might be missing a type parameter
[INFO] [stdout]     |
[INFO] [stdout] 395 | fn converted_fee_is_never_zero_if_input_fee_is_not<Runtime>() {
[INFO] [stdout]     |                                                   +++++++++
[INFO] [stdout] 
[INFO] [stdout] 
[INFO] [stdout] error[E0412]: cannot find type `Runtime` in this scope
[INFO] [stdout]    --> src/tests.rs:442:37
[INFO] [stdout]     |
[INFO] [stdout] 442 |             let pre = ChargeAssetTxPayment::<Runtime>::from(0, Some(asset_id))
[INFO] [stdout]     |                                              ^^^^^^^ not found in this scope
[INFO] [stdout]     |
[INFO] [stdout] help: you might be missing a type parameter
[INFO] [stdout]     |
[INFO] [stdout] 395 | fn converted_fee_is_never_zero_if_input_fee_is_not<Runtime>() {
[INFO] [stdout]     |                                                   +++++++++
[INFO] [stdout] 
[INFO] [stdout] 
[INFO] [stdout] error[E0412]: cannot find type `Runtime` in this scope
[INFO] [stdout]    --> src/tests.rs:448:38
[INFO] [stdout]     |
[INFO] [stdout] 448 |             assert_ok!(ChargeAssetTxPayment::<Runtime>::post_dispatch(
[INFO] [stdout]     |                                               ^^^^^^^ not found in this scope
[INFO] [stdout]     |
[INFO] [stdout] help: you might be missing a type parameter
[INFO] [stdout]     |
[INFO] [stdout] 395 | fn converted_fee_is_never_zero_if_input_fee_is_not<Runtime>() {
[INFO] [stdout]     |                                                   +++++++++
[INFO] [stdout] 
[INFO] [stdout] 
[INFO] [stdout] error[E0412]: cannot find type `Runtime` in this scope
[INFO] [stdout]    --> src/tests.rs:480:23
[INFO] [stdout]     |
[INFO] [stdout] 480 |             let beneficiary = <Runtime as system::Config>::Lookup::unlookup(caller);
[INFO] [stdout]     |                                ^^^^^^^ not found in this scope
[INFO] [stdout] 
[INFO] [stdout] 
[INFO] [stdout] error[E0412]: cannot find type `Runtime` in this scope
[INFO] [stdout]    --> src/tests.rs:491:37
[INFO] [stdout]     |
[INFO] [stdout] 491 |             let pre = ChargeAssetTxPayment::<Runtime>::from(0, Some(asset_id))
[INFO] [stdout]     |                                              ^^^^^^^ not found in this scope
[INFO] [stdout]     |
[INFO] [stdout] help: you might be missing a type parameter
[INFO] [stdout]     |
[INFO] [stdout] 460 | fn post_dispatch_fee_is_zero_if_pre_dispatch_fee_is_zero<Runtime>() {
[INFO] [stdout]     |                                                         +++++++++
[INFO] [stdout] 
[INFO] [stdout] 
[INFO] [stdout] error[E0412]: cannot find type `Runtime` in this scope
[INFO] [stdout]    --> src/tests.rs:505:38
[INFO] [stdout]     |
[INFO] [stdout] 505 |             assert_ok!(ChargeAssetTxPayment::<Runtime>::post_dispatch(
[INFO] [stdout]     |                                               ^^^^^^^ not found in this scope
[INFO] [stdout]     |
[INFO] [stdout] help: you might be missing a type parameter
[INFO] [stdout]     |
[INFO] [stdout] 460 | fn post_dispatch_fee_is_zero_if_pre_dispatch_fee_is_zero<Runtime>() {
[INFO] [stdout]     |                                                         +++++++++
[INFO] [stdout] 
[INFO] [stdout] 
[INFO] [stdout] error[E0412]: cannot find type `Runtime` in this scope
[INFO] [stdout]    --> src/tests.rs:537:23
[INFO] [stdout]     |
[INFO] [stdout] 537 |             let beneficiary = <Runtime as system::Config>::Lookup::unlookup(caller);
[INFO] [stdout]     |                                ^^^^^^^ not found in this scope
[INFO] [stdout] 
[INFO] [stdout] 
[INFO] [stdout] error[E0412]: cannot find type `Runtime` in this scope
[INFO] [stdout]    --> src/tests.rs:543:27
[INFO] [stdout]     |
[INFO] [stdout] 543 |             ChargeAssetTxPayment::<Runtime>::pre_dispatch_unsigned(
[INFO] [stdout]     |                                    ^^^^^^^ not found in this scope
[INFO] [stdout]     |
[INFO] [stdout] help: you might be missing a type parameter
[INFO] [stdout]     |
[INFO] [stdout] 517 | fn post_dispatch_fee_is_zero_if_unsigned_pre_dispatch_fee_is_zero<Runtime>() {
[INFO] [stdout]     |                                                                  +++++++++
[INFO] [stdout] 
[INFO] [stdout] 
[INFO] [stdout] error[E0412]: cannot find type `Runtime` in this scope
[INFO] [stdout]    --> src/tests.rs:554:38
[INFO] [stdout]     |
[INFO] [stdout] 554 |             assert_ok!(ChargeAssetTxPayment::<Runtime>::post_dispatch(
[INFO] [stdout]     |                                               ^^^^^^^ not found in this scope
[INFO] [stdout]     |
[INFO] [stdout] help: you might be missing a type parameter
[INFO] [stdout]     |
[INFO] [stdout] 517 | fn post_dispatch_fee_is_zero_if_unsigned_pre_dispatch_fee_is_zero<Runtime>() {
[INFO] [stdout]     |                                                                  +++++++++
[INFO] [stdout] 
[INFO] [stdout] 
[INFO] [stdout] warning: unused import: `frame_system as system`
[INFO] [stdout]   --> src/mock.rs:28:5
[INFO] [stdout]    |
[INFO] [stdout] 28 | use frame_system as system;
[INFO] [stdout]    |     ^^^^^^^^^^^^^^^^^^^^^^
[INFO] [stdout]    |
[INFO] [stdout]    = note: `#[warn(unused_imports)]` on by default
[INFO] [stdout] 
[INFO] [stdout] 
[INFO] [stdout] warning: unused import: `traits::fungibles::Mutate`
[INFO] [stdout]   --> src/tests.rs:22:2
[INFO] [stdout]    |
[INFO] [stdout] 22 |     traits::fungibles::Mutate,
[INFO] [stdout]    |     ^^^^^^^^^^^^^^^^^^^^^^^^^
[INFO] [stdout] 
[INFO] [stdout] 
[INFO] [stdout] error[E0433]: failed to resolve: use of undeclared crate or module `pallet_balances`
[INFO] [stdout]   --> src/mock.rs:90:21
[INFO] [stdout]    |
[INFO] [stdout] 90 |     type AccountData = pallet_balances::AccountData<u64>;
[INFO] [stdout]    |                        ^^^^^^^^^^^^^^^ use of undeclared crate or module `pallet_balances`
[INFO] [stdout] 
[INFO] [stdout] 
[INFO] [stdout] error[E0433]: failed to resolve: use of undeclared crate or module `pallet_balances`
[INFO] [stdout]    --> src/mock.rs:103:6
[INFO] [stdout]     |
[INFO] [stdout] 103 | impl pallet_balances::Config for Runtime {
[INFO] [stdout]     |      ^^^^^^^^^^^^^^^ use of undeclared crate or module `pallet_balances`
[INFO] [stdout] 
[INFO] [stdout] 
[INFO] [stdout] error[E0433]: failed to resolve: use of undeclared crate or module `pallet_assets`
[INFO] [stdout]    --> src/mock.rs:149:6
[INFO] [stdout]     |
[INFO] [stdout] 149 | impl pallet_assets::Config for Runtime {
[INFO] [stdout]     |      ^^^^^^^^^^^^^ use of undeclared crate or module `pallet_assets`
[INFO] [stdout] 
[INFO] [stdout] 
[INFO] [stdout] error[E0433]: failed to resolve: use of undeclared crate or module `pallet_authorship`
[INFO] [stdout]    --> src/mock.rs:184:6
[INFO] [stdout]     |
[INFO] [stdout] 184 | impl pallet_authorship::Config for Runtime {
[INFO] [stdout]     |      ^^^^^^^^^^^^^^^^^ use of undeclared crate or module `pallet_authorship`
[INFO] [stdout] 
[INFO] [stdout] 
[INFO] [stdout] error[E0433]: failed to resolve: use of undeclared crate or module `pallet_assets`
[INFO] [stdout]    --> src/mock.rs:204:3
[INFO] [stdout]     |
[INFO] [stdout] 204 |         pallet_assets::BalanceToAssetBalance<Balances, Runtime, ConvertInto>,
[INFO] [stdout]     |         ^^^^^^^^^^^^^ use of undeclared crate or module `pallet_assets`
[INFO] [stdout] 
[INFO] [stdout] 
[INFO] [stdout] error[E0433]: failed to resolve: use of undeclared type `RuntimeCall`
[INFO] [stdout]   --> src/tests.rs:31:3
[INFO] [stdout]    |
[INFO] [stdout] 31 |     &RuntimeCall::Balances(BalancesCall::transfer_allow_death { dest: 2, value: 69 });
[INFO] [stdout]    |      ^^^^^^^^^^^ use of undeclared type `RuntimeCall`
[INFO] [stdout] 
[INFO] [stdout] 
[INFO] [stdout] error[E0433]: failed to resolve: use of undeclared crate or module `pallet_balances`
[INFO] [stdout]   --> src/tests.rs:68:3
[INFO] [stdout]    |
[INFO] [stdout] 68 |         pallet_balances::GenesisConfig::<Runtime> {
[INFO] [stdout]    |         ^^^^^^^^^^^^^^^ use of undeclared crate or module `pallet_balances`
[INFO] [stdout] 
[INFO] [stdout] 
[INFO] [stdout] error[E0433]: failed to resolve: use of undeclared type `Balances`
[INFO] [stdout]    --> src/tests.rs:123:15
[INFO] [stdout]     |
[INFO] [stdout] 123 |             assert_eq!(Balances::free_balance(1), initial_balance - 5 - 5 - 10);
[INFO] [stdout]     |                        ^^^^^^^^
[INFO] [stdout]     |                        |
[INFO] [stdout]     |                        use of undeclared type `Balances`
[INFO] [stdout]     |                        help: a trait with a similar name exists: `Balanced`
[INFO] [stdout] 
[INFO] [stdout] 
[INFO] [stdout] error[E0433]: failed to resolve: use of undeclared type `Balances`
[INFO] [stdout]    --> src/tests.rs:132:15
[INFO] [stdout]     |
[INFO] [stdout] 132 |             assert_eq!(Balances::free_balance(1), initial_balance - 5 - 5 - 10);
[INFO] [stdout]     |                        ^^^^^^^^
[INFO] [stdout]     |                        |
[INFO] [stdout]     |                        use of undeclared type `Balances`
[INFO] [stdout]     |                        help: a trait with a similar name exists: `Balanced`
[INFO] [stdout] 
[INFO] [stdout] 
[INFO] [stdout] error[E0433]: failed to resolve: use of undeclared type `Balances`
[INFO] [stdout]    --> src/tests.rs:138:15
[INFO] [stdout]     |
[INFO] [stdout] 138 |             assert_eq!(Balances::free_balance(2), initial_balance_for_2 - 5 - 10 - 100 - 5);
[INFO] [stdout]     |                        ^^^^^^^^
[INFO] [stdout]     |                        |
[INFO] [stdout]     |                        use of undeclared type `Balances`
[INFO] [stdout]     |                        help: a trait with a similar name exists: `Balanced`
[INFO] [stdout] 
[INFO] [stdout] 
[INFO] [stdout] error[E0433]: failed to resolve: use of undeclared type `Balances`
[INFO] [stdout]    --> src/tests.rs:147:15
[INFO] [stdout]     |
[INFO] [stdout] 147 |             assert_eq!(Balances::free_balance(2), initial_balance_for_2 - 5 - 10 - 50 - 5);
[INFO] [stdout]     |                        ^^^^^^^^
[INFO] [stdout]     |                        |
[INFO] [stdout]     |                        use of undeclared type `Balances`
[INFO] [stdout]     |                        help: a trait with a similar name exists: `Balanced`
[INFO] [stdout] 
[INFO] [stdout] 
[INFO] [stdout] error[E0433]: failed to resolve: use of undeclared type `Assets`
[INFO] [stdout]    --> src/tests.rs:163:15
[INFO] [stdout]     |
[INFO] [stdout] 163 |             assert_ok!(Assets::force_create(
[INFO] [stdout]     |                        ^^^^^^ use of undeclared type `Assets`
[INFO] [stdout] 
[INFO] [stdout] 
[INFO] [stdout] error[E0433]: failed to resolve: use of undeclared type `RuntimeOrigin`
[INFO] [stdout]    --> src/tests.rs:164:5
[INFO] [stdout]     |
[INFO] [stdout] 164 |                 RuntimeOrigin::root(),
[INFO] [stdout]     |                 ^^^^^^^^^^^^^ use of undeclared type `RuntimeOrigin`
[INFO] [stdout] 
[INFO] [stdout] 
[INFO] [stdout] error[E0433]: failed to resolve: use of undeclared type `Assets`
[INFO] [stdout]    --> src/tests.rs:175:15
[INFO] [stdout]     |
[INFO] [stdout] 175 |             assert_ok!(Assets::mint_into(asset_id.into(), &beneficiary, balance));
[INFO] [stdout]     |                        ^^^^^^ use of undeclared type `Assets`
[INFO] [stdout] 
[INFO] [stdout] 
[INFO] [stdout] error[E0433]: failed to resolve: use of undeclared type `Assets`
[INFO] [stdout]    --> src/tests.rs:176:15
[INFO] [stdout]     |
[INFO] [stdout] 176 |             assert_eq!(Assets::balance(asset_id, caller), balance);
[INFO] [stdout]     |                        ^^^^^^ use of undeclared type `Assets`
[INFO] [stdout] 
[INFO] [stdout] 
[INFO] [stdout] error[E0433]: failed to resolve: use of undeclared type `Balances`
[INFO] [stdout]    --> src/tests.rs:186:15
[INFO] [stdout]     |
[INFO] [stdout] 186 |             assert_eq!(Balances::free_balance(caller), 10 * balance_factor);
[INFO] [stdout]     |                        ^^^^^^^^
[INFO] [stdout]     |                        |
[INFO] [stdout]     |                        use of undeclared type `Balances`
[INFO] [stdout]     |                        help: a trait with a similar name exists: `Balanced`
[INFO] [stdout] 
[INFO] [stdout] 
[INFO] [stdout] error[E0433]: failed to resolve: use of undeclared type `Assets`
[INFO] [stdout]    --> src/tests.rs:188:15
[INFO] [stdout]     |
[INFO] [stdout] 188 |             assert_eq!(Assets::balance(asset_id, caller), balance - fee);
[INFO] [stdout]     |                        ^^^^^^ use of undeclared type `Assets`
[INFO] [stdout] 
[INFO] [stdout] 
[INFO] [stdout] error[E0433]: failed to resolve: use of undeclared type `Assets`
[INFO] [stdout]    --> src/tests.rs:189:15
[INFO] [stdout]     |
[INFO] [stdout] 189 |             assert_eq!(Assets::balance(asset_id, BLOCK_AUTHOR), 0);
[INFO] [stdout]     |                        ^^^^^^ use of undeclared type `Assets`
[INFO] [stdout] 
[INFO] [stdout] 
[INFO] [stdout] error[E0433]: failed to resolve: use of undeclared type `Assets`
[INFO] [stdout]    --> src/tests.rs:198:15
[INFO] [stdout]     |
[INFO] [stdout] 198 |             assert_eq!(Assets::balance(asset_id, caller), balance - fee);
[INFO] [stdout]     |                        ^^^^^^ use of undeclared type `Assets`
[INFO] [stdout] 
[INFO] [stdout] 
[INFO] [stdout] error[E0433]: failed to resolve: use of undeclared type `Assets`
[INFO] [stdout]    --> src/tests.rs:200:15
[INFO] [stdout]     |
[INFO] [stdout] 200 |             assert_eq!(Assets::balance(asset_id, BLOCK_AUTHOR), fee);
[INFO] [stdout]     |                        ^^^^^^ use of undeclared type `Assets`
[INFO] [stdout] 
[INFO] [stdout] 
[INFO] [stdout] error[E0433]: failed to resolve: use of undeclared type `Assets`
[INFO] [stdout]    --> src/tests.rs:216:15
[INFO] [stdout]     |
[INFO] [stdout] 216 |             assert_ok!(Assets::force_create(
[INFO] [stdout]     |                        ^^^^^^ use of undeclared type `Assets`
[INFO] [stdout] 
[INFO] [stdout] 
[INFO] [stdout] error[E0433]: failed to resolve: use of undeclared type `RuntimeOrigin`
[INFO] [stdout]    --> src/tests.rs:217:5
[INFO] [stdout]     |
[INFO] [stdout] 217 |                 RuntimeOrigin::root(),
[INFO] [stdout]     |                 ^^^^^^^^^^^^^ use of undeclared type `RuntimeOrigin`
[INFO] [stdout] 
[INFO] [stdout] 
[INFO] [stdout] error[E0433]: failed to resolve: use of undeclared type `Assets`
[INFO] [stdout]    --> src/tests.rs:228:15
[INFO] [stdout]     |
[INFO] [stdout] 228 |             assert_ok!(Assets::mint_into(asset_id.into(), &beneficiary, balance));
[INFO] [stdout]     |                        ^^^^^^ use of undeclared type `Assets`
[INFO] [stdout] 
[INFO] [stdout] 
[INFO] [stdout] error[E0433]: failed to resolve: use of undeclared type `Assets`
[INFO] [stdout]    --> src/tests.rs:229:15
[INFO] [stdout]     |
[INFO] [stdout] 229 |             assert_eq!(Assets::balance(asset_id, caller), balance);
[INFO] [stdout]     |                        ^^^^^^ use of undeclared type `Assets`
[INFO] [stdout] 
[INFO] [stdout] 
[INFO] [stdout] error[E0433]: failed to resolve: use of undeclared type `Balances`
[INFO] [stdout]    --> src/tests.rs:239:15
[INFO] [stdout]     |
[INFO] [stdout] 239 |             assert_eq!(Balances::free_balance(caller), 10 * balance_factor);
[INFO] [stdout]     |                        ^^^^^^^^
[INFO] [stdout]     |                        |
[INFO] [stdout]     |                        use of undeclared type `Balances`
[INFO] [stdout]     |                        help: a trait with a similar name exists: `Balanced`
[INFO] [stdout] 
[INFO] [stdout] 
[INFO] [stdout] error[E0433]: failed to resolve: use of undeclared type `Assets`
[INFO] [stdout]    --> src/tests.rs:241:15
[INFO] [stdout]     |
[INFO] [stdout] 241 |             assert_eq!(Assets::balance(asset_id, caller), balance - fee);
[INFO] [stdout]     |                        ^^^^^^ use of undeclared type `Assets`
[INFO] [stdout] 
[INFO] [stdout] 
[INFO] [stdout] error[E0433]: failed to resolve: use of undeclared type `Assets`
[INFO] [stdout]    --> src/tests.rs:242:15
[INFO] [stdout]     |
[INFO] [stdout] 242 |             assert_eq!(Assets::balance(asset_id, BLOCK_AUTHOR), 0);
[INFO] [stdout]     |                        ^^^^^^ use of undeclared type `Assets`
[INFO] [stdout] 
[INFO] [stdout] 
[INFO] [stdout] error[E0433]: failed to resolve: use of undeclared type `Assets`
[INFO] [stdout]    --> src/tests.rs:252:15
[INFO] [stdout]     |
[INFO] [stdout] 252 |             assert_eq!(Assets::balance(asset_id, caller), balance);
[INFO] [stdout]     |                        ^^^^^^ use of undeclared type `Assets`
[INFO] [stdout] 
[INFO] [stdout] 
[INFO] [stdout] error[E0433]: failed to resolve: use of undeclared type `Assets`
[INFO] [stdout]    --> src/tests.rs:254:15
[INFO] [stdout]     |
[INFO] [stdout] 254 |             assert_eq!(Assets::balance(asset_id, BLOCK_AUTHOR), 0);
[INFO] [stdout]     |                        ^^^^^^ use of undeclared type `Assets`
[INFO] [stdout] 
[INFO] [stdout] 
[INFO] [stdout] error[E0433]: failed to resolve: use of undeclared type `Assets`
[INFO] [stdout]    --> src/tests.rs:269:15
[INFO] [stdout]     |
[INFO] [stdout] 269 |             assert_ok!(Assets::force_create(
[INFO] [stdout]     |                        ^^^^^^ use of undeclared type `Assets`
[INFO] [stdout] 
[INFO] [stdout] 
[INFO] [stdout] error[E0433]: failed to resolve: use of undeclared type `RuntimeOrigin`
[INFO] [stdout]    --> src/tests.rs:270:5
[INFO] [stdout]     |
[INFO] [stdout] 270 |                 RuntimeOrigin::root(),
[INFO] [stdout]     |                 ^^^^^^^^^^^^^ use of undeclared type `RuntimeOrigin`
[INFO] [stdout] 
[INFO] [stdout] 
[INFO] [stdout] error[E0433]: failed to resolve: use of undeclared type `Assets`
[INFO] [stdout]    --> src/tests.rs:281:15
[INFO] [stdout]     |
[INFO] [stdout] 281 |             assert_ok!(Assets::mint_into(asset_id.into(), &beneficiary, balance));
[INFO] [stdout]     |                        ^^^^^^ use of undeclared type `Assets`
[INFO] [stdout] 
[INFO] [stdout] 
[INFO] [stdout] error[E0433]: failed to resolve: use of undeclared type `Assets`
[INFO] [stdout]    --> src/tests.rs:282:15
[INFO] [stdout]     |
[INFO] [stdout] 282 |             assert_eq!(Assets::balance(asset_id, caller), balance);
[INFO] [stdout]     |                        ^^^^^^ use of undeclared type `Assets`
[INFO] [stdout] 
[INFO] [stdout] 
[INFO] [stdout] error[E0433]: failed to resolve: use of undeclared type `Assets`
[INFO] [stdout]    --> src/tests.rs:293:15
[INFO] [stdout]     |
[INFO] [stdout] 293 |             assert_eq!(Assets::balance(asset_id, caller), balance - fee_with_tip);
[INFO] [stdout]     |                        ^^^^^^ use of undeclared type `Assets`
[INFO] [stdout] 
[INFO] [stdout] 
[INFO] [stdout] error[E0433]: failed to resolve: use of undeclared type `Assets`
[INFO] [stdout]    --> src/tests.rs:305:15
[INFO] [stdout]     |
[INFO] [stdout] 305 |             assert_eq!(Assets::balance(asset_id, caller), balance - (final_fee));
[INFO] [stdout]     |                        ^^^^^^ use of undeclared type `Assets`
[INFO] [stdout] 
[INFO] [stdout] 
[INFO] [stdout] error[E0433]: failed to resolve: use of undeclared type `Assets`
[INFO] [stdout]    --> src/tests.rs:306:15
[INFO] [stdout]     |
[INFO] [stdout] 306 |             assert_eq!(Assets::balance(asset_id, BLOCK_AUTHOR), final_fee);
[INFO] [stdout]     |                        ^^^^^^ use of undeclared type `Assets`
[INFO] [stdout] 
[INFO] [stdout] 
[INFO] [stdout] error[E0433]: failed to resolve: use of undeclared type `Assets`
[INFO] [stdout]    --> src/tests.rs:321:15
[INFO] [stdout]     |
[INFO] [stdout] 321 |             assert_ok!(Assets::force_create(
[INFO] [stdout]     |                        ^^^^^^ use of undeclared type `Assets`
[INFO] [stdout] 
[INFO] [stdout] 
[INFO] [stdout] error[E0433]: failed to resolve: use of undeclared type `RuntimeOrigin`
[INFO] [stdout]    --> src/tests.rs:322:5
[INFO] [stdout]     |
[INFO] [stdout] 322 |                 RuntimeOrigin::root(),
[INFO] [stdout]     |                 ^^^^^^^^^^^^^ use of undeclared type `RuntimeOrigin`
[INFO] [stdout] 
[INFO] [stdout] 
[INFO] [stdout] error[E0433]: failed to resolve: use of undeclared type `Assets`
[INFO] [stdout]    --> src/tests.rs:333:15
[INFO] [stdout]     |
[INFO] [stdout] 333 |             assert_ok!(Assets::mint_into(asset_id.into(), &beneficiary, balance));
[INFO] [stdout]     |                        ^^^^^^ use of undeclared type `Assets`
[INFO] [stdout] 
[INFO] [stdout] 
[INFO] [stdout] error[E0433]: failed to resolve: use of undeclared type `Assets`
[INFO] [stdout]    --> src/tests.rs:334:15
[INFO] [stdout]     |
[INFO] [stdout] 334 |             assert_eq!(Assets::balance(asset_id, caller), balance);
[INFO] [stdout]     |                        ^^^^^^ use of undeclared type `Assets`
[INFO] [stdout] 
[INFO] [stdout] 
[INFO] [stdout] error[E0433]: failed to resolve: use of undeclared type `Balances`
[INFO] [stdout]    --> src/tests.rs:336:15
[INFO] [stdout]     |
[INFO] [stdout] 336 |             assert_eq!(Balances::free_balance(caller), 0);
[INFO] [stdout]     |                        ^^^^^^^^
[INFO] [stdout]     |                        |
[INFO] [stdout]     |                        use of undeclared type `Balances`
[INFO] [stdout]     |                        help: a trait with a similar name exists: `Balanced`
[INFO] [stdout] 
[INFO] [stdout] 
[INFO] [stdout] error[E0433]: failed to resolve: use of undeclared type `Balances`
[INFO] [stdout]    --> src/tests.rs:345:15
[INFO] [stdout]     |
[INFO] [stdout] 345 |             assert_eq!(Balances::free_balance(caller), 0);
[INFO] [stdout]     |                        ^^^^^^^^
[INFO] [stdout]     |                        |
[INFO] [stdout]     |                        use of undeclared type `Balances`
[INFO] [stdout]     |                        help: a trait with a similar name exists: `Balanced`
[INFO] [stdout] 
[INFO] [stdout] 
[INFO] [stdout] error[E0433]: failed to resolve: use of undeclared type `Assets`
[INFO] [stdout]    --> src/tests.rs:347:15
[INFO] [stdout]     |
[INFO] [stdout] 347 |             assert_eq!(Assets::balance(asset_id, caller), balance - fee);
[INFO] [stdout]     |                        ^^^^^^ use of undeclared type `Assets`
[INFO] [stdout] 
[INFO] [stdout] 
[INFO] [stdout] error[E0433]: failed to resolve: use of undeclared type `Assets`
[INFO] [stdout]    --> src/tests.rs:356:15
[INFO] [stdout]     |
[INFO] [stdout] 356 |             assert_eq!(Assets::balance(asset_id, caller), balance - fee);
[INFO] [stdout]     |                        ^^^^^^ use of undeclared type `Assets`
[INFO] [stdout] 
[INFO] [stdout] 
[INFO] [stdout] error[E0433]: failed to resolve: use of undeclared type `Balances`
[INFO] [stdout]    --> src/tests.rs:357:15
[INFO] [stdout]     |
[INFO] [stdout] 357 |             assert_eq!(Balances::free_balance(caller), 0);
[INFO] [stdout]     |                        ^^^^^^^^
[INFO] [stdout]     |                        |
[INFO] [stdout]     |                        use of undeclared type `Balances`
[INFO] [stdout]     |                        help: a trait with a similar name exists: `Balanced`
[INFO] [stdout] 
[INFO] [stdout] 
[INFO] [stdout] error[E0433]: failed to resolve: use of undeclared type `Assets`
[INFO] [stdout]    --> src/tests.rs:380:15
[INFO] [stdout]     |
[INFO] [stdout] 380 |             assert_ok!(Assets::force_create(
[INFO] [stdout]     |                        ^^^^^^ use of undeclared type `Assets`
[INFO] [stdout] 
[INFO] [stdout] 
[INFO] [stdout] error[E0433]: failed to resolve: use of undeclared type `RuntimeOrigin`
[INFO] [stdout]    --> src/tests.rs:381:5
[INFO] [stdout]     |
[INFO] [stdout] 381 |                 RuntimeOrigin::root(),
[INFO] [stdout]     |                 ^^^^^^^^^^^^^ use of undeclared type `RuntimeOrigin`
[INFO] [stdout] 
[INFO] [stdout] 
[INFO] [stdout] error[E0433]: failed to resolve: use of undeclared type `Assets`
[INFO] [stdout]    --> src/tests.rs:405:15
[INFO] [stdout]     |
[INFO] [stdout] 405 |             assert_ok!(Assets::force_create(
[INFO] [stdout]     |                        ^^^^^^ use of undeclared type `Assets`
[INFO] [stdout] 
[INFO] [stdout] 
[INFO] [stdout] error[E0433]: failed to resolve: use of undeclared type `RuntimeOrigin`
[INFO] [stdout]    --> src/tests.rs:406:5
[INFO] [stdout]     |
[INFO] [stdout] 406 |                 RuntimeOrigin::root(),
[INFO] [stdout]     |                 ^^^^^^^^^^^^^ use of undeclared type `RuntimeOrigin`
[INFO] [stdout] 
[INFO] [stdout] 
[INFO] [stdout] error[E0433]: failed to resolve: use of undeclared type `Assets`
[INFO] [stdout]    --> src/tests.rs:417:15
[INFO] [stdout]     |
[INFO] [stdout] 417 |             assert_ok!(Assets::mint_into(asset_id.into(), &beneficiary, balance));
[INFO] [stdout]     |                        ^^^^^^ use of undeclared type `Assets`
[INFO] [stdout] 
[INFO] [stdout] 
[INFO] [stdout] error[E0433]: failed to resolve: use of undeclared type `Assets`
[INFO] [stdout]    --> src/tests.rs:418:15
[INFO] [stdout]     |
[INFO] [stdout] 418 |             assert_eq!(Assets::balance(asset_id, caller), balance);
[INFO] [stdout]     |                        ^^^^^^ use of undeclared type `Assets`
[INFO] [stdout] 
[INFO] [stdout] 
[INFO] [stdout] error[E0433]: failed to resolve: use of undeclared type `Assets`
[INFO] [stdout]    --> src/tests.rs:431:16
[INFO] [stdout]     |
[INFO] [stdout] 431 |                 assert_eq!(Assets::balance(asset_id, caller), balance);
[INFO] [stdout]     |                            ^^^^^^ use of undeclared type `Assets`
[INFO] [stdout] 
[INFO] [stdout] 
[INFO] [stdout] error[E0433]: failed to resolve: use of undeclared type `Assets`
[INFO] [stdout]    --> src/tests.rs:440:16
[INFO] [stdout]     |
[INFO] [stdout] 440 |                 assert_eq!(Assets::balance(asset_id, caller), balance);
[INFO] [stdout]     |                            ^^^^^^ use of undeclared type `Assets`
[INFO] [stdout] 
[INFO] [stdout] 
[INFO] [stdout] error[E0433]: failed to resolve: use of undeclared type `Assets`
[INFO] [stdout]    --> src/tests.rs:446:15
[INFO] [stdout]     |
[INFO] [stdout] 446 |             assert_eq!(Assets::balance(asset_id, caller), balance - 1);
[INFO] [stdout]     |                        ^^^^^^ use of undeclared type `Assets`
[INFO] [stdout] 
[INFO] [stdout] 
[INFO] [stdout] error[E0433]: failed to resolve: use of undeclared type `Assets`
[INFO] [stdout]    --> src/tests.rs:455:15
[INFO] [stdout]     |
[INFO] [stdout] 455 |             assert_eq!(Assets::balance(asset_id, caller), balance - 1);
[INFO] [stdout]     |                        ^^^^^^ use of undeclared type `Assets`
[INFO] [stdout] 
[INFO] [stdout] 
[INFO] [stdout] error[E0433]: failed to resolve: use of undeclared type `Assets`
[INFO] [stdout]    --> src/tests.rs:470:15
[INFO] [stdout]     |
[INFO] [stdout] 470 |             assert_ok!(Assets::force_create(
[INFO] [stdout]     |                        ^^^^^^ use of undeclared type `Assets`
[INFO] [stdout] 
[INFO] [stdout] 
[INFO] [stdout] error[E0433]: failed to resolve: use of undeclared type `RuntimeOrigin`
[INFO] [stdout]    --> src/tests.rs:471:5
[INFO] [stdout]     |
[INFO] [stdout] 471 |                 RuntimeOrigin::root(),
[INFO] [stdout]     |                 ^^^^^^^^^^^^^ use of undeclared type `RuntimeOrigin`
[INFO] [stdout] 
[INFO] [stdout] 
[INFO] [stdout] error[E0433]: failed to resolve: use of undeclared type `Assets`
[INFO] [stdout]    --> src/tests.rs:482:15
[INFO] [stdout]     |
[INFO] [stdout] 482 |             assert_ok!(Assets::mint_into(asset_id.into(), &beneficiary, balance));
[INFO] [stdout]     |                        ^^^^^^ use of undeclared type `Assets`
[INFO] [stdout] 
[INFO] [stdout] 
[INFO] [stdout] error[E0433]: failed to resolve: use of undeclared type `Assets`
[INFO] [stdout]    --> src/tests.rs:483:15
[INFO] [stdout]     |
[INFO] [stdout] 483 |             assert_eq!(Assets::balance(asset_id, caller), balance);
[INFO] [stdout]     |                        ^^^^^^ use of undeclared type `Assets`
[INFO] [stdout] 
[INFO] [stdout] 
[INFO] [stdout] error[E0433]: failed to resolve: use of undeclared type `Assets`
[INFO] [stdout]    --> src/tests.rs:495:15
[INFO] [stdout]     |
[INFO] [stdout] 495 |             assert_eq!(Assets::balance(asset_id, caller), balance);
[INFO] [stdout]     |                        ^^^^^^ use of undeclared type `Assets`
[INFO] [stdout] 
[INFO] [stdout] 
[INFO] [stdout] error[E0433]: failed to resolve: use of undeclared type `Assets`
[INFO] [stdout]    --> src/tests.rs:512:15
[INFO] [stdout]     |
[INFO] [stdout] 512 |             assert_eq!(Assets::balance(asset_id, caller), balance);
[INFO] [stdout]     |                        ^^^^^^ use of undeclared type `Assets`
[INFO] [stdout] 
[INFO] [stdout] 
[INFO] [stdout] error[E0433]: failed to resolve: use of undeclared type `Assets`
[INFO] [stdout]    --> src/tests.rs:527:15
[INFO] [stdout]     |
[INFO] [stdout] 527 |             assert_ok!(Assets::force_create(
[INFO] [stdout]     |                        ^^^^^^ use of undeclared type `Assets`
[INFO] [stdout] 
[INFO] [stdout] 
[INFO] [stdout] error[E0433]: failed to resolve: use of undeclared type `RuntimeOrigin`
[INFO] [stdout]    --> src/tests.rs:528:5
[INFO] [stdout]     |
[INFO] [stdout] 528 |                 RuntimeOrigin::root(),
[INFO] [stdout]     |                 ^^^^^^^^^^^^^ use of undeclared type `RuntimeOrigin`
[INFO] [stdout] 
[INFO] [stdout] 
[INFO] [stdout] error[E0433]: failed to resolve: use of undeclared type `Assets`
[INFO] [stdout]    --> src/tests.rs:539:15
[INFO] [stdout]     |
[INFO] [stdout] 539 |             assert_ok!(Assets::mint_into(asset_id.into(), &beneficiary, balance));
[INFO] [stdout]     |                        ^^^^^^ use of undeclared type `Assets`
[INFO] [stdout] 
[INFO] [stdout] 
[INFO] [stdout] error[E0433]: failed to resolve: use of undeclared type `Assets`
[INFO] [stdout]    --> src/tests.rs:540:15
[INFO] [stdout]     |
[INFO] [stdout] 540 |             assert_eq!(Assets::balance(asset_id, caller), balance);
[INFO] [stdout]     |                        ^^^^^^ use of undeclared type `Assets`
[INFO] [stdout] 
[INFO] [stdout] 
[INFO] [stdout] error[E0433]: failed to resolve: use of undeclared type `Assets`
[INFO] [stdout]    --> src/tests.rs:550:15
[INFO] [stdout]     |
[INFO] [stdout] 550 |             assert_eq!(Assets::balance(asset_id, caller), balance);
[INFO] [stdout]     |                        ^^^^^^ use of undeclared type `Assets`
[INFO] [stdout] 
[INFO] [stdout] 
[INFO] [stdout] error[E0433]: failed to resolve: use of undeclared type `Assets`
[INFO] [stdout]    --> src/tests.rs:561:15
[INFO] [stdout]     |
[INFO] [stdout] 561 |             assert_eq!(Assets::balance(asset_id, caller), balance);
[INFO] [stdout]     |                        ^^^^^^ use of undeclared type `Assets`
[INFO] [stdout] 
[INFO] [stdout] 
[INFO] [stdout] error: aborting due to 128 previous errors; 2 warnings emitted
[INFO] [stdout] 
[INFO] [stdout] 
[INFO] [stdout] Some errors have detailed explanations: E0412, E0432, E0433.
[INFO] [stdout] 
[INFO] [stdout] For more information about an error, try `rustc --explain E0412`.
[INFO] [stdout] 
[INFO] [stderr] error: could not compile `pallet-asset-tx-payment` (lib test) due to 129 previous errors; 2 warnings emitted
[INFO] running `Command { std: "docker" "inspect" "c858af3cd806f43e87c325b034af168cbe3463318e3c9248aec92f4d077051cc", kill_on_drop: false }`
[INFO] running `Command { std: "docker" "rm" "-f" "c858af3cd806f43e87c325b034af168cbe3463318e3c9248aec92f4d077051cc", kill_on_drop: false }`
[INFO] [stdout] c858af3cd806f43e87c325b034af168cbe3463318e3c9248aec92f4d077051cc
