[INFO] fetching crate pagurus_tui 0.7.3...
[INFO] testing pagurus_tui-0.7.3 against 1.75.0 for beta-1.76-1
[INFO] extracting crate pagurus_tui 0.7.3 into /workspace/builds/worker-0-tc1/source
[INFO] validating manifest of crates.io crate pagurus_tui 0.7.3 on toolchain 1.75.0
[INFO] running `Command { std: CARGO_HOME="/workspace/cargo-home" RUSTUP_HOME="/workspace/rustup-home" "/workspace/cargo-home/bin/cargo" "+1.75.0" "metadata" "--manifest-path" "Cargo.toml" "--no-deps", kill_on_drop: false }`
[INFO] started tweaking crates.io crate pagurus_tui 0.7.3
[INFO] finished tweaking crates.io crate pagurus_tui 0.7.3
[INFO] tweaked toml for crates.io crate pagurus_tui 0.7.3 written to /workspace/builds/worker-0-tc1/source/Cargo.toml
[INFO] running `Command { std: CARGO_HOME="/workspace/cargo-home" RUSTUP_HOME="/workspace/rustup-home" "/workspace/cargo-home/bin/cargo" "+1.75.0" "generate-lockfile" "--manifest-path" "Cargo.toml", kill_on_drop: false }`
[INFO] [stderr]     Updating crates.io index
[INFO] running `Command { std: CARGO_HOME="/workspace/cargo-home" RUSTUP_HOME="/workspace/rustup-home" "/workspace/cargo-home/bin/cargo" "+1.75.0" "fetch" "--manifest-path" "Cargo.toml", kill_on_drop: false }`
[INFO] [stderr]  Downloading crates ...
[INFO] [stderr]   Downloaded pagurus v0.7.4
[INFO] running `Command { std: "docker" "create" "-v" "/var/lib/crater-agent-workspace/builds/worker-0-tc1/target:/opt/rustwide/target:rw,Z" "-v" "/var/lib/crater-agent-workspace/builds/worker-0-tc1/source:/opt/rustwide/workdir:ro,Z" "-v" "/var/lib/crater-agent-workspace/cargo-home:/opt/rustwide/cargo-home:ro,Z" "-v" "/var/lib/crater-agent-workspace/rustup-home:/opt/rustwide/rustup-home:ro,Z" "-e" "SOURCE_DIR=/opt/rustwide/workdir" "-e" "CARGO_TARGET_DIR=/opt/rustwide/target" "-e" "CARGO_HOME=/opt/rustwide/cargo-home" "-e" "RUSTUP_HOME=/opt/rustwide/rustup-home" "-w" "/opt/rustwide/workdir" "-m" "1610612736" "--user" "0:0" "--network" "none" "ghcr.io/rust-lang/crates-build-env/linux@sha256:2788e3201cd34a07e3172128adcd8b3090168a8e3bcc40d7c032b9dda1df7d1c" "/opt/rustwide/cargo-home/bin/cargo" "+1.75.0" "metadata" "--no-deps" "--format-version=1", kill_on_drop: false }`
[INFO] [stdout] c35f1b6bef982676a9ab2b0d9bab353ae2e488741854288e72ddf99485e6800c
[INFO] running `Command { std: "docker" "start" "-a" "c35f1b6bef982676a9ab2b0d9bab353ae2e488741854288e72ddf99485e6800c", kill_on_drop: false }`
[INFO] running `Command { std: "docker" "inspect" "c35f1b6bef982676a9ab2b0d9bab353ae2e488741854288e72ddf99485e6800c", kill_on_drop: false }`
[INFO] running `Command { std: "docker" "rm" "-f" "c35f1b6bef982676a9ab2b0d9bab353ae2e488741854288e72ddf99485e6800c", kill_on_drop: false }`
[INFO] [stdout] c35f1b6bef982676a9ab2b0d9bab353ae2e488741854288e72ddf99485e6800c
[INFO] running `Command { std: "docker" "create" "-v" "/var/lib/crater-agent-workspace/builds/worker-0-tc1/target:/opt/rustwide/target:rw,Z" "-v" "/var/lib/crater-agent-workspace/builds/worker-0-tc1/source:/opt/rustwide/workdir:ro,Z" "-v" "/var/lib/crater-agent-workspace/cargo-home:/opt/rustwide/cargo-home:ro,Z" "-v" "/var/lib/crater-agent-workspace/rustup-home:/opt/rustwide/rustup-home:ro,Z" "-e" "SOURCE_DIR=/opt/rustwide/workdir" "-e" "CARGO_TARGET_DIR=/opt/rustwide/target" "-e" "CARGO_INCREMENTAL=0" "-e" "RUST_BACKTRACE=full" "-e" "RUSTFLAGS=--cap-lints=warn" "-e" "RUSTDOCFLAGS=--cap-lints=warn" "-e" "CARGO_HOME=/opt/rustwide/cargo-home" "-e" "RUSTUP_HOME=/opt/rustwide/rustup-home" "-w" "/opt/rustwide/workdir" "-m" "1610612736" "--user" "0:0" "--network" "none" "ghcr.io/rust-lang/crates-build-env/linux@sha256:2788e3201cd34a07e3172128adcd8b3090168a8e3bcc40d7c032b9dda1df7d1c" "/opt/rustwide/cargo-home/bin/cargo" "+1.75.0" "build" "--frozen" "--message-format=json", kill_on_drop: false }`
[INFO] [stdout] 7c2a6bfbd61e7bb6bbb167edfddf0d164de0d0cb53e12f56ab56c5a296285064
[INFO] running `Command { std: "docker" "start" "-a" "7c2a6bfbd61e7bb6bbb167edfddf0d164de0d0cb53e12f56ab56c5a296285064", kill_on_drop: false }`
[INFO] [stderr]    Compiling orfail v1.1.0
[INFO] [stderr]    Compiling numtoa v0.1.0
[INFO] [stderr]    Compiling pagurus v0.7.4
[INFO] [stderr]    Compiling termion v2.0.3
[INFO] [stderr]    Compiling pagurus_tui v0.7.3 (/opt/rustwide/workdir)
[INFO] [stdout] error[E0432]: unresolved import `pagurus::failure`
[INFO] [stdout]  --> src/lib.rs:4:5
[INFO] [stdout]   |
[INFO] [stdout] 4 |     failure::{Failure, OrFail},
[INFO] [stdout]   |     ^^^^^^^ could not find `failure` in `pagurus`
[INFO] [stdout] 
[INFO] [stdout] 
[INFO] [stdout] error[E0599]: no method named `or_fail` found for enum `Result` in the current scope
[INFO] [stdout]    --> src/lib.rs:48:68
[INFO] [stdout]     |
[INFO] [stdout] 48  |                 HideCursor::from(std::io::stdout().into_raw_mode().or_fail()?)
[INFO] [stdout]     |                                                                    ^^^^^^^ method not found in `Result<RawTerminal<Stdout>, Error>`
[INFO] [stdout]     |
[INFO] [stdout]    ::: /opt/rustwide/cargo-home/registry/src/index.crates.io-6f17d22bba15001f/orfail-1.1.0/src/lib.rs:138:8
[INFO] [stdout]     |
[INFO] [stdout] 138 |     fn or_fail(self) -> Result<Self::Value>;
[INFO] [stdout]     |        ------- the method is available for `Result<RawTerminal<Stdout>, std::io::Error>` here
[INFO] [stdout]     |
[INFO] [stdout]     = help: items from traits can only be used if the trait is in scope
[INFO] [stdout] help: the following trait is implemented but not in scope; perhaps add a `use` for it:
[INFO] [stdout]     |
[INFO] [stdout] 1   + use orfail::OrFail;
[INFO] [stdout]     |
[INFO] [stdout] 
[INFO] [stdout] 
[INFO] [stdout] error[E0599]: no method named `or_fail` found for enum `Result` in the current scope
[INFO] [stdout]    --> src/lib.rs:55:55
[INFO] [stdout]     |
[INFO] [stdout] 55  |                     std::io::stdout().into_raw_mode().or_fail()?,
[INFO] [stdout]     |                                                       ^^^^^^^ method not found in `Result<RawTerminal<Stdout>, Error>`
[INFO] [stdout]     |
[INFO] [stdout]    ::: /opt/rustwide/cargo-home/registry/src/index.crates.io-6f17d22bba15001f/orfail-1.1.0/src/lib.rs:138:8
[INFO] [stdout]     |
[INFO] [stdout] 138 |     fn or_fail(self) -> Result<Self::Value>;
[INFO] [stdout]     |        ------- the method is available for `Result<RawTerminal<Stdout>, std::io::Error>` here
[INFO] [stdout]     |
[INFO] [stdout]     = help: items from traits can only be used if the trait is in scope
[INFO] [stdout] help: the following trait is implemented but not in scope; perhaps add a `use` for it:
[INFO] [stdout]     |
[INFO] [stdout] 1   + use orfail::OrFail;
[INFO] [stdout]     |
[INFO] [stdout] 
[INFO] [stdout] 
[INFO] [stdout] error[E0282]: type annotations needed
[INFO] [stdout]   --> src/lib.rs:54:17
[INFO] [stdout]    |
[INFO] [stdout] 54 |                 HideCursor::from(MouseTerminal::from(
[INFO] [stdout]    |                 ^^^^^^^^^^^^^^^^ cannot infer type of the type parameter `W` declared on the struct `HideCursor`
[INFO] [stdout] ...
[INFO] [stdout] 57 |                 .into_alternate_screen()
[INFO] [stdout]    |                  --------------------- type must be known at this point
[INFO] [stdout]    |
[INFO] [stdout] help: consider specifying the generic argument
[INFO] [stdout]    |
[INFO] [stdout] 54 |                 HideCursor::<MouseTerminal<W>>::from(MouseTerminal::from(
[INFO] [stdout]    |                           ++++++++++++++++++++
[INFO] [stdout] 
[INFO] [stdout] 
[INFO] [stdout] error[E0599]: no method named `or_fail` found for enum `Result` in the current scope
[INFO] [stdout]    --> src/lib.rs:64:51
[INFO] [stdout]     |
[INFO] [stdout] 64  |         let terminal_size = Self::terminal_size().or_fail()?;
[INFO] [stdout]     |                                                   ^^^^^^^ method not found in `Result<Size, Failure>`
[INFO] [stdout]     |
[INFO] [stdout]    ::: /opt/rustwide/cargo-home/registry/src/index.crates.io-6f17d22bba15001f/orfail-1.1.0/src/lib.rs:138:8
[INFO] [stdout]     |
[INFO] [stdout] 138 |     fn or_fail(self) -> Result<Self::Value>;
[INFO] [stdout]     |        ------- the method is available for `Result<Size, orfail::Failure>` here
[INFO] [stdout]     |
[INFO] [stdout]     = help: items from traits can only be used if the trait is in scope
[INFO] [stdout] help: the following trait is implemented but not in scope; perhaps add a `use` for it:
[INFO] [stdout]     |
[INFO] [stdout] 1   + use orfail::OrFail;
[INFO] [stdout]     |
[INFO] [stdout] 
[INFO] [stdout] 
[INFO] [stdout] error[E0599]: no method named `or_fail` found for enum `Result` in the current scope
[INFO] [stdout]    --> src/lib.rs:90:14
[INFO] [stdout]     |
[INFO] [stdout] 88  | /         termion::terminal_size()
[INFO] [stdout] 89  | |             .map(|(w, h)| Size::from_wh(w as u32, h as u32 * 2))
[INFO] [stdout] 90  | |             .or_fail()
[INFO] [stdout]     | |             -^^^^^^^ method not found in `Result<Size, Error>`
[INFO] [stdout]     | |_____________|
[INFO] [stdout]     | 
[INFO] [stdout]     |
[INFO] [stdout]    ::: /opt/rustwide/cargo-home/registry/src/index.crates.io-6f17d22bba15001f/orfail-1.1.0/src/lib.rs:138:8
[INFO] [stdout]     |
[INFO] [stdout] 138 |       fn or_fail(self) -> Result<Self::Value>;
[INFO] [stdout]     |          ------- the method is available for `Result<Size, std::io::Error>` here
[INFO] [stdout]     |
[INFO] [stdout]     = help: items from traits can only be used if the trait is in scope
[INFO] [stdout] help: the following trait is implemented but not in scope; perhaps add a `use` for it:
[INFO] [stdout]     |
[INFO] [stdout] 1   + use orfail::OrFail;
[INFO] [stdout]     |
[INFO] [stdout] 
[INFO] [stdout] 
[INFO] [stdout] error[E0599]: no method named `or_fail` found for enum `Result` in the current scope
[INFO] [stdout]    --> src/lib.rs:108:37
[INFO] [stdout]     |
[INFO] [stdout] 108 |             self.event_queue.recv().or_fail()
[INFO] [stdout]     |                                     ^^^^^^^ method not found in `Result<Event, RecvError>`
[INFO] [stdout]     |
[INFO] [stdout]    ::: /opt/rustwide/cargo-home/registry/src/index.crates.io-6f17d22bba15001f/orfail-1.1.0/src/lib.rs:138:8
[INFO] [stdout]     |
[INFO] [stdout] 138 |     fn or_fail(self) -> Result<Self::Value>;
[INFO] [stdout]     |        ------- the method is available for `Result<pagurus::event::Event, RecvError>` here
[INFO] [stdout]     |
[INFO] [stdout]     = help: items from traits can only be used if the trait is in scope
[INFO] [stdout] help: the following trait is implemented but not in scope; perhaps add a `use` for it:
[INFO] [stdout]     |
[INFO] [stdout] 1   + use orfail::OrFail;
[INFO] [stdout]     |
[INFO] [stdout] 
[INFO] [stdout] 
[INFO] [stdout] error[E0599]: no method named `or_fail` found for enum `Result` in the current scope
[INFO] [stdout]    --> src/lib.rs:113:42
[INFO] [stdout]     |
[INFO] [stdout] 113 |         let size = Self::terminal_size().or_fail()?;
[INFO] [stdout]     |                                          ^^^^^^^ method not found in `Result<Size, Failure>`
[INFO] [stdout]     |
[INFO] [stdout]    ::: /opt/rustwide/cargo-home/registry/src/index.crates.io-6f17d22bba15001f/orfail-1.1.0/src/lib.rs:138:8
[INFO] [stdout]     |
[INFO] [stdout] 138 |     fn or_fail(self) -> Result<Self::Value>;
[INFO] [stdout]     |        ------- the method is available for `Result<Size, orfail::Failure>` here
[INFO] [stdout]     |
[INFO] [stdout]     = help: items from traits can only be used if the trait is in scope
[INFO] [stdout] help: the following trait is implemented but not in scope; perhaps add a `use` for it:
[INFO] [stdout]     |
[INFO] [stdout] 1   + use orfail::OrFail;
[INFO] [stdout]     |
[INFO] [stdout] 
[INFO] [stdout] 
[INFO] [stdout] error[E0599]: no method named `or_fail` found for enum `Result` in the current scope
[INFO] [stdout]    --> src/lib.rs:116:14
[INFO] [stdout]     |
[INFO] [stdout] 114 | /         self.event_sender
[INFO] [stdout] 115 | |             .send(Event::WindowResized(size))
[INFO] [stdout] 116 | |             .or_fail()?;
[INFO] [stdout]     | |             -^^^^^^^ method not found in `Result<(), SendError<Event>>`
[INFO] [stdout]     | |_____________|
[INFO] [stdout]     | 
[INFO] [stdout]     |
[INFO] [stdout]    ::: /opt/rustwide/cargo-home/registry/src/index.crates.io-6f17d22bba15001f/orfail-1.1.0/src/lib.rs:138:8
[INFO] [stdout]     |
[INFO] [stdout] 138 |       fn or_fail(self) -> Result<Self::Value>;
[INFO] [stdout]     |          ------- the method is available for `Result<(), SendError<pagurus::event::Event>>` here
[INFO] [stdout]     |
[INFO] [stdout]     = help: items from traits can only be used if the trait is in scope
[INFO] [stdout] help: the following trait is implemented but not in scope; perhaps add a `use` for it:
[INFO] [stdout]     |
[INFO] [stdout] 1   + use orfail::OrFail;
[INFO] [stdout]     |
[INFO] [stdout] 
[INFO] [stdout] 
[INFO] [stdout] error[E0599]: no method named `or_fail` found for enum `Result` in the current scope
[INFO] [stdout]    --> src/lib.rs:124:14
[INFO] [stdout]     |
[INFO] [stdout] 122 | /         self.event_sender
[INFO] [stdout] 123 | |             .send(Event::WindowResized(size))
[INFO] [stdout] 124 | |             .or_fail()?;
[INFO] [stdout]     | |             -^^^^^^^ method not found in `Result<(), SendError<Event>>`
[INFO] [stdout]     | |_____________|
[INFO] [stdout]     | 
[INFO] [stdout]     |
[INFO] [stdout]    ::: /opt/rustwide/cargo-home/registry/src/index.crates.io-6f17d22bba15001f/orfail-1.1.0/src/lib.rs:138:8
[INFO] [stdout]     |
[INFO] [stdout] 138 |       fn or_fail(self) -> Result<Self::Value>;
[INFO] [stdout]     |          ------- the method is available for `Result<(), SendError<pagurus::event::Event>>` here
[INFO] [stdout]     |
[INFO] [stdout]     = help: items from traits can only be used if the trait is in scope
[INFO] [stdout] help: the following trait is implemented but not in scope; perhaps add a `use` for it:
[INFO] [stdout]     |
[INFO] [stdout] 1   + use orfail::OrFail;
[INFO] [stdout]     |
[INFO] [stdout] 
[INFO] [stdout] 
[INFO] [stdout] error[E0599]: no method named `or_fail` found for enum `Result` in the current scope
[INFO] [stdout]    --> src/lib.rs:125:56
[INFO] [stdout]     |
[INFO] [stdout] 125 |         write!(self.stdout, "{}", termion::clear::All).or_fail()?;
[INFO] [stdout]     |                                                        ^^^^^^^ method not found in `Result<(), Error>`
[INFO] [stdout]     |
[INFO] [stdout]    ::: /opt/rustwide/cargo-home/registry/src/index.crates.io-6f17d22bba15001f/orfail-1.1.0/src/lib.rs:138:8
[INFO] [stdout]     |
[INFO] [stdout] 138 |     fn or_fail(self) -> Result<Self::Value>;
[INFO] [stdout]     |        ------- the method is available for `Result<(), std::io::Error>` here
[INFO] [stdout]     |
[INFO] [stdout]     = help: items from traits can only be used if the trait is in scope
[INFO] [stdout] help: the following trait is implemented but not in scope; perhaps add a `use` for it:
[INFO] [stdout]     |
[INFO] [stdout] 1   + use orfail::OrFail;
[INFO] [stdout]     |
[INFO] [stdout] 
[INFO] [stdout] 
[INFO] [stdout] error[E0599]: no method named `or_fail` found for enum `Result` in the current scope
[INFO] [stdout]    --> src/lib.rs:130:51
[INFO] [stdout]     |
[INFO] [stdout] 130 |         let terminal_size = Self::terminal_size().or_fail()?;
[INFO] [stdout]     |                                                   ^^^^^^^ method not found in `Result<Size, Failure>`
[INFO] [stdout]     |
[INFO] [stdout]    ::: /opt/rustwide/cargo-home/registry/src/index.crates.io-6f17d22bba15001f/orfail-1.1.0/src/lib.rs:138:8
[INFO] [stdout]     |
[INFO] [stdout] 138 |     fn or_fail(self) -> Result<Self::Value>;
[INFO] [stdout]     |        ------- the method is available for `Result<Size, orfail::Failure>` here
[INFO] [stdout]     |
[INFO] [stdout]     = help: items from traits can only be used if the trait is in scope
[INFO] [stdout] help: the following trait is implemented but not in scope; perhaps add a `use` for it:
[INFO] [stdout]     |
[INFO] [stdout] 1   + use orfail::OrFail;
[INFO] [stdout]     |
[INFO] [stdout] 
[INFO] [stdout] 
[INFO] [stdout] error[E0599]: no method named `or_fail` found for enum `Result` in the current scope
[INFO] [stdout]    --> src/lib.rs:133:53
[INFO] [stdout]     |
[INFO] [stdout] 133 |             self.resize_frame_buffer(terminal_size).or_fail()?;
[INFO] [stdout]     |                                                     ^^^^^^^ method not found in `Result<(), Failure>`
[INFO] [stdout]     |
[INFO] [stdout]    ::: /opt/rustwide/cargo-home/registry/src/index.crates.io-6f17d22bba15001f/orfail-1.1.0/src/lib.rs:138:8
[INFO] [stdout]     |
[INFO] [stdout] 138 |     fn or_fail(self) -> Result<Self::Value>;
[INFO] [stdout]     |        ------- the method is available for `Result<(), orfail::Failure>` here
[INFO] [stdout]     |
[INFO] [stdout]     = help: items from traits can only be used if the trait is in scope
[INFO] [stdout] help: the following trait is implemented but not in scope; perhaps add a `use` for it:
[INFO] [stdout]     |
[INFO] [stdout] 1   + use orfail::OrFail;
[INFO] [stdout]     |
[INFO] [stdout] 
[INFO] [stdout] 
[INFO] [stdout] error[E0599]: no method named `or_fail` found for enum `Result` in the current scope
[INFO] [stdout]    --> src/lib.rs:138:33
[INFO] [stdout]     |
[INFO] [stdout] 138 |         self.draw_to_terminal().or_fail()?;
[INFO] [stdout]     |                                 ^^^^^^^ method not found in `Result<(), Failure>`
[INFO] [stdout]     |
[INFO] [stdout]    ::: /opt/rustwide/cargo-home/registry/src/index.crates.io-6f17d22bba15001f/orfail-1.1.0/src/lib.rs:138:8
[INFO] [stdout]     |
[INFO] [stdout] 138 |     fn or_fail(self) -> Result<Self::Value>;
[INFO] [stdout]     |        ------- the method is available for `Result<(), orfail::Failure>` here
[INFO] [stdout]     |
[INFO] [stdout]     = help: items from traits can only be used if the trait is in scope
[INFO] [stdout] help: the following trait is implemented but not in scope; perhaps add a `use` for it:
[INFO] [stdout]     |
[INFO] [stdout] 1   + use orfail::OrFail;
[INFO] [stdout]     |
[INFO] [stdout] 
[INFO] [stdout] 
[INFO] [stdout] error[E0599]: no method named `or_fail` found for enum `Result` in the current scope
[INFO] [stdout]    --> src/lib.rs:189:56
[INFO] [stdout]     |
[INFO] [stdout] 189 |         write!(self.stdout, "{}", goto(last_position)).or_fail()?;
[INFO] [stdout]     |                                                        ^^^^^^^ method not found in `Result<(), Error>`
[INFO] [stdout]     |
[INFO] [stdout]    ::: /opt/rustwide/cargo-home/registry/src/index.crates.io-6f17d22bba15001f/orfail-1.1.0/src/lib.rs:138:8
[INFO] [stdout]     |
[INFO] [stdout] 138 |     fn or_fail(self) -> Result<Self::Value>;
[INFO] [stdout]     |        ------- the method is available for `Result<(), std::io::Error>` here
[INFO] [stdout]     |
[INFO] [stdout]     = help: items from traits can only be used if the trait is in scope
[INFO] [stdout] help: the following trait is implemented but not in scope; perhaps add a `use` for it:
[INFO] [stdout]     |
[INFO] [stdout] 1   + use orfail::OrFail;
[INFO] [stdout]     |
[INFO] [stdout] 
[INFO] [stdout] 
[INFO] [stdout] error[E0599]: no method named `or_fail` found for enum `Result` in the current scope
[INFO] [stdout]    --> src/lib.rs:192:51
[INFO] [stdout]     |
[INFO] [stdout] 192 |                 write!(self.stdout, "{}", pixels).or_fail()?;
[INFO] [stdout]     |                                                   ^^^^^^^ method not found in `Result<(), Error>`
[INFO] [stdout]     |
[INFO] [stdout]    ::: /opt/rustwide/cargo-home/registry/src/index.crates.io-6f17d22bba15001f/orfail-1.1.0/src/lib.rs:138:8
[INFO] [stdout]     |
[INFO] [stdout] 138 |     fn or_fail(self) -> Result<Self::Value>;
[INFO] [stdout]     |        ------- the method is available for `Result<(), std::io::Error>` here
[INFO] [stdout]     |
[INFO] [stdout]     = help: items from traits can only be used if the trait is in scope
[INFO] [stdout] help: the following trait is implemented but not in scope; perhaps add a `use` for it:
[INFO] [stdout]     |
[INFO] [stdout] 1   + use orfail::OrFail;
[INFO] [stdout]     |
[INFO] [stdout] 
[INFO] [stdout] 
[INFO] [stdout] error[E0599]: no method named `or_fail` found for enum `Result` in the current scope
[INFO] [stdout]    --> src/lib.rs:194:69
[INFO] [stdout]     |
[INFO] [stdout] 194 |                 write!(self.stdout, "{}{}", goto(position), pixels).or_fail()?;
[INFO] [stdout]     |                                                                     ^^^^^^^ method not found in `Result<(), Error>`
[INFO] [stdout]     |
[INFO] [stdout]    ::: /opt/rustwide/cargo-home/registry/src/index.crates.io-6f17d22bba15001f/orfail-1.1.0/src/lib.rs:138:8
[INFO] [stdout]     |
[INFO] [stdout] 138 |     fn or_fail(self) -> Result<Self::Value>;
[INFO] [stdout]     |        ------- the method is available for `Result<(), std::io::Error>` here
[INFO] [stdout]     |
[INFO] [stdout]     = help: items from traits can only be used if the trait is in scope
[INFO] [stdout] help: the following trait is implemented but not in scope; perhaps add a `use` for it:
[INFO] [stdout]     |
[INFO] [stdout] 1   + use orfail::OrFail;
[INFO] [stdout]     |
[INFO] [stdout] 
[INFO] [stdout] 
[INFO] [stdout] error[E0599]: no method named `or_fail` found for enum `Result` in the current scope
[INFO] [stdout]    --> src/lib.rs:198:29
[INFO] [stdout]     |
[INFO] [stdout] 198 |         self.stdout.flush().or_fail()?;
[INFO] [stdout]     |                             ^^^^^^^ method not found in `Result<(), Error>`
[INFO] [stdout]     |
[INFO] [stdout]    ::: /opt/rustwide/cargo-home/registry/src/index.crates.io-6f17d22bba15001f/orfail-1.1.0/src/lib.rs:138:8
[INFO] [stdout]     |
[INFO] [stdout] 138 |     fn or_fail(self) -> Result<Self::Value>;
[INFO] [stdout]     |        ------- the method is available for `Result<(), std::io::Error>` here
[INFO] [stdout]     |
[INFO] [stdout]     = help: items from traits can only be used if the trait is in scope
[INFO] [stdout] help: the following trait is implemented but not in scope; perhaps add a `use` for it:
[INFO] [stdout]     |
[INFO] [stdout] 1   + use orfail::OrFail;
[INFO] [stdout]     |
[INFO] [stdout] 
[INFO] [stdout] 
[INFO] [stdout] warning: unused import: `screen::IntoAlternateScreen`
[INFO] [stdout]   --> src/lib.rs:21:5
[INFO] [stdout]    |
[INFO] [stdout] 21 |     screen::IntoAlternateScreen,
[INFO] [stdout]    |     ^^^^^^^^^^^^^^^^^^^^^^^^^^^
[INFO] [stdout]    |
[INFO] [stdout]    = note: `#[warn(unused_imports)]` on by default
[INFO] [stdout] 
[INFO] [stdout] 
[INFO] [stdout] error: aborting due to 18 previous errors; 1 warning emitted
[INFO] [stdout] 
[INFO] [stdout] 
[INFO] [stdout] Some errors have detailed explanations: E0282, E0432, E0599.
[INFO] [stdout] 
[INFO] [stdout] For more information about an error, try `rustc --explain E0282`.
[INFO] [stdout] 
[INFO] [stderr] error: could not compile `pagurus_tui` (lib) due to 19 previous errors; 1 warning emitted
[INFO] [stderr] warning: build failed, waiting for other jobs to finish...
[INFO] running `Command { std: "docker" "inspect" "7c2a6bfbd61e7bb6bbb167edfddf0d164de0d0cb53e12f56ab56c5a296285064", kill_on_drop: false }`
[INFO] running `Command { std: "docker" "rm" "-f" "7c2a6bfbd61e7bb6bbb167edfddf0d164de0d0cb53e12f56ab56c5a296285064", kill_on_drop: false }`
[INFO] [stdout] 7c2a6bfbd61e7bb6bbb167edfddf0d164de0d0cb53e12f56ab56c5a296285064
