[INFO] fetching crate pagegraph 0.1.3...
[INFO] testing pagegraph-0.1.3 against 1.75.0 for beta-1.76-1
[INFO] extracting crate pagegraph 0.1.3 into /workspace/builds/worker-6-tc1/source
[INFO] validating manifest of crates.io crate pagegraph 0.1.3 on toolchain 1.75.0
[INFO] running `Command { std: CARGO_HOME="/workspace/cargo-home" RUSTUP_HOME="/workspace/rustup-home" "/workspace/cargo-home/bin/cargo" "+1.75.0" "metadata" "--manifest-path" "Cargo.toml" "--no-deps", kill_on_drop: false }`
[INFO] started tweaking crates.io crate pagegraph 0.1.3
[INFO] finished tweaking crates.io crate pagegraph 0.1.3
[INFO] tweaked toml for crates.io crate pagegraph 0.1.3 written to /workspace/builds/worker-6-tc1/source/Cargo.toml
[INFO] crate crates.io crate pagegraph 0.1.3 already has a lockfile, it will not be regenerated
[INFO] running `Command { std: CARGO_HOME="/workspace/cargo-home" RUSTUP_HOME="/workspace/rustup-home" "/workspace/cargo-home/bin/cargo" "+1.75.0" "fetch" "--manifest-path" "Cargo.toml", kill_on_drop: false }`
[INFO] [stderr]     Blocking waiting for file lock on package cache
[INFO] [stderr]     Updating crates.io index
[INFO] [stderr]     Blocking waiting for file lock on package cache
[INFO] [stderr]  Downloading crates ...
[INFO] [stderr]   Downloaded xml-rs v0.8.16
[INFO] [stderr]   Downloaded rmp-serde v0.15.5
[INFO] [stderr]   Downloaded rmp-serde v0.13.7
[INFO] [stderr]   Downloaded seahash v3.0.7
[INFO] [stderr]   Downloaded lifeguard v0.6.1
[INFO] [stderr]   Downloaded addr v0.15.6
[INFO] [stderr]   Downloaded psl v2.1.4
[INFO] [stderr]   Downloaded addr v0.14.0
[INFO] [stderr]   Downloaded adblock v0.7.17
[INFO] running `Command { std: "docker" "create" "-v" "/var/lib/crater-agent-workspace/builds/worker-6-tc1/target:/opt/rustwide/target:rw,Z" "-v" "/var/lib/crater-agent-workspace/builds/worker-6-tc1/source:/opt/rustwide/workdir:ro,Z" "-v" "/var/lib/crater-agent-workspace/cargo-home:/opt/rustwide/cargo-home:ro,Z" "-v" "/var/lib/crater-agent-workspace/rustup-home:/opt/rustwide/rustup-home:ro,Z" "-e" "SOURCE_DIR=/opt/rustwide/workdir" "-e" "CARGO_TARGET_DIR=/opt/rustwide/target" "-e" "CARGO_HOME=/opt/rustwide/cargo-home" "-e" "RUSTUP_HOME=/opt/rustwide/rustup-home" "-w" "/opt/rustwide/workdir" "-m" "1610612736" "--user" "0:0" "--network" "none" "ghcr.io/rust-lang/crates-build-env/linux@sha256:2788e3201cd34a07e3172128adcd8b3090168a8e3bcc40d7c032b9dda1df7d1c" "/opt/rustwide/cargo-home/bin/cargo" "+1.75.0" "metadata" "--no-deps" "--format-version=1", kill_on_drop: false }`
[INFO] [stdout] f4a1002a10075863d4cdc98cd20aa06ea99b49ce2d7f2282aa045c20d0c456a8
[INFO] running `Command { std: "docker" "start" "-a" "f4a1002a10075863d4cdc98cd20aa06ea99b49ce2d7f2282aa045c20d0c456a8", kill_on_drop: false }`
[INFO] running `Command { std: "docker" "inspect" "f4a1002a10075863d4cdc98cd20aa06ea99b49ce2d7f2282aa045c20d0c456a8", kill_on_drop: false }`
[INFO] running `Command { std: "docker" "rm" "-f" "f4a1002a10075863d4cdc98cd20aa06ea99b49ce2d7f2282aa045c20d0c456a8", kill_on_drop: false }`
[INFO] [stdout] f4a1002a10075863d4cdc98cd20aa06ea99b49ce2d7f2282aa045c20d0c456a8
[INFO] running `Command { std: "docker" "create" "-v" "/var/lib/crater-agent-workspace/builds/worker-6-tc1/target:/opt/rustwide/target:rw,Z" "-v" "/var/lib/crater-agent-workspace/builds/worker-6-tc1/source:/opt/rustwide/workdir:ro,Z" "-v" "/var/lib/crater-agent-workspace/cargo-home:/opt/rustwide/cargo-home:ro,Z" "-v" "/var/lib/crater-agent-workspace/rustup-home:/opt/rustwide/rustup-home:ro,Z" "-e" "SOURCE_DIR=/opt/rustwide/workdir" "-e" "CARGO_TARGET_DIR=/opt/rustwide/target" "-e" "CARGO_INCREMENTAL=0" "-e" "RUST_BACKTRACE=full" "-e" "RUSTFLAGS=--cap-lints=warn" "-e" "RUSTDOCFLAGS=--cap-lints=warn" "-e" "CARGO_HOME=/opt/rustwide/cargo-home" "-e" "RUSTUP_HOME=/opt/rustwide/rustup-home" "-w" "/opt/rustwide/workdir" "-m" "1610612736" "--user" "0:0" "--network" "none" "ghcr.io/rust-lang/crates-build-env/linux@sha256:2788e3201cd34a07e3172128adcd8b3090168a8e3bcc40d7c032b9dda1df7d1c" "/opt/rustwide/cargo-home/bin/cargo" "+1.75.0" "build" "--frozen" "--message-format=json", kill_on_drop: false }`
[INFO] [stdout] 39c06e98f01937eee360d3fab126b0b6bb07eea6999ea19ddd8be6f676871fdf
[INFO] running `Command { std: "docker" "start" "-a" "39c06e98f01937eee360d3fab126b0b6bb07eea6999ea19ddd8be6f676871fdf", kill_on_drop: false }`
[INFO] [stderr]    Compiling proc-macro2 v1.0.66
[INFO] [stderr]    Compiling num-traits v0.2.16
[INFO] [stderr]    Compiling paste v1.0.14
[INFO] [stderr]    Compiling unicode-ident v1.0.11
[INFO] [stderr]    Compiling serde v1.0.180
[INFO] [stderr]    Compiling serde_derive v1.0.180
[INFO] [stderr]    Compiling psl-types v2.0.11
[INFO] [stderr]    Compiling indexmap v1.9.3
[INFO] [stderr]    Compiling thiserror v1.0.44
[INFO] [stderr]    Compiling regex-syntax v0.7.4
[INFO] [stderr]    Compiling either v1.9.0
[INFO] [stderr]    Compiling lifeguard v0.6.1
[INFO] [stderr]    Compiling seahash v3.0.7
[INFO] [stderr]    Compiling base64 v0.13.1
[INFO] [stderr]    Compiling xml-rs v0.8.16
[INFO] [stderr]    Compiling psl v2.1.4
[INFO] [stderr]    Compiling itertools v0.10.5
[INFO] [stderr]    Compiling petgraph v0.6.3
[INFO] [stderr]    Compiling quote v1.0.32
[INFO] [stderr]    Compiling syn v2.0.28
[INFO] [stderr]    Compiling rmp v0.8.12
[INFO] [stderr]    Compiling regex-automata v0.3.4
[INFO] [stderr]    Compiling thiserror-impl v1.0.44
[INFO] [stderr]    Compiling rmp-serde v0.13.7
[INFO] [stderr]    Compiling rmp-serde v0.15.5
[INFO] [stderr]    Compiling regex v1.9.1
[INFO] [stderr]    Compiling addr v0.14.0
[INFO] [stderr]    Compiling addr v0.15.6
[INFO] [stderr]    Compiling adblock v0.7.17
[INFO] [stderr]    Compiling pagegraph v0.1.3 (/opt/rustwide/workdir)
[INFO] [stderr]     Finished dev [unoptimized + debuginfo] target(s) in 15.95s
[INFO] running `Command { std: "docker" "inspect" "39c06e98f01937eee360d3fab126b0b6bb07eea6999ea19ddd8be6f676871fdf", kill_on_drop: false }`
[INFO] running `Command { std: "docker" "rm" "-f" "39c06e98f01937eee360d3fab126b0b6bb07eea6999ea19ddd8be6f676871fdf", kill_on_drop: false }`
[INFO] [stdout] 39c06e98f01937eee360d3fab126b0b6bb07eea6999ea19ddd8be6f676871fdf
[INFO] running `Command { std: "docker" "create" "-v" "/var/lib/crater-agent-workspace/builds/worker-6-tc1/target:/opt/rustwide/target:rw,Z" "-v" "/var/lib/crater-agent-workspace/builds/worker-6-tc1/source:/opt/rustwide/workdir:ro,Z" "-v" "/var/lib/crater-agent-workspace/cargo-home:/opt/rustwide/cargo-home:ro,Z" "-v" "/var/lib/crater-agent-workspace/rustup-home:/opt/rustwide/rustup-home:ro,Z" "-e" "SOURCE_DIR=/opt/rustwide/workdir" "-e" "CARGO_TARGET_DIR=/opt/rustwide/target" "-e" "CARGO_INCREMENTAL=0" "-e" "RUST_BACKTRACE=full" "-e" "RUSTFLAGS=--cap-lints=warn" "-e" "RUSTDOCFLAGS=--cap-lints=warn" "-e" "CARGO_HOME=/opt/rustwide/cargo-home" "-e" "RUSTUP_HOME=/opt/rustwide/rustup-home" "-w" "/opt/rustwide/workdir" "-m" "1610612736" "--user" "0:0" "--network" "none" "ghcr.io/rust-lang/crates-build-env/linux@sha256:2788e3201cd34a07e3172128adcd8b3090168a8e3bcc40d7c032b9dda1df7d1c" "/opt/rustwide/cargo-home/bin/cargo" "+1.75.0" "test" "--frozen" "--no-run" "--message-format=json", kill_on_drop: false }`
[INFO] [stdout] f81ef2e94f4011bb000108f7ea2859e2a1dabbeb9305cce13305adb38b60297c
[INFO] running `Command { std: "docker" "start" "-a" "f81ef2e94f4011bb000108f7ea2859e2a1dabbeb9305cce13305adb38b60297c", kill_on_drop: false }`
[INFO] [stderr]    Compiling pagegraph v0.1.3 (/opt/rustwide/workdir)
[INFO] [stdout] error[E0433]: failed to resolve: could not find `filter_lists` in `adblock`
[INFO] [stdout]   --> examples/disconnect-eval.rs:75:56
[INFO] [stdout]    |
[INFO] [stdout] 75 |             let rule_locations: Vec<String> = adblock::filter_lists::default::default_lists().iter().map(|fl| fl.url.to_owned()).collect();
[INFO] [stdout]    |                                                        ^^^^^^^^^^^^ could not find `filter_lists` in `adblock`
[INFO] [stdout] 
[INFO] [stdout] 
[INFO] [stdout] error[E0433]: failed to resolve: could not find `filter_lists` in `adblock`
[INFO] [stdout]   --> examples/disconnect-eval.rs:90:56
[INFO] [stdout]    |
[INFO] [stdout] 90 |             let rule_locations: Vec<String> = adblock::filter_lists::default::default_lists().iter().map(|fl| fl.url.to_owned()).collect();
[INFO] [stdout]    |                                                        ^^^^^^^^^^^^ could not find `filter_lists` in `adblock`
[INFO] [stdout] 
[INFO] [stdout] 
[INFO] [stdout] error[E0412]: cannot find type `DomainName` in crate `addr`
[INFO] [stdout]    --> examples/disconnect-eval.rs:238:55
[INFO] [stdout]     |
[INFO] [stdout] 238 |     let source_domain = source_hostname.parse::<addr::DomainName>().expect("Source URL domain could not be parsed");
[INFO] [stdout]     |                                                       ^^^^^^^^^^ not found in `addr`
[INFO] [stdout]     |
[INFO] [stdout] help: consider importing this trait
[INFO] [stdout]     |
[INFO] [stdout] 3   + use addr::parser::DomainName;
[INFO] [stdout]     |
[INFO] [stdout] help: if you import `DomainName`, refer to it directly
[INFO] [stdout]     |
[INFO] [stdout] 238 -     let source_domain = source_hostname.parse::<addr::DomainName>().expect("Source URL domain could not be parsed");
[INFO] [stdout] 238 +     let source_domain = source_hostname.parse::<DomainName>().expect("Source URL domain could not be parsed");
[INFO] [stdout]     |
[INFO] [stdout] 
[INFO] [stdout] 
[INFO] [stdout] error[E0308]: mismatched types
[INFO] [stdout]    --> examples/disconnect-eval.rs:43:84
[INFO] [stdout]     |
[INFO] [stdout] 43  |                         let downstream_resources = graph.all_downstream_effects_of(&id);
[INFO] [stdout]     |                                                          ------------------------- ^^^ expected `&Edge`, found `&&NodeId`
[INFO] [stdout]     |                                                          |
[INFO] [stdout]     |                                                          arguments to this method are incorrect
[INFO] [stdout]     |
[INFO] [stdout]     = note: expected reference `&Edge`
[INFO] [stdout]                found reference `&&NodeId`
[INFO] [stdout] note: method defined here
[INFO] [stdout]    --> /opt/rustwide/workdir/src/graph_algos.rs:821:12
[INFO] [stdout]     |
[INFO] [stdout] 821 |     pub fn all_downstream_effects_of<'a>(&'a self, edge: &'a Edge) -> Vec<&'a Edge> {
[INFO] [stdout]     |            ^^^^^^^^^^^^^^^^^^^^^^^^^
[INFO] [stdout] 
[INFO] [stdout] 
[INFO] [stdout] error[E0308]: mismatched types
[INFO] [stdout]   --> examples/disconnect-eval.rs:47:68
[INFO] [stdout]    |
[INFO] [stdout] 47 |                         downstream_resources.into_iter().for_each(|(id, node)| { match &node.node_type {
[INFO] [stdout]    |                                                                    ^^^^^^^^^^
[INFO] [stdout]    |                                                                    |
[INFO] [stdout]    |                                                                    expected `Edge`, found `(_, _)`
[INFO] [stdout]    |                                                                    expected due to this
[INFO] [stdout]    |
[INFO] [stdout]    = note: expected struct `Edge`
[INFO] [stdout]                found tuple `(_, _)`
[INFO] [stdout] 
[INFO] [stdout] 
[INFO] [stdout] error[E0433]: failed to resolve: use of undeclared crate or module `reqwest`
[INFO] [stdout]   --> examples/disconnect-eval.rs:77:28
[INFO] [stdout]    |
[INFO] [stdout] 77 |                 let body = reqwest::get(url).unwrap().text().unwrap();
[INFO] [stdout]    |                            ^^^^^^^ use of undeclared crate or module `reqwest`
[INFO] [stdout] 
[INFO] [stdout] 
[INFO] [stdout] error[E0061]: this function takes 2 arguments but 1 argument was supplied
[INFO] [stdout]   --> examples/disconnect-eval.rs:84:13
[INFO] [stdout]    |
[INFO] [stdout] 84 |             adblock::engine::Engine::from_rules(&rules)
[INFO] [stdout]    |             ^^^^^^^^^^^^^^^^^^^^^^^^^^^^^^^^^^^-------- an argument of type `adblock::lists::ParseOptions` is missing
[INFO] [stdout]    |
[INFO] [stdout] note: associated function defined here
[INFO] [stdout]   --> /opt/rustwide/cargo-home/registry/src/index.crates.io-6f17d22bba15001f/adblock-0.7.17/src/engine.rs:78:12
[INFO] [stdout]    |
[INFO] [stdout] 78 |     pub fn from_rules(rules: &[String], opts: ParseOptions) -> Self {
[INFO] [stdout]    |            ^^^^^^^^^^
[INFO] [stdout] help: provide the argument
[INFO] [stdout]    |
[INFO] [stdout] 84 |             adblock::engine::Engine::from_rules(&rules, /* adblock::lists::ParseOptions */)
[INFO] [stdout]    |                                                ~~~~~~~~~~~~~~~~~~~~~~~~~~~~~~~~~~~~~~~~~~~~
[INFO] [stdout] 
[INFO] [stdout] 
[INFO] [stdout] error[E0599]: no method named `serialize` found for struct `Engine` in the current scope
[INFO] [stdout]   --> examples/disconnect-eval.rs:87:38
[INFO] [stdout]    |
[INFO] [stdout] 87 |         file.write_all(&brave_engine.serialize().unwrap()).unwrap();
[INFO] [stdout]    |                                      ^^^^^^^^^ help: there is a method with a similar name: `deserialize`
[INFO] [stdout] 
[INFO] [stdout] 
[INFO] [stdout] error[E0433]: failed to resolve: use of undeclared crate or module `reqwest`
[INFO] [stdout]   --> examples/disconnect-eval.rs:94:32
[INFO] [stdout]    |
[INFO] [stdout] 94 |                     let body = reqwest::get(url).unwrap().text().unwrap();
[INFO] [stdout]    |                                ^^^^^^^ use of undeclared crate or module `reqwest`
[INFO] [stdout] 
[INFO] [stdout] 
[INFO] [stdout] error[E0061]: this function takes 2 arguments but 1 argument was supplied
[INFO] [stdout]    --> examples/disconnect-eval.rs:101:13
[INFO] [stdout]     |
[INFO] [stdout] 101 |             adblock::engine::Engine::from_rules(&rules)
[INFO] [stdout]     |             ^^^^^^^^^^^^^^^^^^^^^^^^^^^^^^^^^^^-------- an argument of type `adblock::lists::ParseOptions` is missing
[INFO] [stdout]     |
[INFO] [stdout] note: associated function defined here
[INFO] [stdout]    --> /opt/rustwide/cargo-home/registry/src/index.crates.io-6f17d22bba15001f/adblock-0.7.17/src/engine.rs:78:12
[INFO] [stdout]     |
[INFO] [stdout] 78  |     pub fn from_rules(rules: &[String], opts: ParseOptions) -> Self {
[INFO] [stdout]     |            ^^^^^^^^^^
[INFO] [stdout] help: provide the argument
[INFO] [stdout]     |
[INFO] [stdout] 101 |             adblock::engine::Engine::from_rules(&rules, /* adblock::lists::ParseOptions */)
[INFO] [stdout]     |                                                ~~~~~~~~~~~~~~~~~~~~~~~~~~~~~~~~~~~~~~~~~~~~
[INFO] [stdout] 
[INFO] [stdout] 
[INFO] [stdout] error[E0599]: no method named `serialize` found for struct `Engine` in the current scope
[INFO] [stdout]    --> examples/disconnect-eval.rs:104:52
[INFO] [stdout]     |
[INFO] [stdout] 104 |         file.write_all(&brave_no_disconnect_engine.serialize().unwrap()).unwrap();
[INFO] [stdout]     |                                                    ^^^^^^^^^ help: there is a method with a similar name: `deserialize`
[INFO] [stdout] 
[INFO] [stdout] 
[INFO] [stdout] error[E0433]: failed to resolve: use of undeclared crate or module `reqwest`
[INFO] [stdout]    --> examples/disconnect-eval.rs:120:28
[INFO] [stdout]     |
[INFO] [stdout] 120 |                 let body = reqwest::get(&url.to_string()).unwrap().text().unwrap();
[INFO] [stdout]     |                            ^^^^^^^ use of undeclared crate or module `reqwest`
[INFO] [stdout] 
[INFO] [stdout] 
[INFO] [stdout] error[E0061]: this function takes 2 arguments but 1 argument was supplied
[INFO] [stdout]    --> examples/disconnect-eval.rs:127:13
[INFO] [stdout]     |
[INFO] [stdout] 127 |             adblock::engine::Engine::from_rules(&rules)
[INFO] [stdout]     |             ^^^^^^^^^^^^^^^^^^^^^^^^^^^^^^^^^^^-------- an argument of type `adblock::lists::ParseOptions` is missing
[INFO] [stdout]     |
[INFO] [stdout] note: associated function defined here
[INFO] [stdout]    --> /opt/rustwide/cargo-home/registry/src/index.crates.io-6f17d22bba15001f/adblock-0.7.17/src/engine.rs:78:12
[INFO] [stdout]     |
[INFO] [stdout] 78  |     pub fn from_rules(rules: &[String], opts: ParseOptions) -> Self {
[INFO] [stdout]     |            ^^^^^^^^^^
[INFO] [stdout] help: provide the argument
[INFO] [stdout]     |
[INFO] [stdout] 127 |             adblock::engine::Engine::from_rules(&rules, /* adblock::lists::ParseOptions */)
[INFO] [stdout]     |                                                ~~~~~~~~~~~~~~~~~~~~~~~~~~~~~~~~~~~~~~~~~~~~
[INFO] [stdout] 
[INFO] [stdout] 
[INFO] [stdout] error[E0599]: no method named `serialize` found for struct `Engine` in the current scope
[INFO] [stdout]    --> examples/disconnect-eval.rs:130:46
[INFO] [stdout]     |
[INFO] [stdout] 130 |         file.write_all(&ublock_origin_engine.serialize().unwrap()).unwrap();
[INFO] [stdout]     |                                              ^^^^^^^^^ help: there is a method with a similar name: `deserialize`
[INFO] [stdout] 
[INFO] [stdout] 
[INFO] [stdout] error[E0599]: no method named `tags_enable` found for struct `Engine` in the current scope
[INFO] [stdout]    --> examples/disconnect-eval.rs:144:22
[INFO] [stdout]     |
[INFO] [stdout] 144 |         brave_engine.tags_enable(&["fb-embeds", "twitter-embeds"]);
[INFO] [stdout]     |                      ^^^^^^^^^^^ method not found in `Engine`
[INFO] [stdout] 
[INFO] [stdout] 
[INFO] [stdout] error[E0599]: no method named `tags_enable` found for struct `Engine` in the current scope
[INFO] [stdout]    --> examples/disconnect-eval.rs:146:36
[INFO] [stdout]     |
[INFO] [stdout] 146 |         brave_no_disconnect_engine.tags_enable(&["fb-embeds", "twitter-embeds"]);
[INFO] [stdout]     |                                    ^^^^^^^^^^^ method not found in `Engine`
[INFO] [stdout] 
[INFO] [stdout] 
[INFO] [stdout] error[E0433]: failed to resolve: use of undeclared crate or module `serde_json`
[INFO] [stdout]    --> examples/disconnect-eval.rs:181:28
[INFO] [stdout]     |
[INFO] [stdout] 181 |             file.write_all(serde_json::to_string(&report).unwrap().as_bytes()).unwrap();
[INFO] [stdout]     |                            ^^^^^^^^^^ use of undeclared crate or module `serde_json`
[INFO] [stdout] 
[INFO] [stdout] 
[INFO] [stdout] error[E0433]: failed to resolve: use of undeclared crate or module `serde_json`
[INFO] [stdout]    --> examples/disconnect-eval.rs:194:38
[INFO] [stdout]     |
[INFO] [stdout] 194 |             let report: PageReport = serde_json::from_reader(std::io::BufReader::new(file)).unwrap();
[INFO] [stdout]     |                                      ^^^^^^^^^^ use of undeclared crate or module `serde_json`
[INFO] [stdout] 
[INFO] [stdout] 
[INFO] [stdout] error[E0061]: this function takes 2 arguments but 1 argument was supplied
[INFO] [stdout]    --> examples/disconnect-eval.rs:138:30
[INFO] [stdout]     |
[INFO] [stdout] 138 |             let mut engine = adblock::engine::Engine::from_rules(&[]);
[INFO] [stdout]     |                              ^^^^^^^^^^^^^^^^^^^^^^^^^^^^^^^^^^^----- an argument of type `adblock::lists::ParseOptions` is missing
[INFO] [stdout]     |
[INFO] [stdout] note: associated function defined here
[INFO] [stdout]    --> /opt/rustwide/cargo-home/registry/src/index.crates.io-6f17d22bba15001f/adblock-0.7.17/src/engine.rs:78:12
[INFO] [stdout]     |
[INFO] [stdout] 78  |     pub fn from_rules(rules: &[String], opts: ParseOptions) -> Self {
[INFO] [stdout]     |            ^^^^^^^^^^
[INFO] [stdout] help: provide the argument
[INFO] [stdout]     |
[INFO] [stdout] 138 |             let mut engine = adblock::engine::Engine::from_rules(&[], /* adblock::lists::ParseOptions */);
[INFO] [stdout]     |                                                                 ~~~~~~~~~~~~~~~~~~~~~~~~~~~~~~~~~~~~~~~~~
[INFO] [stdout] 
[INFO] [stdout] 
[INFO] [stdout] error: aborting due to 19 previous errors
[INFO] [stdout] 
[INFO] [stdout] 
[INFO] [stdout] Some errors have detailed explanations: E0061, E0308, E0412, E0433, E0599.
[INFO] [stdout] 
[INFO] [stdout] For more information about an error, try `rustc --explain E0061`.
[INFO] [stdout] 
[INFO] [stderr] error: could not compile `pagegraph` (example "disconnect-eval") due to 20 previous errors
[INFO] [stderr] warning: build failed, waiting for other jobs to finish...
[INFO] running `Command { std: "docker" "inspect" "f81ef2e94f4011bb000108f7ea2859e2a1dabbeb9305cce13305adb38b60297c", kill_on_drop: false }`
[INFO] running `Command { std: "docker" "rm" "-f" "f81ef2e94f4011bb000108f7ea2859e2a1dabbeb9305cce13305adb38b60297c", kill_on_drop: false }`
[INFO] [stdout] f81ef2e94f4011bb000108f7ea2859e2a1dabbeb9305cce13305adb38b60297c
[INFO] testing pagegraph-0.1.3 against beta-2023-12-22 for beta-1.76-1
[INFO] extracting crate pagegraph 0.1.3 into /workspace/builds/worker-6-tc2/source
[INFO] validating manifest of crates.io crate pagegraph 0.1.3 on toolchain beta-2023-12-22
[INFO] running `Command { std: CARGO_HOME="/workspace/cargo-home" RUSTUP_HOME="/workspace/rustup-home" "/workspace/cargo-home/bin/cargo" "+beta-2023-12-22" "metadata" "--manifest-path" "Cargo.toml" "--no-deps", kill_on_drop: false }`
[INFO] started tweaking crates.io crate pagegraph 0.1.3
[INFO] finished tweaking crates.io crate pagegraph 0.1.3
[INFO] tweaked toml for crates.io crate pagegraph 0.1.3 written to /workspace/builds/worker-6-tc2/source/Cargo.toml
[INFO] crate crates.io crate pagegraph 0.1.3 already has a lockfile, it will not be regenerated
[INFO] running `Command { std: CARGO_HOME="/workspace/cargo-home" RUSTUP_HOME="/workspace/rustup-home" "/workspace/cargo-home/bin/cargo" "+beta-2023-12-22" "fetch" "--manifest-path" "Cargo.toml", kill_on_drop: false }`
[INFO] running `Command { std: "docker" "create" "-v" "/var/lib/crater-agent-workspace/builds/worker-6-tc2/target:/opt/rustwide/target:rw,Z" "-v" "/var/lib/crater-agent-workspace/builds/worker-6-tc2/source:/opt/rustwide/workdir:ro,Z" "-v" "/var/lib/crater-agent-workspace/cargo-home:/opt/rustwide/cargo-home:ro,Z" "-v" "/var/lib/crater-agent-workspace/rustup-home:/opt/rustwide/rustup-home:ro,Z" "-e" "SOURCE_DIR=/opt/rustwide/workdir" "-e" "CARGO_TARGET_DIR=/opt/rustwide/target" "-e" "CARGO_HOME=/opt/rustwide/cargo-home" "-e" "RUSTUP_HOME=/opt/rustwide/rustup-home" "-w" "/opt/rustwide/workdir" "-m" "1610612736" "--user" "0:0" "--network" "none" "ghcr.io/rust-lang/crates-build-env/linux@sha256:2788e3201cd34a07e3172128adcd8b3090168a8e3bcc40d7c032b9dda1df7d1c" "/opt/rustwide/cargo-home/bin/cargo" "+beta-2023-12-22" "metadata" "--no-deps" "--format-version=1", kill_on_drop: false }`
[INFO] [stdout] b0b2b72cf313c8d0f0e18c2b394df86ffa063bd5a379c21937ec0409e701a27f
[INFO] running `Command { std: "docker" "start" "-a" "b0b2b72cf313c8d0f0e18c2b394df86ffa063bd5a379c21937ec0409e701a27f", kill_on_drop: false }`
[INFO] running `Command { std: "docker" "inspect" "b0b2b72cf313c8d0f0e18c2b394df86ffa063bd5a379c21937ec0409e701a27f", kill_on_drop: false }`
[INFO] running `Command { std: "docker" "rm" "-f" "b0b2b72cf313c8d0f0e18c2b394df86ffa063bd5a379c21937ec0409e701a27f", kill_on_drop: false }`
[INFO] [stdout] b0b2b72cf313c8d0f0e18c2b394df86ffa063bd5a379c21937ec0409e701a27f
[INFO] running `Command { std: "docker" "create" "-v" "/var/lib/crater-agent-workspace/builds/worker-6-tc2/target:/opt/rustwide/target:rw,Z" "-v" "/var/lib/crater-agent-workspace/builds/worker-6-tc2/source:/opt/rustwide/workdir:ro,Z" "-v" "/var/lib/crater-agent-workspace/cargo-home:/opt/rustwide/cargo-home:ro,Z" "-v" "/var/lib/crater-agent-workspace/rustup-home:/opt/rustwide/rustup-home:ro,Z" "-e" "SOURCE_DIR=/opt/rustwide/workdir" "-e" "CARGO_TARGET_DIR=/opt/rustwide/target" "-e" "CARGO_INCREMENTAL=0" "-e" "RUST_BACKTRACE=full" "-e" "RUSTFLAGS=--cap-lints=warn" "-e" "RUSTDOCFLAGS=--cap-lints=warn" "-e" "CARGO_HOME=/opt/rustwide/cargo-home" "-e" "RUSTUP_HOME=/opt/rustwide/rustup-home" "-w" "/opt/rustwide/workdir" "-m" "1610612736" "--user" "0:0" "--network" "none" "ghcr.io/rust-lang/crates-build-env/linux@sha256:2788e3201cd34a07e3172128adcd8b3090168a8e3bcc40d7c032b9dda1df7d1c" "/opt/rustwide/cargo-home/bin/cargo" "+beta-2023-12-22" "build" "--frozen" "--message-format=json", kill_on_drop: false }`
[INFO] [stdout] 2cbc32253673ad5c49ed4e2bea858b57d8f135666915c4f21da31e43e6aa9c51
[INFO] running `Command { std: "docker" "start" "-a" "2cbc32253673ad5c49ed4e2bea858b57d8f135666915c4f21da31e43e6aa9c51", kill_on_drop: false }`
[INFO] [stderr]    Compiling proc-macro2 v1.0.66
[INFO] [stderr]    Compiling num-traits v0.2.16
[INFO] [stderr]    Compiling paste v1.0.14
[INFO] [stderr]    Compiling unicode-ident v1.0.11
[INFO] [stderr]    Compiling serde v1.0.180
[INFO] [stderr]    Compiling psl-types v2.0.11
[INFO] [stderr]    Compiling serde_derive v1.0.180
[INFO] [stderr]    Compiling indexmap v1.9.3
[INFO] [stderr]    Compiling regex-syntax v0.7.4
[INFO] [stderr]    Compiling thiserror v1.0.44
[INFO] [stderr]    Compiling either v1.9.0
[INFO] [stderr]    Compiling seahash v3.0.7
[INFO] [stderr]    Compiling base64 v0.13.1
[INFO] [stderr]    Compiling lifeguard v0.6.1
[INFO] [stderr]    Compiling xml-rs v0.8.16
[INFO] [stderr]    Compiling psl v2.1.4
[INFO] [stderr]    Compiling itertools v0.10.5
[INFO] [stderr]    Compiling petgraph v0.6.3
[INFO] [stderr]    Compiling quote v1.0.32
[INFO] [stderr]    Compiling syn v2.0.28
[INFO] [stderr]    Compiling rmp v0.8.12
[INFO] [stderr]    Compiling regex-automata v0.3.4
[INFO] [stderr]    Compiling thiserror-impl v1.0.44
[INFO] [stderr]    Compiling rmp-serde v0.15.5
[INFO] [stderr]    Compiling rmp-serde v0.13.7
[INFO] [stderr]    Compiling addr v0.14.0
[INFO] [stderr]    Compiling addr v0.15.6
[INFO] [stderr]    Compiling regex v1.9.1
[INFO] [stderr]    Compiling adblock v0.7.17
[INFO] [stderr]    Compiling pagegraph v0.1.3 (/opt/rustwide/workdir)
[INFO] [stderr]     Finished dev [unoptimized + debuginfo] target(s) in 10.39s
[INFO] running `Command { std: "docker" "inspect" "2cbc32253673ad5c49ed4e2bea858b57d8f135666915c4f21da31e43e6aa9c51", kill_on_drop: false }`
[INFO] running `Command { std: "docker" "rm" "-f" "2cbc32253673ad5c49ed4e2bea858b57d8f135666915c4f21da31e43e6aa9c51", kill_on_drop: false }`
[INFO] [stdout] 2cbc32253673ad5c49ed4e2bea858b57d8f135666915c4f21da31e43e6aa9c51
[INFO] running `Command { std: "docker" "create" "-v" "/var/lib/crater-agent-workspace/builds/worker-6-tc2/target:/opt/rustwide/target:rw,Z" "-v" "/var/lib/crater-agent-workspace/builds/worker-6-tc2/source:/opt/rustwide/workdir:ro,Z" "-v" "/var/lib/crater-agent-workspace/cargo-home:/opt/rustwide/cargo-home:ro,Z" "-v" "/var/lib/crater-agent-workspace/rustup-home:/opt/rustwide/rustup-home:ro,Z" "-e" "SOURCE_DIR=/opt/rustwide/workdir" "-e" "CARGO_TARGET_DIR=/opt/rustwide/target" "-e" "CARGO_INCREMENTAL=0" "-e" "RUST_BACKTRACE=full" "-e" "RUSTFLAGS=--cap-lints=warn" "-e" "RUSTDOCFLAGS=--cap-lints=warn" "-e" "CARGO_HOME=/opt/rustwide/cargo-home" "-e" "RUSTUP_HOME=/opt/rustwide/rustup-home" "-w" "/opt/rustwide/workdir" "-m" "1610612736" "--user" "0:0" "--network" "none" "ghcr.io/rust-lang/crates-build-env/linux@sha256:2788e3201cd34a07e3172128adcd8b3090168a8e3bcc40d7c032b9dda1df7d1c" "/opt/rustwide/cargo-home/bin/cargo" "+beta-2023-12-22" "test" "--frozen" "--no-run" "--message-format=json", kill_on_drop: false }`
[INFO] [stdout] a9c2e36d7f0af4ada7430646b5224609620ce37c570c28c30649ba1406bd361f
[INFO] running `Command { std: "docker" "start" "-a" "a9c2e36d7f0af4ada7430646b5224609620ce37c570c28c30649ba1406bd361f", kill_on_drop: false }`
[INFO] [stderr]    Compiling pagegraph v0.1.3 (/opt/rustwide/workdir)
[INFO] [stdout] error[E0433]: failed to resolve: could not find `filter_lists` in `adblock`
[INFO] [stdout]   --> examples/disconnect-eval.rs:75:56
[INFO] [stdout]    |
[INFO] [stdout] 75 |             let rule_locations: Vec<String> = adblock::filter_lists::default::default_lists().iter().map(|fl| fl.url.to_owned()).collect();
[INFO] [stdout]    |                                                        ^^^^^^^^^^^^ could not find `filter_lists` in `adblock`
[INFO] [stdout] 
[INFO] [stdout] 
[INFO] [stdout] error[E0433]: failed to resolve: could not find `filter_lists` in `adblock`
[INFO] [stdout]   --> examples/disconnect-eval.rs:90:56
[INFO] [stdout]    |
[INFO] [stdout] 90 |             let rule_locations: Vec<String> = adblock::filter_lists::default::default_lists().iter().map(|fl| fl.url.to_owned()).collect();
[INFO] [stdout]    |                                                        ^^^^^^^^^^^^ could not find `filter_lists` in `adblock`
[INFO] [stdout] 
[INFO] [stdout] 
[INFO] [stdout] error[E0412]: cannot find type `DomainName` in crate `addr`
[INFO] [stdout]    --> examples/disconnect-eval.rs:238:55
[INFO] [stdout]     |
[INFO] [stdout] 238 |     let source_domain = source_hostname.parse::<addr::DomainName>().expect("Source URL domain could not be parsed");
[INFO] [stdout]     |                                                       ^^^^^^^^^^ not found in `addr`
[INFO] [stdout]     |
[INFO] [stdout] help: consider importing this trait
[INFO] [stdout]     |
[INFO] [stdout] 3   + use addr::parser::DomainName;
[INFO] [stdout]     |
[INFO] [stdout] help: if you import `DomainName`, refer to it directly
[INFO] [stdout]     |
[INFO] [stdout] 238 -     let source_domain = source_hostname.parse::<addr::DomainName>().expect("Source URL domain could not be parsed");
[INFO] [stdout] 238 +     let source_domain = source_hostname.parse::<DomainName>().expect("Source URL domain could not be parsed");
[INFO] [stdout]     |
[INFO] [stdout] 
[INFO] [stdout] 
[INFO] [stdout] error[E0308]: mismatched types
[INFO] [stdout]    --> examples/disconnect-eval.rs:43:84
[INFO] [stdout]     |
[INFO] [stdout] 43  |                         let downstream_resources = graph.all_downstream_effects_of(&id);
[INFO] [stdout]     |                                                          ------------------------- ^^^ expected `&Edge`, found `&&NodeId`
[INFO] [stdout]     |                                                          |
[INFO] [stdout]     |                                                          arguments to this method are incorrect
[INFO] [stdout]     |
[INFO] [stdout]     = note: expected reference `&Edge`
[INFO] [stdout]                found reference `&&NodeId`
[INFO] [stdout] note: method defined here
[INFO] [stdout]    --> /opt/rustwide/workdir/src/graph_algos.rs:821:12
[INFO] [stdout]     |
[INFO] [stdout] 821 |     pub fn all_downstream_effects_of<'a>(&'a self, edge: &'a Edge) -> Vec<&'a Edge> {
[INFO] [stdout]     |            ^^^^^^^^^^^^^^^^^^^^^^^^^
[INFO] [stdout] 
[INFO] [stdout] 
[INFO] [stdout] error[E0308]: mismatched types
[INFO] [stdout]   --> examples/disconnect-eval.rs:47:68
[INFO] [stdout]    |
[INFO] [stdout] 47 |                         downstream_resources.into_iter().for_each(|(id, node)| { match &node.node_type {
[INFO] [stdout]    |                                                                    ^^^^^^^^^^
[INFO] [stdout]    |                                                                    |
[INFO] [stdout]    |                                                                    expected `Edge`, found `(_, _)`
[INFO] [stdout]    |                                                                    expected due to this
[INFO] [stdout]    |
[INFO] [stdout]    = note: expected struct `Edge`
[INFO] [stdout]                found tuple `(_, _)`
[INFO] [stdout] 
[INFO] [stdout] 
[INFO] [stdout] error[E0433]: failed to resolve: use of undeclared crate or module `reqwest`
[INFO] [stdout]   --> examples/disconnect-eval.rs:77:28
[INFO] [stdout]    |
[INFO] [stdout] 77 |                 let body = reqwest::get(url).unwrap().text().unwrap();
[INFO] [stdout]    |                            ^^^^^^^ use of undeclared crate or module `reqwest`
[INFO] [stdout] 
[INFO] [stdout] 
[INFO] [stdout] error[E0061]: this function takes 2 arguments but 1 argument was supplied
[INFO] [stdout]   --> examples/disconnect-eval.rs:84:13
[INFO] [stdout]    |
[INFO] [stdout] 84 |             adblock::engine::Engine::from_rules(&rules)
[INFO] [stdout]    |             ^^^^^^^^^^^^^^^^^^^^^^^^^^^^^^^^^^^-------- an argument of type `adblock::lists::ParseOptions` is missing
[INFO] [stdout]    |
[INFO] [stdout] note: associated function defined here
[INFO] [stdout]   --> /opt/rustwide/cargo-home/registry/src/index.crates.io-6f17d22bba15001f/adblock-0.7.17/src/engine.rs:78:12
[INFO] [stdout]    |
[INFO] [stdout] 78 |     pub fn from_rules(rules: &[String], opts: ParseOptions) -> Self {
[INFO] [stdout]    |            ^^^^^^^^^^
[INFO] [stdout] help: provide the argument
[INFO] [stdout]    |
[INFO] [stdout] 84 |             adblock::engine::Engine::from_rules(&rules, /* adblock::lists::ParseOptions */)
[INFO] [stdout]    |                                                ~~~~~~~~~~~~~~~~~~~~~~~~~~~~~~~~~~~~~~~~~~~~
[INFO] [stdout] 
[INFO] [stdout] 
[INFO] [stdout] error[E0599]: no method named `serialize` found for struct `Engine` in the current scope
[INFO] [stdout]   --> examples/disconnect-eval.rs:87:38
[INFO] [stdout]    |
[INFO] [stdout] 87 |         file.write_all(&brave_engine.serialize().unwrap()).unwrap();
[INFO] [stdout]    |                                      ^^^^^^^^^ help: there is a method with a similar name: `deserialize`
[INFO] [stdout] 
[INFO] [stdout] 
[INFO] [stdout] error[E0433]: failed to resolve: use of undeclared crate or module `reqwest`
[INFO] [stdout]   --> examples/disconnect-eval.rs:94:32
[INFO] [stdout]    |
[INFO] [stdout] 94 |                     let body = reqwest::get(url).unwrap().text().unwrap();
[INFO] [stdout]    |                                ^^^^^^^ use of undeclared crate or module `reqwest`
[INFO] [stdout] 
[INFO] [stdout] 
[INFO] [stdout] error[E0061]: this function takes 2 arguments but 1 argument was supplied
[INFO] [stdout]    --> examples/disconnect-eval.rs:101:13
[INFO] [stdout]     |
[INFO] [stdout] 101 |             adblock::engine::Engine::from_rules(&rules)
[INFO] [stdout]     |             ^^^^^^^^^^^^^^^^^^^^^^^^^^^^^^^^^^^-------- an argument of type `adblock::lists::ParseOptions` is missing
[INFO] [stdout]     |
[INFO] [stdout] note: associated function defined here
[INFO] [stdout]    --> /opt/rustwide/cargo-home/registry/src/index.crates.io-6f17d22bba15001f/adblock-0.7.17/src/engine.rs:78:12
[INFO] [stdout]     |
[INFO] [stdout] 78  |     pub fn from_rules(rules: &[String], opts: ParseOptions) -> Self {
[INFO] [stdout]     |            ^^^^^^^^^^
[INFO] [stdout] help: provide the argument
[INFO] [stdout]     |
[INFO] [stdout] 101 |             adblock::engine::Engine::from_rules(&rules, /* adblock::lists::ParseOptions */)
[INFO] [stdout]     |                                                ~~~~~~~~~~~~~~~~~~~~~~~~~~~~~~~~~~~~~~~~~~~~
[INFO] [stdout] 
[INFO] [stdout] 
[INFO] [stdout] error[E0599]: no method named `serialize` found for struct `Engine` in the current scope
[INFO] [stdout]    --> examples/disconnect-eval.rs:104:52
[INFO] [stdout]     |
[INFO] [stdout] 104 |         file.write_all(&brave_no_disconnect_engine.serialize().unwrap()).unwrap();
[INFO] [stdout]     |                                                    ^^^^^^^^^ help: there is a method with a similar name: `deserialize`
[INFO] [stdout] 
[INFO] [stdout] 
[INFO] [stdout] error[E0433]: failed to resolve: use of undeclared crate or module `reqwest`
[INFO] [stdout]    --> examples/disconnect-eval.rs:120:28
[INFO] [stdout]     |
[INFO] [stdout] 120 |                 let body = reqwest::get(&url.to_string()).unwrap().text().unwrap();
[INFO] [stdout]     |                            ^^^^^^^ use of undeclared crate or module `reqwest`
[INFO] [stdout] 
[INFO] [stdout] 
[INFO] [stdout] error[E0061]: this function takes 2 arguments but 1 argument was supplied
[INFO] [stdout]    --> examples/disconnect-eval.rs:127:13
[INFO] [stdout]     |
[INFO] [stdout] 127 |             adblock::engine::Engine::from_rules(&rules)
[INFO] [stdout]     |             ^^^^^^^^^^^^^^^^^^^^^^^^^^^^^^^^^^^-------- an argument of type `adblock::lists::ParseOptions` is missing
[INFO] [stdout]     |
[INFO] [stdout] note: associated function defined here
[INFO] [stdout]    --> /opt/rustwide/cargo-home/registry/src/index.crates.io-6f17d22bba15001f/adblock-0.7.17/src/engine.rs:78:12
[INFO] [stdout]     |
[INFO] [stdout] 78  |     pub fn from_rules(rules: &[String], opts: ParseOptions) -> Self {
[INFO] [stdout]     |            ^^^^^^^^^^
[INFO] [stdout] help: provide the argument
[INFO] [stdout]     |
[INFO] [stdout] 127 |             adblock::engine::Engine::from_rules(&rules, /* adblock::lists::ParseOptions */)
[INFO] [stdout]     |                                                ~~~~~~~~~~~~~~~~~~~~~~~~~~~~~~~~~~~~~~~~~~~~
[INFO] [stdout] 
[INFO] [stdout] 
[INFO] [stdout] error[E0599]: no method named `serialize` found for struct `Engine` in the current scope
[INFO] [stdout]    --> examples/disconnect-eval.rs:130:46
[INFO] [stdout]     |
[INFO] [stdout] 130 |         file.write_all(&ublock_origin_engine.serialize().unwrap()).unwrap();
[INFO] [stdout]     |                                              ^^^^^^^^^ help: there is a method with a similar name: `deserialize`
[INFO] [stdout] 
[INFO] [stdout] 
[INFO] [stdout] error[E0599]: no method named `tags_enable` found for struct `Engine` in the current scope
[INFO] [stdout]    --> examples/disconnect-eval.rs:144:22
[INFO] [stdout]     |
[INFO] [stdout] 144 |         brave_engine.tags_enable(&["fb-embeds", "twitter-embeds"]);
[INFO] [stdout]     |                      ^^^^^^^^^^^ method not found in `Engine`
[INFO] [stdout] 
[INFO] [stdout] 
[INFO] [stdout] error[E0599]: no method named `tags_enable` found for struct `Engine` in the current scope
[INFO] [stdout]    --> examples/disconnect-eval.rs:146:36
[INFO] [stdout]     |
[INFO] [stdout] 146 |         brave_no_disconnect_engine.tags_enable(&["fb-embeds", "twitter-embeds"]);
[INFO] [stdout]     |                                    ^^^^^^^^^^^ method not found in `Engine`
[INFO] [stdout] 
[INFO] [stdout] 
[INFO] [stdout] error[E0433]: failed to resolve: use of undeclared crate or module `serde_json`
[INFO] [stdout]    --> examples/disconnect-eval.rs:181:28
[INFO] [stdout]     |
[INFO] [stdout] 181 |             file.write_all(serde_json::to_string(&report).unwrap().as_bytes()).unwrap();
[INFO] [stdout]     |                            ^^^^^^^^^^ use of undeclared crate or module `serde_json`
[INFO] [stdout] 
[INFO] [stdout] 
[INFO] [stdout] error[E0433]: failed to resolve: use of undeclared crate or module `serde_json`
[INFO] [stdout]    --> examples/disconnect-eval.rs:194:38
[INFO] [stdout]     |
[INFO] [stdout] 194 |             let report: PageReport = serde_json::from_reader(std::io::BufReader::new(file)).unwrap();
[INFO] [stdout]     |                                      ^^^^^^^^^^ use of undeclared crate or module `serde_json`
[INFO] [stdout] 
[INFO] [stdout] 
[INFO] [stdout] error[E0061]: this function takes 2 arguments but 1 argument was supplied
[INFO] [stdout]    --> examples/disconnect-eval.rs:138:30
[INFO] [stdout]     |
[INFO] [stdout] 138 |             let mut engine = adblock::engine::Engine::from_rules(&[]);
[INFO] [stdout]     |                              ^^^^^^^^^^^^^^^^^^^^^^^^^^^^^^^^^^^----- an argument of type `adblock::lists::ParseOptions` is missing
[INFO] [stdout]     |
[INFO] [stdout] note: associated function defined here
[INFO] [stdout]    --> /opt/rustwide/cargo-home/registry/src/index.crates.io-6f17d22bba15001f/adblock-0.7.17/src/engine.rs:78:12
[INFO] [stdout]     |
[INFO] [stdout] 78  |     pub fn from_rules(rules: &[String], opts: ParseOptions) -> Self {
[INFO] [stdout]     |            ^^^^^^^^^^
[INFO] [stdout] help: provide the argument
[INFO] [stdout]     |
[INFO] [stdout] 138 |             let mut engine = adblock::engine::Engine::from_rules(&[], /* adblock::lists::ParseOptions */);
[INFO] [stdout]     |                                                                 ~~~~~~~~~~~~~~~~~~~~~~~~~~~~~~~~~~~~~~~~~
[INFO] [stdout] 
[INFO] [stdout] 
[INFO] [stdout] error: aborting due to 19 previous errors
[INFO] [stdout] 
[INFO] [stdout] 
[INFO] [stdout] Some errors have detailed explanations: E0061, E0308, E0412, E0433, E0599.
[INFO] [stdout] 
[INFO] [stdout] For more information about an error, try `rustc --explain E0061`.
[INFO] [stdout] 
[INFO] [stderr] error: could not compile `pagegraph` (example "disconnect-eval") due to 20 previous errors
[INFO] [stderr] warning: build failed, waiting for other jobs to finish...
[INFO] running `Command { std: "docker" "inspect" "a9c2e36d7f0af4ada7430646b5224609620ce37c570c28c30649ba1406bd361f", kill_on_drop: false }`
[INFO] running `Command { std: "docker" "rm" "-f" "a9c2e36d7f0af4ada7430646b5224609620ce37c570c28c30649ba1406bd361f", kill_on_drop: false }`
[INFO] [stdout] a9c2e36d7f0af4ada7430646b5224609620ce37c570c28c30649ba1406bd361f
