[INFO] fetching crate packetz 2.0.0...
[INFO] testing packetz-2.0.0 against 1.75.0 for beta-1.76-1
[INFO] extracting crate packetz 2.0.0 into /workspace/builds/worker-3-tc1/source
[INFO] validating manifest of crates.io crate packetz 2.0.0 on toolchain 1.75.0
[INFO] running `Command { std: CARGO_HOME="/workspace/cargo-home" RUSTUP_HOME="/workspace/rustup-home" "/workspace/cargo-home/bin/cargo" "+1.75.0" "metadata" "--manifest-path" "Cargo.toml" "--no-deps", kill_on_drop: false }`
[INFO] started tweaking crates.io crate packetz 2.0.0
[INFO] finished tweaking crates.io crate packetz 2.0.0
[INFO] tweaked toml for crates.io crate packetz 2.0.0 written to /workspace/builds/worker-3-tc1/source/Cargo.toml
[INFO] running `Command { std: CARGO_HOME="/workspace/cargo-home" RUSTUP_HOME="/workspace/rustup-home" "/workspace/cargo-home/bin/cargo" "+1.75.0" "generate-lockfile" "--manifest-path" "Cargo.toml", kill_on_drop: false }`
[INFO] [stderr]     Updating crates.io index
[INFO] running `Command { std: CARGO_HOME="/workspace/cargo-home" RUSTUP_HOME="/workspace/rustup-home" "/workspace/cargo-home/bin/cargo" "+1.75.0" "fetch" "--manifest-path" "Cargo.toml", kill_on_drop: false }`
[INFO] [stderr]  Downloading crates ...
[INFO] [stderr]   Downloaded rustls-webpki v0.100.3
[INFO] running `Command { std: "docker" "create" "-v" "/var/lib/crater-agent-workspace/builds/worker-3-tc1/target:/opt/rustwide/target:rw,Z" "-v" "/var/lib/crater-agent-workspace/builds/worker-3-tc1/source:/opt/rustwide/workdir:ro,Z" "-v" "/var/lib/crater-agent-workspace/cargo-home:/opt/rustwide/cargo-home:ro,Z" "-v" "/var/lib/crater-agent-workspace/rustup-home:/opt/rustwide/rustup-home:ro,Z" "-e" "SOURCE_DIR=/opt/rustwide/workdir" "-e" "CARGO_TARGET_DIR=/opt/rustwide/target" "-e" "CARGO_HOME=/opt/rustwide/cargo-home" "-e" "RUSTUP_HOME=/opt/rustwide/rustup-home" "-w" "/opt/rustwide/workdir" "-m" "1610612736" "--user" "0:0" "--network" "none" "ghcr.io/rust-lang/crates-build-env/linux@sha256:2788e3201cd34a07e3172128adcd8b3090168a8e3bcc40d7c032b9dda1df7d1c" "/opt/rustwide/cargo-home/bin/cargo" "+1.75.0" "metadata" "--no-deps" "--format-version=1", kill_on_drop: false }`
[INFO] [stdout] 9a74e0d5ee83fea31e4677cb321090e12a86d02ae810596266c3dcd06feeefc8
[INFO] running `Command { std: "docker" "start" "-a" "9a74e0d5ee83fea31e4677cb321090e12a86d02ae810596266c3dcd06feeefc8", kill_on_drop: false }`
[INFO] running `Command { std: "docker" "inspect" "9a74e0d5ee83fea31e4677cb321090e12a86d02ae810596266c3dcd06feeefc8", kill_on_drop: false }`
[INFO] running `Command { std: "docker" "rm" "-f" "9a74e0d5ee83fea31e4677cb321090e12a86d02ae810596266c3dcd06feeefc8", kill_on_drop: false }`
[INFO] [stdout] 9a74e0d5ee83fea31e4677cb321090e12a86d02ae810596266c3dcd06feeefc8
[INFO] running `Command { std: "docker" "create" "-v" "/var/lib/crater-agent-workspace/builds/worker-3-tc1/target:/opt/rustwide/target:rw,Z" "-v" "/var/lib/crater-agent-workspace/builds/worker-3-tc1/source:/opt/rustwide/workdir:ro,Z" "-v" "/var/lib/crater-agent-workspace/cargo-home:/opt/rustwide/cargo-home:ro,Z" "-v" "/var/lib/crater-agent-workspace/rustup-home:/opt/rustwide/rustup-home:ro,Z" "-e" "SOURCE_DIR=/opt/rustwide/workdir" "-e" "CARGO_TARGET_DIR=/opt/rustwide/target" "-e" "CARGO_INCREMENTAL=0" "-e" "RUST_BACKTRACE=full" "-e" "RUSTFLAGS=--cap-lints=warn" "-e" "RUSTDOCFLAGS=--cap-lints=warn" "-e" "CARGO_HOME=/opt/rustwide/cargo-home" "-e" "RUSTUP_HOME=/opt/rustwide/rustup-home" "-w" "/opt/rustwide/workdir" "-m" "1610612736" "--user" "0:0" "--network" "none" "ghcr.io/rust-lang/crates-build-env/linux@sha256:2788e3201cd34a07e3172128adcd8b3090168a8e3bcc40d7c032b9dda1df7d1c" "/opt/rustwide/cargo-home/bin/cargo" "+1.75.0" "build" "--frozen" "--message-format=json", kill_on_drop: false }`
[INFO] [stdout] 316b1ef8c462444bc7c04808d1f2e9f92e787a3b61f6be522d5e5fa483d6027c
[INFO] running `Command { std: "docker" "start" "-a" "316b1ef8c462444bc7c04808d1f2e9f92e787a3b61f6be522d5e5fa483d6027c", kill_on_drop: false }`
[INFO] [stderr]    Compiling libc v0.2.151
[INFO] [stderr]    Compiling pin-project-lite v0.2.13
[INFO] [stderr]    Compiling bytes v1.5.0
[INFO] [stderr]    Compiling mio v0.8.10
[INFO] [stderr]    Compiling socket2 v0.5.5
[INFO] [stderr]    Compiling tokio v1.35.1
[INFO] [stderr]    Compiling packetz v2.0.0 (/opt/rustwide/workdir)
[INFO] [stderr]     Finished dev [unoptimized + debuginfo] target(s) in 2.44s
[INFO] running `Command { std: "docker" "inspect" "316b1ef8c462444bc7c04808d1f2e9f92e787a3b61f6be522d5e5fa483d6027c", kill_on_drop: false }`
[INFO] running `Command { std: "docker" "rm" "-f" "316b1ef8c462444bc7c04808d1f2e9f92e787a3b61f6be522d5e5fa483d6027c", kill_on_drop: false }`
[INFO] [stdout] 316b1ef8c462444bc7c04808d1f2e9f92e787a3b61f6be522d5e5fa483d6027c
[INFO] running `Command { std: "docker" "create" "-v" "/var/lib/crater-agent-workspace/builds/worker-3-tc1/target:/opt/rustwide/target:rw,Z" "-v" "/var/lib/crater-agent-workspace/builds/worker-3-tc1/source:/opt/rustwide/workdir:ro,Z" "-v" "/var/lib/crater-agent-workspace/cargo-home:/opt/rustwide/cargo-home:ro,Z" "-v" "/var/lib/crater-agent-workspace/rustup-home:/opt/rustwide/rustup-home:ro,Z" "-e" "SOURCE_DIR=/opt/rustwide/workdir" "-e" "CARGO_TARGET_DIR=/opt/rustwide/target" "-e" "CARGO_INCREMENTAL=0" "-e" "RUST_BACKTRACE=full" "-e" "RUSTFLAGS=--cap-lints=warn" "-e" "RUSTDOCFLAGS=--cap-lints=warn" "-e" "CARGO_HOME=/opt/rustwide/cargo-home" "-e" "RUSTUP_HOME=/opt/rustwide/rustup-home" "-w" "/opt/rustwide/workdir" "-m" "1610612736" "--user" "0:0" "--network" "none" "ghcr.io/rust-lang/crates-build-env/linux@sha256:2788e3201cd34a07e3172128adcd8b3090168a8e3bcc40d7c032b9dda1df7d1c" "/opt/rustwide/cargo-home/bin/cargo" "+1.75.0" "test" "--frozen" "--no-run" "--message-format=json", kill_on_drop: false }`
[INFO] [stdout] 346c8e15a816f2f8f82efb6e15543d3e0091de98e591762e5904802001aa7a65
[INFO] running `Command { std: "docker" "start" "-a" "346c8e15a816f2f8f82efb6e15543d3e0091de98e591762e5904802001aa7a65", kill_on_drop: false }`
[INFO] [stderr]    Compiling libc v0.2.151
[INFO] [stderr]    Compiling spin v0.5.2
[INFO] [stderr]    Compiling untrusted v0.7.1
[INFO] [stderr]    Compiling num_cpus v1.16.0
[INFO] [stderr]    Compiling base64 v0.21.5
[INFO] [stderr]    Compiling tokio v1.35.1
[INFO] [stderr]    Compiling rustls-pemfile v1.0.4
[INFO] [stderr]    Compiling cc v1.0.83
[INFO] [stderr]    Compiling ring v0.16.20
[INFO] [stderr]    Compiling packetz v2.0.0 (/opt/rustwide/workdir)
[INFO] [stderr]    Compiling rustls-webpki v0.100.3
[INFO] [stderr]    Compiling webpki-roots v0.23.1
[INFO] [stdout] error[E0432]: unresolved import `tokio_rustls`
[INFO] [stdout]   --> src/tests.rs:44:17
[INFO] [stdout]    |
[INFO] [stdout] 44 |             use tokio_rustls::rustls;
[INFO] [stdout]    |                 ^^^^^^^^^^^^ use of undeclared crate or module `tokio_rustls`
[INFO] [stdout] 
[INFO] [stdout] 
[INFO] [stdout] error[E0433]: failed to resolve: could not find `tls` in `client`
[INFO] [stdout]    --> src/tests.rs:107:49
[INFO] [stdout]     |
[INFO] [stdout] 107 |                 let mut client = crate::client::tls::connect("localhost:5515", Arc::new(client_config)).await.unwrap();
[INFO] [stdout]     |                                                 ^^^ could not find `tls` in `client`
[INFO] [stdout] 
[INFO] [stdout] 
[INFO] [stdout] error[E0433]: failed to resolve: could not find `tls` in `server`
[INFO] [stdout]    --> src/tests.rs:104:36
[INFO] [stdout]     |
[INFO] [stdout] 104 |             let s = crate::server::tls::Server::bind("localhost:5515");
[INFO] [stdout]     |                                    ^^^ could not find `tls` in `server`
[INFO] [stdout]     |
[INFO] [stdout] help: consider importing this struct
[INFO] [stdout]     |
[INFO] [stdout] 1   + use crate::server::Server;
[INFO] [stdout]     |
[INFO] [stdout] help: if you import `Server`, refer to it directly
[INFO] [stdout]     |
[INFO] [stdout] 104 -             let s = crate::server::tls::Server::bind("localhost:5515");
[INFO] [stdout] 104 +             let s = Server::bind("localhost:5515");
[INFO] [stdout]     |
[INFO] [stdout] 
[INFO] [stdout] 
[INFO] [stdout] error: aborting due to 3 previous errors
[INFO] [stdout] 
[INFO] [stdout] 
[INFO] [stdout] Some errors have detailed explanations: E0432, E0433.
[INFO] [stdout] 
[INFO] [stdout] For more information about an error, try `rustc --explain E0432`.
[INFO] [stdout] 
[INFO] [stderr] error: could not compile `packetz` (lib test) due to 4 previous errors
[INFO] running `Command { std: "docker" "inspect" "346c8e15a816f2f8f82efb6e15543d3e0091de98e591762e5904802001aa7a65", kill_on_drop: false }`
[INFO] running `Command { std: "docker" "rm" "-f" "346c8e15a816f2f8f82efb6e15543d3e0091de98e591762e5904802001aa7a65", kill_on_drop: false }`
[INFO] [stdout] 346c8e15a816f2f8f82efb6e15543d3e0091de98e591762e5904802001aa7a65
