[INFO] fetching crate oxen 0.0.2...
[INFO] testing oxen-0.0.2 against 1.75.0 for beta-1.76-1
[INFO] extracting crate oxen 0.0.2 into /workspace/builds/worker-5-tc1/source
[INFO] validating manifest of crates.io crate oxen 0.0.2 on toolchain 1.75.0
[INFO] running `Command { std: CARGO_HOME="/workspace/cargo-home" RUSTUP_HOME="/workspace/rustup-home" "/workspace/cargo-home/bin/cargo" "+1.75.0" "metadata" "--manifest-path" "Cargo.toml" "--no-deps", kill_on_drop: false }`
[INFO] started tweaking crates.io crate oxen 0.0.2
[INFO] finished tweaking crates.io crate oxen 0.0.2
[INFO] tweaked toml for crates.io crate oxen 0.0.2 written to /workspace/builds/worker-5-tc1/source/Cargo.toml
[INFO] running `Command { std: CARGO_HOME="/workspace/cargo-home" RUSTUP_HOME="/workspace/rustup-home" "/workspace/cargo-home/bin/cargo" "+1.75.0" "generate-lockfile" "--manifest-path" "Cargo.toml", kill_on_drop: false }`
[INFO] [stderr]     Updating crates.io index
[INFO] running `Command { std: CARGO_HOME="/workspace/cargo-home" RUSTUP_HOME="/workspace/rustup-home" "/workspace/cargo-home/bin/cargo" "+1.75.0" "fetch" "--manifest-path" "Cargo.toml", kill_on_drop: false }`
[INFO] [stderr]     Blocking waiting for file lock on package cache
[INFO] [stderr]     Blocking waiting for file lock on package cache
[INFO] [stderr]  Downloading crates ...
[INFO] [stderr]   Downloaded glutin_glx_sys v0.5.0
[INFO] [stderr]   Downloaded takeable-option v0.5.0
[INFO] [stderr]   Downloaded glutin_egl_sys v0.6.0
[INFO] [stderr]   Downloaded glutin-winit v0.4.2
[INFO] [stderr]   Downloaded glutin v0.31.2
[INFO] [stderr]   Downloaded glium v0.34.0
[INFO] running `Command { std: "docker" "create" "-v" "/var/lib/crater-agent-workspace/builds/worker-5-tc1/target:/opt/rustwide/target:rw,Z" "-v" "/var/lib/crater-agent-workspace/builds/worker-5-tc1/source:/opt/rustwide/workdir:ro,Z" "-v" "/var/lib/crater-agent-workspace/cargo-home:/opt/rustwide/cargo-home:ro,Z" "-v" "/var/lib/crater-agent-workspace/rustup-home:/opt/rustwide/rustup-home:ro,Z" "-e" "SOURCE_DIR=/opt/rustwide/workdir" "-e" "CARGO_TARGET_DIR=/opt/rustwide/target" "-e" "CARGO_HOME=/opt/rustwide/cargo-home" "-e" "RUSTUP_HOME=/opt/rustwide/rustup-home" "-w" "/opt/rustwide/workdir" "-m" "1610612736" "--user" "0:0" "--network" "none" "ghcr.io/rust-lang/crates-build-env/linux@sha256:2788e3201cd34a07e3172128adcd8b3090168a8e3bcc40d7c032b9dda1df7d1c" "/opt/rustwide/cargo-home/bin/cargo" "+1.75.0" "metadata" "--no-deps" "--format-version=1", kill_on_drop: false }`
[INFO] [stdout] c846768969932c910ad4209d1325d828bb44fe793b1d181205b2b348c6728c7e
[INFO] running `Command { std: "docker" "start" "-a" "c846768969932c910ad4209d1325d828bb44fe793b1d181205b2b348c6728c7e", kill_on_drop: false }`
[INFO] running `Command { std: "docker" "inspect" "c846768969932c910ad4209d1325d828bb44fe793b1d181205b2b348c6728c7e", kill_on_drop: false }`
[INFO] running `Command { std: "docker" "rm" "-f" "c846768969932c910ad4209d1325d828bb44fe793b1d181205b2b348c6728c7e", kill_on_drop: false }`
[INFO] [stdout] c846768969932c910ad4209d1325d828bb44fe793b1d181205b2b348c6728c7e
[INFO] running `Command { std: "docker" "create" "-v" "/var/lib/crater-agent-workspace/builds/worker-5-tc1/target:/opt/rustwide/target:rw,Z" "-v" "/var/lib/crater-agent-workspace/builds/worker-5-tc1/source:/opt/rustwide/workdir:ro,Z" "-v" "/var/lib/crater-agent-workspace/cargo-home:/opt/rustwide/cargo-home:ro,Z" "-v" "/var/lib/crater-agent-workspace/rustup-home:/opt/rustwide/rustup-home:ro,Z" "-e" "SOURCE_DIR=/opt/rustwide/workdir" "-e" "CARGO_TARGET_DIR=/opt/rustwide/target" "-e" "CARGO_INCREMENTAL=0" "-e" "RUST_BACKTRACE=full" "-e" "RUSTFLAGS=--cap-lints=warn" "-e" "RUSTDOCFLAGS=--cap-lints=warn" "-e" "CARGO_HOME=/opt/rustwide/cargo-home" "-e" "RUSTUP_HOME=/opt/rustwide/rustup-home" "-w" "/opt/rustwide/workdir" "-m" "1610612736" "--user" "0:0" "--network" "none" "ghcr.io/rust-lang/crates-build-env/linux@sha256:2788e3201cd34a07e3172128adcd8b3090168a8e3bcc40d7c032b9dda1df7d1c" "/opt/rustwide/cargo-home/bin/cargo" "+1.75.0" "build" "--frozen" "--message-format=json", kill_on_drop: false }`
[INFO] [stdout] b9024df38d6dd25fe64373076a87df35f1fb9ad01ac64b00505c5e6b077d8a59
[INFO] running `Command { std: "docker" "start" "-a" "b9024df38d6dd25fe64373076a87df35f1fb9ad01ac64b00505c5e6b077d8a59", kill_on_drop: false }`
[INFO] [stderr]    Compiling proc-macro2 v1.0.75
[INFO] [stderr]    Compiling khronos_api v3.1.0
[INFO] [stderr]    Compiling scoped-tls v1.0.1
[INFO] [stderr]    Compiling smallvec v1.11.2
[INFO] [stderr]    Compiling downcast-rs v1.2.0
[INFO] [stderr]    Compiling xml-rs v0.8.19
[INFO] [stderr]    Compiling libloading v0.8.1
[INFO] [stderr]    Compiling wayland-sys v0.31.1
[INFO] [stderr]    Compiling memoffset v0.7.1
[INFO] [stderr]    Compiling quick-xml v0.30.0
[INFO] [stderr]    Compiling rustix v0.38.28
[INFO] [stderr]    Compiling linux-raw-sys v0.4.12
[INFO] [stderr]    Compiling cfg_aliases v0.1.1
[INFO] [stderr]    Compiling thiserror v1.0.56
[INFO] [stderr]    Compiling jobserver v0.1.27
[INFO] [stderr]    Compiling pin-project-lite v0.2.13
[INFO] [stderr]    Compiling tracing-core v0.1.32
[INFO] [stderr]    Compiling x11-dl v2.21.0
[INFO] [stderr]    Compiling cursor-icon v1.1.0
[INFO] [stderr]    Compiling smithay-client-toolkit v0.18.0
[INFO] [stderr]    Compiling dlib v0.5.2
[INFO] [stderr]    Compiling bytemuck v1.14.0
[INFO] [stderr]    Compiling ttf-parser v0.20.0
[INFO] [stderr]    Compiling cc v1.0.83
[INFO] [stderr]    Compiling xcursor v0.3.5
[INFO] [stderr]    Compiling arrayref v0.3.7
[INFO] [stderr]    Compiling nix v0.26.4
[INFO] [stderr]    Compiling strict-num v0.1.1
[INFO] [stderr]    Compiling tracing v0.1.40
[INFO] [stderr]    Compiling xkeysym v0.2.0
[INFO] [stderr]    Compiling tiny-skia-path v0.11.3
[INFO] [stderr]    Compiling ahash v0.8.7
[INFO] [stderr]    Compiling memmap2 v0.9.3
[INFO] [stderr]    Compiling arrayvec v0.7.4
[INFO] [stderr]    Compiling gl_generator v0.14.0
[INFO] [stderr]    Compiling quote v1.0.35
[INFO] [stderr]    Compiling ab_glyph_rasterizer v0.1.8
[INFO] [stderr]    Compiling glutin v0.31.2
[INFO] [stderr]    Compiling winit v0.29.8
[INFO] [stderr]    Compiling getrandom v0.2.11
[INFO] [stderr]    Compiling zerocopy v0.7.32
[INFO] [stderr]    Compiling syn v2.0.48
[INFO] [stderr]    Compiling tiny-skia v0.11.3
[INFO] [stderr]    Compiling x11rb-protocol v0.13.0
[INFO] [stderr]    Compiling wayland-scanner v0.31.0
[INFO] [stderr]    Compiling as-raw-xcb-connection v1.0.1
[INFO] [stderr]    Compiling raw-window-handle v0.5.2
[INFO] [stderr]    Compiling xkbcommon-dl v0.4.1
[INFO] [stderr]    Compiling glutin-winit v0.4.2
[INFO] [stderr]    Compiling glutin_glx_sys v0.5.0
[INFO] [stderr]    Compiling glutin_egl_sys v0.6.0
[INFO] [stderr]    Compiling memoffset v0.9.0
[INFO] [stderr]    Compiling smol_str v0.2.0
[INFO] [stderr]    Compiling raw-window-handle v0.6.0
[INFO] [stderr]    Compiling gimli v0.28.1
[INFO] [stderr]    Compiling percent-encoding v2.3.1
[INFO] [stderr]    Compiling wayland-backend v0.3.2
[INFO] [stderr]    Compiling backtrace v0.3.69
[INFO] [stderr]    Compiling miniz_oxide v0.7.1
[INFO] [stderr]    Compiling glium v0.34.0
[INFO] [stderr]    Compiling object v0.32.2
[INFO] [stderr]    Compiling owned_ttf_parser v0.20.0
[INFO] [stderr]    Compiling ab_glyph v0.2.23
[INFO] [stderr]    Compiling rustc-demangle v0.1.23
[INFO] [stderr]    Compiling takeable-option v0.5.0
[INFO] [stderr]    Compiling time v0.3.31
[INFO] [stderr]    Compiling wayland-csd-frame v0.3.0
[INFO] [stderr]    Compiling wayland-client v0.31.1
[INFO] [stderr]    Compiling addr2line v0.21.0
[INFO] [stderr]    Compiling thiserror-impl v1.0.56
[INFO] [stderr]    Compiling wayland-protocols v0.31.0
[INFO] [stderr]    Compiling wayland-cursor v0.31.0
[INFO] [stderr]    Compiling polling v3.3.1
[INFO] [stderr]    Compiling calloop v0.12.3
[INFO] [stderr]    Compiling calloop-wayland-source v0.2.0
[INFO] [stderr]    Compiling wayland-protocols-wlr v0.2.0
[INFO] [stderr]    Compiling wayland-protocols-plasma v0.2.0
[INFO] [stderr]    Compiling sctk-adwaita v0.8.1
[INFO] [stderr]    Compiling x11rb v0.13.0
[INFO] [stderr]    Compiling oxen v0.0.2 (/opt/rustwide/workdir)
[INFO] [stdout] error[E0432]: unresolved import `glium::DisplayBuild`
[INFO] [stdout]   --> src/lib.rs:12:5
[INFO] [stdout]    |
[INFO] [stdout] 12 | use glium::DisplayBuild;
[INFO] [stdout]    |     ^^^^^^^^^^^^^^^^^^^ no `DisplayBuild` in the root
[INFO] [stdout] 
[INFO] [stdout] 
[INFO] [stdout] error[E0433]: failed to resolve: could not find `WindowBuilder` in `glutin`
[INFO] [stdout]   --> src/lib.rs:39:30
[INFO] [stdout]    |
[INFO] [stdout] 39 |             display: glutin::WindowBuilder::new()
[INFO] [stdout]    |                              ^^^^^^^^^^^^^ could not find `WindowBuilder` in `glutin`
[INFO] [stdout] 
[INFO] [stdout] 
[INFO] [stdout] error[E0433]: failed to resolve: could not find `Event` in `glutin`
[INFO] [stdout]    --> src/lib.rs:111:29
[INFO] [stdout]     |
[INFO] [stdout] 111 |                     glutin::Event::Closed => return,
[INFO] [stdout]     |                             ^^^^^ could not find `Event` in `glutin`
[INFO] [stdout] 
[INFO] [stdout] 
[INFO] [stdout] error[E0425]: cannot find function `precise_time_ns` in crate `time`
[INFO] [stdout]   --> src/lib.rs:83:22
[INFO] [stdout]    |
[INFO] [stdout] 83 |             if time::precise_time_ns() - previous_second > 1000000000 {
[INFO] [stdout]    |                      ^^^^^^^^^^^^^^^ not found in `time`
[INFO] [stdout] 
[INFO] [stdout] 
[INFO] [stdout] error[E0425]: cannot find function `precise_time_ns` in crate `time`
[INFO] [stdout]   --> src/lib.rs:86:41
[INFO] [stdout]    |
[INFO] [stdout] 86 |                 previous_second = time::precise_time_ns();
[INFO] [stdout]    |                                         ^^^^^^^^^^^^^^^ not found in `time`
[INFO] [stdout] 
[INFO] [stdout] 
[INFO] [stdout] error[E0425]: cannot find function `precise_time_ns` in crate `time`
[INFO] [stdout]    --> src/lib.rs:132:26
[INFO] [stdout]     |
[INFO] [stdout] 132 |                 if time::precise_time_ns() - previous_second > 1000000000 {
[INFO] [stdout]     |                          ^^^^^^^^^^^^^^^ not found in `time`
[INFO] [stdout] 
[INFO] [stdout] 
[INFO] [stdout] error[E0425]: cannot find function `precise_time_ns` in crate `time`
[INFO] [stdout]    --> src/lib.rs:135:45
[INFO] [stdout]     |
[INFO] [stdout] 135 |                     previous_second = time::precise_time_ns();
[INFO] [stdout]     |                                             ^^^^^^^^^^^^^^^ not found in `time`
[INFO] [stdout] 
[INFO] [stdout] 
[INFO] [stdout] warning: unused import: `glium::Display`
[INFO] [stdout]   --> src/lib.rs:11:5
[INFO] [stdout]    |
[INFO] [stdout] 11 | use glium::Display;
[INFO] [stdout]    |     ^^^^^^^^^^^^^^
[INFO] [stdout]    |
[INFO] [stdout]    = note: `#[warn(unused_imports)]` on by default
[INFO] [stdout] 
[INFO] [stdout] 
[INFO] [stdout] error[E0107]: missing generics for struct `glium::Display`
[INFO] [stdout]   --> src/lib.rs:28:21
[INFO] [stdout]    |
[INFO] [stdout] 28 |     display: glium::Display,
[INFO] [stdout]    |                     ^^^^^^^ expected 1 generic argument
[INFO] [stdout]    |
[INFO] [stdout] note: struct defined here, with 1 generic parameter: `T`
[INFO] [stdout]   --> /opt/rustwide/cargo-home/registry/src/index.crates.io-6f17d22bba15001f/glium-0.34.0/src/backend/glutin/mod.rs:83:12
[INFO] [stdout]    |
[INFO] [stdout] 83 | pub struct Display<T: SurfaceTypeTrait + ResizeableSurface + 'static> {
[INFO] [stdout]    |            ^^^^^^^ -
[INFO] [stdout] help: add missing generic argument
[INFO] [stdout]    |
[INFO] [stdout] 28 |     display: glium::Display<T>,
[INFO] [stdout]    |                            +++
[INFO] [stdout] 
[INFO] [stdout] 
[INFO] [stdout] warning: trait objects without an explicit `dyn` are deprecated
[INFO] [stdout]   --> src/lib.rs:32:41
[INFO] [stdout]    |
[INFO] [stdout] 32 |     behaviour_sender: Option<Sender<Box<Behaviour>>>,
[INFO] [stdout]    |                                         ^^^^^^^^^
[INFO] [stdout]    |
[INFO] [stdout]    = warning: this is accepted in the current edition (Rust 2015) but is a hard error in Rust 2021!
[INFO] [stdout]    = note: for more information, see <https://doc.rust-lang.org/nightly/edition-guide/rust-2021/warnings-promoted-to-error.html>
[INFO] [stdout]    = note: `#[warn(bare_trait_objects)]` on by default
[INFO] [stdout] help: use `dyn`
[INFO] [stdout]    |
[INFO] [stdout] 32 |     behaviour_sender: Option<Sender<Box<dyn Behaviour>>>,
[INFO] [stdout]    |                                         +++
[INFO] [stdout] 
[INFO] [stdout] 
[INFO] [stdout] warning: trait objects without an explicit `dyn` are deprecated
[INFO] [stdout]   --> src/lib.rs:60:52
[INFO] [stdout]    |
[INFO] [stdout] 60 |     pub fn add_behaviour(&mut self, behaviour: Box<Behaviour>) {
[INFO] [stdout]    |                                                    ^^^^^^^^^
[INFO] [stdout]    |
[INFO] [stdout]    = warning: this is accepted in the current edition (Rust 2015) but is a hard error in Rust 2021!
[INFO] [stdout]    = note: for more information, see <https://doc.rust-lang.org/nightly/edition-guide/rust-2021/warnings-promoted-to-error.html>
[INFO] [stdout] help: use `dyn`
[INFO] [stdout]    |
[INFO] [stdout] 60 |     pub fn add_behaviour(&mut self, behaviour: Box<dyn Behaviour>) {
[INFO] [stdout]    |                                                    +++
[INFO] [stdout] 
[INFO] [stdout] 
[INFO] [stdout] error[E0107]: missing generics for struct `glium::Display`
[INFO] [stdout]   --> src/models.rs:11:25
[INFO] [stdout]    |
[INFO] [stdout] 11 | pub fn square(display: &Display) -> RenderObject {
[INFO] [stdout]    |                         ^^^^^^^ expected 1 generic argument
[INFO] [stdout]    |
[INFO] [stdout] note: struct defined here, with 1 generic parameter: `T`
[INFO] [stdout]   --> /opt/rustwide/cargo-home/registry/src/index.crates.io-6f17d22bba15001f/glium-0.34.0/src/backend/glutin/mod.rs:83:12
[INFO] [stdout]    |
[INFO] [stdout] 83 | pub struct Display<T: SurfaceTypeTrait + ResizeableSurface + 'static> {
[INFO] [stdout]    |            ^^^^^^^ -
[INFO] [stdout] help: add missing generic argument
[INFO] [stdout]    |
[INFO] [stdout] 11 | pub fn square(display: &Display<T>) -> RenderObject {
[INFO] [stdout]    |                                +++
[INFO] [stdout] 
[INFO] [stdout] 
[INFO] [stdout] error[E0107]: missing generics for struct `glium::Display`
[INFO] [stdout]   --> src/models.rs:20:30
[INFO] [stdout]    |
[INFO] [stdout] 20 | fn square_vertices(display: &Display) -> VertexBufferAny {
[INFO] [stdout]    |                              ^^^^^^^ expected 1 generic argument
[INFO] [stdout]    |
[INFO] [stdout] note: struct defined here, with 1 generic parameter: `T`
[INFO] [stdout]   --> /opt/rustwide/cargo-home/registry/src/index.crates.io-6f17d22bba15001f/glium-0.34.0/src/backend/glutin/mod.rs:83:12
[INFO] [stdout]    |
[INFO] [stdout] 83 | pub struct Display<T: SurfaceTypeTrait + ResizeableSurface + 'static> {
[INFO] [stdout]    |            ^^^^^^^ -
[INFO] [stdout] help: add missing generic argument
[INFO] [stdout]    |
[INFO] [stdout] 20 | fn square_vertices(display: &Display<T>) -> VertexBufferAny {
[INFO] [stdout]    |                                     +++
[INFO] [stdout] 
[INFO] [stdout] 
[INFO] [stdout] error[E0107]: missing generics for struct `glium::Display`
[INFO] [stdout]   --> src/models.rs:41:29
[INFO] [stdout]    |
[INFO] [stdout] 41 | fn square_indices(display: &Display) -> IndexBuffer<u16> {
[INFO] [stdout]    |                             ^^^^^^^ expected 1 generic argument
[INFO] [stdout]    |
[INFO] [stdout] note: struct defined here, with 1 generic parameter: `T`
[INFO] [stdout]   --> /opt/rustwide/cargo-home/registry/src/index.crates.io-6f17d22bba15001f/glium-0.34.0/src/backend/glutin/mod.rs:83:12
[INFO] [stdout]    |
[INFO] [stdout] 83 | pub struct Display<T: SurfaceTypeTrait + ResizeableSurface + 'static> {
[INFO] [stdout]    |            ^^^^^^^ -
[INFO] [stdout] help: add missing generic argument
[INFO] [stdout]    |
[INFO] [stdout] 41 | fn square_indices(display: &Display<T>) -> IndexBuffer<u16> {
[INFO] [stdout]    |                                    +++
[INFO] [stdout] 
[INFO] [stdout] 
[INFO] [stdout] error: aborting due to 11 previous errors; 3 warnings emitted
[INFO] [stdout] 
[INFO] [stdout] 
[INFO] [stdout] Some errors have detailed explanations: E0107, E0425, E0432, E0433.
[INFO] [stdout] 
[INFO] [stdout] For more information about an error, try `rustc --explain E0107`.
[INFO] [stdout] 
[INFO] [stderr] error: could not compile `oxen` (lib) due to 12 previous errors; 3 warnings emitted
[INFO] [stderr] warning: build failed, waiting for other jobs to finish...
[INFO] running `Command { std: "docker" "inspect" "b9024df38d6dd25fe64373076a87df35f1fb9ad01ac64b00505c5e6b077d8a59", kill_on_drop: false }`
[INFO] running `Command { std: "docker" "rm" "-f" "b9024df38d6dd25fe64373076a87df35f1fb9ad01ac64b00505c5e6b077d8a59", kill_on_drop: false }`
[INFO] [stdout] b9024df38d6dd25fe64373076a87df35f1fb9ad01ac64b00505c5e6b077d8a59
