[INFO] fetching crate overloadable 0.4.1...
[INFO] testing overloadable-0.4.1 against 1.75.0 for beta-1.76-1
[INFO] extracting crate overloadable 0.4.1 into /workspace/builds/worker-3-tc1/source
[INFO] validating manifest of crates.io crate overloadable 0.4.1 on toolchain 1.75.0
[INFO] running `Command { std: CARGO_HOME="/workspace/cargo-home" RUSTUP_HOME="/workspace/rustup-home" "/workspace/cargo-home/bin/cargo" "+1.75.0" "metadata" "--manifest-path" "Cargo.toml" "--no-deps", kill_on_drop: false }`
[INFO] started tweaking crates.io crate overloadable 0.4.1
[INFO] finished tweaking crates.io crate overloadable 0.4.1
[INFO] tweaked toml for crates.io crate overloadable 0.4.1 written to /workspace/builds/worker-3-tc1/source/Cargo.toml
[INFO] running `Command { std: CARGO_HOME="/workspace/cargo-home" RUSTUP_HOME="/workspace/rustup-home" "/workspace/cargo-home/bin/cargo" "+1.75.0" "generate-lockfile" "--manifest-path" "Cargo.toml", kill_on_drop: false }`
[INFO] [stderr]     Updating crates.io index
[INFO] running `Command { std: CARGO_HOME="/workspace/cargo-home" RUSTUP_HOME="/workspace/rustup-home" "/workspace/cargo-home/bin/cargo" "+1.75.0" "fetch" "--manifest-path" "Cargo.toml", kill_on_drop: false }`
[INFO] running `Command { std: "docker" "create" "-v" "/var/lib/crater-agent-workspace/builds/worker-3-tc1/target:/opt/rustwide/target:rw,Z" "-v" "/var/lib/crater-agent-workspace/builds/worker-3-tc1/source:/opt/rustwide/workdir:ro,Z" "-v" "/var/lib/crater-agent-workspace/cargo-home:/opt/rustwide/cargo-home:ro,Z" "-v" "/var/lib/crater-agent-workspace/rustup-home:/opt/rustwide/rustup-home:ro,Z" "-e" "SOURCE_DIR=/opt/rustwide/workdir" "-e" "CARGO_TARGET_DIR=/opt/rustwide/target" "-e" "CARGO_HOME=/opt/rustwide/cargo-home" "-e" "RUSTUP_HOME=/opt/rustwide/rustup-home" "-w" "/opt/rustwide/workdir" "-m" "1610612736" "--user" "0:0" "--network" "none" "ghcr.io/rust-lang/crates-build-env/linux@sha256:2788e3201cd34a07e3172128adcd8b3090168a8e3bcc40d7c032b9dda1df7d1c" "/opt/rustwide/cargo-home/bin/cargo" "+1.75.0" "metadata" "--no-deps" "--format-version=1", kill_on_drop: false }`
[INFO] [stdout] 41156690284a9bb074bfb0097c8a892ccfdbe1e15731d8425d13fe228ae7a6a1
[INFO] running `Command { std: "docker" "start" "-a" "41156690284a9bb074bfb0097c8a892ccfdbe1e15731d8425d13fe228ae7a6a1", kill_on_drop: false }`
[INFO] running `Command { std: "docker" "inspect" "41156690284a9bb074bfb0097c8a892ccfdbe1e15731d8425d13fe228ae7a6a1", kill_on_drop: false }`
[INFO] running `Command { std: "docker" "rm" "-f" "41156690284a9bb074bfb0097c8a892ccfdbe1e15731d8425d13fe228ae7a6a1", kill_on_drop: false }`
[INFO] [stdout] 41156690284a9bb074bfb0097c8a892ccfdbe1e15731d8425d13fe228ae7a6a1
[INFO] running `Command { std: "docker" "create" "-v" "/var/lib/crater-agent-workspace/builds/worker-3-tc1/target:/opt/rustwide/target:rw,Z" "-v" "/var/lib/crater-agent-workspace/builds/worker-3-tc1/source:/opt/rustwide/workdir:ro,Z" "-v" "/var/lib/crater-agent-workspace/cargo-home:/opt/rustwide/cargo-home:ro,Z" "-v" "/var/lib/crater-agent-workspace/rustup-home:/opt/rustwide/rustup-home:ro,Z" "-e" "SOURCE_DIR=/opt/rustwide/workdir" "-e" "CARGO_TARGET_DIR=/opt/rustwide/target" "-e" "CARGO_INCREMENTAL=0" "-e" "RUST_BACKTRACE=full" "-e" "RUSTFLAGS=--cap-lints=warn" "-e" "RUSTDOCFLAGS=--cap-lints=warn" "-e" "CARGO_HOME=/opt/rustwide/cargo-home" "-e" "RUSTUP_HOME=/opt/rustwide/rustup-home" "-w" "/opt/rustwide/workdir" "-m" "1610612736" "--user" "0:0" "--network" "none" "ghcr.io/rust-lang/crates-build-env/linux@sha256:2788e3201cd34a07e3172128adcd8b3090168a8e3bcc40d7c032b9dda1df7d1c" "/opt/rustwide/cargo-home/bin/cargo" "+1.75.0" "build" "--frozen" "--message-format=json", kill_on_drop: false }`
[INFO] [stdout] 97cf61ee92d3b4da6954423abbc638c6c7b87ea83e8d457349ce484605cc3f24
[INFO] running `Command { std: "docker" "start" "-a" "97cf61ee92d3b4da6954423abbc638c6c7b87ea83e8d457349ce484605cc3f24", kill_on_drop: false }`
[INFO] [stderr]    Compiling proc-macro2 v0.4.30
[INFO] [stderr]    Compiling unicode-xid v0.1.0
[INFO] [stderr]    Compiling syn v0.15.44
[INFO] [stderr]    Compiling quote v0.6.13
[INFO] [stderr]    Compiling overloadable v0.4.1 (/opt/rustwide/workdir)
[INFO] [stderr]     Finished dev [unoptimized + debuginfo] target(s) in 2.80s
[INFO] running `Command { std: "docker" "inspect" "97cf61ee92d3b4da6954423abbc638c6c7b87ea83e8d457349ce484605cc3f24", kill_on_drop: false }`
[INFO] running `Command { std: "docker" "rm" "-f" "97cf61ee92d3b4da6954423abbc638c6c7b87ea83e8d457349ce484605cc3f24", kill_on_drop: false }`
[INFO] [stdout] 97cf61ee92d3b4da6954423abbc638c6c7b87ea83e8d457349ce484605cc3f24
[INFO] running `Command { std: "docker" "create" "-v" "/var/lib/crater-agent-workspace/builds/worker-3-tc1/target:/opt/rustwide/target:rw,Z" "-v" "/var/lib/crater-agent-workspace/builds/worker-3-tc1/source:/opt/rustwide/workdir:ro,Z" "-v" "/var/lib/crater-agent-workspace/cargo-home:/opt/rustwide/cargo-home:ro,Z" "-v" "/var/lib/crater-agent-workspace/rustup-home:/opt/rustwide/rustup-home:ro,Z" "-e" "SOURCE_DIR=/opt/rustwide/workdir" "-e" "CARGO_TARGET_DIR=/opt/rustwide/target" "-e" "CARGO_INCREMENTAL=0" "-e" "RUST_BACKTRACE=full" "-e" "RUSTFLAGS=--cap-lints=warn" "-e" "RUSTDOCFLAGS=--cap-lints=warn" "-e" "CARGO_HOME=/opt/rustwide/cargo-home" "-e" "RUSTUP_HOME=/opt/rustwide/rustup-home" "-w" "/opt/rustwide/workdir" "-m" "1610612736" "--user" "0:0" "--network" "none" "ghcr.io/rust-lang/crates-build-env/linux@sha256:2788e3201cd34a07e3172128adcd8b3090168a8e3bcc40d7c032b9dda1df7d1c" "/opt/rustwide/cargo-home/bin/cargo" "+1.75.0" "test" "--frozen" "--no-run" "--message-format=json", kill_on_drop: false }`
[INFO] [stdout] a03cdcb783ae5d76db2ab45cf4c88f4c117ed1f2c1457d64a98dfa8ffabfb13f
[INFO] running `Command { std: "docker" "start" "-a" "a03cdcb783ae5d76db2ab45cf4c88f4c117ed1f2c1457d64a98dfa8ffabfb13f", kill_on_drop: false }`
[INFO] [stderr]    Compiling proc-macro2 v0.4.30
[INFO] [stderr]    Compiling unicode-xid v0.1.0
[INFO] [stderr]    Compiling syn v0.15.44
[INFO] [stderr]    Compiling quote v0.6.13
[INFO] [stderr]    Compiling overloadable v0.4.1 (/opt/rustwide/workdir)
[INFO] [stdout] error[E0554]: `#![feature]` may not be used on the stable release channel
[INFO] [stdout]  --> tests/default.rs:1:1
[INFO] [stdout]   |
[INFO] [stdout] 1 | #![feature(unboxed_closures, fn_traits)]
[INFO] [stdout]   | ^^^^^^^^^^^^^^^^^^^^^^^^^^^^^^^^^^^^^^^^
[INFO] [stdout] 
[INFO] [stdout] 
[INFO] [stdout] warning: unnecessary braces around block return value
[INFO] [stdout]   --> tests/default.rs:38:24
[INFO] [stdout]    |
[INFO] [stdout] 38 |     fn(&self) -> usize {1}
[INFO] [stdout]    |                        ^ ^
[INFO] [stdout]    |
[INFO] [stdout]    = note: `#[warn(unused_braces)]` on by default
[INFO] [stdout] help: remove these braces
[INFO] [stdout]    |
[INFO] [stdout] 38 -     fn(&self) -> usize {1}
[INFO] [stdout] 38 +     fn(&self) -> usize 1
[INFO] [stdout]    |
[INFO] [stdout] 
[INFO] [stdout] 
[INFO] [stdout] error[E0554]: `#![feature]` may not be used on the stable release channel
[INFO] [stdout]  --> tests/default.rs:1:30
[INFO] [stdout]   |
[INFO] [stdout] 1 | #![feature(unboxed_closures, fn_traits)]
[INFO] [stdout]   |                              ^^^^^^^^^
[INFO] [stdout] 
[INFO] [stdout] 
[INFO] [stdout] error: aborting due to 2 previous errors; 1 warning emitted
[INFO] [stdout] 
[INFO] [stdout] 
[INFO] [stdout] For more information about this error, try `rustc --explain E0554`.
[INFO] [stdout] 
[INFO] [stderr] error: could not compile `overloadable` (test "default") due to 3 previous errors; 1 warning emitted
[INFO] running `Command { std: "docker" "inspect" "a03cdcb783ae5d76db2ab45cf4c88f4c117ed1f2c1457d64a98dfa8ffabfb13f", kill_on_drop: false }`
[INFO] running `Command { std: "docker" "rm" "-f" "a03cdcb783ae5d76db2ab45cf4c88f4c117ed1f2c1457d64a98dfa8ffabfb13f", kill_on_drop: false }`
[INFO] [stdout] a03cdcb783ae5d76db2ab45cf4c88f4c117ed1f2c1457d64a98dfa8ffabfb13f
[INFO] testing overloadable-0.4.1 against beta-2023-12-22 for beta-1.76-1
[INFO] extracting crate overloadable 0.4.1 into /workspace/builds/worker-3-tc2/source
[INFO] validating manifest of crates.io crate overloadable 0.4.1 on toolchain beta-2023-12-22
[INFO] running `Command { std: CARGO_HOME="/workspace/cargo-home" RUSTUP_HOME="/workspace/rustup-home" "/workspace/cargo-home/bin/cargo" "+beta-2023-12-22" "metadata" "--manifest-path" "Cargo.toml" "--no-deps", kill_on_drop: false }`
[INFO] started tweaking crates.io crate overloadable 0.4.1
[INFO] finished tweaking crates.io crate overloadable 0.4.1
[INFO] tweaked toml for crates.io crate overloadable 0.4.1 written to /workspace/builds/worker-3-tc2/source/Cargo.toml
[INFO] running `Command { std: CARGO_HOME="/workspace/cargo-home" RUSTUP_HOME="/workspace/rustup-home" "/workspace/cargo-home/bin/cargo" "+beta-2023-12-22" "generate-lockfile" "--manifest-path" "Cargo.toml", kill_on_drop: false }`
[INFO] [stderr]     Blocking waiting for file lock on package cache
[INFO] [stderr]     Updating crates.io index
[INFO] running `Command { std: CARGO_HOME="/workspace/cargo-home" RUSTUP_HOME="/workspace/rustup-home" "/workspace/cargo-home/bin/cargo" "+beta-2023-12-22" "fetch" "--manifest-path" "Cargo.toml", kill_on_drop: false }`
[INFO] [stderr]     Blocking waiting for file lock on package cache
[INFO] running `Command { std: "docker" "create" "-v" "/var/lib/crater-agent-workspace/builds/worker-3-tc2/target:/opt/rustwide/target:rw,Z" "-v" "/var/lib/crater-agent-workspace/builds/worker-3-tc2/source:/opt/rustwide/workdir:ro,Z" "-v" "/var/lib/crater-agent-workspace/cargo-home:/opt/rustwide/cargo-home:ro,Z" "-v" "/var/lib/crater-agent-workspace/rustup-home:/opt/rustwide/rustup-home:ro,Z" "-e" "SOURCE_DIR=/opt/rustwide/workdir" "-e" "CARGO_TARGET_DIR=/opt/rustwide/target" "-e" "CARGO_HOME=/opt/rustwide/cargo-home" "-e" "RUSTUP_HOME=/opt/rustwide/rustup-home" "-w" "/opt/rustwide/workdir" "-m" "1610612736" "--user" "0:0" "--network" "none" "ghcr.io/rust-lang/crates-build-env/linux@sha256:2788e3201cd34a07e3172128adcd8b3090168a8e3bcc40d7c032b9dda1df7d1c" "/opt/rustwide/cargo-home/bin/cargo" "+beta-2023-12-22" "metadata" "--no-deps" "--format-version=1", kill_on_drop: false }`
[INFO] [stdout] 1dd9a3199f1d05cf243588d2238aa8f8d84975cc49eefb9125f7ee63faf44c41
[INFO] running `Command { std: "docker" "start" "-a" "1dd9a3199f1d05cf243588d2238aa8f8d84975cc49eefb9125f7ee63faf44c41", kill_on_drop: false }`
[INFO] running `Command { std: "docker" "inspect" "1dd9a3199f1d05cf243588d2238aa8f8d84975cc49eefb9125f7ee63faf44c41", kill_on_drop: false }`
[INFO] running `Command { std: "docker" "rm" "-f" "1dd9a3199f1d05cf243588d2238aa8f8d84975cc49eefb9125f7ee63faf44c41", kill_on_drop: false }`
[INFO] [stdout] 1dd9a3199f1d05cf243588d2238aa8f8d84975cc49eefb9125f7ee63faf44c41
[INFO] running `Command { std: "docker" "create" "-v" "/var/lib/crater-agent-workspace/builds/worker-3-tc2/target:/opt/rustwide/target:rw,Z" "-v" "/var/lib/crater-agent-workspace/builds/worker-3-tc2/source:/opt/rustwide/workdir:ro,Z" "-v" "/var/lib/crater-agent-workspace/cargo-home:/opt/rustwide/cargo-home:ro,Z" "-v" "/var/lib/crater-agent-workspace/rustup-home:/opt/rustwide/rustup-home:ro,Z" "-e" "SOURCE_DIR=/opt/rustwide/workdir" "-e" "CARGO_TARGET_DIR=/opt/rustwide/target" "-e" "CARGO_INCREMENTAL=0" "-e" "RUST_BACKTRACE=full" "-e" "RUSTFLAGS=--cap-lints=warn" "-e" "RUSTDOCFLAGS=--cap-lints=warn" "-e" "CARGO_HOME=/opt/rustwide/cargo-home" "-e" "RUSTUP_HOME=/opt/rustwide/rustup-home" "-w" "/opt/rustwide/workdir" "-m" "1610612736" "--user" "0:0" "--network" "none" "ghcr.io/rust-lang/crates-build-env/linux@sha256:2788e3201cd34a07e3172128adcd8b3090168a8e3bcc40d7c032b9dda1df7d1c" "/opt/rustwide/cargo-home/bin/cargo" "+beta-2023-12-22" "build" "--frozen" "--message-format=json", kill_on_drop: false }`
[INFO] [stdout] f55b85f34c263512880cd063dd053139759c8c8e507d0ae526b447aac5893e47
[INFO] running `Command { std: "docker" "start" "-a" "f55b85f34c263512880cd063dd053139759c8c8e507d0ae526b447aac5893e47", kill_on_drop: false }`
[INFO] [stderr]    Compiling proc-macro2 v0.4.30
[INFO] [stderr]    Compiling unicode-xid v0.1.0
[INFO] [stderr]    Compiling syn v0.15.44
[INFO] [stderr]    Compiling quote v0.6.13
[INFO] [stderr]    Compiling overloadable v0.4.1 (/opt/rustwide/workdir)
[INFO] [stderr]     Finished dev [unoptimized + debuginfo] target(s) in 4.70s
[INFO] running `Command { std: "docker" "inspect" "f55b85f34c263512880cd063dd053139759c8c8e507d0ae526b447aac5893e47", kill_on_drop: false }`
[INFO] running `Command { std: "docker" "rm" "-f" "f55b85f34c263512880cd063dd053139759c8c8e507d0ae526b447aac5893e47", kill_on_drop: false }`
[INFO] [stdout] f55b85f34c263512880cd063dd053139759c8c8e507d0ae526b447aac5893e47
[INFO] running `Command { std: "docker" "create" "-v" "/var/lib/crater-agent-workspace/builds/worker-3-tc2/target:/opt/rustwide/target:rw,Z" "-v" "/var/lib/crater-agent-workspace/builds/worker-3-tc2/source:/opt/rustwide/workdir:ro,Z" "-v" "/var/lib/crater-agent-workspace/cargo-home:/opt/rustwide/cargo-home:ro,Z" "-v" "/var/lib/crater-agent-workspace/rustup-home:/opt/rustwide/rustup-home:ro,Z" "-e" "SOURCE_DIR=/opt/rustwide/workdir" "-e" "CARGO_TARGET_DIR=/opt/rustwide/target" "-e" "CARGO_INCREMENTAL=0" "-e" "RUST_BACKTRACE=full" "-e" "RUSTFLAGS=--cap-lints=warn" "-e" "RUSTDOCFLAGS=--cap-lints=warn" "-e" "CARGO_HOME=/opt/rustwide/cargo-home" "-e" "RUSTUP_HOME=/opt/rustwide/rustup-home" "-w" "/opt/rustwide/workdir" "-m" "1610612736" "--user" "0:0" "--network" "none" "ghcr.io/rust-lang/crates-build-env/linux@sha256:2788e3201cd34a07e3172128adcd8b3090168a8e3bcc40d7c032b9dda1df7d1c" "/opt/rustwide/cargo-home/bin/cargo" "+beta-2023-12-22" "test" "--frozen" "--no-run" "--message-format=json", kill_on_drop: false }`
[INFO] [stdout] 6fec71b393c6382b9d9957ccf5920d9e47f3ac8b636400bb5bea8bbcdbe022f5
[INFO] running `Command { std: "docker" "start" "-a" "6fec71b393c6382b9d9957ccf5920d9e47f3ac8b636400bb5bea8bbcdbe022f5", kill_on_drop: false }`
[INFO] [stderr]    Compiling proc-macro2 v0.4.30
[INFO] [stderr]    Compiling unicode-xid v0.1.0
[INFO] [stderr]    Compiling syn v0.15.44
[INFO] [stderr]    Compiling quote v0.6.13
[INFO] [stderr]    Compiling overloadable v0.4.1 (/opt/rustwide/workdir)
[INFO] [stdout] error[E0554]: `#![feature]` may not be used on the beta release channel
[INFO] [stdout]  --> tests/default.rs:1:1
[INFO] [stdout]   |
[INFO] [stdout] 1 | #![feature(unboxed_closures, fn_traits)]
[INFO] [stdout]   | ^^^^^^^^^^^^^^^^^^^^^^^^^^^^^^^^^^^^^^^^
[INFO] [stdout] 
[INFO] [stdout] 
[INFO] [stdout] warning: unnecessary braces around block return value
[INFO] [stdout]   --> tests/default.rs:38:24
[INFO] [stdout]    |
[INFO] [stdout] 38 |     fn(&self) -> usize {1}
[INFO] [stdout]    |                        ^ ^
[INFO] [stdout]    |
[INFO] [stdout]    = note: `#[warn(unused_braces)]` on by default
[INFO] [stdout] help: remove these braces
[INFO] [stdout]    |
[INFO] [stdout] 38 -     fn(&self) -> usize {1}
[INFO] [stdout] 38 +     fn(&self) -> usize 1
[INFO] [stdout]    |
[INFO] [stdout] 
[INFO] [stdout] 
[INFO] [stdout] error[E0554]: `#![feature]` may not be used on the beta release channel
[INFO] [stdout]  --> tests/default.rs:1:30
[INFO] [stdout]   |
[INFO] [stdout] 1 | #![feature(unboxed_closures, fn_traits)]
[INFO] [stdout]   |                              ^^^^^^^^^
[INFO] [stdout] 
[INFO] [stdout] 
[INFO] [stdout] error: aborting due to 2 previous errors; 1 warning emitted
[INFO] [stdout] 
[INFO] [stdout] 
[INFO] [stdout] For more information about this error, try `rustc --explain E0554`.
[INFO] [stdout] 
[INFO] [stderr] error: could not compile `overloadable` (test "default") due to 3 previous errors; 1 warning emitted
[INFO] running `Command { std: "docker" "inspect" "6fec71b393c6382b9d9957ccf5920d9e47f3ac8b636400bb5bea8bbcdbe022f5", kill_on_drop: false }`
[INFO] running `Command { std: "docker" "rm" "-f" "6fec71b393c6382b9d9957ccf5920d9e47f3ac8b636400bb5bea8bbcdbe022f5", kill_on_drop: false }`
[INFO] [stdout] 6fec71b393c6382b9d9957ccf5920d9e47f3ac8b636400bb5bea8bbcdbe022f5
