[INFO] fetching crate otspec_macros 0.1.0...
[INFO] testing otspec_macros-0.1.0 against 1.75.0 for beta-1.76-1
[INFO] extracting crate otspec_macros 0.1.0 into /workspace/builds/worker-0-tc1/source
[INFO] validating manifest of crates.io crate otspec_macros 0.1.0 on toolchain 1.75.0
[INFO] running `Command { std: CARGO_HOME="/workspace/cargo-home" RUSTUP_HOME="/workspace/rustup-home" "/workspace/cargo-home/bin/cargo" "+1.75.0" "metadata" "--manifest-path" "Cargo.toml" "--no-deps", kill_on_drop: false }`
[INFO] started tweaking crates.io crate otspec_macros 0.1.0
[INFO] finished tweaking crates.io crate otspec_macros 0.1.0
[INFO] tweaked toml for crates.io crate otspec_macros 0.1.0 written to /workspace/builds/worker-0-tc1/source/Cargo.toml
[INFO] running `Command { std: CARGO_HOME="/workspace/cargo-home" RUSTUP_HOME="/workspace/rustup-home" "/workspace/cargo-home/bin/cargo" "+1.75.0" "generate-lockfile" "--manifest-path" "Cargo.toml", kill_on_drop: false }`
[INFO] [stderr]     Updating crates.io index
[INFO] running `Command { std: CARGO_HOME="/workspace/cargo-home" RUSTUP_HOME="/workspace/rustup-home" "/workspace/cargo-home/bin/cargo" "+1.75.0" "fetch" "--manifest-path" "Cargo.toml", kill_on_drop: false }`
[INFO] running `Command { std: "docker" "create" "-v" "/var/lib/crater-agent-workspace/builds/worker-0-tc1/target:/opt/rustwide/target:rw,Z" "-v" "/var/lib/crater-agent-workspace/builds/worker-0-tc1/source:/opt/rustwide/workdir:ro,Z" "-v" "/var/lib/crater-agent-workspace/cargo-home:/opt/rustwide/cargo-home:ro,Z" "-v" "/var/lib/crater-agent-workspace/rustup-home:/opt/rustwide/rustup-home:ro,Z" "-e" "SOURCE_DIR=/opt/rustwide/workdir" "-e" "CARGO_TARGET_DIR=/opt/rustwide/target" "-e" "CARGO_HOME=/opt/rustwide/cargo-home" "-e" "RUSTUP_HOME=/opt/rustwide/rustup-home" "-w" "/opt/rustwide/workdir" "-m" "1610612736" "--user" "0:0" "--network" "none" "ghcr.io/rust-lang/crates-build-env/linux@sha256:2788e3201cd34a07e3172128adcd8b3090168a8e3bcc40d7c032b9dda1df7d1c" "/opt/rustwide/cargo-home/bin/cargo" "+1.75.0" "metadata" "--no-deps" "--format-version=1", kill_on_drop: false }`
[INFO] [stdout] 614e2b8c2b37e15f89d5aa1b1a29eeb0e2d9fdbc07cf00f5af74b20a6c1b50ac
[INFO] running `Command { std: "docker" "start" "-a" "614e2b8c2b37e15f89d5aa1b1a29eeb0e2d9fdbc07cf00f5af74b20a6c1b50ac", kill_on_drop: false }`
[INFO] running `Command { std: "docker" "inspect" "614e2b8c2b37e15f89d5aa1b1a29eeb0e2d9fdbc07cf00f5af74b20a6c1b50ac", kill_on_drop: false }`
[INFO] running `Command { std: "docker" "rm" "-f" "614e2b8c2b37e15f89d5aa1b1a29eeb0e2d9fdbc07cf00f5af74b20a6c1b50ac", kill_on_drop: false }`
[INFO] [stdout] 614e2b8c2b37e15f89d5aa1b1a29eeb0e2d9fdbc07cf00f5af74b20a6c1b50ac
[INFO] running `Command { std: "docker" "create" "-v" "/var/lib/crater-agent-workspace/builds/worker-0-tc1/target:/opt/rustwide/target:rw,Z" "-v" "/var/lib/crater-agent-workspace/builds/worker-0-tc1/source:/opt/rustwide/workdir:ro,Z" "-v" "/var/lib/crater-agent-workspace/cargo-home:/opt/rustwide/cargo-home:ro,Z" "-v" "/var/lib/crater-agent-workspace/rustup-home:/opt/rustwide/rustup-home:ro,Z" "-e" "SOURCE_DIR=/opt/rustwide/workdir" "-e" "CARGO_TARGET_DIR=/opt/rustwide/target" "-e" "CARGO_INCREMENTAL=0" "-e" "RUST_BACKTRACE=full" "-e" "RUSTFLAGS=--cap-lints=warn" "-e" "RUSTDOCFLAGS=--cap-lints=warn" "-e" "CARGO_HOME=/opt/rustwide/cargo-home" "-e" "RUSTUP_HOME=/opt/rustwide/rustup-home" "-w" "/opt/rustwide/workdir" "-m" "1610612736" "--user" "0:0" "--network" "none" "ghcr.io/rust-lang/crates-build-env/linux@sha256:2788e3201cd34a07e3172128adcd8b3090168a8e3bcc40d7c032b9dda1df7d1c" "/opt/rustwide/cargo-home/bin/cargo" "+1.75.0" "build" "--frozen" "--message-format=json", kill_on_drop: false }`
[INFO] [stdout] 4cc52ed81d1f5871964cab42c90fa538aaa866331826e599731819a772ad8295
[INFO] running `Command { std: "docker" "start" "-a" "4cc52ed81d1f5871964cab42c90fa538aaa866331826e599731819a772ad8295", kill_on_drop: false }`
[INFO] [stderr]    Compiling syn v1.0.109
[INFO] [stderr]    Compiling otspec_macros v0.1.0 (/opt/rustwide/workdir)
[INFO] [stderr]     Finished dev [unoptimized + debuginfo] target(s) in 4.70s
[INFO] running `Command { std: "docker" "inspect" "4cc52ed81d1f5871964cab42c90fa538aaa866331826e599731819a772ad8295", kill_on_drop: false }`
[INFO] running `Command { std: "docker" "rm" "-f" "4cc52ed81d1f5871964cab42c90fa538aaa866331826e599731819a772ad8295", kill_on_drop: false }`
[INFO] [stdout] 4cc52ed81d1f5871964cab42c90fa538aaa866331826e599731819a772ad8295
[INFO] running `Command { std: "docker" "create" "-v" "/var/lib/crater-agent-workspace/builds/worker-0-tc1/target:/opt/rustwide/target:rw,Z" "-v" "/var/lib/crater-agent-workspace/builds/worker-0-tc1/source:/opt/rustwide/workdir:ro,Z" "-v" "/var/lib/crater-agent-workspace/cargo-home:/opt/rustwide/cargo-home:ro,Z" "-v" "/var/lib/crater-agent-workspace/rustup-home:/opt/rustwide/rustup-home:ro,Z" "-e" "SOURCE_DIR=/opt/rustwide/workdir" "-e" "CARGO_TARGET_DIR=/opt/rustwide/target" "-e" "CARGO_INCREMENTAL=0" "-e" "RUST_BACKTRACE=full" "-e" "RUSTFLAGS=--cap-lints=warn" "-e" "RUSTDOCFLAGS=--cap-lints=warn" "-e" "CARGO_HOME=/opt/rustwide/cargo-home" "-e" "RUSTUP_HOME=/opt/rustwide/rustup-home" "-w" "/opt/rustwide/workdir" "-m" "1610612736" "--user" "0:0" "--network" "none" "ghcr.io/rust-lang/crates-build-env/linux@sha256:2788e3201cd34a07e3172128adcd8b3090168a8e3bcc40d7c032b9dda1df7d1c" "/opt/rustwide/cargo-home/bin/cargo" "+1.75.0" "test" "--frozen" "--no-run" "--message-format=json", kill_on_drop: false }`
[INFO] [stdout] 6b04d40e5596890c9a353680e7f365f217643efc56b4780634c670e7efe9cd84
[INFO] running `Command { std: "docker" "start" "-a" "6b04d40e5596890c9a353680e7f365f217643efc56b4780634c670e7efe9cd84", kill_on_drop: false }`
[INFO] [stderr]    Compiling otspec_macros v0.1.0 (/opt/rustwide/workdir)
[INFO] [stdout] error[E0599]: no variant or associated item named `__TestExhaustive` found for enum `syn::Type` in the current scope
[INFO] [stdout]    --> src/internals/receiver.rs:152:19
[INFO] [stdout]     |
[INFO] [stdout] 152 |             Type::__TestExhaustive(_) => unimplemented!(),
[INFO] [stdout]     |                   ^^^^^^^^^^^^^^^^ variant or associated item not found in `syn::Type`
[INFO] [stdout] 
[INFO] [stdout] 
[INFO] [stdout] error[E0599]: no variant or associated item named `__TestExhaustive` found for enum `syn::Type` in the current scope
[INFO] [stdout]    --> src/bound.rs:136:28
[INFO] [stdout]     |
[INFO] [stdout] 136 |                 syn::Type::__TestExhaustive(_) => unimplemented!(),
[INFO] [stdout]     |                            ^^^^^^^^^^^^^^^^ variant or associated item not found in `syn::Type`
[INFO] [stdout] 
[INFO] [stdout] 
[INFO] [stdout] error: aborting due to 2 previous errors
[INFO] [stdout] 
[INFO] [stdout] 
[INFO] [stdout] For more information about this error, try `rustc --explain E0599`.
[INFO] [stdout] 
[INFO] [stderr] error: could not compile `otspec_macros` (lib test) due to 3 previous errors
[INFO] [stderr] warning: build failed, waiting for other jobs to finish...
[INFO] running `Command { std: "docker" "inspect" "6b04d40e5596890c9a353680e7f365f217643efc56b4780634c670e7efe9cd84", kill_on_drop: false }`
[INFO] running `Command { std: "docker" "rm" "-f" "6b04d40e5596890c9a353680e7f365f217643efc56b4780634c670e7efe9cd84", kill_on_drop: false }`
[INFO] [stdout] 6b04d40e5596890c9a353680e7f365f217643efc56b4780634c670e7efe9cd84
[INFO] testing otspec_macros-0.1.0 against beta-2023-12-22 for beta-1.76-1
[INFO] extracting crate otspec_macros 0.1.0 into /workspace/builds/worker-0-tc2/source
[INFO] validating manifest of crates.io crate otspec_macros 0.1.0 on toolchain beta-2023-12-22
[INFO] running `Command { std: CARGO_HOME="/workspace/cargo-home" RUSTUP_HOME="/workspace/rustup-home" "/workspace/cargo-home/bin/cargo" "+beta-2023-12-22" "metadata" "--manifest-path" "Cargo.toml" "--no-deps", kill_on_drop: false }`
[INFO] started tweaking crates.io crate otspec_macros 0.1.0
[INFO] finished tweaking crates.io crate otspec_macros 0.1.0
[INFO] tweaked toml for crates.io crate otspec_macros 0.1.0 written to /workspace/builds/worker-0-tc2/source/Cargo.toml
[INFO] running `Command { std: CARGO_HOME="/workspace/cargo-home" RUSTUP_HOME="/workspace/rustup-home" "/workspace/cargo-home/bin/cargo" "+beta-2023-12-22" "generate-lockfile" "--manifest-path" "Cargo.toml", kill_on_drop: false }`
[INFO] [stderr]     Updating crates.io index
[INFO] running `Command { std: CARGO_HOME="/workspace/cargo-home" RUSTUP_HOME="/workspace/rustup-home" "/workspace/cargo-home/bin/cargo" "+beta-2023-12-22" "fetch" "--manifest-path" "Cargo.toml", kill_on_drop: false }`
[INFO] running `Command { std: "docker" "create" "-v" "/var/lib/crater-agent-workspace/builds/worker-0-tc2/target:/opt/rustwide/target:rw,Z" "-v" "/var/lib/crater-agent-workspace/builds/worker-0-tc2/source:/opt/rustwide/workdir:ro,Z" "-v" "/var/lib/crater-agent-workspace/cargo-home:/opt/rustwide/cargo-home:ro,Z" "-v" "/var/lib/crater-agent-workspace/rustup-home:/opt/rustwide/rustup-home:ro,Z" "-e" "SOURCE_DIR=/opt/rustwide/workdir" "-e" "CARGO_TARGET_DIR=/opt/rustwide/target" "-e" "CARGO_HOME=/opt/rustwide/cargo-home" "-e" "RUSTUP_HOME=/opt/rustwide/rustup-home" "-w" "/opt/rustwide/workdir" "-m" "1610612736" "--user" "0:0" "--network" "none" "ghcr.io/rust-lang/crates-build-env/linux@sha256:2788e3201cd34a07e3172128adcd8b3090168a8e3bcc40d7c032b9dda1df7d1c" "/opt/rustwide/cargo-home/bin/cargo" "+beta-2023-12-22" "metadata" "--no-deps" "--format-version=1", kill_on_drop: false }`
[INFO] [stdout] 2cc02e4b63f2aa83fbb97ffe48269b4fb8b905f9921e71def528617eaa608267
[INFO] running `Command { std: "docker" "start" "-a" "2cc02e4b63f2aa83fbb97ffe48269b4fb8b905f9921e71def528617eaa608267", kill_on_drop: false }`
[INFO] running `Command { std: "docker" "inspect" "2cc02e4b63f2aa83fbb97ffe48269b4fb8b905f9921e71def528617eaa608267", kill_on_drop: false }`
[INFO] running `Command { std: "docker" "rm" "-f" "2cc02e4b63f2aa83fbb97ffe48269b4fb8b905f9921e71def528617eaa608267", kill_on_drop: false }`
[INFO] [stdout] 2cc02e4b63f2aa83fbb97ffe48269b4fb8b905f9921e71def528617eaa608267
[INFO] running `Command { std: "docker" "create" "-v" "/var/lib/crater-agent-workspace/builds/worker-0-tc2/target:/opt/rustwide/target:rw,Z" "-v" "/var/lib/crater-agent-workspace/builds/worker-0-tc2/source:/opt/rustwide/workdir:ro,Z" "-v" "/var/lib/crater-agent-workspace/cargo-home:/opt/rustwide/cargo-home:ro,Z" "-v" "/var/lib/crater-agent-workspace/rustup-home:/opt/rustwide/rustup-home:ro,Z" "-e" "SOURCE_DIR=/opt/rustwide/workdir" "-e" "CARGO_TARGET_DIR=/opt/rustwide/target" "-e" "CARGO_INCREMENTAL=0" "-e" "RUST_BACKTRACE=full" "-e" "RUSTFLAGS=--cap-lints=warn" "-e" "RUSTDOCFLAGS=--cap-lints=warn" "-e" "CARGO_HOME=/opt/rustwide/cargo-home" "-e" "RUSTUP_HOME=/opt/rustwide/rustup-home" "-w" "/opt/rustwide/workdir" "-m" "1610612736" "--user" "0:0" "--network" "none" "ghcr.io/rust-lang/crates-build-env/linux@sha256:2788e3201cd34a07e3172128adcd8b3090168a8e3bcc40d7c032b9dda1df7d1c" "/opt/rustwide/cargo-home/bin/cargo" "+beta-2023-12-22" "build" "--frozen" "--message-format=json", kill_on_drop: false }`
[INFO] [stdout] a54c66ad39f87a8143f7f7c270c6b162d7839df7caac99647fbd0760807ffd82
[INFO] running `Command { std: "docker" "start" "-a" "a54c66ad39f87a8143f7f7c270c6b162d7839df7caac99647fbd0760807ffd82", kill_on_drop: false }`
[INFO] [stderr]    Compiling syn v1.0.109
[INFO] [stderr]    Compiling otspec_macros v0.1.0 (/opt/rustwide/workdir)
[INFO] [stderr]     Finished dev [unoptimized + debuginfo] target(s) in 4.22s
[INFO] running `Command { std: "docker" "inspect" "a54c66ad39f87a8143f7f7c270c6b162d7839df7caac99647fbd0760807ffd82", kill_on_drop: false }`
[INFO] running `Command { std: "docker" "rm" "-f" "a54c66ad39f87a8143f7f7c270c6b162d7839df7caac99647fbd0760807ffd82", kill_on_drop: false }`
[INFO] [stdout] a54c66ad39f87a8143f7f7c270c6b162d7839df7caac99647fbd0760807ffd82
[INFO] running `Command { std: "docker" "create" "-v" "/var/lib/crater-agent-workspace/builds/worker-0-tc2/target:/opt/rustwide/target:rw,Z" "-v" "/var/lib/crater-agent-workspace/builds/worker-0-tc2/source:/opt/rustwide/workdir:ro,Z" "-v" "/var/lib/crater-agent-workspace/cargo-home:/opt/rustwide/cargo-home:ro,Z" "-v" "/var/lib/crater-agent-workspace/rustup-home:/opt/rustwide/rustup-home:ro,Z" "-e" "SOURCE_DIR=/opt/rustwide/workdir" "-e" "CARGO_TARGET_DIR=/opt/rustwide/target" "-e" "CARGO_INCREMENTAL=0" "-e" "RUST_BACKTRACE=full" "-e" "RUSTFLAGS=--cap-lints=warn" "-e" "RUSTDOCFLAGS=--cap-lints=warn" "-e" "CARGO_HOME=/opt/rustwide/cargo-home" "-e" "RUSTUP_HOME=/opt/rustwide/rustup-home" "-w" "/opt/rustwide/workdir" "-m" "1610612736" "--user" "0:0" "--network" "none" "ghcr.io/rust-lang/crates-build-env/linux@sha256:2788e3201cd34a07e3172128adcd8b3090168a8e3bcc40d7c032b9dda1df7d1c" "/opt/rustwide/cargo-home/bin/cargo" "+beta-2023-12-22" "test" "--frozen" "--no-run" "--message-format=json", kill_on_drop: false }`
[INFO] [stdout] 79d43437f5551bd3859ac24eb1db71c19b581adaa1f96db822ef751f8bb0364e
[INFO] running `Command { std: "docker" "start" "-a" "79d43437f5551bd3859ac24eb1db71c19b581adaa1f96db822ef751f8bb0364e", kill_on_drop: false }`
[INFO] [stderr]    Compiling otspec_macros v0.1.0 (/opt/rustwide/workdir)
[INFO] [stdout] error[E0599]: no variant or associated item named `__TestExhaustive` found for enum `syn::Type` in the current scope
[INFO] [stdout]    --> src/internals/receiver.rs:152:19
[INFO] [stdout]     |
[INFO] [stdout] 152 |             Type::__TestExhaustive(_) => unimplemented!(),
[INFO] [stdout]     |                   ^^^^^^^^^^^^^^^^ variant or associated item not found in `syn::Type`
[INFO] [stdout] 
[INFO] [stdout] 
[INFO] [stdout] error[E0599]: no variant or associated item named `__TestExhaustive` found for enum `syn::Type` in the current scope
[INFO] [stdout]    --> src/bound.rs:136:28
[INFO] [stdout]     |
[INFO] [stdout] 136 |                 syn::Type::__TestExhaustive(_) => unimplemented!(),
[INFO] [stdout]     |                            ^^^^^^^^^^^^^^^^ variant or associated item not found in `syn::Type`
[INFO] [stdout] 
[INFO] [stdout] 
[INFO] [stdout] error: aborting due to 2 previous errors
[INFO] [stdout] 
[INFO] [stdout] 
[INFO] [stdout] For more information about this error, try `rustc --explain E0599`.
[INFO] [stdout] 
[INFO] [stderr] error: could not compile `otspec_macros` (lib test) due to 3 previous errors
[INFO] [stderr] warning: build failed, waiting for other jobs to finish...
[INFO] running `Command { std: "docker" "inspect" "79d43437f5551bd3859ac24eb1db71c19b581adaa1f96db822ef751f8bb0364e", kill_on_drop: false }`
[INFO] running `Command { std: "docker" "rm" "-f" "79d43437f5551bd3859ac24eb1db71c19b581adaa1f96db822ef751f8bb0364e", kill_on_drop: false }`
[INFO] [stdout] 79d43437f5551bd3859ac24eb1db71c19b581adaa1f96db822ef751f8bb0364e
