[INFO] fetching crate osutils 0.1.0...
[INFO] testing osutils-0.1.0 against 1.75.0 for beta-1.76-1
[INFO] extracting crate osutils 0.1.0 into /workspace/builds/worker-5-tc1/source
[INFO] validating manifest of crates.io crate osutils 0.1.0 on toolchain 1.75.0
[INFO] running `Command { std: CARGO_HOME="/workspace/cargo-home" RUSTUP_HOME="/workspace/rustup-home" "/workspace/cargo-home/bin/cargo" "+1.75.0" "metadata" "--manifest-path" "Cargo.toml" "--no-deps", kill_on_drop: false }`
[INFO] started tweaking crates.io crate osutils 0.1.0
[INFO] finished tweaking crates.io crate osutils 0.1.0
[INFO] tweaked toml for crates.io crate osutils 0.1.0 written to /workspace/builds/worker-5-tc1/source/Cargo.toml
[INFO] running `Command { std: CARGO_HOME="/workspace/cargo-home" RUSTUP_HOME="/workspace/rustup-home" "/workspace/cargo-home/bin/cargo" "+1.75.0" "generate-lockfile" "--manifest-path" "Cargo.toml", kill_on_drop: false }`
[INFO] [stderr]     Updating crates.io index
[INFO] running `Command { std: CARGO_HOME="/workspace/cargo-home" RUSTUP_HOME="/workspace/rustup-home" "/workspace/cargo-home/bin/cargo" "+1.75.0" "fetch" "--manifest-path" "Cargo.toml", kill_on_drop: false }`
[INFO] [stderr]  Downloading crates ...
[INFO] [stderr]   Downloaded path-clean v1.0.1
[INFO] running `Command { std: "docker" "create" "-v" "/var/lib/crater-agent-workspace/builds/worker-5-tc1/target:/opt/rustwide/target:rw,Z" "-v" "/var/lib/crater-agent-workspace/builds/worker-5-tc1/source:/opt/rustwide/workdir:ro,Z" "-v" "/var/lib/crater-agent-workspace/cargo-home:/opt/rustwide/cargo-home:ro,Z" "-v" "/var/lib/crater-agent-workspace/rustup-home:/opt/rustwide/rustup-home:ro,Z" "-e" "SOURCE_DIR=/opt/rustwide/workdir" "-e" "CARGO_TARGET_DIR=/opt/rustwide/target" "-e" "CARGO_HOME=/opt/rustwide/cargo-home" "-e" "RUSTUP_HOME=/opt/rustwide/rustup-home" "-w" "/opt/rustwide/workdir" "-m" "1610612736" "--user" "0:0" "--network" "none" "ghcr.io/rust-lang/crates-build-env/linux@sha256:2788e3201cd34a07e3172128adcd8b3090168a8e3bcc40d7c032b9dda1df7d1c" "/opt/rustwide/cargo-home/bin/cargo" "+1.75.0" "metadata" "--no-deps" "--format-version=1", kill_on_drop: false }`
[INFO] [stdout] 519b6cfb914daebbf49618206c2e573b753d8ee9193d7421542360ad6be15bb4
[INFO] running `Command { std: "docker" "start" "-a" "519b6cfb914daebbf49618206c2e573b753d8ee9193d7421542360ad6be15bb4", kill_on_drop: false }`
[INFO] running `Command { std: "docker" "inspect" "519b6cfb914daebbf49618206c2e573b753d8ee9193d7421542360ad6be15bb4", kill_on_drop: false }`
[INFO] running `Command { std: "docker" "rm" "-f" "519b6cfb914daebbf49618206c2e573b753d8ee9193d7421542360ad6be15bb4", kill_on_drop: false }`
[INFO] [stdout] 519b6cfb914daebbf49618206c2e573b753d8ee9193d7421542360ad6be15bb4
[INFO] running `Command { std: "docker" "create" "-v" "/var/lib/crater-agent-workspace/builds/worker-5-tc1/target:/opt/rustwide/target:rw,Z" "-v" "/var/lib/crater-agent-workspace/builds/worker-5-tc1/source:/opt/rustwide/workdir:ro,Z" "-v" "/var/lib/crater-agent-workspace/cargo-home:/opt/rustwide/cargo-home:ro,Z" "-v" "/var/lib/crater-agent-workspace/rustup-home:/opt/rustwide/rustup-home:ro,Z" "-e" "SOURCE_DIR=/opt/rustwide/workdir" "-e" "CARGO_TARGET_DIR=/opt/rustwide/target" "-e" "CARGO_INCREMENTAL=0" "-e" "RUST_BACKTRACE=full" "-e" "RUSTFLAGS=--cap-lints=warn" "-e" "RUSTDOCFLAGS=--cap-lints=warn" "-e" "CARGO_HOME=/opt/rustwide/cargo-home" "-e" "RUSTUP_HOME=/opt/rustwide/rustup-home" "-w" "/opt/rustwide/workdir" "-m" "1610612736" "--user" "0:0" "--network" "none" "ghcr.io/rust-lang/crates-build-env/linux@sha256:2788e3201cd34a07e3172128adcd8b3090168a8e3bcc40d7c032b9dda1df7d1c" "/opt/rustwide/cargo-home/bin/cargo" "+1.75.0" "build" "--frozen" "--message-format=json", kill_on_drop: false }`
[INFO] [stdout] 34c67651612e479cc781a96930051a38b36d91b71433c1204055deb25246e049
[INFO] running `Command { std: "docker" "start" "-a" "34c67651612e479cc781a96930051a38b36d91b71433c1204055deb25246e049", kill_on_drop: false }`
[INFO] [stderr]    Compiling num-traits v0.2.17
[INFO] [stderr]    Compiling ppv-lite86 v0.2.17
[INFO] [stderr]    Compiling regex-syntax v0.8.2
[INFO] [stderr]    Compiling rand_core v0.6.4
[INFO] [stderr]    Compiling iana-time-zone v0.1.59
[INFO] [stderr]    Compiling bitflags v2.4.1
[INFO] [stderr]    Compiling match_cfg v0.1.0
[INFO] [stderr]    Compiling sha1 v0.10.6
[INFO] [stderr]    Compiling hostname v0.3.1
[INFO] [stderr]    Compiling nix v0.27.1
[INFO] [stderr]    Compiling lazy_static v1.4.0
[INFO] [stderr]    Compiling path-clean v1.0.1
[INFO] [stderr]    Compiling rand_chacha v0.3.1
[INFO] [stderr]    Compiling rand v0.8.5
[INFO] [stderr]    Compiling chrono v0.4.31
[INFO] [stderr]    Compiling regex-automata v0.4.3
[INFO] [stderr]    Compiling regex v1.10.2
[INFO] [stderr]    Compiling osutils v0.1.0 (/opt/rustwide/workdir)
[INFO] [stdout] error[E0432]: unresolved import `nix::sys::stat`
[INFO] [stdout]   --> src/lib.rs:95:15
[INFO] [stdout]    |
[INFO] [stdout] 95 | use nix::sys::stat::{umask, Mode};
[INFO] [stdout]    |               ^^^^ could not find `stat` in `sys`
[INFO] [stdout] 
[INFO] [stdout] 
[INFO] [stdout] error[E0432]: unresolved import `nix::sys::stat`
[INFO] [stdout]  --> src/file.rs:4:15
[INFO] [stdout]   |
[INFO] [stdout] 4 | use nix::sys::stat::SFlag;
[INFO] [stdout]   |               ^^^^ could not find `stat` in `sys`
[INFO] [stdout] 
[INFO] [stdout] 
[INFO] [stdout] error[E0432]: unresolved imports `nix::unistd::chown`, `nix::unistd::Gid`, `nix::unistd::Uid`
[INFO] [stdout]    --> src/file.rs:54:23
[INFO] [stdout]     |
[INFO] [stdout] 54  |     use nix::unistd::{chown, Gid, Uid};
[INFO] [stdout]     |                       ^^^^^  ^^^  ^^^ no `Uid` in `unistd`
[INFO] [stdout]     |                       |      |
[INFO] [stdout]     |                       |      no `Gid` in `unistd`
[INFO] [stdout]     |                       no `chown` in `unistd`
[INFO] [stdout]     |
[INFO] [stdout] note: found an item that was configured out
[INFO] [stdout]    --> /opt/rustwide/cargo-home/registry/src/index.crates.io-6f17d22bba15001f/nix-0.27.1/src/unistd.rs:725:8
[INFO] [stdout]     |
[INFO] [stdout] 725 | pub fn chown<P: ?Sized + NixPath>(
[INFO] [stdout]     |        ^^^^^
[INFO] [stdout] note: found an item that was configured out
[INFO] [stdout]    --> /opt/rustwide/cargo-home/registry/src/index.crates.io-6f17d22bba15001f/nix-0.27.1/src/unistd.rs:131:12
[INFO] [stdout]     |
[INFO] [stdout] 131 | pub struct Gid(gid_t);
[INFO] [stdout]     |            ^^^
[INFO] [stdout]     = note: the item is gated behind the `user` feature
[INFO] [stdout] note: found an item that was configured out
[INFO] [stdout]    --> /opt/rustwide/cargo-home/registry/src/index.crates.io-6f17d22bba15001f/nix-0.27.1/src/unistd.rs:74:12
[INFO] [stdout]     |
[INFO] [stdout] 74  | pub struct Uid(uid_t);
[INFO] [stdout]     |            ^^^
[INFO] [stdout]     = note: the item is gated behind the `user` feature
[INFO] [stdout] 
[INFO] [stdout] 
[INFO] [stdout] warning: unused import: `std::os::unix::ffi::OsStrExt`
[INFO] [stdout]   --> src/file.rs:55:9
[INFO] [stdout]    |
[INFO] [stdout] 55 |     use std::os::unix::ffi::OsStrExt;
[INFO] [stdout]    |         ^^^^^^^^^^^^^^^^^^^^^^^^^^^^
[INFO] [stdout]    |
[INFO] [stdout]    = note: `#[warn(unused_imports)]` on by default
[INFO] [stdout] 
[INFO] [stdout] 
[INFO] [stdout] warning: use of deprecated method `chrono::TimeZone::timestamp`: use `timestamp_opt()` instead
[INFO] [stdout]  --> src/time.rs:8:43
[INFO] [stdout]   |
[INFO] [stdout] 8 |     let local_time: DateTime<Local> = Utc.timestamp(timestamp, 0).with_timezone(&Local);
[INFO] [stdout]   |                                           ^^^^^^^^^
[INFO] [stdout]   |
[INFO] [stdout]   = note: `#[warn(deprecated)]` on by default
[INFO] [stdout] 
[INFO] [stdout] 
[INFO] [stdout] warning: use of deprecated method `chrono::TimeZone::timestamp`: use `timestamp_opt()` instead
[INFO] [stdout]  --> src/time.rs:9:39
[INFO] [stdout]   |
[INFO] [stdout] 9 |     let utc_time: DateTime<Utc> = Utc.timestamp(timestamp, 0);
[INFO] [stdout]   |                                       ^^^^^^^^^
[INFO] [stdout] 
[INFO] [stdout] 
[INFO] [stdout] warning: use of deprecated associated function `chrono::DateTime::<Tz>::from_utc`: Use TimeZone::from_utc_datetime() or DateTime::from_naive_utc_and_offset instead
[INFO] [stdout]    --> src/time.rs:138:23
[INFO] [stdout]     |
[INFO] [stdout] 138 |             DateTime::from_utc(NaiveDateTime::from_timestamp(t, 0), Utc),
[INFO] [stdout]     |                       ^^^^^^^^
[INFO] [stdout] 
[INFO] [stdout] 
[INFO] [stdout] warning: use of deprecated associated function `chrono::NaiveDateTime::from_timestamp`: use `from_timestamp_opt()` instead
[INFO] [stdout]    --> src/time.rs:138:47
[INFO] [stdout]     |
[INFO] [stdout] 138 |             DateTime::from_utc(NaiveDateTime::from_timestamp(t, 0), Utc),
[INFO] [stdout]     |                                               ^^^^^^^^^^^^^^
[INFO] [stdout] 
[INFO] [stdout] 
[INFO] [stdout] warning: use of deprecated associated function `chrono::DateTime::<Tz>::from_utc`: Use TimeZone::from_utc_datetime() or DateTime::from_naive_utc_and_offset instead
[INFO] [stdout]    --> src/time.rs:156:27
[INFO] [stdout]     |
[INFO] [stdout] 156 |                 DateTime::from_utc(NaiveDateTime::from_timestamp(t + offset, 0), Utc),
[INFO] [stdout]     |                           ^^^^^^^^
[INFO] [stdout] 
[INFO] [stdout] 
[INFO] [stdout] warning: use of deprecated associated function `chrono::NaiveDateTime::from_timestamp`: use `from_timestamp_opt()` instead
[INFO] [stdout]    --> src/time.rs:156:51
[INFO] [stdout]     |
[INFO] [stdout] 156 |                 DateTime::from_utc(NaiveDateTime::from_timestamp(t + offset, 0), Utc),
[INFO] [stdout]     |                                                   ^^^^^^^^^^^^^^
[INFO] [stdout] 
[INFO] [stdout] 
[INFO] [stdout] warning: use of deprecated method `chrono::TimeZone::timestamp`: use `timestamp_opt()` instead
[INFO] [stdout]    --> src/time.rs:161:31
[INFO] [stdout]     |
[INFO] [stdout] 161 |             let local = Local.timestamp(t, 0);
[INFO] [stdout]     |                               ^^^^^^^^^
[INFO] [stdout] 
[INFO] [stdout] 
[INFO] [stdout] warning: use of deprecated method `chrono::TimeZone::datetime_from_str`: use `DateTime::parse_from_str` instead
[INFO] [stdout]    --> src/time.rs:225:10
[INFO] [stdout]     |
[INFO] [stdout] 225 |         .datetime_from_str(base_time_str, "%Y-%m-%d %H:%M:%S")
[INFO] [stdout]     |          ^^^^^^^^^^^^^^^^^
[INFO] [stdout] 
[INFO] [stdout] 
[INFO] [stdout] warning: unused import: `core::ops::BitAnd`
[INFO] [stdout]  --> src/file.rs:1:5
[INFO] [stdout]   |
[INFO] [stdout] 1 | use core::ops::BitAnd;
[INFO] [stdout]   |     ^^^^^^^^^^^^^^^^^
[INFO] [stdout] 
[INFO] [stdout] 
[INFO] [stdout] error: aborting due to 3 previous errors; 10 warnings emitted
[INFO] [stdout] 
[INFO] [stdout] 
[INFO] [stdout] For more information about this error, try `rustc --explain E0432`.
[INFO] [stdout] 
[INFO] [stderr] error: could not compile `osutils` (lib) due to 4 previous errors; 10 warnings emitted
[INFO] [stderr] warning: build failed, waiting for other jobs to finish...
[INFO] running `Command { std: "docker" "inspect" "34c67651612e479cc781a96930051a38b36d91b71433c1204055deb25246e049", kill_on_drop: false }`
[INFO] running `Command { std: "docker" "rm" "-f" "34c67651612e479cc781a96930051a38b36d91b71433c1204055deb25246e049", kill_on_drop: false }`
[INFO] [stdout] 34c67651612e479cc781a96930051a38b36d91b71433c1204055deb25246e049
