[INFO] fetching crate orm_mysql 1.1.2...
[INFO] testing orm_mysql-1.1.2 against 1.75.0 for beta-1.76-1
[INFO] extracting crate orm_mysql 1.1.2 into /workspace/builds/worker-3-tc1/source
[INFO] validating manifest of crates.io crate orm_mysql 1.1.2 on toolchain 1.75.0
[INFO] running `Command { std: CARGO_HOME="/workspace/cargo-home" RUSTUP_HOME="/workspace/rustup-home" "/workspace/cargo-home/bin/cargo" "+1.75.0" "metadata" "--manifest-path" "Cargo.toml" "--no-deps", kill_on_drop: false }`
[INFO] started tweaking crates.io crate orm_mysql 1.1.2
[INFO] finished tweaking crates.io crate orm_mysql 1.1.2
[INFO] tweaked toml for crates.io crate orm_mysql 1.1.2 written to /workspace/builds/worker-3-tc1/source/Cargo.toml
[INFO] crate crates.io crate orm_mysql 1.1.2 already has a lockfile, it will not be regenerated
[INFO] running `Command { std: CARGO_HOME="/workspace/cargo-home" RUSTUP_HOME="/workspace/rustup-home" "/workspace/cargo-home/bin/cargo" "+1.75.0" "fetch" "--manifest-path" "Cargo.toml", kill_on_drop: false }`
[INFO] [stderr]     Updating crates.io index
[INFO] [stderr]  Downloading crates ...
[INFO] [stderr]   Downloaded frunk_derives v0.4.1
[INFO] [stderr]   Downloaded frunk_core v0.4.1
[INFO] [stderr]   Downloaded frunk_proc_macros_impl v0.1.1
[INFO] [stderr]   Downloaded socket2 v0.5.2
[INFO] [stderr]   Downloaded keyed_priority_queue v0.4.1
[INFO] [stderr]   Downloaded frunk_proc_macro_helpers v0.1.1
[INFO] [stderr]   Downloaded frunk_proc_macros v0.1.1
[INFO] [stderr]   Downloaded bytecheck_derive v0.6.10
[INFO] [stderr]   Downloaded bytecheck v0.6.10
[INFO] [stderr]   Downloaded bitflags v2.1.0
[INFO] [stderr]   Downloaded frunk v0.4.1
[INFO] [stderr]   Downloaded rkyv v0.7.41
[INFO] [stderr]   Downloaded prettyplease v0.2.4
[INFO] [stderr]   Downloaded lru v0.10.0
[INFO] [stderr]   Downloaded rkyv_derive v0.7.41
[INFO] [stderr]   Downloaded rust_decimal v1.29.1
[INFO] [stderr]   Downloaded mysql-common-derive v0.30.0
[INFO] [stderr]   Downloaded orm_mysql_macro v1.0.0
[INFO] [stderr]   Downloaded common_uu v1.0.0
[INFO] [stderr]   Downloaded mysql_async_uu v0.32.4
[INFO] [stderr]   Downloaded mysql_common v0.30.2
[INFO] running `Command { std: "docker" "create" "-v" "/var/lib/crater-agent-workspace/builds/worker-3-tc1/target:/opt/rustwide/target:rw,Z" "-v" "/var/lib/crater-agent-workspace/builds/worker-3-tc1/source:/opt/rustwide/workdir:ro,Z" "-v" "/var/lib/crater-agent-workspace/cargo-home:/opt/rustwide/cargo-home:ro,Z" "-v" "/var/lib/crater-agent-workspace/rustup-home:/opt/rustwide/rustup-home:ro,Z" "-e" "SOURCE_DIR=/opt/rustwide/workdir" "-e" "CARGO_TARGET_DIR=/opt/rustwide/target" "-e" "CARGO_HOME=/opt/rustwide/cargo-home" "-e" "RUSTUP_HOME=/opt/rustwide/rustup-home" "-w" "/opt/rustwide/workdir" "-m" "1610612736" "--user" "0:0" "--network" "none" "ghcr.io/rust-lang/crates-build-env/linux@sha256:2788e3201cd34a07e3172128adcd8b3090168a8e3bcc40d7c032b9dda1df7d1c" "/opt/rustwide/cargo-home/bin/cargo" "+1.75.0" "metadata" "--no-deps" "--format-version=1", kill_on_drop: false }`
[INFO] [stdout] 915eadc5c661fb0a0b059236710f6481411353796db6610c063479f3de4ce12e
[INFO] running `Command { std: "docker" "start" "-a" "915eadc5c661fb0a0b059236710f6481411353796db6610c063479f3de4ce12e", kill_on_drop: false }`
[INFO] running `Command { std: "docker" "inspect" "915eadc5c661fb0a0b059236710f6481411353796db6610c063479f3de4ce12e", kill_on_drop: false }`
[INFO] running `Command { std: "docker" "rm" "-f" "915eadc5c661fb0a0b059236710f6481411353796db6610c063479f3de4ce12e", kill_on_drop: false }`
[INFO] [stdout] 915eadc5c661fb0a0b059236710f6481411353796db6610c063479f3de4ce12e
[INFO] running `Command { std: "docker" "create" "-v" "/var/lib/crater-agent-workspace/builds/worker-3-tc1/target:/opt/rustwide/target:rw,Z" "-v" "/var/lib/crater-agent-workspace/builds/worker-3-tc1/source:/opt/rustwide/workdir:ro,Z" "-v" "/var/lib/crater-agent-workspace/cargo-home:/opt/rustwide/cargo-home:ro,Z" "-v" "/var/lib/crater-agent-workspace/rustup-home:/opt/rustwide/rustup-home:ro,Z" "-e" "SOURCE_DIR=/opt/rustwide/workdir" "-e" "CARGO_TARGET_DIR=/opt/rustwide/target" "-e" "CARGO_INCREMENTAL=0" "-e" "RUST_BACKTRACE=full" "-e" "RUSTFLAGS=--cap-lints=warn" "-e" "RUSTDOCFLAGS=--cap-lints=warn" "-e" "CARGO_HOME=/opt/rustwide/cargo-home" "-e" "RUSTUP_HOME=/opt/rustwide/rustup-home" "-w" "/opt/rustwide/workdir" "-m" "1610612736" "--user" "0:0" "--network" "none" "ghcr.io/rust-lang/crates-build-env/linux@sha256:2788e3201cd34a07e3172128adcd8b3090168a8e3bcc40d7c032b9dda1df7d1c" "/opt/rustwide/cargo-home/bin/cargo" "+1.75.0" "build" "--frozen" "--message-format=json", kill_on_drop: false }`
[INFO] [stdout] 079335a564bde2f4946932f6a096b415206d9ae0cc5b3c4da00096b594b773fc
[INFO] running `Command { std: "docker" "start" "-a" "079335a564bde2f4946932f6a096b415206d9ae0cc5b3c4da00096b594b773fc", kill_on_drop: false }`
[INFO] [stderr]    Compiling proc-macro2 v1.0.56
[INFO] [stderr]    Compiling quote v1.0.26
[INFO] [stderr]    Compiling unicode-ident v1.0.8
[INFO] [stderr]    Compiling libc v0.2.141
[INFO] [stderr]    Compiling cc v1.0.79
[INFO] [stderr]    Compiling syn v1.0.109
[INFO] [stderr]    Compiling version_check v0.9.4
[INFO] [stderr]    Compiling serde_derive v1.0.160
[INFO] [stderr]    Compiling serde v1.0.160
[INFO] [stderr]    Compiling memchr v2.5.0
[INFO] [stderr]    Compiling indexmap v1.9.3
[INFO] [stderr]    Compiling pkg-config v0.3.26
[INFO] [stderr]    Compiling log v0.4.17
[INFO] [stderr]    Compiling hashbrown v0.12.3
[INFO] [stderr]    Compiling scopeguard v1.1.0
[INFO] [stderr]    Compiling num-traits v0.2.15
[INFO] [stderr]    Compiling once_cell v1.17.1
[INFO] [stderr]    Compiling num-integer v0.1.45
[INFO] [stderr]    Compiling thiserror v1.0.40
[INFO] [stderr]    Compiling parking_lot_core v0.9.7
[INFO] [stderr]    Compiling typenum v1.16.0
[INFO] [stderr]    Compiling static_assertions v1.1.0
[INFO] [stderr]    Compiling generic-array v0.14.7
[INFO] [stderr]    Compiling lock_api v0.4.9
[INFO] [stderr]    Compiling serde_json v1.0.96
[INFO] [stderr]    Compiling iana-time-zone v0.1.56
[INFO] [stderr]    Compiling glob v0.3.1
[INFO] [stderr]    Compiling lexical-util v0.8.5
[INFO] [stderr]    Compiling prettyplease v0.2.4
[INFO] [stderr]    Compiling crossbeam-utils v0.8.15
[INFO] [stderr]    Compiling itoa v1.0.6
[INFO] [stderr]    Compiling ryu v1.0.13
[INFO] [stderr]    Compiling ppv-lite86 v0.2.17
[INFO] [stderr]    Compiling num-bigint v0.4.3
[INFO] [stderr]    Compiling gimli v0.27.2
[INFO] [stderr]    Compiling proc-macro-hack v0.5.20+deprecated
[INFO] [stderr]    Compiling syn v2.0.15
[INFO] [stderr]    Compiling clang-sys v1.6.1
[INFO] [stderr]    Compiling minimal-lexical v0.2.1
[INFO] [stderr]    Compiling getrandom v0.2.9
[INFO] [stderr]    Compiling time v0.1.45
[INFO] [stderr]    Compiling frunk_core v0.4.1
[INFO] [stderr]    Compiling anyhow v1.0.70
[INFO] [stderr]    Compiling adler v1.0.2
[INFO] [stderr]    Compiling rand_core v0.6.4
[INFO] [stderr]    Compiling miniz_oxide v0.6.2
[INFO] [stderr]    Compiling nom v7.1.3
[INFO] [stderr]    Compiling openssl-sys v0.9.85
[INFO] [stderr]    Compiling backtrace v0.3.67
[INFO] [stderr]    Compiling rand_chacha v0.3.1
[INFO] [stderr]    Compiling object v0.30.3
[INFO] [stderr]    Compiling proc-macro-error-attr v1.0.4
[INFO] [stderr]    Compiling rand v0.8.5
[INFO] [stderr]    Compiling libloading v0.7.4
[INFO] [stderr]    Compiling memoffset v0.8.0
[INFO] [stderr]    Compiling bindgen v0.65.1
[INFO] [stderr]    Compiling strsim v0.10.0
[INFO] [stderr]    Compiling pin-project-lite v0.2.9
[INFO] [stderr]    Compiling smallvec v1.10.0
[INFO] [stderr]    Compiling ident_case v1.0.1
[INFO] [stderr]    Compiling regex-syntax v0.6.29
[INFO] [stderr]    Compiling rustc-demangle v0.1.22
[INFO] [stderr]    Compiling libz-sys v1.1.8
[INFO] [stderr]    Compiling lexical-parse-integer v0.8.6
[INFO] [stderr]    Compiling lexical-write-integer v0.8.5
[INFO] [stderr]    Compiling block-buffer v0.10.4
[INFO] [stderr]    Compiling crypto-common v0.1.6
[INFO] [stderr]    Compiling thread-id v4.0.0
[INFO] [stderr]    Compiling proc-macro-error v1.0.4
[INFO] [stderr]    Compiling ahash v0.8.3
[INFO] [stderr]    Compiling crossbeam-epoch v0.9.14
[INFO] [stderr]    Compiling tokio v1.27.0
[INFO] [stderr]    Compiling shlex v1.1.0
[INFO] [stderr]    Compiling radium v0.7.0
[INFO] [stderr]    Compiling log-mdc v0.1.0
[INFO] [stderr]    Compiling rustc-hash v1.1.0
[INFO] [stderr]    Compiling lazycell v1.3.0
[INFO] [stderr]    Compiling arc-swap v1.6.0
[INFO] [stderr]    Compiling openssl v0.10.50
[INFO] [stderr]    Compiling futures-core v0.3.28
[INFO] [stderr]    Compiling peeking_take_while v0.1.2
[INFO] [stderr]    Compiling toml_datetime v0.6.1
[INFO] [stderr]    Compiling winnow v0.4.1
[INFO] [stderr]    Compiling crc32fast v1.3.2
[INFO] [stderr]    Compiling bytes v1.4.0
[INFO] [stderr]    Compiling lexical-write-float v0.8.5
[INFO] [stderr]    Compiling digest v0.10.6
[INFO] [stderr]    Compiling lexical-parse-float v0.8.5
[INFO] [stderr]    Compiling addr2line v0.19.0
[INFO] [stderr]    Compiling cexpr v0.6.0
[INFO] [stderr]    Compiling subprocess v0.2.9
[INFO] [stderr]    Compiling socket2 v0.4.9
[INFO] [stderr]    Compiling dirs-sys v0.3.7
[INFO] [stderr]    Compiling enum-utils-from-str v0.1.2
[INFO] [stderr]    Compiling cmake v0.1.50
[INFO] [stderr]    Compiling slab v0.4.8
[INFO] [stderr]    Compiling regex v1.7.3
[INFO] [stderr]    Compiling tap v1.0.1
[INFO] [stderr]    Compiling crossbeam-queue v0.3.8
[INFO] [stderr]    Compiling futures-task v0.3.28
[INFO] [stderr]    Compiling rust_decimal v1.29.1
[INFO] [stderr]    Compiling cpufeatures v0.2.6
[INFO] [stderr]    Compiling wyz v0.5.1
[INFO] [stderr]    Compiling native-tls v0.2.11
[INFO] [stderr]    Compiling dirs v4.0.0
[INFO] [stderr]    Compiling lexical-core v0.8.5
[INFO] [stderr]    Compiling aho-corasick v0.7.20
[INFO] [stderr]    Compiling parking_lot v0.12.1
[INFO] [stderr]    Compiling unicode-normalization v0.1.22
[INFO] [stderr]    Compiling toml_edit v0.19.8
[INFO] [stderr]    Compiling chrono v0.4.24
[INFO] [stderr]    Compiling tracing-core v0.1.30
[INFO] [stderr]    Compiling base64 v0.21.0
[INFO] [stderr]    Compiling futures-util v0.3.28
[INFO] [stderr]    Compiling frunk_proc_macro_helpers v0.1.1
[INFO] [stderr]    Compiling darling_core v0.14.4
[INFO] [stderr]    Compiling failure v0.1.8
[INFO] [stderr]    Compiling serde_derive_internals v0.25.0
[INFO] [stderr]    Compiling funty v2.0.0
[INFO] [stderr]    Compiling time-core v0.1.0
[INFO] [stderr]    Compiling percent-encoding v2.2.0
[INFO] [stderr]    Compiling unicode-bidi v0.3.13
[INFO] [stderr]    Compiling heck v0.4.1
[INFO] [stderr]    Compiling arrayvec v0.7.2
[INFO] [stderr]    Compiling proc-macro-crate v1.3.1
[INFO] [stderr]    Compiling termcolor v1.2.0
[INFO] [stderr]    Compiling idna v0.3.0
[INFO] [stderr]    Compiling bitvec v1.0.1
[INFO] [stderr]    Compiling bigdecimal v0.3.0
[INFO] [stderr]    Compiling form_urlencoded v1.1.0
[INFO] [stderr]    Compiling time v0.3.20
[INFO] [stderr]    Compiling tracing v0.1.37
[INFO] [stderr]    Compiling hashbrown v0.13.2
[INFO] [stderr]    Compiling crossbeam-deque v0.8.3
[INFO] [stderr]    Compiling flate2 v1.0.25
[INFO] [stderr]    Compiling lexical v6.1.1
[INFO] [stderr]    Compiling thiserror-impl v1.0.40
[INFO] [stderr]    Compiling openssl-macros v0.1.1
[INFO] [stderr]    Compiling futures-macro v0.3.28
[INFO] [stderr]    Compiling sha1 v0.10.5
[INFO] [stderr]    Compiling sha2 v0.10.6
[INFO] [stderr]    Compiling crossbeam-channel v0.5.8
[INFO] [stderr]    Compiling async-trait v0.1.68
[INFO] [stderr]    Compiling saturating v0.1.0
[INFO] [stderr]    Compiling futures-sink v0.3.28
[INFO] [stderr]    Compiling bitflags v2.1.0
[INFO] [stderr]    Compiling byteorder v1.4.3
[INFO] [stderr]    Compiling lru v0.10.0
[INFO] [stderr]    Compiling derivative v2.2.0
[INFO] [stderr]    Compiling frunk_proc_macros_impl v0.1.1
[INFO] [stderr]    Compiling enum-utils v0.1.2
[INFO] [stderr]    Compiling darling_macro v0.14.4
[INFO] [stderr]    Compiling frunk_derives v0.4.1
[INFO] [stderr]    Compiling pin-project-internal v1.0.12
[INFO] [stderr]    Compiling crossbeam v0.8.2
[INFO] [stderr]    Compiling url v2.3.1
[INFO] [stderr]    Compiling pem v2.0.1
[INFO] [stderr]    Compiling twox-hash v1.6.3
[INFO] [stderr]    Compiling frunk_proc_macros v0.1.1
[INFO] [stderr]    Compiling socket2 v0.5.2
[INFO] [stderr]    Compiling keyed_priority_queue v0.4.1
[INFO] [stderr]    Compiling darling v0.14.4
[INFO] [stderr]    Compiling frunk v0.4.1
[INFO] [stderr]    Compiling mysql-common-derive v0.30.0
[INFO] [stderr]    Compiling pin-project v1.0.12
[INFO] [stderr]    Compiling mysql_common v0.30.2
[INFO] [stderr]    Compiling uuid v1.3.1
[INFO] [stderr]    Compiling mio v0.8.6
[INFO] [stderr]    Compiling log4rs v1.2.0
[INFO] [stderr]    Compiling common_uu v1.0.0
[INFO] [stderr]    Compiling orm_mysql_macro v1.0.0
[INFO] [stderr]    Compiling tokio-util v0.7.7
[INFO] [stderr]    Compiling tokio-native-tls v0.3.1
[INFO] [stderr]    Compiling mysql_async_uu v0.32.4
[INFO] [stderr]    Compiling orm_mysql v1.1.2 (/opt/rustwide/workdir)
[INFO] [stdout] warning: unused `#[macro_use]` import
[INFO] [stdout]  --> src/lib.rs:1:1
[INFO] [stdout]   |
[INFO] [stdout] 1 | #[macro_use]
[INFO] [stdout]   | ^^^^^^^^^^^^
[INFO] [stdout]   |
[INFO] [stdout]   = note: `#[warn(unused_imports)]` on by default
[INFO] [stdout] 
[INFO] [stdout] 
[INFO] [stdout] warning: use of deprecated associated function `chrono::NaiveTime::from_hms`: use `from_hms_opt()` instead
[INFO] [stdout]   --> src/mysql.rs:48:52
[INFO] [stdout]    |
[INFO] [stdout] 48 |                     let mut v = chrono::NaiveTime::from_hms(0, 0, 0);
[INFO] [stdout]    |                                                    ^^^^^^^^
[INFO] [stdout]    |
[INFO] [stdout]    = note: `#[warn(deprecated)]` on by default
[INFO] [stdout] 
[INFO] [stdout] 
[INFO] [stdout] warning: use of deprecated associated function `chrono::NaiveDate::from_ymd`: use `from_ymd_opt()` instead
[INFO] [stdout]    --> src/mysql.rs:129:52
[INFO] [stdout]     |
[INFO] [stdout] 129 |                     let mut v = chrono::NaiveDate::from_ymd(1970, 1, 1);
[INFO] [stdout]     |                                                    ^^^^^^^^
[INFO] [stdout] 
[INFO] [stdout] 
[INFO] [stdout] warning: use of deprecated method `chrono::TimeZone::timestamp`: use `timestamp_opt()` instead
[INFO] [stdout]    --> src/mysql.rs:157:44
[INFO] [stdout]     |
[INFO] [stdout] 157 |                     let dt = chrono::Local.timestamp(timestament as i64, 0);
[INFO] [stdout]     |                                            ^^^^^^^^^
[INFO] [stdout] 
[INFO] [stdout] 
[INFO] [stdout] warning: use of deprecated method `chrono::TimeZone::timestamp`: use `timestamp_opt()` instead
[INFO] [stdout]    --> src/mysql.rs:162:44
[INFO] [stdout]     |
[INFO] [stdout] 162 |                     let dt = chrono::Local.timestamp(timestament as i64, 0);
[INFO] [stdout]     |                                            ^^^^^^^^^
[INFO] [stdout] 
[INFO] [stdout] 
[INFO] [stdout] warning: use of deprecated associated function `chrono::NaiveTime::from_hms`: use `from_hms_opt()` instead
[INFO] [stdout]    --> src/mysql.rs:166:52
[INFO] [stdout]     |
[INFO] [stdout] 166 |                     let mut v = chrono::NaiveTime::from_hms(0, 0, 0);
[INFO] [stdout]     |                                                    ^^^^^^^^
[INFO] [stdout] 
[INFO] [stdout] 
[INFO] [stdout] warning: use of deprecated method `chrono::DateTime::<Tz>::date`: Use `date_naive()` instead
[INFO] [stdout]    --> src/mysql.rs:175:42
[INFO] [stdout]     |
[INFO] [stdout] 175 |                     chrono::Local::now().date().and_time(v).unwrap_or_default()
[INFO] [stdout]     |                                          ^^^^
[INFO] [stdout] 
[INFO] [stdout] 
[INFO] [stdout] warning: use of deprecated method `chrono::TimeZone::ymd`: use `with_ymd_and_hms()` instead
[INFO] [stdout]    --> src/mysql.rs:180:26
[INFO] [stdout]     |
[INFO] [stdout] 180 |                         .ymd(year as i32, month as u32, day as u32)
[INFO] [stdout]     |                          ^^^
[INFO] [stdout] 
[INFO] [stdout] 
[INFO] [stdout] warning: use of deprecated method `chrono::Date::<Tz>::and_hms_micro`: Use and_hms_micro_opt() instead
[INFO] [stdout]    --> src/mysql.rs:181:26
[INFO] [stdout]     |
[INFO] [stdout] 181 |                         .and_hms_micro(hour as u32, minutes as u32, seconds as u32, micro as u32);
[INFO] [stdout]     |                          ^^^^^^^^^^^^^
[INFO] [stdout] 
[INFO] [stdout] 
[INFO] [stdout] warning: unused variable: `hour`
[INFO] [stdout]    --> src/mysql.rs:120:60
[INFO] [stdout]     |
[INFO] [stdout] 120 |                 mysql_async::Value::Date(year, month, day, hour, minutes, seconds, micro) => {
[INFO] [stdout]     |                                                            ^^^^ help: if this is intentional, prefix it with an underscore: `_hour`
[INFO] [stdout]     |
[INFO] [stdout]     = note: `#[warn(unused_variables)]` on by default
[INFO] [stdout] 
[INFO] [stdout] 
[INFO] [stdout] warning: unused variable: `minutes`
[INFO] [stdout]    --> src/mysql.rs:120:66
[INFO] [stdout]     |
[INFO] [stdout] 120 |                 mysql_async::Value::Date(year, month, day, hour, minutes, seconds, micro) => {
[INFO] [stdout]     |                                                                  ^^^^^^^ help: if this is intentional, prefix it with an underscore: `_minutes`
[INFO] [stdout] 
[INFO] [stdout] 
[INFO] [stdout] warning: unused variable: `seconds`
[INFO] [stdout]    --> src/mysql.rs:120:75
[INFO] [stdout]     |
[INFO] [stdout] 120 |                 mysql_async::Value::Date(year, month, day, hour, minutes, seconds, micro) => {
[INFO] [stdout]     |                                                                           ^^^^^^^ help: if this is intentional, prefix it with an underscore: `_seconds`
[INFO] [stdout] 
[INFO] [stdout] 
[INFO] [stdout] warning: unused variable: `micro`
[INFO] [stdout]    --> src/mysql.rs:120:84
[INFO] [stdout]     |
[INFO] [stdout] 120 |                 mysql_async::Value::Date(year, month, day, hour, minutes, seconds, micro) => {
[INFO] [stdout]     |                                                                                    ^^^^^ help: if this is intentional, prefix it with an underscore: `_micro`
[INFO] [stdout] 
[INFO] [stdout] 
[INFO] [stdout] warning: unused variable: `hours`
[INFO] [stdout]    --> src/mysql.rs:128:62
[INFO] [stdout]     |
[INFO] [stdout] 128 |                 mysql_async::Value::Time(_is_negative, days, hours, minutes, seconds, micro) => {
[INFO] [stdout]     |                                                              ^^^^^ help: if this is intentional, prefix it with an underscore: `_hours`
[INFO] [stdout] 
[INFO] [stdout] 
[INFO] [stdout] warning: unused variable: `minutes`
[INFO] [stdout]    --> src/mysql.rs:128:69
[INFO] [stdout]     |
[INFO] [stdout] 128 |                 mysql_async::Value::Time(_is_negative, days, hours, minutes, seconds, micro) => {
[INFO] [stdout]     |                                                                     ^^^^^^^ help: if this is intentional, prefix it with an underscore: `_minutes`
[INFO] [stdout] 
[INFO] [stdout] 
[INFO] [stdout] warning: unused variable: `seconds`
[INFO] [stdout]    --> src/mysql.rs:128:78
[INFO] [stdout]     |
[INFO] [stdout] 128 |                 mysql_async::Value::Time(_is_negative, days, hours, minutes, seconds, micro) => {
[INFO] [stdout]     |                                                                              ^^^^^^^ help: if this is intentional, prefix it with an underscore: `_seconds`
[INFO] [stdout] 
[INFO] [stdout] 
[INFO] [stdout] warning: unused variable: `micro`
[INFO] [stdout]    --> src/mysql.rs:128:87
[INFO] [stdout]     |
[INFO] [stdout] 128 |                 mysql_async::Value::Time(_is_negative, days, hours, minutes, seconds, micro) => {
[INFO] [stdout]     |                                                                                       ^^^^^ help: if this is intentional, prefix it with an underscore: `_micro`
[INFO] [stdout] 
[INFO] [stdout] 
[INFO] [stdout] warning: 17 warnings emitted
[INFO] [stdout] 
[INFO] [stdout] 
[INFO] [stderr]     Finished dev [unoptimized + debuginfo] target(s) in 31.78s
[INFO] running `Command { std: "docker" "inspect" "079335a564bde2f4946932f6a096b415206d9ae0cc5b3c4da00096b594b773fc", kill_on_drop: false }`
[INFO] running `Command { std: "docker" "rm" "-f" "079335a564bde2f4946932f6a096b415206d9ae0cc5b3c4da00096b594b773fc", kill_on_drop: false }`
[INFO] [stdout] 079335a564bde2f4946932f6a096b415206d9ae0cc5b3c4da00096b594b773fc
[INFO] running `Command { std: "docker" "create" "-v" "/var/lib/crater-agent-workspace/builds/worker-3-tc1/target:/opt/rustwide/target:rw,Z" "-v" "/var/lib/crater-agent-workspace/builds/worker-3-tc1/source:/opt/rustwide/workdir:ro,Z" "-v" "/var/lib/crater-agent-workspace/cargo-home:/opt/rustwide/cargo-home:ro,Z" "-v" "/var/lib/crater-agent-workspace/rustup-home:/opt/rustwide/rustup-home:ro,Z" "-e" "SOURCE_DIR=/opt/rustwide/workdir" "-e" "CARGO_TARGET_DIR=/opt/rustwide/target" "-e" "CARGO_INCREMENTAL=0" "-e" "RUST_BACKTRACE=full" "-e" "RUSTFLAGS=--cap-lints=warn" "-e" "RUSTDOCFLAGS=--cap-lints=warn" "-e" "CARGO_HOME=/opt/rustwide/cargo-home" "-e" "RUSTUP_HOME=/opt/rustwide/rustup-home" "-w" "/opt/rustwide/workdir" "-m" "1610612736" "--user" "0:0" "--network" "none" "ghcr.io/rust-lang/crates-build-env/linux@sha256:2788e3201cd34a07e3172128adcd8b3090168a8e3bcc40d7c032b9dda1df7d1c" "/opt/rustwide/cargo-home/bin/cargo" "+1.75.0" "test" "--frozen" "--no-run" "--message-format=json", kill_on_drop: false }`
[INFO] [stdout] 3b0f211ea172dd320c65a17dda106d30317446a285f90d710823734f36d56226
[INFO] running `Command { std: "docker" "start" "-a" "3b0f211ea172dd320c65a17dda106d30317446a285f90d710823734f36d56226", kill_on_drop: false }`
[INFO] [stderr]    Compiling tokio v1.27.0
[INFO] [stderr]    Compiling tokio-macros v2.0.0
[INFO] [stderr]    Compiling num_cpus v1.15.0
[INFO] [stderr]    Compiling time v0.3.20
[INFO] [stderr]    Compiling mysql_common v0.30.2
[INFO] [stderr]    Compiling tokio-native-tls v0.3.1
[INFO] [stderr]    Compiling tokio-util v0.7.7
[INFO] [stderr]    Compiling mysql_async_uu v0.32.4
[INFO] [stderr]    Compiling orm_mysql v1.1.2 (/opt/rustwide/workdir)
[INFO] [stdout] warning: unused `#[macro_use]` import
[INFO] [stdout]  --> src/lib.rs:1:1
[INFO] [stdout]   |
[INFO] [stdout] 1 | #[macro_use]
[INFO] [stdout]   | ^^^^^^^^^^^^
[INFO] [stdout]   |
[INFO] [stdout]   = note: `#[warn(unused_imports)]` on by default
[INFO] [stdout] 
[INFO] [stdout] 
[INFO] [stdout] warning: use of deprecated associated function `chrono::NaiveTime::from_hms`: use `from_hms_opt()` instead
[INFO] [stdout]   --> src/mysql.rs:48:52
[INFO] [stdout]    |
[INFO] [stdout] 48 |                     let mut v = chrono::NaiveTime::from_hms(0, 0, 0);
[INFO] [stdout]    |                                                    ^^^^^^^^
[INFO] [stdout]    |
[INFO] [stdout]    = note: `#[warn(deprecated)]` on by default
[INFO] [stdout] 
[INFO] [stdout] 
[INFO] [stdout] warning: use of deprecated associated function `chrono::NaiveDate::from_ymd`: use `from_ymd_opt()` instead
[INFO] [stdout]    --> src/mysql.rs:129:52
[INFO] [stdout]     |
[INFO] [stdout] 129 |                     let mut v = chrono::NaiveDate::from_ymd(1970, 1, 1);
[INFO] [stdout]     |                                                    ^^^^^^^^
[INFO] [stdout] 
[INFO] [stdout] 
[INFO] [stdout] warning: use of deprecated method `chrono::TimeZone::timestamp`: use `timestamp_opt()` instead
[INFO] [stdout]    --> src/mysql.rs:157:44
[INFO] [stdout]     |
[INFO] [stdout] 157 |                     let dt = chrono::Local.timestamp(timestament as i64, 0);
[INFO] [stdout]     |                                            ^^^^^^^^^
[INFO] [stdout] 
[INFO] [stdout] 
[INFO] [stdout] warning: use of deprecated method `chrono::TimeZone::timestamp`: use `timestamp_opt()` instead
[INFO] [stdout]    --> src/mysql.rs:162:44
[INFO] [stdout]     |
[INFO] [stdout] 162 |                     let dt = chrono::Local.timestamp(timestament as i64, 0);
[INFO] [stdout]     |                                            ^^^^^^^^^
[INFO] [stdout] 
[INFO] [stdout] 
[INFO] [stdout] warning: use of deprecated associated function `chrono::NaiveTime::from_hms`: use `from_hms_opt()` instead
[INFO] [stdout]    --> src/mysql.rs:166:52
[INFO] [stdout]     |
[INFO] [stdout] 166 |                     let mut v = chrono::NaiveTime::from_hms(0, 0, 0);
[INFO] [stdout]     |                                                    ^^^^^^^^
[INFO] [stdout] 
[INFO] [stdout] 
[INFO] [stdout] warning: use of deprecated method `chrono::DateTime::<Tz>::date`: Use `date_naive()` instead
[INFO] [stdout]    --> src/mysql.rs:175:42
[INFO] [stdout]     |
[INFO] [stdout] 175 |                     chrono::Local::now().date().and_time(v).unwrap_or_default()
[INFO] [stdout]     |                                          ^^^^
[INFO] [stdout] 
[INFO] [stdout] 
[INFO] [stdout] warning: use of deprecated method `chrono::TimeZone::ymd`: use `with_ymd_and_hms()` instead
[INFO] [stdout]    --> src/mysql.rs:180:26
[INFO] [stdout]     |
[INFO] [stdout] 180 |                         .ymd(year as i32, month as u32, day as u32)
[INFO] [stdout]     |                          ^^^
[INFO] [stdout] 
[INFO] [stdout] 
[INFO] [stdout] warning: use of deprecated method `chrono::Date::<Tz>::and_hms_micro`: Use and_hms_micro_opt() instead
[INFO] [stdout]    --> src/mysql.rs:181:26
[INFO] [stdout]     |
[INFO] [stdout] 181 |                         .and_hms_micro(hour as u32, minutes as u32, seconds as u32, micro as u32);
[INFO] [stdout]     |                          ^^^^^^^^^^^^^
[INFO] [stdout] 
[INFO] [stdout] 
[INFO] [stdout] warning: unused variable: `hour`
[INFO] [stdout]    --> src/mysql.rs:120:60
[INFO] [stdout]     |
[INFO] [stdout] 120 |                 mysql_async::Value::Date(year, month, day, hour, minutes, seconds, micro) => {
[INFO] [stdout]     |                                                            ^^^^ help: if this is intentional, prefix it with an underscore: `_hour`
[INFO] [stdout]     |
[INFO] [stdout]     = note: `#[warn(unused_variables)]` on by default
[INFO] [stdout] 
[INFO] [stdout] 
[INFO] [stdout] warning: unused variable: `minutes`
[INFO] [stdout]    --> src/mysql.rs:120:66
[INFO] [stdout]     |
[INFO] [stdout] 120 |                 mysql_async::Value::Date(year, month, day, hour, minutes, seconds, micro) => {
[INFO] [stdout]     |                                                                  ^^^^^^^ help: if this is intentional, prefix it with an underscore: `_minutes`
[INFO] [stdout] 
[INFO] [stdout] 
[INFO] [stdout] warning: unused variable: `seconds`
[INFO] [stdout]    --> src/mysql.rs:120:75
[INFO] [stdout]     |
[INFO] [stdout] 120 |                 mysql_async::Value::Date(year, month, day, hour, minutes, seconds, micro) => {
[INFO] [stdout]     |                                                                           ^^^^^^^ help: if this is intentional, prefix it with an underscore: `_seconds`
[INFO] [stdout] 
[INFO] [stdout] 
[INFO] [stdout] warning: unused variable: `micro`
[INFO] [stdout]    --> src/mysql.rs:120:84
[INFO] [stdout]     |
[INFO] [stdout] 120 |                 mysql_async::Value::Date(year, month, day, hour, minutes, seconds, micro) => {
[INFO] [stdout]     |                                                                                    ^^^^^ help: if this is intentional, prefix it with an underscore: `_micro`
[INFO] [stdout] 
[INFO] [stdout] 
[INFO] [stdout] warning: unused variable: `hours`
[INFO] [stdout]    --> src/mysql.rs:128:62
[INFO] [stdout]     |
[INFO] [stdout] 128 |                 mysql_async::Value::Time(_is_negative, days, hours, minutes, seconds, micro) => {
[INFO] [stdout]     |                                                              ^^^^^ help: if this is intentional, prefix it with an underscore: `_hours`
[INFO] [stdout] 
[INFO] [stdout] 
[INFO] [stdout] warning: unused variable: `minutes`
[INFO] [stdout]    --> src/mysql.rs:128:69
[INFO] [stdout]     |
[INFO] [stdout] 128 |                 mysql_async::Value::Time(_is_negative, days, hours, minutes, seconds, micro) => {
[INFO] [stdout]     |                                                                     ^^^^^^^ help: if this is intentional, prefix it with an underscore: `_minutes`
[INFO] [stdout] 
[INFO] [stdout] 
[INFO] [stdout] warning: unused variable: `seconds`
[INFO] [stdout]    --> src/mysql.rs:128:78
[INFO] [stdout]     |
[INFO] [stdout] 128 |                 mysql_async::Value::Time(_is_negative, days, hours, minutes, seconds, micro) => {
[INFO] [stdout]     |                                                                              ^^^^^^^ help: if this is intentional, prefix it with an underscore: `_seconds`
[INFO] [stdout] 
[INFO] [stdout] 
[INFO] [stdout] warning: unused variable: `micro`
[INFO] [stdout]    --> src/mysql.rs:128:87
[INFO] [stdout]     |
[INFO] [stdout] 128 |                 mysql_async::Value::Time(_is_negative, days, hours, minutes, seconds, micro) => {
[INFO] [stdout]     |                                                                                       ^^^^^ help: if this is intentional, prefix it with an underscore: `_micro`
[INFO] [stdout] 
[INFO] [stdout] 
[INFO] [stdout] warning: 17 warnings emitted
[INFO] [stdout] 
[INFO] [stdout] 
[INFO] [stdout] warning: unused `#[macro_use]` import
[INFO] [stdout]  --> src/lib.rs:1:1
[INFO] [stdout]   |
[INFO] [stdout] 1 | #[macro_use]
[INFO] [stdout]   | ^^^^^^^^^^^^
[INFO] [stdout]   |
[INFO] [stdout]   = note: `#[warn(unused_imports)]` on by default
[INFO] [stdout] 
[INFO] [stdout] 
[INFO] [stdout] warning: use of deprecated associated function `chrono::NaiveTime::from_hms`: use `from_hms_opt()` instead
[INFO] [stdout]   --> src/mysql.rs:48:52
[INFO] [stdout]    |
[INFO] [stdout] 48 |                     let mut v = chrono::NaiveTime::from_hms(0, 0, 0);
[INFO] [stdout]    |                                                    ^^^^^^^^
[INFO] [stdout]    |
[INFO] [stdout]    = note: `#[warn(deprecated)]` on by default
[INFO] [stdout] 
[INFO] [stdout] 
[INFO] [stdout] warning: use of deprecated associated function `chrono::NaiveDate::from_ymd`: use `from_ymd_opt()` instead
[INFO] [stdout]    --> src/mysql.rs:129:52
[INFO] [stdout]     |
[INFO] [stdout] 129 |                     let mut v = chrono::NaiveDate::from_ymd(1970, 1, 1);
[INFO] [stdout]     |                                                    ^^^^^^^^
[INFO] [stdout] 
[INFO] [stdout] 
[INFO] [stdout] warning: use of deprecated method `chrono::TimeZone::timestamp`: use `timestamp_opt()` instead
[INFO] [stdout]    --> src/mysql.rs:157:44
[INFO] [stdout]     |
[INFO] [stdout] 157 |                     let dt = chrono::Local.timestamp(timestament as i64, 0);
[INFO] [stdout]     |                                            ^^^^^^^^^
[INFO] [stdout] 
[INFO] [stdout] 
[INFO] [stdout] warning: use of deprecated method `chrono::TimeZone::timestamp`: use `timestamp_opt()` instead
[INFO] [stdout]    --> src/mysql.rs:162:44
[INFO] [stdout]     |
[INFO] [stdout] 162 |                     let dt = chrono::Local.timestamp(timestament as i64, 0);
[INFO] [stdout]     |                                            ^^^^^^^^^
[INFO] [stdout] 
[INFO] [stdout] 
[INFO] [stdout] warning: use of deprecated associated function `chrono::NaiveTime::from_hms`: use `from_hms_opt()` instead
[INFO] [stdout]    --> src/mysql.rs:166:52
[INFO] [stdout]     |
[INFO] [stdout] 166 |                     let mut v = chrono::NaiveTime::from_hms(0, 0, 0);
[INFO] [stdout]     |                                                    ^^^^^^^^
[INFO] [stdout] 
[INFO] [stdout] 
[INFO] [stdout] warning: use of deprecated method `chrono::DateTime::<Tz>::date`: Use `date_naive()` instead
[INFO] [stdout]    --> src/mysql.rs:175:42
[INFO] [stdout]     |
[INFO] [stdout] 175 |                     chrono::Local::now().date().and_time(v).unwrap_or_default()
[INFO] [stdout]     |                                          ^^^^
[INFO] [stdout] 
[INFO] [stdout] 
[INFO] [stdout] warning: use of deprecated method `chrono::TimeZone::ymd`: use `with_ymd_and_hms()` instead
[INFO] [stdout]    --> src/mysql.rs:180:26
[INFO] [stdout]     |
[INFO] [stdout] 180 |                         .ymd(year as i32, month as u32, day as u32)
[INFO] [stdout]     |                          ^^^
[INFO] [stdout] 
[INFO] [stdout] 
[INFO] [stdout] warning: use of deprecated method `chrono::Date::<Tz>::and_hms_micro`: Use and_hms_micro_opt() instead
[INFO] [stdout]    --> src/mysql.rs:181:26
[INFO] [stdout]     |
[INFO] [stdout] 181 |                         .and_hms_micro(hour as u32, minutes as u32, seconds as u32, micro as u32);
[INFO] [stdout]     |                          ^^^^^^^^^^^^^
[INFO] [stdout] 
[INFO] [stdout] 
[INFO] [stdout] warning: unused variable: `hour`
[INFO] [stdout]    --> src/mysql.rs:120:60
[INFO] [stdout]     |
[INFO] [stdout] 120 |                 mysql_async::Value::Date(year, month, day, hour, minutes, seconds, micro) => {
[INFO] [stdout]     |                                                            ^^^^ help: if this is intentional, prefix it with an underscore: `_hour`
[INFO] [stdout]     |
[INFO] [stdout]     = note: `#[warn(unused_variables)]` on by default
[INFO] [stdout] 
[INFO] [stdout] 
[INFO] [stdout] warning: unused variable: `minutes`
[INFO] [stdout]    --> src/mysql.rs:120:66
[INFO] [stdout]     |
[INFO] [stdout] 120 |                 mysql_async::Value::Date(year, month, day, hour, minutes, seconds, micro) => {
[INFO] [stdout]     |                                                                  ^^^^^^^ help: if this is intentional, prefix it with an underscore: `_minutes`
[INFO] [stdout] 
[INFO] [stdout] 
[INFO] [stdout] warning: unused variable: `seconds`
[INFO] [stdout]    --> src/mysql.rs:120:75
[INFO] [stdout]     |
[INFO] [stdout] 120 |                 mysql_async::Value::Date(year, month, day, hour, minutes, seconds, micro) => {
[INFO] [stdout]     |                                                                           ^^^^^^^ help: if this is intentional, prefix it with an underscore: `_seconds`
[INFO] [stdout] 
[INFO] [stdout] 
[INFO] [stdout] warning: unused variable: `micro`
[INFO] [stdout]    --> src/mysql.rs:120:84
[INFO] [stdout]     |
[INFO] [stdout] 120 |                 mysql_async::Value::Date(year, month, day, hour, minutes, seconds, micro) => {
[INFO] [stdout]     |                                                                                    ^^^^^ help: if this is intentional, prefix it with an underscore: `_micro`
[INFO] [stdout] 
[INFO] [stdout] 
[INFO] [stdout] warning: unused variable: `hours`
[INFO] [stdout]    --> src/mysql.rs:128:62
[INFO] [stdout]     |
[INFO] [stdout] 128 |                 mysql_async::Value::Time(_is_negative, days, hours, minutes, seconds, micro) => {
[INFO] [stdout]     |                                                              ^^^^^ help: if this is intentional, prefix it with an underscore: `_hours`
[INFO] [stdout] 
[INFO] [stdout] 
[INFO] [stdout] warning: unused variable: `minutes`
[INFO] [stdout]    --> src/mysql.rs:128:69
[INFO] [stdout]     |
[INFO] [stdout] 128 |                 mysql_async::Value::Time(_is_negative, days, hours, minutes, seconds, micro) => {
[INFO] [stdout]     |                                                                     ^^^^^^^ help: if this is intentional, prefix it with an underscore: `_minutes`
[INFO] [stdout] 
[INFO] [stdout] 
[INFO] [stdout] warning: unused variable: `seconds`
[INFO] [stdout]    --> src/mysql.rs:128:78
[INFO] [stdout]     |
[INFO] [stdout] 128 |                 mysql_async::Value::Time(_is_negative, days, hours, minutes, seconds, micro) => {
[INFO] [stdout]     |                                                                              ^^^^^^^ help: if this is intentional, prefix it with an underscore: `_seconds`
[INFO] [stdout] 
[INFO] [stdout] 
[INFO] [stdout] warning: unused variable: `micro`
[INFO] [stdout]    --> src/mysql.rs:128:87
[INFO] [stdout]     |
[INFO] [stdout] 128 |                 mysql_async::Value::Time(_is_negative, days, hours, minutes, seconds, micro) => {
[INFO] [stdout]     |                                                                                       ^^^^^ help: if this is intentional, prefix it with an underscore: `_micro`
[INFO] [stdout] 
[INFO] [stdout] 
[INFO] [stdout] error[E0609]: no field `id` on type `UserData`
[INFO] [stdout]   --> examples/mysql_query.rs:28:10
[INFO] [stdout]    |
[INFO] [stdout] 28 | #[derive(OrmMySql)]
[INFO] [stdout]    |          ^^^^^^^^ unknown field
[INFO] [stdout]    |
[INFO] [stdout]    = note: this error originates in the derive macro `OrmMySql` (in Nightly builds, run with -Z macro-backtrace for more info)
[INFO] [stdout] 
[INFO] [stdout] 
[INFO] [stdout] error[E0609]: no field `id` on type `&UserData`
[INFO] [stdout]   --> examples/mysql_query.rs:28:10
[INFO] [stdout]    |
[INFO] [stdout] 28 | #[derive(OrmMySql)]
[INFO] [stdout]    |          ^^^^^^^^ unknown field
[INFO] [stdout]    |
[INFO] [stdout]    = note: this error originates in the derive macro `OrmMySql` (in Nightly builds, run with -Z macro-backtrace for more info)
[INFO] [stdout] 
[INFO] [stdout] 
[INFO] [stdout] error[E0609]: no field `id` on type `UserData`
[INFO] [stdout]   --> examples/mysql_insert.rs:22:10
[INFO] [stdout]    |
[INFO] [stdout] 22 | #[derive(OrmMySql)]
[INFO] [stdout]    |          ^^^^^^^^ unknown field
[INFO] [stdout]    |
[INFO] [stdout]    = note: this error originates in the derive macro `OrmMySql` (in Nightly builds, run with -Z macro-backtrace for more info)
[INFO] [stdout] 
[INFO] [stdout] 
[INFO] [stdout] error[E0609]: no field `id` on type `&UserData`
[INFO] [stdout]   --> examples/mysql_insert.rs:22:10
[INFO] [stdout]    |
[INFO] [stdout] 22 | #[derive(OrmMySql)]
[INFO] [stdout]    |          ^^^^^^^^ unknown field
[INFO] [stdout]    |
[INFO] [stdout]    = note: this error originates in the derive macro `OrmMySql` (in Nightly builds, run with -Z macro-backtrace for more info)
[INFO] [stdout] 
[INFO] [stdout] 
[INFO] [stdout] error: aborting due to 2 previous errors
[INFO] [stdout] 
[INFO] [stdout] 
[INFO] [stdout] For more information about this error, try `rustc --explain E0609`.
[INFO] [stdout] 
[INFO] [stderr] error: could not compile `orm_mysql` (example "mysql_query") due to 3 previous errors
[INFO] [stderr] warning: build failed, waiting for other jobs to finish...
[INFO] [stdout] error: aborting due to 2 previous errors
[INFO] [stdout] 
[INFO] [stdout] 
[INFO] [stdout] For more information about this error, try `rustc --explain E0609`.
[INFO] [stdout] 
[INFO] [stderr] error: could not compile `orm_mysql` (example "mysql_insert") due to 3 previous errors
[INFO] [stdout] warning: 17 warnings emitted
[INFO] [stdout] 
[INFO] [stdout] 
[INFO] running `Command { std: "docker" "inspect" "3b0f211ea172dd320c65a17dda106d30317446a285f90d710823734f36d56226", kill_on_drop: false }`
[INFO] running `Command { std: "docker" "rm" "-f" "3b0f211ea172dd320c65a17dda106d30317446a285f90d710823734f36d56226", kill_on_drop: false }`
[INFO] [stdout] 3b0f211ea172dd320c65a17dda106d30317446a285f90d710823734f36d56226
[INFO] testing orm_mysql-1.1.2 against beta-2023-12-22 for beta-1.76-1
[INFO] extracting crate orm_mysql 1.1.2 into /workspace/builds/worker-3-tc2/source
[INFO] validating manifest of crates.io crate orm_mysql 1.1.2 on toolchain beta-2023-12-22
[INFO] running `Command { std: CARGO_HOME="/workspace/cargo-home" RUSTUP_HOME="/workspace/rustup-home" "/workspace/cargo-home/bin/cargo" "+beta-2023-12-22" "metadata" "--manifest-path" "Cargo.toml" "--no-deps", kill_on_drop: false }`
[INFO] started tweaking crates.io crate orm_mysql 1.1.2
[INFO] finished tweaking crates.io crate orm_mysql 1.1.2
[INFO] tweaked toml for crates.io crate orm_mysql 1.1.2 written to /workspace/builds/worker-3-tc2/source/Cargo.toml
[INFO] crate crates.io crate orm_mysql 1.1.2 already has a lockfile, it will not be regenerated
[INFO] running `Command { std: CARGO_HOME="/workspace/cargo-home" RUSTUP_HOME="/workspace/rustup-home" "/workspace/cargo-home/bin/cargo" "+beta-2023-12-22" "fetch" "--manifest-path" "Cargo.toml", kill_on_drop: false }`
[INFO] running `Command { std: "docker" "create" "-v" "/var/lib/crater-agent-workspace/builds/worker-3-tc2/target:/opt/rustwide/target:rw,Z" "-v" "/var/lib/crater-agent-workspace/builds/worker-3-tc2/source:/opt/rustwide/workdir:ro,Z" "-v" "/var/lib/crater-agent-workspace/cargo-home:/opt/rustwide/cargo-home:ro,Z" "-v" "/var/lib/crater-agent-workspace/rustup-home:/opt/rustwide/rustup-home:ro,Z" "-e" "SOURCE_DIR=/opt/rustwide/workdir" "-e" "CARGO_TARGET_DIR=/opt/rustwide/target" "-e" "CARGO_HOME=/opt/rustwide/cargo-home" "-e" "RUSTUP_HOME=/opt/rustwide/rustup-home" "-w" "/opt/rustwide/workdir" "-m" "1610612736" "--user" "0:0" "--network" "none" "ghcr.io/rust-lang/crates-build-env/linux@sha256:2788e3201cd34a07e3172128adcd8b3090168a8e3bcc40d7c032b9dda1df7d1c" "/opt/rustwide/cargo-home/bin/cargo" "+beta-2023-12-22" "metadata" "--no-deps" "--format-version=1", kill_on_drop: false }`
[INFO] [stdout] 8189ab433ea66b9fb2fda8619ecfcdf7f3247dbc3eaba8a6b3b2908dc7611730
[INFO] running `Command { std: "docker" "start" "-a" "8189ab433ea66b9fb2fda8619ecfcdf7f3247dbc3eaba8a6b3b2908dc7611730", kill_on_drop: false }`
[INFO] running `Command { std: "docker" "inspect" "8189ab433ea66b9fb2fda8619ecfcdf7f3247dbc3eaba8a6b3b2908dc7611730", kill_on_drop: false }`
[INFO] running `Command { std: "docker" "rm" "-f" "8189ab433ea66b9fb2fda8619ecfcdf7f3247dbc3eaba8a6b3b2908dc7611730", kill_on_drop: false }`
[INFO] [stdout] 8189ab433ea66b9fb2fda8619ecfcdf7f3247dbc3eaba8a6b3b2908dc7611730
[INFO] running `Command { std: "docker" "create" "-v" "/var/lib/crater-agent-workspace/builds/worker-3-tc2/target:/opt/rustwide/target:rw,Z" "-v" "/var/lib/crater-agent-workspace/builds/worker-3-tc2/source:/opt/rustwide/workdir:ro,Z" "-v" "/var/lib/crater-agent-workspace/cargo-home:/opt/rustwide/cargo-home:ro,Z" "-v" "/var/lib/crater-agent-workspace/rustup-home:/opt/rustwide/rustup-home:ro,Z" "-e" "SOURCE_DIR=/opt/rustwide/workdir" "-e" "CARGO_TARGET_DIR=/opt/rustwide/target" "-e" "CARGO_INCREMENTAL=0" "-e" "RUST_BACKTRACE=full" "-e" "RUSTFLAGS=--cap-lints=warn" "-e" "RUSTDOCFLAGS=--cap-lints=warn" "-e" "CARGO_HOME=/opt/rustwide/cargo-home" "-e" "RUSTUP_HOME=/opt/rustwide/rustup-home" "-w" "/opt/rustwide/workdir" "-m" "1610612736" "--user" "0:0" "--network" "none" "ghcr.io/rust-lang/crates-build-env/linux@sha256:2788e3201cd34a07e3172128adcd8b3090168a8e3bcc40d7c032b9dda1df7d1c" "/opt/rustwide/cargo-home/bin/cargo" "+beta-2023-12-22" "build" "--frozen" "--message-format=json", kill_on_drop: false }`
[INFO] [stdout] a9cab329233e5ebdd6c973460253014b17db48bf0c490e7ad48a526d1efdb38f
[INFO] running `Command { std: "docker" "start" "-a" "a9cab329233e5ebdd6c973460253014b17db48bf0c490e7ad48a526d1efdb38f", kill_on_drop: false }`
[INFO] [stderr]    Compiling proc-macro2 v1.0.56
[INFO] [stderr]    Compiling quote v1.0.26
[INFO] [stderr]    Compiling unicode-ident v1.0.8
[INFO] [stderr]    Compiling libc v0.2.141
[INFO] [stderr]    Compiling cc v1.0.79
[INFO] [stderr]    Compiling syn v1.0.109
[INFO] [stderr]    Compiling version_check v0.9.4
[INFO] [stderr]    Compiling serde_derive v1.0.160
[INFO] [stderr]    Compiling serde v1.0.160
[INFO] [stderr]    Compiling memchr v2.5.0
[INFO] [stderr]    Compiling indexmap v1.9.3
[INFO] [stderr]    Compiling pkg-config v0.3.26
[INFO] [stderr]    Compiling hashbrown v0.12.3
[INFO] [stderr]    Compiling log v0.4.17
[INFO] [stderr]    Compiling scopeguard v1.1.0
[INFO] [stderr]    Compiling num-traits v0.2.15
[INFO] [stderr]    Compiling once_cell v1.17.1
[INFO] [stderr]    Compiling num-integer v0.1.45
[INFO] [stderr]    Compiling typenum v1.16.0
[INFO] [stderr]    Compiling static_assertions v1.1.0
[INFO] [stderr]    Compiling parking_lot_core v0.9.7
[INFO] [stderr]    Compiling thiserror v1.0.40
[INFO] [stderr]    Compiling lock_api v0.4.9
[INFO] [stderr]    Compiling generic-array v0.14.7
[INFO] [stderr]    Compiling serde_json v1.0.96
[INFO] [stderr]    Compiling glob v0.3.1
[INFO] [stderr]    Compiling iana-time-zone v0.1.56
[INFO] [stderr]    Compiling lexical-util v0.8.5
[INFO] [stderr]    Compiling itoa v1.0.6
[INFO] [stderr]    Compiling ppv-lite86 v0.2.17
[INFO] [stderr]    Compiling prettyplease v0.2.4
[INFO] [stderr]    Compiling syn v2.0.15
[INFO] [stderr]    Compiling clang-sys v1.6.1
[INFO] [stderr]    Compiling crossbeam-utils v0.8.15
[INFO] [stderr]    Compiling ryu v1.0.13
[INFO] [stderr]    Compiling num-bigint v0.4.3
[INFO] [stderr]    Compiling minimal-lexical v0.2.1
[INFO] [stderr]    Compiling getrandom v0.2.9
[INFO] [stderr]    Compiling time v0.1.45
[INFO] [stderr]    Compiling adler v1.0.2
[INFO] [stderr]    Compiling frunk_core v0.4.1
[INFO] [stderr]    Compiling proc-macro-hack v0.5.20+deprecated
[INFO] [stderr]    Compiling rand_core v0.6.4
[INFO] [stderr]    Compiling gimli v0.27.2
[INFO] [stderr]    Compiling anyhow v1.0.70
[INFO] [stderr]    Compiling miniz_oxide v0.6.2
[INFO] [stderr]    Compiling nom v7.1.3
[INFO] [stderr]    Compiling rand_chacha v0.3.1
[INFO] [stderr]    Compiling openssl-sys v0.9.85
[INFO] [stderr]    Compiling backtrace v0.3.67
[INFO] [stderr]    Compiling rand v0.8.5
[INFO] [stderr]    Compiling object v0.30.3
[INFO] [stderr]    Compiling proc-macro-error-attr v1.0.4
[INFO] [stderr]    Compiling libloading v0.7.4
[INFO] [stderr]    Compiling memoffset v0.8.0
[INFO] [stderr]    Compiling smallvec v1.10.0
[INFO] [stderr]    Compiling ident_case v1.0.1
[INFO] [stderr]    Compiling regex-syntax v0.6.29
[INFO] [stderr]    Compiling pin-project-lite v0.2.9
[INFO] [stderr]    Compiling bindgen v0.65.1
[INFO] [stderr]    Compiling strsim v0.10.0
[INFO] [stderr]    Compiling rustc-demangle v0.1.22
[INFO] [stderr]    Compiling libz-sys v1.1.8
[INFO] [stderr]    Compiling thread-id v4.0.0
[INFO] [stderr]    Compiling lexical-parse-integer v0.8.6
[INFO] [stderr]    Compiling crypto-common v0.1.6
[INFO] [stderr]    Compiling block-buffer v0.10.4
[INFO] [stderr]    Compiling lexical-write-integer v0.8.5
[INFO] [stderr]    Compiling ahash v0.8.3
[INFO] [stderr]    Compiling proc-macro-error v1.0.4
[INFO] [stderr]    Compiling crossbeam-epoch v0.9.14
[INFO] [stderr]    Compiling tokio v1.27.0
[INFO] [stderr]    Compiling log-mdc v0.1.0
[INFO] [stderr]    Compiling lazycell v1.3.0
[INFO] [stderr]    Compiling peeking_take_while v0.1.2
[INFO] [stderr]    Compiling rustc-hash v1.1.0
[INFO] [stderr]    Compiling arc-swap v1.6.0
[INFO] [stderr]    Compiling openssl v0.10.50
[INFO] [stderr]    Compiling futures-core v0.3.28
[INFO] [stderr]    Compiling bytes v1.4.0
[INFO] [stderr]    Compiling shlex v1.1.0
[INFO] [stderr]    Compiling toml_datetime v0.6.1
[INFO] [stderr]    Compiling winnow v0.4.1
[INFO] [stderr]    Compiling radium v0.7.0
[INFO] [stderr]    Compiling crc32fast v1.3.2
[INFO] [stderr]    Compiling addr2line v0.19.0
[INFO] [stderr]    Compiling lexical-write-float v0.8.5
[INFO] [stderr]    Compiling digest v0.10.6
[INFO] [stderr]    Compiling lexical-parse-float v0.8.5
[INFO] [stderr]    Compiling socket2 v0.4.9
[INFO] [stderr]    Compiling dirs-sys v0.3.7
[INFO] [stderr]    Compiling subprocess v0.2.9
[INFO] [stderr]    Compiling enum-utils-from-str v0.1.2
[INFO] [stderr]    Compiling cexpr v0.6.0
[INFO] [stderr]    Compiling regex v1.7.3
[INFO] [stderr]    Compiling cmake v0.1.50
[INFO] [stderr]    Compiling slab v0.4.8
[INFO] [stderr]    Compiling rust_decimal v1.29.1
[INFO] [stderr]    Compiling futures-task v0.3.28
[INFO] [stderr]    Compiling frunk_proc_macro_helpers v0.1.1
[INFO] [stderr]    Compiling darling_core v0.14.4
[INFO] [stderr]    Compiling serde_derive_internals v0.25.0
[INFO] [stderr]    Compiling crossbeam-queue v0.3.8
[INFO] [stderr]    Compiling tap v1.0.1
[INFO] [stderr]    Compiling cpufeatures v0.2.6
[INFO] [stderr]    Compiling wyz v0.5.1
[INFO] [stderr]    Compiling native-tls v0.2.11
[INFO] [stderr]    Compiling aho-corasick v0.7.20
[INFO] [stderr]    Compiling lexical-core v0.8.5
[INFO] [stderr]    Compiling dirs v4.0.0
[INFO] [stderr]    Compiling parking_lot v0.12.1
[INFO] [stderr]    Compiling unicode-normalization v0.1.22
[INFO] [stderr]    Compiling chrono v0.4.24
[INFO] [stderr]    Compiling failure v0.1.8
[INFO] [stderr]    Compiling toml_edit v0.19.8
[INFO] [stderr]    Compiling tracing-core v0.1.30
[INFO] [stderr]    Compiling unicode-bidi v0.3.13
[INFO] [stderr]    Compiling futures-util v0.3.28
[INFO] [stderr]    Compiling percent-encoding v2.2.0
[INFO] [stderr]    Compiling termcolor v1.2.0
[INFO] [stderr]    Compiling base64 v0.21.0
[INFO] [stderr]    Compiling funty v2.0.0
[INFO] [stderr]    Compiling arrayvec v0.7.2
[INFO] [stderr]    Compiling time-core v0.1.0
[INFO] [stderr]    Compiling heck v0.4.1
[INFO] [stderr]    Compiling time v0.3.20
[INFO] [stderr]    Compiling form_urlencoded v1.1.0
[INFO] [stderr]    Compiling idna v0.3.0
[INFO] [stderr]    Compiling tracing v0.1.37
[INFO] [stderr]    Compiling hashbrown v0.13.2
[INFO] [stderr]    Compiling bigdecimal v0.3.0
[INFO] [stderr]    Compiling proc-macro-crate v1.3.1
[INFO] [stderr]    Compiling bitvec v1.0.1
[INFO] [stderr]    Compiling flate2 v1.0.25
[INFO] [stderr]    Compiling crossbeam-deque v0.8.3
[INFO] [stderr]    Compiling lexical v6.1.1
[INFO] [stderr]    Compiling derivative v2.2.0
[INFO] [stderr]    Compiling frunk_proc_macros_impl v0.1.1
[INFO] [stderr]    Compiling enum-utils v0.1.2
[INFO] [stderr]    Compiling frunk_derives v0.4.1
[INFO] [stderr]    Compiling pin-project-internal v1.0.12
[INFO] [stderr]    Compiling darling_macro v0.14.4
[INFO] [stderr]    Compiling sha1 v0.10.5
[INFO] [stderr]    Compiling sha2 v0.10.6
[INFO] [stderr]    Compiling crossbeam-channel v0.5.8
[INFO] [stderr]    Compiling thiserror-impl v1.0.40
[INFO] [stderr]    Compiling openssl-macros v0.1.1
[INFO] [stderr]    Compiling frunk_proc_macros v0.1.1
[INFO] [stderr]    Compiling futures-macro v0.3.28
[INFO] [stderr]    Compiling futures-sink v0.3.28
[INFO] [stderr]    Compiling frunk v0.4.1
[INFO] [stderr]    Compiling bitflags v2.1.0
[INFO] [stderr]    Compiling byteorder v1.4.3
[INFO] [stderr]    Compiling async-trait v0.1.68
[INFO] [stderr]    Compiling darling v0.14.4
[INFO] [stderr]    Compiling saturating v0.1.0
[INFO] [stderr]    Compiling crossbeam v0.8.2
[INFO] [stderr]    Compiling lru v0.10.0
[INFO] [stderr]    Compiling url v2.3.1
[INFO] [stderr]    Compiling pem v2.0.1
[INFO] [stderr]    Compiling twox-hash v1.6.3
[INFO] [stderr]    Compiling socket2 v0.5.2
[INFO] [stderr]    Compiling keyed_priority_queue v0.4.1
[INFO] [stderr]    Compiling pin-project v1.0.12
[INFO] [stderr]    Compiling mysql-common-derive v0.30.0
[INFO] [stderr]    Compiling mysql_common v0.30.2
[INFO] [stderr]    Compiling uuid v1.3.1
[INFO] [stderr]    Compiling mio v0.8.6
[INFO] [stderr]    Compiling log4rs v1.2.0
[INFO] [stderr]    Compiling common_uu v1.0.0
[INFO] [stderr]    Compiling orm_mysql_macro v1.0.0
[INFO] [stderr]    Compiling tokio-util v0.7.7
[INFO] [stderr]    Compiling tokio-native-tls v0.3.1
[INFO] [stderr]    Compiling mysql_async_uu v0.32.4
[INFO] [stderr]    Compiling orm_mysql v1.1.2 (/opt/rustwide/workdir)
[INFO] [stdout] warning: unused `#[macro_use]` import
[INFO] [stdout]  --> src/lib.rs:1:1
[INFO] [stdout]   |
[INFO] [stdout] 1 | #[macro_use]
[INFO] [stdout]   | ^^^^^^^^^^^^
[INFO] [stdout]   |
[INFO] [stdout]   = note: `#[warn(unused_imports)]` on by default
[INFO] [stdout] 
[INFO] [stdout] 
[INFO] [stdout] warning: use of deprecated associated function `chrono::NaiveTime::from_hms`: use `from_hms_opt()` instead
[INFO] [stdout]   --> src/mysql.rs:48:52
[INFO] [stdout]    |
[INFO] [stdout] 48 |                     let mut v = chrono::NaiveTime::from_hms(0, 0, 0);
[INFO] [stdout]    |                                                    ^^^^^^^^
[INFO] [stdout]    |
[INFO] [stdout]    = note: `#[warn(deprecated)]` on by default
[INFO] [stdout] 
[INFO] [stdout] 
[INFO] [stdout] warning: use of deprecated associated function `chrono::NaiveDate::from_ymd`: use `from_ymd_opt()` instead
[INFO] [stdout]    --> src/mysql.rs:129:52
[INFO] [stdout]     |
[INFO] [stdout] 129 |                     let mut v = chrono::NaiveDate::from_ymd(1970, 1, 1);
[INFO] [stdout]     |                                                    ^^^^^^^^
[INFO] [stdout] 
[INFO] [stdout] 
[INFO] [stdout] warning: use of deprecated method `chrono::TimeZone::timestamp`: use `timestamp_opt()` instead
[INFO] [stdout]    --> src/mysql.rs:157:44
[INFO] [stdout]     |
[INFO] [stdout] 157 |                     let dt = chrono::Local.timestamp(timestament as i64, 0);
[INFO] [stdout]     |                                            ^^^^^^^^^
[INFO] [stdout] 
[INFO] [stdout] 
[INFO] [stdout] warning: use of deprecated method `chrono::TimeZone::timestamp`: use `timestamp_opt()` instead
[INFO] [stdout]    --> src/mysql.rs:162:44
[INFO] [stdout]     |
[INFO] [stdout] 162 |                     let dt = chrono::Local.timestamp(timestament as i64, 0);
[INFO] [stdout]     |                                            ^^^^^^^^^
[INFO] [stdout] 
[INFO] [stdout] 
[INFO] [stdout] warning: use of deprecated associated function `chrono::NaiveTime::from_hms`: use `from_hms_opt()` instead
[INFO] [stdout]    --> src/mysql.rs:166:52
[INFO] [stdout]     |
[INFO] [stdout] 166 |                     let mut v = chrono::NaiveTime::from_hms(0, 0, 0);
[INFO] [stdout]     |                                                    ^^^^^^^^
[INFO] [stdout] 
[INFO] [stdout] 
[INFO] [stdout] warning: use of deprecated method `chrono::DateTime::<Tz>::date`: Use `date_naive()` instead
[INFO] [stdout]    --> src/mysql.rs:175:42
[INFO] [stdout]     |
[INFO] [stdout] 175 |                     chrono::Local::now().date().and_time(v).unwrap_or_default()
[INFO] [stdout]     |                                          ^^^^
[INFO] [stdout] 
[INFO] [stdout] 
[INFO] [stdout] warning: use of deprecated method `chrono::TimeZone::ymd`: use `with_ymd_and_hms()` instead
[INFO] [stdout]    --> src/mysql.rs:180:26
[INFO] [stdout]     |
[INFO] [stdout] 180 |                         .ymd(year as i32, month as u32, day as u32)
[INFO] [stdout]     |                          ^^^
[INFO] [stdout] 
[INFO] [stdout] 
[INFO] [stdout] warning: use of deprecated method `chrono::Date::<Tz>::and_hms_micro`: Use and_hms_micro_opt() instead
[INFO] [stdout]    --> src/mysql.rs:181:26
[INFO] [stdout]     |
[INFO] [stdout] 181 |                         .and_hms_micro(hour as u32, minutes as u32, seconds as u32, micro as u32);
[INFO] [stdout]     |                          ^^^^^^^^^^^^^
[INFO] [stdout] 
[INFO] [stdout] 
[INFO] [stdout] warning: unused variable: `hour`
[INFO] [stdout]    --> src/mysql.rs:120:60
[INFO] [stdout]     |
[INFO] [stdout] 120 |                 mysql_async::Value::Date(year, month, day, hour, minutes, seconds, micro) => {
[INFO] [stdout]     |                                                            ^^^^ help: if this is intentional, prefix it with an underscore: `_hour`
[INFO] [stdout]     |
[INFO] [stdout]     = note: `#[warn(unused_variables)]` on by default
[INFO] [stdout] 
[INFO] [stdout] 
[INFO] [stdout] warning: unused variable: `minutes`
[INFO] [stdout]    --> src/mysql.rs:120:66
[INFO] [stdout]     |
[INFO] [stdout] 120 |                 mysql_async::Value::Date(year, month, day, hour, minutes, seconds, micro) => {
[INFO] [stdout]     |                                                                  ^^^^^^^ help: if this is intentional, prefix it with an underscore: `_minutes`
[INFO] [stdout] 
[INFO] [stdout] 
[INFO] [stdout] warning: unused variable: `seconds`
[INFO] [stdout]    --> src/mysql.rs:120:75
[INFO] [stdout]     |
[INFO] [stdout] 120 |                 mysql_async::Value::Date(year, month, day, hour, minutes, seconds, micro) => {
[INFO] [stdout]     |                                                                           ^^^^^^^ help: if this is intentional, prefix it with an underscore: `_seconds`
[INFO] [stdout] 
[INFO] [stdout] 
[INFO] [stdout] warning: unused variable: `micro`
[INFO] [stdout]    --> src/mysql.rs:120:84
[INFO] [stdout]     |
[INFO] [stdout] 120 |                 mysql_async::Value::Date(year, month, day, hour, minutes, seconds, micro) => {
[INFO] [stdout]     |                                                                                    ^^^^^ help: if this is intentional, prefix it with an underscore: `_micro`
[INFO] [stdout] 
[INFO] [stdout] 
[INFO] [stdout] warning: unused variable: `hours`
[INFO] [stdout]    --> src/mysql.rs:128:62
[INFO] [stdout]     |
[INFO] [stdout] 128 |                 mysql_async::Value::Time(_is_negative, days, hours, minutes, seconds, micro) => {
[INFO] [stdout]     |                                                              ^^^^^ help: if this is intentional, prefix it with an underscore: `_hours`
[INFO] [stdout] 
[INFO] [stdout] 
[INFO] [stdout] warning: unused variable: `minutes`
[INFO] [stdout]    --> src/mysql.rs:128:69
[INFO] [stdout]     |
[INFO] [stdout] 128 |                 mysql_async::Value::Time(_is_negative, days, hours, minutes, seconds, micro) => {
[INFO] [stdout]     |                                                                     ^^^^^^^ help: if this is intentional, prefix it with an underscore: `_minutes`
[INFO] [stdout] 
[INFO] [stdout] 
[INFO] [stdout] warning: unused variable: `seconds`
[INFO] [stdout]    --> src/mysql.rs:128:78
[INFO] [stdout]     |
[INFO] [stdout] 128 |                 mysql_async::Value::Time(_is_negative, days, hours, minutes, seconds, micro) => {
[INFO] [stdout]     |                                                                              ^^^^^^^ help: if this is intentional, prefix it with an underscore: `_seconds`
[INFO] [stdout] 
[INFO] [stdout] 
[INFO] [stdout] warning: unused variable: `micro`
[INFO] [stdout]    --> src/mysql.rs:128:87
[INFO] [stdout]     |
[INFO] [stdout] 128 |                 mysql_async::Value::Time(_is_negative, days, hours, minutes, seconds, micro) => {
[INFO] [stdout]     |                                                                                       ^^^^^ help: if this is intentional, prefix it with an underscore: `_micro`
[INFO] [stdout] 
[INFO] [stdout] 
[INFO] [stdout] warning: 17 warnings emitted
[INFO] [stdout] 
[INFO] [stdout] 
[INFO] [stderr]     Finished dev [unoptimized + debuginfo] target(s) in 40.62s
[INFO] running `Command { std: "docker" "inspect" "a9cab329233e5ebdd6c973460253014b17db48bf0c490e7ad48a526d1efdb38f", kill_on_drop: false }`
[INFO] running `Command { std: "docker" "rm" "-f" "a9cab329233e5ebdd6c973460253014b17db48bf0c490e7ad48a526d1efdb38f", kill_on_drop: false }`
[INFO] [stdout] a9cab329233e5ebdd6c973460253014b17db48bf0c490e7ad48a526d1efdb38f
[INFO] running `Command { std: "docker" "create" "-v" "/var/lib/crater-agent-workspace/builds/worker-3-tc2/target:/opt/rustwide/target:rw,Z" "-v" "/var/lib/crater-agent-workspace/builds/worker-3-tc2/source:/opt/rustwide/workdir:ro,Z" "-v" "/var/lib/crater-agent-workspace/cargo-home:/opt/rustwide/cargo-home:ro,Z" "-v" "/var/lib/crater-agent-workspace/rustup-home:/opt/rustwide/rustup-home:ro,Z" "-e" "SOURCE_DIR=/opt/rustwide/workdir" "-e" "CARGO_TARGET_DIR=/opt/rustwide/target" "-e" "CARGO_INCREMENTAL=0" "-e" "RUST_BACKTRACE=full" "-e" "RUSTFLAGS=--cap-lints=warn" "-e" "RUSTDOCFLAGS=--cap-lints=warn" "-e" "CARGO_HOME=/opt/rustwide/cargo-home" "-e" "RUSTUP_HOME=/opt/rustwide/rustup-home" "-w" "/opt/rustwide/workdir" "-m" "1610612736" "--user" "0:0" "--network" "none" "ghcr.io/rust-lang/crates-build-env/linux@sha256:2788e3201cd34a07e3172128adcd8b3090168a8e3bcc40d7c032b9dda1df7d1c" "/opt/rustwide/cargo-home/bin/cargo" "+beta-2023-12-22" "test" "--frozen" "--no-run" "--message-format=json", kill_on_drop: false }`
[INFO] [stdout] 101f128210098301da4e417c9aa746cfd49b7fe2289d471f91941a5869c7631d
[INFO] running `Command { std: "docker" "start" "-a" "101f128210098301da4e417c9aa746cfd49b7fe2289d471f91941a5869c7631d", kill_on_drop: false }`
[INFO] [stderr]    Compiling tokio v1.27.0
[INFO] [stderr]    Compiling tokio-macros v2.0.0
[INFO] [stderr]    Compiling num_cpus v1.15.0
[INFO] [stderr]    Compiling time v0.3.20
[INFO] [stderr]    Compiling mysql_common v0.30.2
[INFO] [stderr]    Compiling tokio-util v0.7.7
[INFO] [stderr]    Compiling tokio-native-tls v0.3.1
[INFO] [stderr]    Compiling mysql_async_uu v0.32.4
[INFO] [stderr]    Compiling orm_mysql v1.1.2 (/opt/rustwide/workdir)
[INFO] [stdout] warning: unused `#[macro_use]` import
[INFO] [stdout]  --> src/lib.rs:1:1
[INFO] [stdout]   |
[INFO] [stdout] 1 | #[macro_use]
[INFO] [stdout]   | ^^^^^^^^^^^^
[INFO] [stdout]   |
[INFO] [stdout]   = note: `#[warn(unused_imports)]` on by default
[INFO] [stdout] 
[INFO] [stdout] 
[INFO] [stdout] warning: use of deprecated associated function `chrono::NaiveTime::from_hms`: use `from_hms_opt()` instead
[INFO] [stdout]   --> src/mysql.rs:48:52
[INFO] [stdout]    |
[INFO] [stdout] 48 |                     let mut v = chrono::NaiveTime::from_hms(0, 0, 0);
[INFO] [stdout]    |                                                    ^^^^^^^^
[INFO] [stdout]    |
[INFO] [stdout]    = note: `#[warn(deprecated)]` on by default
[INFO] [stdout] 
[INFO] [stdout] 
[INFO] [stdout] warning: use of deprecated associated function `chrono::NaiveDate::from_ymd`: use `from_ymd_opt()` instead
[INFO] [stdout]    --> src/mysql.rs:129:52
[INFO] [stdout]     |
[INFO] [stdout] 129 |                     let mut v = chrono::NaiveDate::from_ymd(1970, 1, 1);
[INFO] [stdout]     |                                                    ^^^^^^^^
[INFO] [stdout] 
[INFO] [stdout] 
[INFO] [stdout] warning: use of deprecated method `chrono::TimeZone::timestamp`: use `timestamp_opt()` instead
[INFO] [stdout]    --> src/mysql.rs:157:44
[INFO] [stdout]     |
[INFO] [stdout] 157 |                     let dt = chrono::Local.timestamp(timestament as i64, 0);
[INFO] [stdout]     |                                            ^^^^^^^^^
[INFO] [stdout] 
[INFO] [stdout] 
[INFO] [stdout] warning: use of deprecated method `chrono::TimeZone::timestamp`: use `timestamp_opt()` instead
[INFO] [stdout]    --> src/mysql.rs:162:44
[INFO] [stdout]     |
[INFO] [stdout] 162 |                     let dt = chrono::Local.timestamp(timestament as i64, 0);
[INFO] [stdout]     |                                            ^^^^^^^^^
[INFO] [stdout] 
[INFO] [stdout] 
[INFO] [stdout] warning: use of deprecated associated function `chrono::NaiveTime::from_hms`: use `from_hms_opt()` instead
[INFO] [stdout]    --> src/mysql.rs:166:52
[INFO] [stdout]     |
[INFO] [stdout] 166 |                     let mut v = chrono::NaiveTime::from_hms(0, 0, 0);
[INFO] [stdout]     |                                                    ^^^^^^^^
[INFO] [stdout] 
[INFO] [stdout] 
[INFO] [stdout] warning: use of deprecated method `chrono::DateTime::<Tz>::date`: Use `date_naive()` instead
[INFO] [stdout]    --> src/mysql.rs:175:42
[INFO] [stdout]     |
[INFO] [stdout] 175 |                     chrono::Local::now().date().and_time(v).unwrap_or_default()
[INFO] [stdout]     |                                          ^^^^
[INFO] [stdout] 
[INFO] [stdout] 
[INFO] [stdout] warning: use of deprecated method `chrono::TimeZone::ymd`: use `with_ymd_and_hms()` instead
[INFO] [stdout]    --> src/mysql.rs:180:26
[INFO] [stdout]     |
[INFO] [stdout] 180 |                         .ymd(year as i32, month as u32, day as u32)
[INFO] [stdout]     |                          ^^^
[INFO] [stdout] 
[INFO] [stdout] 
[INFO] [stdout] warning: use of deprecated method `chrono::Date::<Tz>::and_hms_micro`: Use and_hms_micro_opt() instead
[INFO] [stdout]    --> src/mysql.rs:181:26
[INFO] [stdout]     |
[INFO] [stdout] 181 |                         .and_hms_micro(hour as u32, minutes as u32, seconds as u32, micro as u32);
[INFO] [stdout]     |                          ^^^^^^^^^^^^^
[INFO] [stdout] 
[INFO] [stdout] 
[INFO] [stdout] warning: unused variable: `hour`
[INFO] [stdout]    --> src/mysql.rs:120:60
[INFO] [stdout]     |
[INFO] [stdout] 120 |                 mysql_async::Value::Date(year, month, day, hour, minutes, seconds, micro) => {
[INFO] [stdout]     |                                                            ^^^^ help: if this is intentional, prefix it with an underscore: `_hour`
[INFO] [stdout]     |
[INFO] [stdout]     = note: `#[warn(unused_variables)]` on by default
[INFO] [stdout] 
[INFO] [stdout] 
[INFO] [stdout] warning: unused variable: `minutes`
[INFO] [stdout]    --> src/mysql.rs:120:66
[INFO] [stdout]     |
[INFO] [stdout] 120 |                 mysql_async::Value::Date(year, month, day, hour, minutes, seconds, micro) => {
[INFO] [stdout]     |                                                                  ^^^^^^^ help: if this is intentional, prefix it with an underscore: `_minutes`
[INFO] [stdout] 
[INFO] [stdout] 
[INFO] [stdout] warning: unused variable: `seconds`
[INFO] [stdout]    --> src/mysql.rs:120:75
[INFO] [stdout]     |
[INFO] [stdout] 120 |                 mysql_async::Value::Date(year, month, day, hour, minutes, seconds, micro) => {
[INFO] [stdout]     |                                                                           ^^^^^^^ help: if this is intentional, prefix it with an underscore: `_seconds`
[INFO] [stdout] 
[INFO] [stdout] 
[INFO] [stdout] warning: unused variable: `micro`
[INFO] [stdout]    --> src/mysql.rs:120:84
[INFO] [stdout]     |
[INFO] [stdout] 120 |                 mysql_async::Value::Date(year, month, day, hour, minutes, seconds, micro) => {
[INFO] [stdout]     |                                                                                    ^^^^^ help: if this is intentional, prefix it with an underscore: `_micro`
[INFO] [stdout] 
[INFO] [stdout] 
[INFO] [stdout] warning: unused variable: `hours`
[INFO] [stdout]    --> src/mysql.rs:128:62
[INFO] [stdout]     |
[INFO] [stdout] 128 |                 mysql_async::Value::Time(_is_negative, days, hours, minutes, seconds, micro) => {
[INFO] [stdout]     |                                                              ^^^^^ help: if this is intentional, prefix it with an underscore: `_hours`
[INFO] [stdout] 
[INFO] [stdout] 
[INFO] [stdout] warning: unused variable: `minutes`
[INFO] [stdout]    --> src/mysql.rs:128:69
[INFO] [stdout]     |
[INFO] [stdout] 128 |                 mysql_async::Value::Time(_is_negative, days, hours, minutes, seconds, micro) => {
[INFO] [stdout]     |                                                                     ^^^^^^^ help: if this is intentional, prefix it with an underscore: `_minutes`
[INFO] [stdout] 
[INFO] [stdout] 
[INFO] [stdout] warning: unused variable: `seconds`
[INFO] [stdout]    --> src/mysql.rs:128:78
[INFO] [stdout]     |
[INFO] [stdout] 128 |                 mysql_async::Value::Time(_is_negative, days, hours, minutes, seconds, micro) => {
[INFO] [stdout]     |                                                                              ^^^^^^^ help: if this is intentional, prefix it with an underscore: `_seconds`
[INFO] [stdout] 
[INFO] [stdout] 
[INFO] [stdout] warning: unused variable: `micro`
[INFO] [stdout]    --> src/mysql.rs:128:87
[INFO] [stdout]     |
[INFO] [stdout] 128 |                 mysql_async::Value::Time(_is_negative, days, hours, minutes, seconds, micro) => {
[INFO] [stdout]     |                                                                                       ^^^^^ help: if this is intentional, prefix it with an underscore: `_micro`
[INFO] [stdout] 
[INFO] [stdout] 
[INFO] [stdout] warning: 17 warnings emitted
[INFO] [stdout] 
[INFO] [stdout] 
[INFO] [stdout] warning: unused `#[macro_use]` import
[INFO] [stdout]  --> src/lib.rs:1:1
[INFO] [stdout]   |
[INFO] [stdout] 1 | #[macro_use]
[INFO] [stdout]   | ^^^^^^^^^^^^
[INFO] [stdout]   |
[INFO] [stdout]   = note: `#[warn(unused_imports)]` on by default
[INFO] [stdout] 
[INFO] [stdout] 
[INFO] [stdout] warning: use of deprecated associated function `chrono::NaiveTime::from_hms`: use `from_hms_opt()` instead
[INFO] [stdout]   --> src/mysql.rs:48:52
[INFO] [stdout]    |
[INFO] [stdout] 48 |                     let mut v = chrono::NaiveTime::from_hms(0, 0, 0);
[INFO] [stdout]    |                                                    ^^^^^^^^
[INFO] [stdout]    |
[INFO] [stdout]    = note: `#[warn(deprecated)]` on by default
[INFO] [stdout] 
[INFO] [stdout] 
[INFO] [stdout] warning: use of deprecated associated function `chrono::NaiveDate::from_ymd`: use `from_ymd_opt()` instead
[INFO] [stdout]    --> src/mysql.rs:129:52
[INFO] [stdout]     |
[INFO] [stdout] 129 |                     let mut v = chrono::NaiveDate::from_ymd(1970, 1, 1);
[INFO] [stdout]     |                                                    ^^^^^^^^
[INFO] [stdout] 
[INFO] [stdout] 
[INFO] [stdout] warning: use of deprecated method `chrono::TimeZone::timestamp`: use `timestamp_opt()` instead
[INFO] [stdout]    --> src/mysql.rs:157:44
[INFO] [stdout]     |
[INFO] [stdout] 157 |                     let dt = chrono::Local.timestamp(timestament as i64, 0);
[INFO] [stdout]     |                                            ^^^^^^^^^
[INFO] [stdout] 
[INFO] [stdout] 
[INFO] [stdout] warning: use of deprecated method `chrono::TimeZone::timestamp`: use `timestamp_opt()` instead
[INFO] [stdout]    --> src/mysql.rs:162:44
[INFO] [stdout]     |
[INFO] [stdout] 162 |                     let dt = chrono::Local.timestamp(timestament as i64, 0);
[INFO] [stdout]     |                                            ^^^^^^^^^
[INFO] [stdout] 
[INFO] [stdout] 
[INFO] [stdout] warning: use of deprecated associated function `chrono::NaiveTime::from_hms`: use `from_hms_opt()` instead
[INFO] [stdout]    --> src/mysql.rs:166:52
[INFO] [stdout]     |
[INFO] [stdout] 166 |                     let mut v = chrono::NaiveTime::from_hms(0, 0, 0);
[INFO] [stdout]     |                                                    ^^^^^^^^
[INFO] [stdout] 
[INFO] [stdout] 
[INFO] [stdout] warning: use of deprecated method `chrono::DateTime::<Tz>::date`: Use `date_naive()` instead
[INFO] [stdout]    --> src/mysql.rs:175:42
[INFO] [stdout]     |
[INFO] [stdout] 175 |                     chrono::Local::now().date().and_time(v).unwrap_or_default()
[INFO] [stdout]     |                                          ^^^^
[INFO] [stdout] 
[INFO] [stdout] 
[INFO] [stdout] warning: use of deprecated method `chrono::TimeZone::ymd`: use `with_ymd_and_hms()` instead
[INFO] [stdout]    --> src/mysql.rs:180:26
[INFO] [stdout]     |
[INFO] [stdout] 180 |                         .ymd(year as i32, month as u32, day as u32)
[INFO] [stdout]     |                          ^^^
[INFO] [stdout] 
[INFO] [stdout] 
[INFO] [stdout] warning: use of deprecated method `chrono::Date::<Tz>::and_hms_micro`: Use and_hms_micro_opt() instead
[INFO] [stdout]    --> src/mysql.rs:181:26
[INFO] [stdout]     |
[INFO] [stdout] 181 |                         .and_hms_micro(hour as u32, minutes as u32, seconds as u32, micro as u32);
[INFO] [stdout]     |                          ^^^^^^^^^^^^^
[INFO] [stdout] 
[INFO] [stdout] 
[INFO] [stdout] warning: unused variable: `hour`
[INFO] [stdout]    --> src/mysql.rs:120:60
[INFO] [stdout]     |
[INFO] [stdout] 120 |                 mysql_async::Value::Date(year, month, day, hour, minutes, seconds, micro) => {
[INFO] [stdout]     |                                                            ^^^^ help: if this is intentional, prefix it with an underscore: `_hour`
[INFO] [stdout]     |
[INFO] [stdout]     = note: `#[warn(unused_variables)]` on by default
[INFO] [stdout] 
[INFO] [stdout] 
[INFO] [stdout] warning: unused variable: `minutes`
[INFO] [stdout]    --> src/mysql.rs:120:66
[INFO] [stdout]     |
[INFO] [stdout] 120 |                 mysql_async::Value::Date(year, month, day, hour, minutes, seconds, micro) => {
[INFO] [stdout]     |                                                                  ^^^^^^^ help: if this is intentional, prefix it with an underscore: `_minutes`
[INFO] [stdout] 
[INFO] [stdout] 
[INFO] [stdout] warning: unused variable: `seconds`
[INFO] [stdout]    --> src/mysql.rs:120:75
[INFO] [stdout]     |
[INFO] [stdout] 120 |                 mysql_async::Value::Date(year, month, day, hour, minutes, seconds, micro) => {
[INFO] [stdout]     |                                                                           ^^^^^^^ help: if this is intentional, prefix it with an underscore: `_seconds`
[INFO] [stdout] 
[INFO] [stdout] 
[INFO] [stdout] warning: unused variable: `micro`
[INFO] [stdout]    --> src/mysql.rs:120:84
[INFO] [stdout]     |
[INFO] [stdout] 120 |                 mysql_async::Value::Date(year, month, day, hour, minutes, seconds, micro) => {
[INFO] [stdout]     |                                                                                    ^^^^^ help: if this is intentional, prefix it with an underscore: `_micro`
[INFO] [stdout] 
[INFO] [stdout] 
[INFO] [stdout] warning: unused variable: `hours`
[INFO] [stdout]    --> src/mysql.rs:128:62
[INFO] [stdout]     |
[INFO] [stdout] 128 |                 mysql_async::Value::Time(_is_negative, days, hours, minutes, seconds, micro) => {
[INFO] [stdout]     |                                                              ^^^^^ help: if this is intentional, prefix it with an underscore: `_hours`
[INFO] [stdout] 
[INFO] [stdout] 
[INFO] [stdout] warning: unused variable: `minutes`
[INFO] [stdout]    --> src/mysql.rs:128:69
[INFO] [stdout]     |
[INFO] [stdout] 128 |                 mysql_async::Value::Time(_is_negative, days, hours, minutes, seconds, micro) => {
[INFO] [stdout]     |                                                                     ^^^^^^^ help: if this is intentional, prefix it with an underscore: `_minutes`
[INFO] [stdout] 
[INFO] [stdout] 
[INFO] [stdout] warning: unused variable: `seconds`
[INFO] [stdout]    --> src/mysql.rs:128:78
[INFO] [stdout]     |
[INFO] [stdout] 128 |                 mysql_async::Value::Time(_is_negative, days, hours, minutes, seconds, micro) => {
[INFO] [stdout]     |                                                                              ^^^^^^^ help: if this is intentional, prefix it with an underscore: `_seconds`
[INFO] [stdout] 
[INFO] [stdout] 
[INFO] [stdout] warning: unused variable: `micro`
[INFO] [stdout]    --> src/mysql.rs:128:87
[INFO] [stdout]     |
[INFO] [stdout] 128 |                 mysql_async::Value::Time(_is_negative, days, hours, minutes, seconds, micro) => {
[INFO] [stdout]     |                                                                                       ^^^^^ help: if this is intentional, prefix it with an underscore: `_micro`
[INFO] [stdout] 
[INFO] [stdout] 
[INFO] [stdout] error[E0609]: no field `id` on type `UserData`
[INFO] [stdout]   --> examples/mysql_insert.rs:22:10
[INFO] [stdout]    |
[INFO] [stdout] 22 | #[derive(OrmMySql)]
[INFO] [stdout]    |          ^^^^^^^^ unknown field
[INFO] [stdout]    |
[INFO] [stdout]    = note: this error originates in the derive macro `OrmMySql` (in Nightly builds, run with -Z macro-backtrace for more info)
[INFO] [stdout] 
[INFO] [stdout] 
[INFO] [stdout] error[E0609]: no field `id` on type `UserData`
[INFO] [stdout]   --> examples/mysql_query.rs:28:10
[INFO] [stdout]    |
[INFO] [stdout] 28 | #[derive(OrmMySql)]
[INFO] [stdout]    |          ^^^^^^^^ unknown field
[INFO] [stdout]    |
[INFO] [stdout]    = note: this error originates in the derive macro `OrmMySql` (in Nightly builds, run with -Z macro-backtrace for more info)
[INFO] [stdout] 
[INFO] [stdout] 
[INFO] [stdout] error[E0609]: no field `id` on type `&UserData`
[INFO] [stdout]   --> examples/mysql_query.rs:28:10
[INFO] [stdout]    |
[INFO] [stdout] 28 | #[derive(OrmMySql)]
[INFO] [stdout]    |          ^^^^^^^^ unknown field
[INFO] [stdout]    |
[INFO] [stdout]    = note: this error originates in the derive macro `OrmMySql` (in Nightly builds, run with -Z macro-backtrace for more info)
[INFO] [stdout] 
[INFO] [stdout] 
[INFO] [stdout] error[E0609]: no field `id` on type `&UserData`
[INFO] [stdout]   --> examples/mysql_insert.rs:22:10
[INFO] [stdout]    |
[INFO] [stdout] 22 | #[derive(OrmMySql)]
[INFO] [stdout]    |          ^^^^^^^^ unknown field
[INFO] [stdout]    |
[INFO] [stdout]    = note: this error originates in the derive macro `OrmMySql` (in Nightly builds, run with -Z macro-backtrace for more info)
[INFO] [stdout] 
[INFO] [stdout] 
[INFO] [stdout] error: aborting due to 2 previous errors
[INFO] [stdout] 
[INFO] [stdout] 
[INFO] [stdout] For more information about this error, try `rustc --explain E0609`.
[INFO] [stdout] 
[INFO] [stderr] error: could not compile `orm_mysql` (example "mysql_query") due to 3 previous errors
[INFO] [stderr] warning: build failed, waiting for other jobs to finish...
[INFO] [stdout] error: aborting due to 2 previous errors
[INFO] [stdout] 
[INFO] [stdout] 
[INFO] [stdout] For more information about this error, try `rustc --explain E0609`.
[INFO] [stdout] 
[INFO] [stderr] error: could not compile `orm_mysql` (example "mysql_insert") due to 3 previous errors
[INFO] [stdout] warning: 17 warnings emitted
[INFO] [stdout] 
[INFO] [stdout] 
[INFO] running `Command { std: "docker" "inspect" "101f128210098301da4e417c9aa746cfd49b7fe2289d471f91941a5869c7631d", kill_on_drop: false }`
[INFO] running `Command { std: "docker" "rm" "-f" "101f128210098301da4e417c9aa746cfd49b7fe2289d471f91941a5869c7631d", kill_on_drop: false }`
[INFO] [stdout] 101f128210098301da4e417c9aa746cfd49b7fe2289d471f91941a5869c7631d
