[INFO] fetching crate orbtk_orbclient 0.3.1-alpha4...
[INFO] testing orbtk_orbclient-0.3.1-alpha4 against 1.75.0 for beta-1.76-1
[INFO] extracting crate orbtk_orbclient 0.3.1-alpha4 into /workspace/builds/worker-7-tc1/source
[INFO] validating manifest of crates.io crate orbtk_orbclient 0.3.1-alpha4 on toolchain 1.75.0
[INFO] running `Command { std: CARGO_HOME="/workspace/cargo-home" RUSTUP_HOME="/workspace/rustup-home" "/workspace/cargo-home/bin/cargo" "+1.75.0" "metadata" "--manifest-path" "Cargo.toml" "--no-deps", kill_on_drop: false }`
[INFO] started tweaking crates.io crate orbtk_orbclient 0.3.1-alpha4
[INFO] finished tweaking crates.io crate orbtk_orbclient 0.3.1-alpha4
[INFO] tweaked toml for crates.io crate orbtk_orbclient 0.3.1-alpha4 written to /workspace/builds/worker-7-tc1/source/Cargo.toml
[INFO] running `Command { std: CARGO_HOME="/workspace/cargo-home" RUSTUP_HOME="/workspace/rustup-home" "/workspace/cargo-home/bin/cargo" "+1.75.0" "generate-lockfile" "--manifest-path" "Cargo.toml", kill_on_drop: false }`
[INFO] [stderr]     Updating crates.io index
[INFO] running `Command { std: CARGO_HOME="/workspace/cargo-home" RUSTUP_HOME="/workspace/rustup-home" "/workspace/cargo-home/bin/cargo" "+1.75.0" "fetch" "--manifest-path" "Cargo.toml", kill_on_drop: false }`
[INFO] running `Command { std: "docker" "create" "-v" "/var/lib/crater-agent-workspace/builds/worker-7-tc1/target:/opt/rustwide/target:rw,Z" "-v" "/var/lib/crater-agent-workspace/builds/worker-7-tc1/source:/opt/rustwide/workdir:ro,Z" "-v" "/var/lib/crater-agent-workspace/cargo-home:/opt/rustwide/cargo-home:ro,Z" "-v" "/var/lib/crater-agent-workspace/rustup-home:/opt/rustwide/rustup-home:ro,Z" "-e" "SOURCE_DIR=/opt/rustwide/workdir" "-e" "CARGO_TARGET_DIR=/opt/rustwide/target" "-e" "CARGO_HOME=/opt/rustwide/cargo-home" "-e" "RUSTUP_HOME=/opt/rustwide/rustup-home" "-w" "/opt/rustwide/workdir" "-m" "1610612736" "--user" "0:0" "--network" "none" "ghcr.io/rust-lang/crates-build-env/linux@sha256:2788e3201cd34a07e3172128adcd8b3090168a8e3bcc40d7c032b9dda1df7d1c" "/opt/rustwide/cargo-home/bin/cargo" "+1.75.0" "metadata" "--no-deps" "--format-version=1", kill_on_drop: false }`
[INFO] [stdout] 6d4c5b438dfb8dd7734db1099d2cbdcf084f2bd99cc97a3d2ba3206dff240b89
[INFO] running `Command { std: "docker" "start" "-a" "6d4c5b438dfb8dd7734db1099d2cbdcf084f2bd99cc97a3d2ba3206dff240b89", kill_on_drop: false }`
[INFO] running `Command { std: "docker" "inspect" "6d4c5b438dfb8dd7734db1099d2cbdcf084f2bd99cc97a3d2ba3206dff240b89", kill_on_drop: false }`
[INFO] running `Command { std: "docker" "rm" "-f" "6d4c5b438dfb8dd7734db1099d2cbdcf084f2bd99cc97a3d2ba3206dff240b89", kill_on_drop: false }`
[INFO] [stdout] 6d4c5b438dfb8dd7734db1099d2cbdcf084f2bd99cc97a3d2ba3206dff240b89
[INFO] running `Command { std: "docker" "create" "-v" "/var/lib/crater-agent-workspace/builds/worker-7-tc1/target:/opt/rustwide/target:rw,Z" "-v" "/var/lib/crater-agent-workspace/builds/worker-7-tc1/source:/opt/rustwide/workdir:ro,Z" "-v" "/var/lib/crater-agent-workspace/cargo-home:/opt/rustwide/cargo-home:ro,Z" "-v" "/var/lib/crater-agent-workspace/rustup-home:/opt/rustwide/rustup-home:ro,Z" "-e" "SOURCE_DIR=/opt/rustwide/workdir" "-e" "CARGO_TARGET_DIR=/opt/rustwide/target" "-e" "CARGO_INCREMENTAL=0" "-e" "RUST_BACKTRACE=full" "-e" "RUSTFLAGS=--cap-lints=warn" "-e" "RUSTDOCFLAGS=--cap-lints=warn" "-e" "CARGO_HOME=/opt/rustwide/cargo-home" "-e" "RUSTUP_HOME=/opt/rustwide/rustup-home" "-w" "/opt/rustwide/workdir" "-m" "1610612736" "--user" "0:0" "--network" "none" "ghcr.io/rust-lang/crates-build-env/linux@sha256:2788e3201cd34a07e3172128adcd8b3090168a8e3bcc40d7c032b9dda1df7d1c" "/opt/rustwide/cargo-home/bin/cargo" "+1.75.0" "build" "--frozen" "--message-format=json", kill_on_drop: false }`
[INFO] [stdout] 6dd7ed25dd8f03255f1ea6c486c532572ee1eba2af94b778f80ab53435aa06cc
[INFO] running `Command { std: "docker" "start" "-a" "6dd7ed25dd8f03255f1ea6c486c532572ee1eba2af94b778f80ab53435aa06cc", kill_on_drop: false }`
[INFO] [stderr]    Compiling libc v0.2.151
[INFO] [stderr]    Compiling getrandom v0.1.16
[INFO] [stderr]    Compiling siphasher v0.3.11
[INFO] [stderr]    Compiling ppv-lite86 v0.2.17
[INFO] [stderr]    Compiling num-traits v0.2.17
[INFO] [stderr]    Compiling num-integer v0.1.45
[INFO] [stderr]    Compiling simd-adler32 v0.3.7
[INFO] [stderr]    Compiling syn v1.0.109
[INFO] [stderr]    Compiling phf_shared v0.8.0
[INFO] [stderr]    Compiling version-compare v0.1.1
[INFO] [stderr]    Compiling serde v1.0.194
[INFO] [stderr]    Compiling adler32 v1.2.0
[INFO] [stderr]    Compiling miniz_oxide v0.7.1
[INFO] [stderr]    Compiling num-iter v0.1.43
[INFO] [stderr]    Compiling num-rational v0.3.2
[INFO] [stderr]    Compiling bytemuck v1.14.0
[INFO] [stderr]    Compiling sdl2-sys v0.35.2
[INFO] [stderr]    Compiling byteorder v1.5.0
[INFO] [stderr]    Compiling lexical-core v0.7.6
[INFO] [stderr]    Compiling arrayvec v0.5.2
[INFO] [stderr]    Compiling deflate v0.8.6
[INFO] [stderr]    Compiling flate2 v1.0.28
[INFO] [stderr]    Compiling miniz_oxide v0.3.7
[INFO] [stderr]    Compiling fdeflate v0.3.3
[INFO] [stderr]    Compiling cty v0.2.2
[INFO] [stderr]    Compiling base64 v0.13.1
[INFO] [stderr]    Compiling rand_core v0.5.1
[INFO] [stderr]    Compiling rand_chacha v0.2.2
[INFO] [stderr]    Compiling rand_pcg v0.2.1
[INFO] [stderr]    Compiling ttf-parser v0.15.2
[INFO] [stderr]    Compiling png v0.17.10
[INFO] [stderr]    Compiling rand v0.7.3
[INFO] [stderr]    Compiling raw-window-handle v0.4.3
[INFO] [stderr]    Compiling png v0.16.8
[INFO] [stderr]    Compiling phf_generator v0.8.0
[INFO] [stderr]    Compiling phf_codegen v0.8.0
[INFO] [stderr]    Compiling orbtk-utils v0.3.1-alpha4
[INFO] [stderr]    Compiling safe_arch v0.5.2
[INFO] [stderr]    Compiling phf v0.8.0
[INFO] [stderr]    Compiling color_quant v1.1.0
[INFO] [stderr]    Compiling arrayref v0.3.7
[INFO] [stderr]    Compiling sdl2 v0.35.2
[INFO] [stderr]    Compiling orbclient v0.3.47
[INFO] [stderr]    Compiling ab_glyph_rasterizer v0.1.8
[INFO] [stderr]    Compiling owned_ttf_parser v0.15.2
[INFO] [stderr]    Compiling tiny-skia v0.6.6
[INFO] [stderr]    Compiling image v0.23.14
[INFO] [stderr]    Compiling ron v0.6.6
[INFO] [stderr]    Compiling rusttype v0.9.3
[INFO] [stderr]    Compiling raw-window-handle v0.3.4
[INFO] [stderr]    Compiling derive_more v0.99.17
[INFO] [stderr]    Compiling orbtk-tinyskia v0.3.1-alpha4
[INFO] [stderr]    Compiling orbtk_orbclient v0.3.1-alpha4 (/opt/rustwide/workdir)
[INFO] [stdout] error[E0412]: cannot find type `Window` in crate `orbclient`
[INFO] [stdout]   --> src/orbclient/window.rs:49:24
[INFO] [stdout]    |
[INFO] [stdout] 49 |     window: orbclient::Window,
[INFO] [stdout]    |                        ^^^^^^ not found in `orbclient`
[INFO] [stdout]    |
[INFO] [stdout] note: found an item that was configured out
[INFO] [stdout]   --> /opt/rustwide/cargo-home/registry/src/index.crates.io-6f17d22bba15001f/orbclient-0.3.47/src/lib.rs:17:44
[INFO] [stdout]    |
[INFO] [stdout] 17 | pub use sys::{get_display_size, EventIter, Window};
[INFO] [stdout]    |                                            ^^^^^^
[INFO] [stdout]    = note: the item is gated behind the `std` feature
[INFO] [stdout] help: consider importing one of these items
[INFO] [stdout]    |
[INFO] [stdout] 1  + use crate::orbclient::Window;
[INFO] [stdout]    |
[INFO] [stdout] 1  + use sdl2::raw_window_handle::linux::Window;
[INFO] [stdout]    |
[INFO] [stdout] 1  + use sdl2::video::Window;
[INFO] [stdout]    |
[INFO] [stdout] help: if you import `Window`, refer to it directly
[INFO] [stdout]    |
[INFO] [stdout] 49 -     window: orbclient::Window,
[INFO] [stdout] 49 +     window: Window,
[INFO] [stdout]    |
[INFO] [stdout] 
[INFO] [stdout] 
[INFO] [stdout] error[E0412]: cannot find type `Window` in crate `orbclient`
[INFO] [stdout]   --> src/orbclient/window.rs:55:25
[INFO] [stdout]    |
[INFO] [stdout] 55 |     window: &orbclient::Window,
[INFO] [stdout]    |                         ^^^^^^ not found in `orbclient`
[INFO] [stdout]    |
[INFO] [stdout] note: found an item that was configured out
[INFO] [stdout]   --> /opt/rustwide/cargo-home/registry/src/index.crates.io-6f17d22bba15001f/orbclient-0.3.47/src/lib.rs:17:44
[INFO] [stdout]    |
[INFO] [stdout] 17 | pub use sys::{get_display_size, EventIter, Window};
[INFO] [stdout]    |                                            ^^^^^^
[INFO] [stdout]    = note: the item is gated behind the `std` feature
[INFO] [stdout] help: consider importing one of these items
[INFO] [stdout]    |
[INFO] [stdout] 1  + use crate::orbclient::Window;
[INFO] [stdout]    |
[INFO] [stdout] 1  + use sdl2::raw_window_handle::linux::Window;
[INFO] [stdout]    |
[INFO] [stdout] 1  + use sdl2::video::Window;
[INFO] [stdout]    |
[INFO] [stdout] help: if you import `Window`, refer to it directly
[INFO] [stdout]    |
[INFO] [stdout] 55 -     window: &orbclient::Window,
[INFO] [stdout] 55 +     window: &Window,
[INFO] [stdout]    |
[INFO] [stdout] 
[INFO] [stdout] 
[INFO] [stdout] error[E0412]: cannot find type `Window` in crate `orbclient`
[INFO] [stdout]    --> src/orbclient/window.rs:110:28
[INFO] [stdout]     |
[INFO] [stdout] 110 |         window: orbclient::Window,
[INFO] [stdout]     |                            ^^^^^^ not found in `orbclient`
[INFO] [stdout]     |
[INFO] [stdout] note: found an item that was configured out
[INFO] [stdout]    --> /opt/rustwide/cargo-home/registry/src/index.crates.io-6f17d22bba15001f/orbclient-0.3.47/src/lib.rs:17:44
[INFO] [stdout]     |
[INFO] [stdout] 17  | pub use sys::{get_display_size, EventIter, Window};
[INFO] [stdout]     |                                            ^^^^^^
[INFO] [stdout]     = note: the item is gated behind the `std` feature
[INFO] [stdout] help: consider importing one of these items
[INFO] [stdout]     |
[INFO] [stdout] 1   + use crate::orbclient::Window;
[INFO] [stdout]     |
[INFO] [stdout] 1   + use sdl2::raw_window_handle::linux::Window;
[INFO] [stdout]     |
[INFO] [stdout] 1   + use sdl2::video::Window;
[INFO] [stdout]     |
[INFO] [stdout] help: if you import `Window`, refer to it directly
[INFO] [stdout]     |
[INFO] [stdout] 110 -         window: orbclient::Window,
[INFO] [stdout] 110 +         window: Window,
[INFO] [stdout]     |
[INFO] [stdout] 
[INFO] [stdout] 
[INFO] [stdout] error[E0433]: failed to resolve: could not find `Window` in `orbclient`
[INFO] [stdout]   --> src/orbclient/window_builder.rs:81:33
[INFO] [stdout]    |
[INFO] [stdout] 81 |         let window = orbclient::Window::new_flags(
[INFO] [stdout]    |                                 ^^^^^^ could not find `Window` in `orbclient`
[INFO] [stdout]    |
[INFO] [stdout] help: consider importing one of these items
[INFO] [stdout]    |
[INFO] [stdout] 1  + use crate::orbclient::Window;
[INFO] [stdout]    |
[INFO] [stdout] 1  + use sdl2::raw_window_handle::linux::Window;
[INFO] [stdout]    |
[INFO] [stdout] 1  + use sdl2::video::Window;
[INFO] [stdout]    |
[INFO] [stdout] help: if you import `Window`, refer to it directly
[INFO] [stdout]    |
[INFO] [stdout] 81 -         let window = orbclient::Window::new_flags(
[INFO] [stdout] 81 +         let window = Window::new_flags(
[INFO] [stdout]    |
[INFO] [stdout] 
[INFO] [stdout] 
[INFO] [stdout] warning: unused import: `orbclient::Renderer`
[INFO] [stdout]   --> src/orbclient/window.rs:20:5
[INFO] [stdout]    |
[INFO] [stdout] 20 | use orbclient::Renderer;
[INFO] [stdout]    |     ^^^^^^^^^^^^^^^^^^^
[INFO] [stdout]    |
[INFO] [stdout]    = note: `#[warn(unused_imports)]` on by default
[INFO] [stdout] 
[INFO] [stdout] 
[INFO] [stdout] warning: unused import: `raw_window_handle::HasRawWindowHandle`
[INFO] [stdout]   --> src/orbclient/window.rs:23:5
[INFO] [stdout]    |
[INFO] [stdout] 23 | use raw_window_handle::HasRawWindowHandle;
[INFO] [stdout]    |     ^^^^^^^^^^^^^^^^^^^^^^^^^^^^^^^^^^^^^
[INFO] [stdout] 
[INFO] [stdout] 
[INFO] [stdout] error: aborting due to 4 previous errors; 2 warnings emitted
[INFO] [stdout] 
[INFO] [stdout] 
[INFO] [stdout] Some errors have detailed explanations: E0412, E0433.
[INFO] [stdout] 
[INFO] [stdout] For more information about an error, try `rustc --explain E0412`.
[INFO] [stdout] 
[INFO] [stderr] error: could not compile `orbtk_orbclient` (lib) due to 5 previous errors; 2 warnings emitted
[INFO] [stderr] warning: build failed, waiting for other jobs to finish...
[INFO] running `Command { std: "docker" "inspect" "6dd7ed25dd8f03255f1ea6c486c532572ee1eba2af94b778f80ab53435aa06cc", kill_on_drop: false }`
[INFO] running `Command { std: "docker" "rm" "-f" "6dd7ed25dd8f03255f1ea6c486c532572ee1eba2af94b778f80ab53435aa06cc", kill_on_drop: false }`
[INFO] [stdout] 6dd7ed25dd8f03255f1ea6c486c532572ee1eba2af94b778f80ab53435aa06cc
