[INFO] fetching crate orbtk-widgets 0.3.1-alpha4...
[INFO] testing orbtk-widgets-0.3.1-alpha4 against 1.75.0 for beta-1.76-1
[INFO] extracting crate orbtk-widgets 0.3.1-alpha4 into /workspace/builds/worker-7-tc1/source
[INFO] validating manifest of crates.io crate orbtk-widgets 0.3.1-alpha4 on toolchain 1.75.0
[INFO] running `Command { std: CARGO_HOME="/workspace/cargo-home" RUSTUP_HOME="/workspace/rustup-home" "/workspace/cargo-home/bin/cargo" "+1.75.0" "metadata" "--manifest-path" "Cargo.toml" "--no-deps", kill_on_drop: false }`
[INFO] started tweaking crates.io crate orbtk-widgets 0.3.1-alpha4
[INFO] finished tweaking crates.io crate orbtk-widgets 0.3.1-alpha4
[INFO] tweaked toml for crates.io crate orbtk-widgets 0.3.1-alpha4 written to /workspace/builds/worker-7-tc1/source/Cargo.toml
[INFO] running `Command { std: CARGO_HOME="/workspace/cargo-home" RUSTUP_HOME="/workspace/rustup-home" "/workspace/cargo-home/bin/cargo" "+1.75.0" "generate-lockfile" "--manifest-path" "Cargo.toml", kill_on_drop: false }`
[INFO] [stderr]     Updating crates.io index
[INFO] running `Command { std: CARGO_HOME="/workspace/cargo-home" RUSTUP_HOME="/workspace/rustup-home" "/workspace/cargo-home/bin/cargo" "+1.75.0" "fetch" "--manifest-path" "Cargo.toml", kill_on_drop: false }`
[INFO] [stderr]  Downloading crates ...
[INFO] [stderr]   Downloaded dces v0.3.1
[INFO] [stderr]   Downloaded orbtk-proc-macros v0.3.1-alpha4
[INFO] [stderr]   Downloaded orbtk-utils v0.3.1-alpha4
[INFO] [stderr]   Downloaded orbtk-tinyskia v0.3.1-alpha4
[INFO] [stderr]   Downloaded orbtk_orbclient v0.3.1-alpha4
[INFO] [stderr]   Downloaded orbtk-core v0.3.1-alpha4
[INFO] running `Command { std: "docker" "create" "-v" "/var/lib/crater-agent-workspace/builds/worker-7-tc1/target:/opt/rustwide/target:rw,Z" "-v" "/var/lib/crater-agent-workspace/builds/worker-7-tc1/source:/opt/rustwide/workdir:ro,Z" "-v" "/var/lib/crater-agent-workspace/cargo-home:/opt/rustwide/cargo-home:ro,Z" "-v" "/var/lib/crater-agent-workspace/rustup-home:/opt/rustwide/rustup-home:ro,Z" "-e" "SOURCE_DIR=/opt/rustwide/workdir" "-e" "CARGO_TARGET_DIR=/opt/rustwide/target" "-e" "CARGO_HOME=/opt/rustwide/cargo-home" "-e" "RUSTUP_HOME=/opt/rustwide/rustup-home" "-w" "/opt/rustwide/workdir" "-m" "1610612736" "--user" "0:0" "--network" "none" "ghcr.io/rust-lang/crates-build-env/linux@sha256:2788e3201cd34a07e3172128adcd8b3090168a8e3bcc40d7c032b9dda1df7d1c" "/opt/rustwide/cargo-home/bin/cargo" "+1.75.0" "metadata" "--no-deps" "--format-version=1", kill_on_drop: false }`
[INFO] [stdout] 8d1017dca5c2be480c67eeb1922370a1ff393d161708efd28298765f9032cb5d
[INFO] running `Command { std: "docker" "start" "-a" "8d1017dca5c2be480c67eeb1922370a1ff393d161708efd28298765f9032cb5d", kill_on_drop: false }`
[INFO] running `Command { std: "docker" "inspect" "8d1017dca5c2be480c67eeb1922370a1ff393d161708efd28298765f9032cb5d", kill_on_drop: false }`
[INFO] running `Command { std: "docker" "rm" "-f" "8d1017dca5c2be480c67eeb1922370a1ff393d161708efd28298765f9032cb5d", kill_on_drop: false }`
[INFO] [stdout] 8d1017dca5c2be480c67eeb1922370a1ff393d161708efd28298765f9032cb5d
[INFO] running `Command { std: "docker" "create" "-v" "/var/lib/crater-agent-workspace/builds/worker-7-tc1/target:/opt/rustwide/target:rw,Z" "-v" "/var/lib/crater-agent-workspace/builds/worker-7-tc1/source:/opt/rustwide/workdir:ro,Z" "-v" "/var/lib/crater-agent-workspace/cargo-home:/opt/rustwide/cargo-home:ro,Z" "-v" "/var/lib/crater-agent-workspace/rustup-home:/opt/rustwide/rustup-home:ro,Z" "-e" "SOURCE_DIR=/opt/rustwide/workdir" "-e" "CARGO_TARGET_DIR=/opt/rustwide/target" "-e" "CARGO_INCREMENTAL=0" "-e" "RUST_BACKTRACE=full" "-e" "RUSTFLAGS=--cap-lints=warn" "-e" "RUSTDOCFLAGS=--cap-lints=warn" "-e" "CARGO_HOME=/opt/rustwide/cargo-home" "-e" "RUSTUP_HOME=/opt/rustwide/rustup-home" "-w" "/opt/rustwide/workdir" "-m" "1610612736" "--user" "0:0" "--network" "none" "ghcr.io/rust-lang/crates-build-env/linux@sha256:2788e3201cd34a07e3172128adcd8b3090168a8e3bcc40d7c032b9dda1df7d1c" "/opt/rustwide/cargo-home/bin/cargo" "+1.75.0" "build" "--frozen" "--message-format=json", kill_on_drop: false }`
[INFO] [stdout] f8b552ac7db3c8569321e5d49fb7d3195ee6542733b5fb91d9a8dc13c0365fa4
[INFO] running `Command { std: "docker" "start" "-a" "f8b552ac7db3c8569321e5d49fb7d3195ee6542733b5fb91d9a8dc13c0365fa4", kill_on_drop: false }`
[INFO] [stderr]    Compiling getrandom v0.1.16
[INFO] [stderr]    Compiling siphasher v0.3.11
[INFO] [stderr]    Compiling ppv-lite86 v0.2.17
[INFO] [stderr]    Compiling syn v1.0.109
[INFO] [stderr]    Compiling serde v1.0.194
[INFO] [stderr]    Compiling simd-adler32 v0.3.7
[INFO] [stderr]    Compiling adler32 v1.2.0
[INFO] [stderr]    Compiling version-compare v0.1.1
[INFO] [stderr]    Compiling num-rational v0.3.2
[INFO] [stderr]    Compiling num-iter v0.1.43
[INFO] [stderr]    Compiling arrayvec v0.5.2
[INFO] [stderr]    Compiling bytemuck v1.14.0
[INFO] [stderr]    Compiling lexical-core v0.7.6
[INFO] [stderr]    Compiling base64 v0.13.1
[INFO] [stderr]    Compiling syn v2.0.48
[INFO] [stderr]    Compiling cty v0.2.2
[INFO] [stderr]    Compiling static_assertions v1.1.0
[INFO] [stderr]    Compiling deflate v0.8.6
[INFO] [stderr]    Compiling miniz_oxide v0.3.7
[INFO] [stderr]    Compiling phf_shared v0.8.0
[INFO] [stderr]    Compiling miniz_oxide v0.7.1
[INFO] [stderr]    Compiling sdl2-sys v0.35.2
[INFO] [stderr]    Compiling fdeflate v0.3.3
[INFO] [stderr]    Compiling ttf-parser v0.15.2
[INFO] [stderr]    Compiling ryu v1.0.16
[INFO] [stderr]    Compiling phf v0.8.0
[INFO] [stderr]    Compiling safe_arch v0.5.2
[INFO] [stderr]    Compiling raw-window-handle v0.4.3
[INFO] [stderr]    Compiling sdl2 v0.35.2
[INFO] [stderr]    Compiling rand_core v0.5.1
[INFO] [stderr]    Compiling orbclient v0.3.47
[INFO] [stderr]    Compiling color_quant v1.1.0
[INFO] [stderr]    Compiling ab_glyph_rasterizer v0.1.8
[INFO] [stderr]    Compiling rand_pcg v0.2.1
[INFO] [stderr]    Compiling rand_chacha v0.2.2
[INFO] [stderr]    Compiling png v0.16.8
[INFO] [stderr]    Compiling flate2 v1.0.28
[INFO] [stderr]    Compiling arrayref v0.3.7
[INFO] [stderr]    Compiling rust_decimal v1.33.1
[INFO] [stderr]    Compiling smallvec v1.11.2
[INFO] [stderr]    Compiling rand v0.7.3
[INFO] [stderr]    Compiling raw-window-handle v0.3.4
[INFO] [stderr]    Compiling dirs-sys-next v0.1.2
[INFO] [stderr]    Compiling fxhash v0.2.1
[INFO] [stderr]    Compiling png v0.17.10
[INFO] [stderr]    Compiling image v0.23.14
[INFO] [stderr]    Compiling case v1.0.0
[INFO] [stderr]    Compiling arrayvec v0.7.4
[INFO] [stderr]    Compiling dirs-next v2.0.0
[INFO] [stderr]    Compiling dces v0.3.1
[INFO] [stderr]    Compiling threadpool v1.8.1
[INFO] [stdout] error[E0310]: the parameter type `Ctx` may not live long enough
[INFO] [stdout]   --> /opt/rustwide/cargo-home/registry/src/index.crates.io-6f17d22bba15001f/dces-0.3.1/src/world.rs:28:13
[INFO] [stdout]    |
[INFO] [stdout] 28 | /             cleanup_system
[INFO] [stdout] 29 | |                 .system
[INFO] [stdout] 30 | |                 .run(&mut self.entity_component_manager);
[INFO] [stdout]    | |                                                        ^
[INFO] [stdout]    | |                                                        |
[INFO] [stdout]    | |________________________________________________________the parameter type `Ctx` must be valid for the static lifetime...
[INFO] [stdout]    |                                                          ...so that the type `Ctx` will meet its required lifetime bounds
[INFO] [stdout]    |
[INFO] [stdout] help: consider adding an explicit lifetime bound
[INFO] [stdout]    |
[INFO] [stdout] 22 | impl<E, Ctx: 'static> Drop for World<E, Ctx>
[INFO] [stdout]    |            +++++++++
[INFO] [stdout] 
[INFO] [stdout] 
[INFO] [stdout] error[E0310]: the parameter type `E` may not live long enough
[INFO] [stdout]   --> /opt/rustwide/cargo-home/registry/src/index.crates.io-6f17d22bba15001f/dces-0.3.1/src/world.rs:28:13
[INFO] [stdout]    |
[INFO] [stdout] 28 | /             cleanup_system
[INFO] [stdout] 29 | |                 .system
[INFO] [stdout] 30 | |                 .run(&mut self.entity_component_manager);
[INFO] [stdout]    | |                                                        ^
[INFO] [stdout]    | |                                                        |
[INFO] [stdout]    | |________________________________________________________the parameter type `E` must be valid for the static lifetime...
[INFO] [stdout]    |                                                          ...so that the type `E` will meet its required lifetime bounds
[INFO] [stdout]    |
[INFO] [stdout] help: consider adding an explicit lifetime bound
[INFO] [stdout]    |
[INFO] [stdout] 24 |     E: EntityStore + 'static,
[INFO] [stdout]    |                    +++++++++
[INFO] [stdout] 
[INFO] [stdout] 
[INFO] [stdout] error[E0310]: the parameter type `Ctx` may not live long enough
[INFO] [stdout]    --> /opt/rustwide/cargo-home/registry/src/index.crates.io-6f17d22bba15001f/dces-0.3.1/src/world.rs:105:17
[INFO] [stdout]     |
[INFO] [stdout] 105 |                 init_system.system.run(&mut self.entity_component_manager);
[INFO] [stdout]     |                 ^^^^^^^^^^^^^^^^^^^^^^^^^^^^^^^^^^^^^^^^^^^^^^^^^^^^^^^^^^
[INFO] [stdout]     |                 |
[INFO] [stdout]     |                 the parameter type `Ctx` must be valid for the static lifetime...
[INFO] [stdout]     |                 ...so that the type `Ctx` will meet its required lifetime bounds
[INFO] [stdout]     |
[INFO] [stdout] help: consider adding an explicit lifetime bound
[INFO] [stdout]     |
[INFO] [stdout] 37  | impl<E, Ctx: 'static> World<E, Ctx>
[INFO] [stdout]     |            +++++++++
[INFO] [stdout] 
[INFO] [stdout] 
[INFO] [stdout] error[E0310]: the parameter type `E` may not live long enough
[INFO] [stdout]    --> /opt/rustwide/cargo-home/registry/src/index.crates.io-6f17d22bba15001f/dces-0.3.1/src/world.rs:105:17
[INFO] [stdout]     |
[INFO] [stdout] 105 |                 init_system.system.run(&mut self.entity_component_manager);
[INFO] [stdout]     |                 ^^^^^^^^^^^^^^^^^^^^^^^^^^^^^^^^^^^^^^^^^^^^^^^^^^^^^^^^^^
[INFO] [stdout]     |                 |
[INFO] [stdout]     |                 the parameter type `E` must be valid for the static lifetime...
[INFO] [stdout]     |                 ...so that the type `E` will meet its required lifetime bounds
[INFO] [stdout]     |
[INFO] [stdout] help: consider adding an explicit lifetime bound
[INFO] [stdout]     |
[INFO] [stdout] 39  |     E: EntityStore + 'static,
[INFO] [stdout]     |                    +++++++++
[INFO] [stdout] 
[INFO] [stdout] 
[INFO] [stdout] error[E0310]: the parameter type `Ctx` may not live long enough
[INFO] [stdout]    --> /opt/rustwide/cargo-home/registry/src/index.crates.io-6f17d22bba15001f/dces-0.3.1/src/world.rs:113:17
[INFO] [stdout]     |
[INFO] [stdout] 113 | /                 self.system_store
[INFO] [stdout] 114 | |                     .borrow_entity_system(*system)
[INFO] [stdout] 115 | |                     .unwrap()
[INFO] [stdout] 116 | |                     .system
[INFO] [stdout] 117 | |                     .run(&mut self.entity_component_manager);
[INFO] [stdout]     | |                                                            ^
[INFO] [stdout]     | |                                                            |
[INFO] [stdout]     | |____________________________________________________________the parameter type `Ctx` must be valid for the static lifetime...
[INFO] [stdout]     |                                                              ...so that the type `Ctx` will meet its required lifetime bounds
[INFO] [stdout]     |
[INFO] [stdout] help: consider adding an explicit lifetime bound
[INFO] [stdout]     |
[INFO] [stdout] 37  | impl<E, Ctx: 'static> World<E, Ctx>
[INFO] [stdout]     |            +++++++++
[INFO] [stdout] 
[INFO] [stdout] 
[INFO] [stdout] error[E0310]: the parameter type `E` may not live long enough
[INFO] [stdout]    --> /opt/rustwide/cargo-home/registry/src/index.crates.io-6f17d22bba15001f/dces-0.3.1/src/world.rs:113:17
[INFO] [stdout]     |
[INFO] [stdout] 113 | /                 self.system_store
[INFO] [stdout] 114 | |                     .borrow_entity_system(*system)
[INFO] [stdout] 115 | |                     .unwrap()
[INFO] [stdout] 116 | |                     .system
[INFO] [stdout] 117 | |                     .run(&mut self.entity_component_manager);
[INFO] [stdout]     | |                                                            ^
[INFO] [stdout]     | |                                                            |
[INFO] [stdout]     | |____________________________________________________________the parameter type `E` must be valid for the static lifetime...
[INFO] [stdout]     |                                                              ...so that the type `E` will meet its required lifetime bounds
[INFO] [stdout]     |
[INFO] [stdout] help: consider adding an explicit lifetime bound
[INFO] [stdout]     |
[INFO] [stdout] 39  |     E: EntityStore + 'static,
[INFO] [stdout]     |                    +++++++++
[INFO] [stdout] 
[INFO] [stdout] 
[INFO] [stdout] error[E0310]: the parameter type `Ctx` may not live long enough
[INFO] [stdout]    --> /opt/rustwide/cargo-home/registry/src/index.crates.io-6f17d22bba15001f/dces-0.3.1/src/world.rs:126:17
[INFO] [stdout]     |
[INFO] [stdout] 126 | /                 init_system
[INFO] [stdout] 127 | |                     .system
[INFO] [stdout] 128 | |                     .run_with_context(&mut self.entity_component_manager, ctx);
[INFO] [stdout]     | |                                                                              ^
[INFO] [stdout]     | |                                                                              |
[INFO] [stdout]     | |______________________________________________________________________________the parameter type `Ctx` must be valid for the static lifetime...
[INFO] [stdout]     |                                                                                ...so that the type `Ctx` will meet its required lifetime bounds
[INFO] [stdout]     |
[INFO] [stdout] help: consider adding an explicit lifetime bound
[INFO] [stdout]     |
[INFO] [stdout] 37  | impl<E, Ctx: 'static> World<E, Ctx>
[INFO] [stdout]     |            +++++++++
[INFO] [stdout] 
[INFO] [stdout] 
[INFO] [stdout] error[E0310]: the parameter type `E` may not live long enough
[INFO] [stdout]    --> /opt/rustwide/cargo-home/registry/src/index.crates.io-6f17d22bba15001f/dces-0.3.1/src/world.rs:126:17
[INFO] [stdout]     |
[INFO] [stdout] 126 | /                 init_system
[INFO] [stdout] 127 | |                     .system
[INFO] [stdout] 128 | |                     .run_with_context(&mut self.entity_component_manager, ctx);
[INFO] [stdout]     | |                                                                              ^
[INFO] [stdout]     | |                                                                              |
[INFO] [stdout]     | |______________________________________________________________________________the parameter type `E` must be valid for the static lifetime...
[INFO] [stdout]     |                                                                                ...so that the type `E` will meet its required lifetime bounds
[INFO] [stdout]     |
[INFO] [stdout] help: consider adding an explicit lifetime bound
[INFO] [stdout]     |
[INFO] [stdout] 39  |     E: EntityStore + 'static,
[INFO] [stdout]     |                    +++++++++
[INFO] [stdout] 
[INFO] [stdout] 
[INFO] [stdout] error[E0310]: the parameter type `Ctx` may not live long enough
[INFO] [stdout]    --> /opt/rustwide/cargo-home/registry/src/index.crates.io-6f17d22bba15001f/dces-0.3.1/src/world.rs:136:17
[INFO] [stdout]     |
[INFO] [stdout] 136 | /                 self.system_store
[INFO] [stdout] 137 | |                     .borrow_entity_system(*system)
[INFO] [stdout] 138 | |                     .unwrap()
[INFO] [stdout] 139 | |                     .system
[INFO] [stdout] 140 | |                     .run_with_context(&mut self.entity_component_manager, ctx);
[INFO] [stdout]     | |                                                                              ^
[INFO] [stdout]     | |                                                                              |
[INFO] [stdout]     | |______________________________________________________________________________the parameter type `Ctx` must be valid for the static lifetime...
[INFO] [stdout]     |                                                                                ...so that the type `Ctx` will meet its required lifetime bounds
[INFO] [stdout]     |
[INFO] [stdout] help: consider adding an explicit lifetime bound
[INFO] [stdout]     |
[INFO] [stdout] 37  | impl<E, Ctx: 'static> World<E, Ctx>
[INFO] [stdout]     |            +++++++++
[INFO] [stdout] 
[INFO] [stdout] 
[INFO] [stdout] error[E0310]: the parameter type `E` may not live long enough
[INFO] [stdout]    --> /opt/rustwide/cargo-home/registry/src/index.crates.io-6f17d22bba15001f/dces-0.3.1/src/world.rs:136:17
[INFO] [stdout]     |
[INFO] [stdout] 136 | /                 self.system_store
[INFO] [stdout] 137 | |                     .borrow_entity_system(*system)
[INFO] [stdout] 138 | |                     .unwrap()
[INFO] [stdout] 139 | |                     .system
[INFO] [stdout] 140 | |                     .run_with_context(&mut self.entity_component_manager, ctx);
[INFO] [stdout]     | |                                                                              ^
[INFO] [stdout]     | |                                                                              |
[INFO] [stdout]     | |______________________________________________________________________________the parameter type `E` must be valid for the static lifetime...
[INFO] [stdout]     |                                                                                ...so that the type `E` will meet its required lifetime bounds
[INFO] [stdout]     |
[INFO] [stdout] help: consider adding an explicit lifetime bound
[INFO] [stdout]     |
[INFO] [stdout] 39  |     E: EntityStore + 'static,
[INFO] [stdout]     |                    +++++++++
[INFO] [stdout] 
[INFO] [stdout] 
[INFO] [stdout] error: aborting due to 10 previous errors
[INFO] [stdout] 
[INFO] [stdout] 
[INFO] [stdout] For more information about this error, try `rustc --explain E0310`.
[INFO] [stdout] 
[INFO] [stderr] error: could not compile `dces` (lib) due to 11 previous errors
[INFO] [stderr] warning: build failed, waiting for other jobs to finish...
[INFO] running `Command { std: "docker" "inspect" "f8b552ac7db3c8569321e5d49fb7d3195ee6542733b5fb91d9a8dc13c0365fa4", kill_on_drop: false }`
[INFO] running `Command { std: "docker" "rm" "-f" "f8b552ac7db3c8569321e5d49fb7d3195ee6542733b5fb91d9a8dc13c0365fa4", kill_on_drop: false }`
[INFO] [stdout] f8b552ac7db3c8569321e5d49fb7d3195ee6542733b5fb91d9a8dc13c0365fa4
