[INFO] fetching crate orbtk-shell 0.3.1-alpha3...
[INFO] testing orbtk-shell-0.3.1-alpha3 against 1.75.0 for beta-1.76-1
[INFO] extracting crate orbtk-shell 0.3.1-alpha3 into /workspace/builds/worker-6-tc1/source
[INFO] validating manifest of crates.io crate orbtk-shell 0.3.1-alpha3 on toolchain 1.75.0
[INFO] running `Command { std: CARGO_HOME="/workspace/cargo-home" RUSTUP_HOME="/workspace/rustup-home" "/workspace/cargo-home/bin/cargo" "+1.75.0" "metadata" "--manifest-path" "Cargo.toml" "--no-deps", kill_on_drop: false }`
[INFO] started tweaking crates.io crate orbtk-shell 0.3.1-alpha3
[INFO] finished tweaking crates.io crate orbtk-shell 0.3.1-alpha3
[INFO] tweaked toml for crates.io crate orbtk-shell 0.3.1-alpha3 written to /workspace/builds/worker-6-tc1/source/Cargo.toml
[INFO] running `Command { std: CARGO_HOME="/workspace/cargo-home" RUSTUP_HOME="/workspace/rustup-home" "/workspace/cargo-home/bin/cargo" "+1.75.0" "generate-lockfile" "--manifest-path" "Cargo.toml", kill_on_drop: false }`
[INFO] [stderr]     Updating crates.io index
[INFO] running `Command { std: CARGO_HOME="/workspace/cargo-home" RUSTUP_HOME="/workspace/rustup-home" "/workspace/cargo-home/bin/cargo" "+1.75.0" "fetch" "--manifest-path" "Cargo.toml", kill_on_drop: false }`
[INFO] [stderr]  Downloading crates ...
[INFO] [stderr]   Downloaded glutin_gles2_sys v0.1.5
[INFO] [stderr]   Downloaded pathfinder_gpu v0.5.0
[INFO] [stderr]   Downloaded pathfinder_ui v0.5.0
[INFO] [stderr]   Downloaded wayland-scanner v0.25.0
[INFO] [stderr]   Downloaded pathfinder_color v0.5.0
[INFO] [stderr]   Downloaded pathfinder_content v0.5.0
[INFO] [stderr]   Downloaded ndk-glue v0.1.0
[INFO] [stderr]   Downloaded pathfinder_renderer v0.5.0
[INFO] [stderr]   Downloaded glutin_glx_sys v0.1.8
[INFO] [stderr]   Downloaded glutin_egl_sys v0.1.6
[INFO] [stderr]   Downloaded wayland-sys v0.25.0
[INFO] [stderr]   Downloaded wayland-cursor v0.25.0
[INFO] [stderr]   Downloaded glutin_wgl_sys v0.1.5
[INFO] [stderr]   Downloaded dwrote v0.10.0
[INFO] [stderr]   Downloaded sw-composite v0.7.16
[INFO] [stderr]   Downloaded pathfinder_gl v0.5.0
[INFO] [stderr]   Downloaded ndk v0.1.0
[INFO] [stderr]   Downloaded cocoa v0.20.2
[INFO] [stderr]   Downloaded font-kit v0.6.0
[INFO] [stderr]   Downloaded ndk-sys v0.1.0
[INFO] [stderr]   Downloaded pathfinder_resources v0.5.0
[INFO] [stderr]   Downloaded wayland-protocols v0.25.0
[INFO] [stderr]   Downloaded winit v0.22.2
[INFO] [stderr]   Downloaded bindgen v0.56.0
[INFO] [stderr]   Downloaded minifb v0.17.0
[INFO] [stderr]   Downloaded raqote v0.8.3
[INFO] [stderr]   Downloaded hashbrown v0.7.2
[INFO] [stderr]   Downloaded wayland-client v0.25.0
[INFO] [stderr]   Downloaded lyon_geom v1.0.5
[INFO] [stderr]   Downloaded glutin v0.24.1
[INFO] [stderr]   Downloaded xkb v0.2.1
[INFO] [stderr]   Downloaded core-text v15.0.0
[INFO] [stderr]   Downloaded orbtk-render v0.3.1-alpha3
[INFO] [stderr]   Downloaded spin_sleep v1.1.1
[INFO] [stderr]   Downloaded freetype v0.4.1
[INFO] [stderr]   Downloaded wayland-commons v0.25.0
[INFO] [stderr]   Downloaded orbtk-utils v0.3.1-alpha4
[INFO] [stderr]   Downloaded xkbcommon-sys v0.7.5
[INFO] running `Command { std: "docker" "create" "-v" "/var/lib/crater-agent-workspace/builds/worker-6-tc1/target:/opt/rustwide/target:rw,Z" "-v" "/var/lib/crater-agent-workspace/builds/worker-6-tc1/source:/opt/rustwide/workdir:ro,Z" "-v" "/var/lib/crater-agent-workspace/cargo-home:/opt/rustwide/cargo-home:ro,Z" "-v" "/var/lib/crater-agent-workspace/rustup-home:/opt/rustwide/rustup-home:ro,Z" "-e" "SOURCE_DIR=/opt/rustwide/workdir" "-e" "CARGO_TARGET_DIR=/opt/rustwide/target" "-e" "CARGO_HOME=/opt/rustwide/cargo-home" "-e" "RUSTUP_HOME=/opt/rustwide/rustup-home" "-w" "/opt/rustwide/workdir" "-m" "1610612736" "--user" "0:0" "--network" "none" "ghcr.io/rust-lang/crates-build-env/linux@sha256:2788e3201cd34a07e3172128adcd8b3090168a8e3bcc40d7c032b9dda1df7d1c" "/opt/rustwide/cargo-home/bin/cargo" "+1.75.0" "metadata" "--no-deps" "--format-version=1", kill_on_drop: false }`
[INFO] [stdout] c7fde5788688f1378b93f626b0732821e90aae99f8ab2533d660323ae71d6cb5
[INFO] running `Command { std: "docker" "start" "-a" "c7fde5788688f1378b93f626b0732821e90aae99f8ab2533d660323ae71d6cb5", kill_on_drop: false }`
[INFO] running `Command { std: "docker" "inspect" "c7fde5788688f1378b93f626b0732821e90aae99f8ab2533d660323ae71d6cb5", kill_on_drop: false }`
[INFO] running `Command { std: "docker" "rm" "-f" "c7fde5788688f1378b93f626b0732821e90aae99f8ab2533d660323ae71d6cb5", kill_on_drop: false }`
[INFO] [stdout] c7fde5788688f1378b93f626b0732821e90aae99f8ab2533d660323ae71d6cb5
[INFO] running `Command { std: "docker" "create" "-v" "/var/lib/crater-agent-workspace/builds/worker-6-tc1/target:/opt/rustwide/target:rw,Z" "-v" "/var/lib/crater-agent-workspace/builds/worker-6-tc1/source:/opt/rustwide/workdir:ro,Z" "-v" "/var/lib/crater-agent-workspace/cargo-home:/opt/rustwide/cargo-home:ro,Z" "-v" "/var/lib/crater-agent-workspace/rustup-home:/opt/rustwide/rustup-home:ro,Z" "-e" "SOURCE_DIR=/opt/rustwide/workdir" "-e" "CARGO_TARGET_DIR=/opt/rustwide/target" "-e" "CARGO_INCREMENTAL=0" "-e" "RUST_BACKTRACE=full" "-e" "RUSTFLAGS=--cap-lints=warn" "-e" "RUSTDOCFLAGS=--cap-lints=warn" "-e" "CARGO_HOME=/opt/rustwide/cargo-home" "-e" "RUSTUP_HOME=/opt/rustwide/rustup-home" "-w" "/opt/rustwide/workdir" "-m" "1610612736" "--user" "0:0" "--network" "none" "ghcr.io/rust-lang/crates-build-env/linux@sha256:2788e3201cd34a07e3172128adcd8b3090168a8e3bcc40d7c032b9dda1df7d1c" "/opt/rustwide/cargo-home/bin/cargo" "+1.75.0" "build" "--frozen" "--message-format=json", kill_on_drop: false }`
[INFO] [stdout] d75955d6f543df53f4b53dd721bde0ffa49331dfaeffe94acb34b0c04f9537c7
[INFO] running `Command { std: "docker" "start" "-a" "d75955d6f543df53f4b53dd721bde0ffa49331dfaeffe94acb34b0c04f9537c7", kill_on_drop: false }`
[INFO] [stderr]    Compiling memchr v2.7.1
[INFO] [stderr]    Compiling xml-rs v0.8.19
[INFO] [stderr]    Compiling regex-syntax v0.8.2
[INFO] [stderr]    Compiling siphasher v0.3.11
[INFO] [stderr]    Compiling ppv-lite86 v0.2.17
[INFO] [stderr]    Compiling getrandom v0.1.16
[INFO] [stderr]    Compiling nom v5.1.3
[INFO] [stderr]    Compiling unicode-width v0.1.11
[INFO] [stderr]    Compiling log v0.4.20
[INFO] [stderr]    Compiling semver v1.0.21
[INFO] [stderr]    Compiling atty v0.2.14
[INFO] [stderr]    Compiling nix v0.17.0
[INFO] [stderr]    Compiling vec_map v0.8.2
[INFO] [stderr]    Compiling humantime v2.1.0
[INFO] [stderr]    Compiling ansi_term v0.12.1
[INFO] [stderr]    Compiling strsim v0.8.0
[INFO] [stderr]    Compiling textwrap v0.11.0
[INFO] [stderr]    Compiling bindgen v0.56.0
[INFO] [stderr]    Compiling phf_shared v0.8.0
[INFO] [stderr]    Compiling rand_core v0.5.1
[INFO] [stderr]    Compiling termcolor v1.4.0
[INFO] [stderr]    Compiling clap v2.34.0
[INFO] [stderr]    Compiling clang-sys v1.7.0
[INFO] [stderr]    Compiling which v3.1.1
[INFO] [stderr]    Compiling dlib v0.4.2
[INFO] [stderr]    Compiling shlex v0.1.1
[INFO] [stderr]    Compiling rand_pcg v0.2.1
[INFO] [stderr]    Compiling wayland-sys v0.25.0
[INFO] [stderr]    Compiling syn v2.0.48
[INFO] [stderr]    Compiling serde v1.0.194
[INFO] [stderr]    Compiling num-integer v0.1.45
[INFO] [stderr]    Compiling num-iter v0.1.43
[INFO] [stderr]    Compiling num-rational v0.3.2
[INFO] [stderr]    Compiling euclid v0.22.9
[INFO] [stderr]    Compiling cc v1.0.83
[INFO] [stderr]    Compiling rand_chacha v0.2.2
[INFO] [stderr]    Compiling aho-corasick v1.1.2
[INFO] [stderr]    Compiling rand v0.7.3
[INFO] [stderr]    Compiling wayland-scanner v0.25.0
[INFO] [stderr]    Compiling rustc_version v0.4.0
[INFO] [stderr]    Compiling arrayvec v0.7.4
[INFO] [stderr]    Compiling derive_more v0.99.17
[INFO] [stderr]    Compiling cast v0.2.7
[INFO] [stderr]    Compiling phf v0.8.0
[INFO] [stderr]    Compiling approx v0.3.2
[INFO] [stderr]    Compiling lyon_geom v1.0.5
[INFO] [stderr]    Compiling ordered-float v1.1.1
[INFO] [stderr]    Compiling sw-composite v0.7.16
[INFO] [stderr]    Compiling typed-arena v2.0.2
[INFO] [stderr]    Compiling phf_generator v0.8.0
[INFO] [stderr]    Compiling rusttype v0.8.3
[INFO] [stderr]    Compiling phf_codegen v0.8.0
[INFO] [stderr]    Compiling image v0.23.14
[INFO] [stderr]    Compiling orbtk-utils v0.3.1-alpha4
[INFO] [stderr]    Compiling minifb v0.17.0
[INFO] [stderr]    Compiling spin_sleep v1.1.1
[INFO] [stderr]    Compiling raqote v0.8.3
[INFO] [stderr]    Compiling regex-automata v0.4.3
[INFO] [stderr]    Compiling wayland-client v0.25.0
[INFO] [stderr]    Compiling wayland-protocols v0.25.0
[INFO] [stderr]    Compiling cexpr v0.4.0
[INFO] [stderr]    Compiling wayland-commons v0.25.0
[INFO] [stderr]    Compiling serde_derive v1.0.194
[INFO] [stderr]    Compiling regex v1.10.2
[INFO] [stderr]    Compiling env_logger v0.8.4
[INFO] [stderr]    Compiling wayland-cursor v0.25.0
[INFO] [stderr]    Compiling xkbcommon-sys v0.7.5
[INFO] [stderr]    Compiling xkb v0.2.1
[INFO] [stderr]    Compiling ron v0.6.6
[INFO] [stderr]    Compiling orbtk-render v0.3.1-alpha3
[INFO] [stdout] error[E0599]: no function or associated item named `row_major` found for struct `euclid::transform2d::Transform2D` in the current scope
[INFO] [stdout]    --> /opt/rustwide/cargo-home/registry/src/index.crates.io-6f17d22bba15001f/orbtk-render-0.3.1-alpha3/src/raqote/mod.rs:390:48
[INFO] [stdout]     |
[INFO] [stdout] 390 |             .set_transform(&raqote::Transform::row_major(
[INFO] [stdout]     |                                                ^^^^^^^^^ function or associated item not found in `Transform2D<f32, UnknownUnit, UnknownUnit>`
[INFO] [stdout] 
[INFO] [stdout] 
[INFO] [stdout] error[E0599]: no variant named `LinearGradient` found for enum `orbtk_utils::Brush`
[INFO] [stdout]    --> /opt/rustwide/cargo-home/registry/src/index.crates.io-6f17d22bba15001f/orbtk-render-0.3.1-alpha3/src/raqote/mod.rs:466:16
[INFO] [stdout]     |
[INFO] [stdout] 466 |         Brush::LinearGradient { start, end, stops } => {
[INFO] [stdout]     |                ^^^^^^^^^^^^^^ variant not found in `orbtk_utils::Brush`
[INFO] [stdout] 
[INFO] [stdout] 
[INFO] [stdout] error: aborting due to 2 previous errors
[INFO] [stdout] 
[INFO] [stdout] 
[INFO] [stdout] For more information about this error, try `rustc --explain E0599`.
[INFO] [stdout] 
[INFO] [stderr] error: could not compile `orbtk-render` (lib) due to 3 previous errors
[INFO] [stderr] warning: build failed, waiting for other jobs to finish...
[INFO] running `Command { std: "docker" "inspect" "d75955d6f543df53f4b53dd721bde0ffa49331dfaeffe94acb34b0c04f9537c7", kill_on_drop: false }`
[INFO] running `Command { std: "docker" "rm" "-f" "d75955d6f543df53f4b53dd721bde0ffa49331dfaeffe94acb34b0c04f9537c7", kill_on_drop: false }`
[INFO] [stdout] d75955d6f543df53f4b53dd721bde0ffa49331dfaeffe94acb34b0c04f9537c7
[INFO] testing orbtk-shell-0.3.1-alpha3 against beta-2023-12-22 for beta-1.76-1
[INFO] extracting crate orbtk-shell 0.3.1-alpha3 into /workspace/builds/worker-6-tc2/source
[INFO] validating manifest of crates.io crate orbtk-shell 0.3.1-alpha3 on toolchain beta-2023-12-22
[INFO] running `Command { std: CARGO_HOME="/workspace/cargo-home" RUSTUP_HOME="/workspace/rustup-home" "/workspace/cargo-home/bin/cargo" "+beta-2023-12-22" "metadata" "--manifest-path" "Cargo.toml" "--no-deps", kill_on_drop: false }`
[INFO] started tweaking crates.io crate orbtk-shell 0.3.1-alpha3
[INFO] finished tweaking crates.io crate orbtk-shell 0.3.1-alpha3
[INFO] tweaked toml for crates.io crate orbtk-shell 0.3.1-alpha3 written to /workspace/builds/worker-6-tc2/source/Cargo.toml
[INFO] running `Command { std: CARGO_HOME="/workspace/cargo-home" RUSTUP_HOME="/workspace/rustup-home" "/workspace/cargo-home/bin/cargo" "+beta-2023-12-22" "generate-lockfile" "--manifest-path" "Cargo.toml", kill_on_drop: false }`
[INFO] [stderr]     Updating crates.io index
[INFO] running `Command { std: CARGO_HOME="/workspace/cargo-home" RUSTUP_HOME="/workspace/rustup-home" "/workspace/cargo-home/bin/cargo" "+beta-2023-12-22" "fetch" "--manifest-path" "Cargo.toml", kill_on_drop: false }`
[INFO] running `Command { std: "docker" "create" "-v" "/var/lib/crater-agent-workspace/builds/worker-6-tc2/target:/opt/rustwide/target:rw,Z" "-v" "/var/lib/crater-agent-workspace/builds/worker-6-tc2/source:/opt/rustwide/workdir:ro,Z" "-v" "/var/lib/crater-agent-workspace/cargo-home:/opt/rustwide/cargo-home:ro,Z" "-v" "/var/lib/crater-agent-workspace/rustup-home:/opt/rustwide/rustup-home:ro,Z" "-e" "SOURCE_DIR=/opt/rustwide/workdir" "-e" "CARGO_TARGET_DIR=/opt/rustwide/target" "-e" "CARGO_HOME=/opt/rustwide/cargo-home" "-e" "RUSTUP_HOME=/opt/rustwide/rustup-home" "-w" "/opt/rustwide/workdir" "-m" "1610612736" "--user" "0:0" "--network" "none" "ghcr.io/rust-lang/crates-build-env/linux@sha256:2788e3201cd34a07e3172128adcd8b3090168a8e3bcc40d7c032b9dda1df7d1c" "/opt/rustwide/cargo-home/bin/cargo" "+beta-2023-12-22" "metadata" "--no-deps" "--format-version=1", kill_on_drop: false }`
[INFO] [stdout] c592ca32b403779abc4608b444e23a29b3f852ec9f4307effe13beac6e93a68a
[INFO] running `Command { std: "docker" "start" "-a" "c592ca32b403779abc4608b444e23a29b3f852ec9f4307effe13beac6e93a68a", kill_on_drop: false }`
[INFO] running `Command { std: "docker" "inspect" "c592ca32b403779abc4608b444e23a29b3f852ec9f4307effe13beac6e93a68a", kill_on_drop: false }`
[INFO] running `Command { std: "docker" "rm" "-f" "c592ca32b403779abc4608b444e23a29b3f852ec9f4307effe13beac6e93a68a", kill_on_drop: false }`
[INFO] [stdout] c592ca32b403779abc4608b444e23a29b3f852ec9f4307effe13beac6e93a68a
[INFO] running `Command { std: "docker" "create" "-v" "/var/lib/crater-agent-workspace/builds/worker-6-tc2/target:/opt/rustwide/target:rw,Z" "-v" "/var/lib/crater-agent-workspace/builds/worker-6-tc2/source:/opt/rustwide/workdir:ro,Z" "-v" "/var/lib/crater-agent-workspace/cargo-home:/opt/rustwide/cargo-home:ro,Z" "-v" "/var/lib/crater-agent-workspace/rustup-home:/opt/rustwide/rustup-home:ro,Z" "-e" "SOURCE_DIR=/opt/rustwide/workdir" "-e" "CARGO_TARGET_DIR=/opt/rustwide/target" "-e" "CARGO_INCREMENTAL=0" "-e" "RUST_BACKTRACE=full" "-e" "RUSTFLAGS=--cap-lints=warn" "-e" "RUSTDOCFLAGS=--cap-lints=warn" "-e" "CARGO_HOME=/opt/rustwide/cargo-home" "-e" "RUSTUP_HOME=/opt/rustwide/rustup-home" "-w" "/opt/rustwide/workdir" "-m" "1610612736" "--user" "0:0" "--network" "none" "ghcr.io/rust-lang/crates-build-env/linux@sha256:2788e3201cd34a07e3172128adcd8b3090168a8e3bcc40d7c032b9dda1df7d1c" "/opt/rustwide/cargo-home/bin/cargo" "+beta-2023-12-22" "build" "--frozen" "--message-format=json", kill_on_drop: false }`
[INFO] [stdout] 0506ef3344f203294971760193d0fec779825bc46ec2d215ab9fb0f0089e3d10
[INFO] running `Command { std: "docker" "start" "-a" "0506ef3344f203294971760193d0fec779825bc46ec2d215ab9fb0f0089e3d10", kill_on_drop: false }`
[INFO] [stderr]    Compiling memchr v2.7.1
[INFO] [stderr]    Compiling getrandom v0.1.16
[INFO] [stderr]    Compiling xml-rs v0.8.19
[INFO] [stderr]    Compiling regex-syntax v0.8.2
[INFO] [stderr]    Compiling siphasher v0.3.11
[INFO] [stderr]    Compiling ppv-lite86 v0.2.17
[INFO] [stderr]    Compiling unicode-width v0.1.11
[INFO] [stderr]    Compiling nom v5.1.3
[INFO] [stderr]    Compiling humantime v2.1.0
[INFO] [stderr]    Compiling atty v0.2.14
[INFO] [stderr]    Compiling termcolor v1.4.0
[INFO] [stderr]    Compiling strsim v0.8.0
[INFO] [stderr]    Compiling ansi_term v0.12.1
[INFO] [stderr]    Compiling nix v0.17.0
[INFO] [stderr]    Compiling vec_map v0.8.2
[INFO] [stderr]    Compiling semver v1.0.21
[INFO] [stderr]    Compiling textwrap v0.11.0
[INFO] [stderr]    Compiling log v0.4.20
[INFO] [stderr]    Compiling rand_core v0.5.1
[INFO] [stderr]    Compiling phf_shared v0.8.0
[INFO] [stderr]    Compiling bindgen v0.56.0
[INFO] [stderr]    Compiling clap v2.34.0
[INFO] [stderr]    Compiling clang-sys v1.7.0
[INFO] [stderr]    Compiling which v3.1.1
[INFO] [stderr]    Compiling dlib v0.4.2
[INFO] [stderr]    Compiling rand_pcg v0.2.1
[INFO] [stderr]    Compiling shlex v0.1.1
[INFO] [stderr]    Compiling wayland-sys v0.25.0
[INFO] [stderr]    Compiling syn v2.0.48
[INFO] [stderr]    Compiling serde v1.0.194
[INFO] [stderr]    Compiling rand_chacha v0.2.2
[INFO] [stderr]    Compiling num-integer v0.1.45
[INFO] [stderr]    Compiling num-iter v0.1.43
[INFO] [stderr]    Compiling num-rational v0.3.2
[INFO] [stderr]    Compiling euclid v0.22.9
[INFO] [stderr]    Compiling cc v1.0.83
[INFO] [stderr]    Compiling aho-corasick v1.1.2
[INFO] [stderr]    Compiling rand v0.7.3
[INFO] [stderr]    Compiling wayland-scanner v0.25.0
[INFO] [stderr]    Compiling rustc_version v0.4.0
[INFO] [stderr]    Compiling arrayvec v0.7.4
[INFO] [stderr]    Compiling derive_more v0.99.17
[INFO] [stderr]    Compiling cast v0.2.7
[INFO] [stderr]    Compiling phf v0.8.0
[INFO] [stderr]    Compiling ordered-float v1.1.1
[INFO] [stderr]    Compiling lyon_geom v1.0.5
[INFO] [stderr]    Compiling approx v0.3.2
[INFO] [stderr]    Compiling typed-arena v2.0.2
[INFO] [stderr]    Compiling sw-composite v0.7.16
[INFO] [stderr]    Compiling rusttype v0.8.3
[INFO] [stderr]    Compiling image v0.23.14
[INFO] [stderr]    Compiling phf_generator v0.8.0
[INFO] [stderr]    Compiling phf_codegen v0.8.0
[INFO] [stderr]    Compiling orbtk-utils v0.3.1-alpha4
[INFO] [stderr]    Compiling raqote v0.8.3
[INFO] [stderr]    Compiling minifb v0.17.0
[INFO] [stderr]    Compiling x11-dl v2.21.0
[INFO] [stderr]    Compiling spin_sleep v1.1.1
[INFO] [stderr]    Compiling regex-automata v0.4.3
[INFO] [stderr]    Compiling wayland-client v0.25.0
[INFO] [stderr]    Compiling wayland-protocols v0.25.0
[INFO] [stderr]    Compiling cexpr v0.4.0
[INFO] [stderr]    Compiling wayland-commons v0.25.0
[INFO] [stderr]    Compiling serde_derive v1.0.194
[INFO] [stderr]    Compiling regex v1.10.2
[INFO] [stderr]    Compiling env_logger v0.8.4
[INFO] [stderr]    Compiling wayland-cursor v0.25.0
[INFO] [stderr]    Compiling xkbcommon-sys v0.7.5
[INFO] [stderr]    Compiling xkb v0.2.1
[INFO] [stderr]    Compiling ron v0.6.6
[INFO] [stderr]    Compiling orbtk-render v0.3.1-alpha3
[INFO] [stdout] error[E0599]: no function or associated item named `row_major` found for struct `euclid::transform2d::Transform2D` in the current scope
[INFO] [stdout]    --> /opt/rustwide/cargo-home/registry/src/index.crates.io-6f17d22bba15001f/orbtk-render-0.3.1-alpha3/src/raqote/mod.rs:390:48
[INFO] [stdout]     |
[INFO] [stdout] 390 |             .set_transform(&raqote::Transform::row_major(
[INFO] [stdout]     |                                                ^^^^^^^^^ function or associated item not found in `Transform2D<f32, UnknownUnit, UnknownUnit>`
[INFO] [stdout] 
[INFO] [stdout] 
[INFO] [stdout] error[E0599]: no variant named `LinearGradient` found for enum `orbtk_utils::Brush`
[INFO] [stdout]    --> /opt/rustwide/cargo-home/registry/src/index.crates.io-6f17d22bba15001f/orbtk-render-0.3.1-alpha3/src/raqote/mod.rs:466:16
[INFO] [stdout]     |
[INFO] [stdout] 466 |         Brush::LinearGradient { start, end, stops } => {
[INFO] [stdout]     |                ^^^^^^^^^^^^^^ variant not found in `orbtk_utils::Brush`
[INFO] [stdout] 
[INFO] [stdout] 
[INFO] [stdout] error: aborting due to 2 previous errors
[INFO] [stdout] 
[INFO] [stdout] 
[INFO] [stdout] For more information about this error, try `rustc --explain E0599`.
[INFO] [stdout] 
[INFO] [stderr] error: could not compile `orbtk-render` (lib) due to 3 previous errors
[INFO] [stderr] warning: build failed, waiting for other jobs to finish...
[INFO] running `Command { std: "docker" "inspect" "0506ef3344f203294971760193d0fec779825bc46ec2d215ab9fb0f0089e3d10", kill_on_drop: false }`
[INFO] running `Command { std: "docker" "rm" "-f" "0506ef3344f203294971760193d0fec779825bc46ec2d215ab9fb0f0089e3d10", kill_on_drop: false }`
[INFO] [stdout] 0506ef3344f203294971760193d0fec779825bc46ec2d215ab9fb0f0089e3d10
