[INFO] fetching crate orbtk-render 0.3.1-alpha3...
[INFO] testing orbtk-render-0.3.1-alpha3 against 1.75.0 for beta-1.76-1
[INFO] extracting crate orbtk-render 0.3.1-alpha3 into /workspace/builds/worker-3-tc1/source
[INFO] validating manifest of crates.io crate orbtk-render 0.3.1-alpha3 on toolchain 1.75.0
[INFO] running `Command { std: CARGO_HOME="/workspace/cargo-home" RUSTUP_HOME="/workspace/rustup-home" "/workspace/cargo-home/bin/cargo" "+1.75.0" "metadata" "--manifest-path" "Cargo.toml" "--no-deps", kill_on_drop: false }`
[INFO] started tweaking crates.io crate orbtk-render 0.3.1-alpha3
[INFO] finished tweaking crates.io crate orbtk-render 0.3.1-alpha3
[INFO] tweaked toml for crates.io crate orbtk-render 0.3.1-alpha3 written to /workspace/builds/worker-3-tc1/source/Cargo.toml
[INFO] running `Command { std: CARGO_HOME="/workspace/cargo-home" RUSTUP_HOME="/workspace/rustup-home" "/workspace/cargo-home/bin/cargo" "+1.75.0" "generate-lockfile" "--manifest-path" "Cargo.toml", kill_on_drop: false }`
[INFO] [stderr]     Updating crates.io index
[INFO] running `Command { std: CARGO_HOME="/workspace/cargo-home" RUSTUP_HOME="/workspace/rustup-home" "/workspace/cargo-home/bin/cargo" "+1.75.0" "fetch" "--manifest-path" "Cargo.toml", kill_on_drop: false }`
[INFO] [stderr]  Downloading crates ...
[INFO] [stderr]   Downloaded sw-composite v0.7.16
[INFO] [stderr]   Downloaded pathfinder_color v0.5.0
[INFO] [stderr]   Downloaded servo-fontconfig v0.4.0
[INFO] [stderr]   Downloaded pathfinder_ui v0.5.0
[INFO] [stderr]   Downloaded core-text v13.3.2
[INFO] [stderr]   Downloaded orbtk-utils v0.3.1-alpha4
[INFO] [stderr]   Downloaded pathfinder_content v0.5.0
[INFO] [stderr]   Downloaded raqote v0.8.3
[INFO] [stderr]   Downloaded dwrote v0.10.0
[INFO] [stderr]   Downloaded core-text v15.0.0
[INFO] [stderr]   Downloaded pathfinder_canvas v0.5.0
[INFO] [stderr]   Downloaded servo-fontconfig-sys v4.0.9
[INFO] [stderr]   Downloaded pathfinder_resources v0.5.0
[INFO] [stderr]   Downloaded harfbuzz-sys v0.3.4
[INFO] [stderr]   Downloaded skribo v0.1.0
[INFO] [stderr]   Downloaded pathfinder_gpu v0.5.0
[INFO] [stderr]   Downloaded harfbuzz v0.3.1
[INFO] [stderr]   Downloaded pathfinder_renderer v0.5.0
[INFO] [stderr]   Downloaded pathfinder_gl v0.5.0
[INFO] [stderr]   Downloaded font-kit v0.6.0
[INFO] [stderr]   Downloaded pathfinder_text v0.5.0
[INFO] running `Command { std: "docker" "create" "-v" "/var/lib/crater-agent-workspace/builds/worker-3-tc1/target:/opt/rustwide/target:rw,Z" "-v" "/var/lib/crater-agent-workspace/builds/worker-3-tc1/source:/opt/rustwide/workdir:ro,Z" "-v" "/var/lib/crater-agent-workspace/cargo-home:/opt/rustwide/cargo-home:ro,Z" "-v" "/var/lib/crater-agent-workspace/rustup-home:/opt/rustwide/rustup-home:ro,Z" "-e" "SOURCE_DIR=/opt/rustwide/workdir" "-e" "CARGO_TARGET_DIR=/opt/rustwide/target" "-e" "CARGO_HOME=/opt/rustwide/cargo-home" "-e" "RUSTUP_HOME=/opt/rustwide/rustup-home" "-w" "/opt/rustwide/workdir" "-m" "1610612736" "--user" "0:0" "--network" "none" "ghcr.io/rust-lang/crates-build-env/linux@sha256:2788e3201cd34a07e3172128adcd8b3090168a8e3bcc40d7c032b9dda1df7d1c" "/opt/rustwide/cargo-home/bin/cargo" "+1.75.0" "metadata" "--no-deps" "--format-version=1", kill_on_drop: false }`
[INFO] [stdout] 2262ea9f2615d2cd7e4825e23c0198e9df1b8c4faceb1d60d5d073ac895f475f
[INFO] running `Command { std: "docker" "start" "-a" "2262ea9f2615d2cd7e4825e23c0198e9df1b8c4faceb1d60d5d073ac895f475f", kill_on_drop: false }`
[INFO] running `Command { std: "docker" "inspect" "2262ea9f2615d2cd7e4825e23c0198e9df1b8c4faceb1d60d5d073ac895f475f", kill_on_drop: false }`
[INFO] running `Command { std: "docker" "rm" "-f" "2262ea9f2615d2cd7e4825e23c0198e9df1b8c4faceb1d60d5d073ac895f475f", kill_on_drop: false }`
[INFO] [stdout] 2262ea9f2615d2cd7e4825e23c0198e9df1b8c4faceb1d60d5d073ac895f475f
[INFO] running `Command { std: "docker" "create" "-v" "/var/lib/crater-agent-workspace/builds/worker-3-tc1/target:/opt/rustwide/target:rw,Z" "-v" "/var/lib/crater-agent-workspace/builds/worker-3-tc1/source:/opt/rustwide/workdir:ro,Z" "-v" "/var/lib/crater-agent-workspace/cargo-home:/opt/rustwide/cargo-home:ro,Z" "-v" "/var/lib/crater-agent-workspace/rustup-home:/opt/rustwide/rustup-home:ro,Z" "-e" "SOURCE_DIR=/opt/rustwide/workdir" "-e" "CARGO_TARGET_DIR=/opt/rustwide/target" "-e" "CARGO_INCREMENTAL=0" "-e" "RUST_BACKTRACE=full" "-e" "RUSTFLAGS=--cap-lints=warn" "-e" "RUSTDOCFLAGS=--cap-lints=warn" "-e" "CARGO_HOME=/opt/rustwide/cargo-home" "-e" "RUSTUP_HOME=/opt/rustwide/rustup-home" "-w" "/opt/rustwide/workdir" "-m" "1610612736" "--user" "0:0" "--network" "none" "ghcr.io/rust-lang/crates-build-env/linux@sha256:2788e3201cd34a07e3172128adcd8b3090168a8e3bcc40d7c032b9dda1df7d1c" "/opt/rustwide/cargo-home/bin/cargo" "+1.75.0" "build" "--frozen" "--message-format=json", kill_on_drop: false }`
[INFO] [stdout] c9c7c9e1e4478c7e12d870aabafed284c83e69f6b541d8ab47c8aa4a3067af68
[INFO] running `Command { std: "docker" "start" "-a" "c9c7c9e1e4478c7e12d870aabafed284c83e69f6b541d8ab47c8aa4a3067af68", kill_on_drop: false }`
[INFO] [stderr]    Compiling libm v0.2.8
[INFO] [stderr]    Compiling num-traits v0.2.17
[INFO] [stderr]    Compiling libc v0.2.151
[INFO] [stderr]    Compiling getrandom v0.1.16
[INFO] [stderr]    Compiling crossbeam-utils v0.8.18
[INFO] [stderr]    Compiling siphasher v0.3.11
[INFO] [stderr]    Compiling ppv-lite86 v0.2.17
[INFO] [stderr]    Compiling rayon-core v1.12.0
[INFO] [stderr]    Compiling num-integer v0.1.45
[INFO] [stderr]    Compiling byteorder v1.5.0
[INFO] [stderr]    Compiling miniz_oxide v0.4.4
[INFO] [stderr]    Compiling either v1.9.0
[INFO] [stderr]    Compiling serde v1.0.194
[INFO] [stderr]    Compiling adler32 v1.2.0
[INFO] [stderr]    Compiling syn v2.0.48
[INFO] [stderr]    Compiling num-iter v0.1.43
[INFO] [stderr]    Compiling num-rational v0.3.2
[INFO] [stderr]    Compiling phf_shared v0.8.0
[INFO] [stderr]    Compiling adler v1.0.2
[INFO] [stderr]    Compiling weezl v0.1.7
[INFO] [stderr]    Compiling miniz_oxide v0.3.7
[INFO] [stderr]    Compiling deflate v0.8.6
[INFO] [stderr]    Compiling color_quant v1.1.0
[INFO] [stderr]    Compiling arrayvec v0.7.4
[INFO] [stderr]    Compiling lexical-core v0.7.6
[INFO] [stderr]    Compiling derive_more v0.99.17
[INFO] [stderr]    Compiling phf v0.8.0
[INFO] [stderr]    Compiling stb_truetype v0.3.1
[INFO] [stderr]    Compiling gif v0.11.4
[INFO] [stderr]    Compiling typed-arena v2.0.2
[INFO] [stderr]    Compiling bytemuck v1.14.0
[INFO] [stderr]    Compiling sw-composite v0.7.16
[INFO] [stderr]    Compiling png v0.16.8
[INFO] [stderr]    Compiling crossbeam-epoch v0.9.17
[INFO] [stderr]    Compiling scoped_threadpool v0.1.9
[INFO] [stderr]    Compiling crossbeam-deque v0.8.4
[INFO] [stderr]    Compiling rand_core v0.5.1
[INFO] [stderr]    Compiling rand_pcg v0.2.1
[INFO] [stderr]    Compiling rand_chacha v0.2.2
[INFO] [stderr]    Compiling euclid v0.22.9
[INFO] [stderr]    Compiling approx v0.3.2
[INFO] [stderr]    Compiling ordered-float v1.1.1
[INFO] [stderr]    Compiling rayon v1.8.0
[INFO] [stderr]    Compiling rand v0.7.3
[INFO] [stderr]    Compiling rusttype v0.8.3
[INFO] [stderr]    Compiling phf_generator v0.8.0
[INFO] [stderr]    Compiling lyon_geom v1.0.5
[INFO] [stderr]    Compiling phf_codegen v0.8.0
[INFO] [stderr]    Compiling orbtk-utils v0.3.1-alpha4
[INFO] [stderr]    Compiling raqote v0.8.3
[INFO] [stderr]    Compiling serde_derive v1.0.194
[INFO] [stderr]    Compiling jpeg-decoder v0.1.22
[INFO] [stderr]    Compiling tiff v0.6.1
[INFO] [stderr]    Compiling image v0.23.14
[INFO] [stderr]    Compiling ron v0.6.6
[INFO] [stderr]    Compiling orbtk-render v0.3.1-alpha3 (/opt/rustwide/workdir)
[INFO] [stdout] warning: use of deprecated method `image::DynamicImage::to_rgba`: replaced by `to_rgba8`
[INFO] [stdout]   --> src/raqote/image.rs:59:46
[INFO] [stdout]    |
[INFO] [stdout] 59 |             return Self::from_rgba_image(img.to_rgba());
[INFO] [stdout]    |                                              ^^^^^^^
[INFO] [stdout]    |
[INFO] [stdout]    = note: `#[warn(deprecated)]` on by default
[INFO] [stdout] 
[INFO] [stdout] 
[INFO] [stdout] error[E0599]: no function or associated item named `row_major` found for struct `euclid::transform2d::Transform2D` in the current scope
[INFO] [stdout]    --> src/raqote/mod.rs:390:48
[INFO] [stdout]     |
[INFO] [stdout] 390 |             .set_transform(&raqote::Transform::row_major(
[INFO] [stdout]     |                                                ^^^^^^^^^ function or associated item not found in `Transform2D<f32, UnknownUnit, UnknownUnit>`
[INFO] [stdout] 
[INFO] [stdout] 
[INFO] [stdout] error[E0599]: no variant named `LinearGradient` found for enum `orbtk_utils::Brush`
[INFO] [stdout]    --> src/raqote/mod.rs:466:16
[INFO] [stdout]     |
[INFO] [stdout] 466 |         Brush::LinearGradient { start, end, stops } => {
[INFO] [stdout]     |                ^^^^^^^^^^^^^^ variant not found in `orbtk_utils::Brush`
[INFO] [stdout] 
[INFO] [stdout] 
[INFO] [stdout] error: aborting due to 2 previous errors; 1 warning emitted
[INFO] [stdout] 
[INFO] [stdout] 
[INFO] [stdout] For more information about this error, try `rustc --explain E0599`.
[INFO] [stdout] 
[INFO] [stderr] error: could not compile `orbtk-render` (lib) due to 3 previous errors; 1 warning emitted
[INFO] [stderr] warning: build failed, waiting for other jobs to finish...
[INFO] running `Command { std: "docker" "inspect" "c9c7c9e1e4478c7e12d870aabafed284c83e69f6b541d8ab47c8aa4a3067af68", kill_on_drop: false }`
[INFO] running `Command { std: "docker" "rm" "-f" "c9c7c9e1e4478c7e12d870aabafed284c83e69f6b541d8ab47c8aa4a3067af68", kill_on_drop: false }`
[INFO] [stdout] c9c7c9e1e4478c7e12d870aabafed284c83e69f6b541d8ab47c8aa4a3067af68
[INFO] testing orbtk-render-0.3.1-alpha3 against beta-2023-12-22 for beta-1.76-1
[INFO] extracting crate orbtk-render 0.3.1-alpha3 into /workspace/builds/worker-3-tc2/source
[INFO] validating manifest of crates.io crate orbtk-render 0.3.1-alpha3 on toolchain beta-2023-12-22
[INFO] running `Command { std: CARGO_HOME="/workspace/cargo-home" RUSTUP_HOME="/workspace/rustup-home" "/workspace/cargo-home/bin/cargo" "+beta-2023-12-22" "metadata" "--manifest-path" "Cargo.toml" "--no-deps", kill_on_drop: false }`
[INFO] started tweaking crates.io crate orbtk-render 0.3.1-alpha3
[INFO] finished tweaking crates.io crate orbtk-render 0.3.1-alpha3
[INFO] tweaked toml for crates.io crate orbtk-render 0.3.1-alpha3 written to /workspace/builds/worker-3-tc2/source/Cargo.toml
[INFO] running `Command { std: CARGO_HOME="/workspace/cargo-home" RUSTUP_HOME="/workspace/rustup-home" "/workspace/cargo-home/bin/cargo" "+beta-2023-12-22" "generate-lockfile" "--manifest-path" "Cargo.toml", kill_on_drop: false }`
[INFO] [stderr]     Updating crates.io index
[INFO] running `Command { std: CARGO_HOME="/workspace/cargo-home" RUSTUP_HOME="/workspace/rustup-home" "/workspace/cargo-home/bin/cargo" "+beta-2023-12-22" "fetch" "--manifest-path" "Cargo.toml", kill_on_drop: false }`
[INFO] running `Command { std: "docker" "create" "-v" "/var/lib/crater-agent-workspace/builds/worker-3-tc2/target:/opt/rustwide/target:rw,Z" "-v" "/var/lib/crater-agent-workspace/builds/worker-3-tc2/source:/opt/rustwide/workdir:ro,Z" "-v" "/var/lib/crater-agent-workspace/cargo-home:/opt/rustwide/cargo-home:ro,Z" "-v" "/var/lib/crater-agent-workspace/rustup-home:/opt/rustwide/rustup-home:ro,Z" "-e" "SOURCE_DIR=/opt/rustwide/workdir" "-e" "CARGO_TARGET_DIR=/opt/rustwide/target" "-e" "CARGO_HOME=/opt/rustwide/cargo-home" "-e" "RUSTUP_HOME=/opt/rustwide/rustup-home" "-w" "/opt/rustwide/workdir" "-m" "1610612736" "--user" "0:0" "--network" "none" "ghcr.io/rust-lang/crates-build-env/linux@sha256:2788e3201cd34a07e3172128adcd8b3090168a8e3bcc40d7c032b9dda1df7d1c" "/opt/rustwide/cargo-home/bin/cargo" "+beta-2023-12-22" "metadata" "--no-deps" "--format-version=1", kill_on_drop: false }`
[INFO] [stdout] 6e343afb80bc7814f1ac2c6319d667720a3642ce6b47f613fec16db509418899
[INFO] running `Command { std: "docker" "start" "-a" "6e343afb80bc7814f1ac2c6319d667720a3642ce6b47f613fec16db509418899", kill_on_drop: false }`
[INFO] running `Command { std: "docker" "inspect" "6e343afb80bc7814f1ac2c6319d667720a3642ce6b47f613fec16db509418899", kill_on_drop: false }`
[INFO] running `Command { std: "docker" "rm" "-f" "6e343afb80bc7814f1ac2c6319d667720a3642ce6b47f613fec16db509418899", kill_on_drop: false }`
[INFO] [stdout] 6e343afb80bc7814f1ac2c6319d667720a3642ce6b47f613fec16db509418899
[INFO] running `Command { std: "docker" "create" "-v" "/var/lib/crater-agent-workspace/builds/worker-3-tc2/target:/opt/rustwide/target:rw,Z" "-v" "/var/lib/crater-agent-workspace/builds/worker-3-tc2/source:/opt/rustwide/workdir:ro,Z" "-v" "/var/lib/crater-agent-workspace/cargo-home:/opt/rustwide/cargo-home:ro,Z" "-v" "/var/lib/crater-agent-workspace/rustup-home:/opt/rustwide/rustup-home:ro,Z" "-e" "SOURCE_DIR=/opt/rustwide/workdir" "-e" "CARGO_TARGET_DIR=/opt/rustwide/target" "-e" "CARGO_INCREMENTAL=0" "-e" "RUST_BACKTRACE=full" "-e" "RUSTFLAGS=--cap-lints=warn" "-e" "RUSTDOCFLAGS=--cap-lints=warn" "-e" "CARGO_HOME=/opt/rustwide/cargo-home" "-e" "RUSTUP_HOME=/opt/rustwide/rustup-home" "-w" "/opt/rustwide/workdir" "-m" "1610612736" "--user" "0:0" "--network" "none" "ghcr.io/rust-lang/crates-build-env/linux@sha256:2788e3201cd34a07e3172128adcd8b3090168a8e3bcc40d7c032b9dda1df7d1c" "/opt/rustwide/cargo-home/bin/cargo" "+beta-2023-12-22" "build" "--frozen" "--message-format=json", kill_on_drop: false }`
[INFO] [stdout] 37465cb1fa286c1d09a62269903359b9636f041ccdfc32346d3ddb56d70831c5
[INFO] running `Command { std: "docker" "start" "-a" "37465cb1fa286c1d09a62269903359b9636f041ccdfc32346d3ddb56d70831c5", kill_on_drop: false }`
[INFO] [stderr]    Compiling libm v0.2.8
[INFO] [stderr]    Compiling num-traits v0.2.17
[INFO] [stderr]    Compiling libc v0.2.151
[INFO] [stderr]    Compiling getrandom v0.1.16
[INFO] [stderr]    Compiling crossbeam-utils v0.8.18
[INFO] [stderr]    Compiling ppv-lite86 v0.2.17
[INFO] [stderr]    Compiling siphasher v0.3.11
[INFO] [stderr]    Compiling rayon-core v1.12.0
[INFO] [stderr]    Compiling num-integer v0.1.45
[INFO] [stderr]    Compiling byteorder v1.5.0
[INFO] [stderr]    Compiling miniz_oxide v0.4.4
[INFO] [stderr]    Compiling adler32 v1.2.0
[INFO] [stderr]    Compiling serde v1.0.194
[INFO] [stderr]    Compiling either v1.9.0
[INFO] [stderr]    Compiling syn v2.0.48
[INFO] [stderr]    Compiling num-rational v0.3.2
[INFO] [stderr]    Compiling num-iter v0.1.43
[INFO] [stderr]    Compiling phf_shared v0.8.0
[INFO] [stderr]    Compiling adler v1.0.2
[INFO] [stderr]    Compiling weezl v0.1.7
[INFO] [stderr]    Compiling deflate v0.8.6
[INFO] [stderr]    Compiling miniz_oxide v0.3.7
[INFO] [stderr]    Compiling color_quant v1.1.0
[INFO] [stderr]    Compiling arrayvec v0.7.4
[INFO] [stderr]    Compiling phf v0.8.0
[INFO] [stderr]    Compiling lexical-core v0.7.6
[INFO] [stderr]    Compiling derive_more v0.99.17
[INFO] [stderr]    Compiling stb_truetype v0.3.1
[INFO] [stderr]    Compiling typed-arena v2.0.2
[INFO] [stderr]    Compiling gif v0.11.4
[INFO] [stderr]    Compiling sw-composite v0.7.16
[INFO] [stderr]    Compiling bytemuck v1.14.0
[INFO] [stderr]    Compiling scoped_threadpool v0.1.9
[INFO] [stderr]    Compiling png v0.16.8
[INFO] [stderr]    Compiling crossbeam-epoch v0.9.17
[INFO] [stderr]    Compiling crossbeam-deque v0.8.4
[INFO] [stderr]    Compiling rand_core v0.5.1
[INFO] [stderr]    Compiling rand_pcg v0.2.1
[INFO] [stderr]    Compiling rand_chacha v0.2.2
[INFO] [stderr]    Compiling rand v0.7.3
[INFO] [stderr]    Compiling rayon v1.8.0
[INFO] [stderr]    Compiling euclid v0.22.9
[INFO] [stderr]    Compiling approx v0.3.2
[INFO] [stderr]    Compiling ordered-float v1.1.1
[INFO] [stderr]    Compiling rusttype v0.8.3
[INFO] [stderr]    Compiling phf_generator v0.8.0
[INFO] [stderr]    Compiling phf_codegen v0.8.0
[INFO] [stderr]    Compiling orbtk-utils v0.3.1-alpha4
[INFO] [stderr]    Compiling lyon_geom v1.0.5
[INFO] [stderr]    Compiling raqote v0.8.3
[INFO] [stderr]    Compiling serde_derive v1.0.194
[INFO] [stderr]    Compiling jpeg-decoder v0.1.22
[INFO] [stderr]    Compiling tiff v0.6.1
[INFO] [stderr]    Compiling image v0.23.14
[INFO] [stderr]    Compiling ron v0.6.6
[INFO] [stderr]    Compiling orbtk-render v0.3.1-alpha3 (/opt/rustwide/workdir)
[INFO] [stdout] warning: use of deprecated method `image::DynamicImage::to_rgba`: replaced by `to_rgba8`
[INFO] [stdout]   --> src/raqote/image.rs:59:46
[INFO] [stdout]    |
[INFO] [stdout] 59 |             return Self::from_rgba_image(img.to_rgba());
[INFO] [stdout]    |                                              ^^^^^^^
[INFO] [stdout]    |
[INFO] [stdout]    = note: `#[warn(deprecated)]` on by default
[INFO] [stdout] 
[INFO] [stdout] 
[INFO] [stdout] error[E0599]: no function or associated item named `row_major` found for struct `euclid::transform2d::Transform2D` in the current scope
[INFO] [stdout]    --> src/raqote/mod.rs:390:48
[INFO] [stdout]     |
[INFO] [stdout] 390 |             .set_transform(&raqote::Transform::row_major(
[INFO] [stdout]     |                                                ^^^^^^^^^ function or associated item not found in `Transform2D<f32, UnknownUnit, UnknownUnit>`
[INFO] [stdout] 
[INFO] [stdout] 
[INFO] [stdout] error[E0599]: no variant named `LinearGradient` found for enum `orbtk_utils::Brush`
[INFO] [stdout]    --> src/raqote/mod.rs:466:16
[INFO] [stdout]     |
[INFO] [stdout] 466 |         Brush::LinearGradient { start, end, stops } => {
[INFO] [stdout]     |                ^^^^^^^^^^^^^^ variant not found in `orbtk_utils::Brush`
[INFO] [stdout] 
[INFO] [stdout] 
[INFO] [stdout] error: aborting due to 2 previous errors; 1 warning emitted
[INFO] [stdout] 
[INFO] [stdout] 
[INFO] [stdout] For more information about this error, try `rustc --explain E0599`.
[INFO] [stdout] 
[INFO] [stderr] error: could not compile `orbtk-render` (lib) due to 3 previous errors; 1 warning emitted
[INFO] [stderr] warning: build failed, waiting for other jobs to finish...
[INFO] running `Command { std: "docker" "inspect" "37465cb1fa286c1d09a62269903359b9636f041ccdfc32346d3ddb56d70831c5", kill_on_drop: false }`
[INFO] running `Command { std: "docker" "rm" "-f" "37465cb1fa286c1d09a62269903359b9636f041ccdfc32346d3ddb56d70831c5", kill_on_drop: false }`
[INFO] [stdout] 37465cb1fa286c1d09a62269903359b9636f041ccdfc32346d3ddb56d70831c5
