[INFO] fetching crate orb-network-manager 0.11.3...
[INFO] testing orb-network-manager-0.11.3 against 1.75.0 for beta-1.76-1
[INFO] extracting crate orb-network-manager 0.11.3 into /workspace/builds/worker-0-tc1/source
[INFO] validating manifest of crates.io crate orb-network-manager 0.11.3 on toolchain 1.75.0
[INFO] running `Command { std: CARGO_HOME="/workspace/cargo-home" RUSTUP_HOME="/workspace/rustup-home" "/workspace/cargo-home/bin/cargo" "+1.75.0" "metadata" "--manifest-path" "Cargo.toml" "--no-deps", kill_on_drop: false }`
[INFO] removed /workspace/builds/worker-0-tc1/source/.cargo/config
[INFO] started tweaking crates.io crate orb-network-manager 0.11.3
[INFO] finished tweaking crates.io crate orb-network-manager 0.11.3
[INFO] tweaked toml for crates.io crate orb-network-manager 0.11.3 written to /workspace/builds/worker-0-tc1/source/Cargo.toml
[INFO] crate crates.io crate orb-network-manager 0.11.3 already has a lockfile, it will not be regenerated
[INFO] running `Command { std: CARGO_HOME="/workspace/cargo-home" RUSTUP_HOME="/workspace/rustup-home" "/workspace/cargo-home/bin/cargo" "+1.75.0" "fetch" "--manifest-path" "Cargo.toml", kill_on_drop: false }`
[INFO] [stderr]  Downloading crates ...
[INFO] [stderr]   Downloaded dbus v0.7.1
[INFO] [stderr]   Downloaded tokio-timer v0.1.2
[INFO] running `Command { std: "docker" "create" "-v" "/var/lib/crater-agent-workspace/builds/worker-0-tc1/target:/opt/rustwide/target:rw,Z" "-v" "/var/lib/crater-agent-workspace/builds/worker-0-tc1/source:/opt/rustwide/workdir:ro,Z" "-v" "/var/lib/crater-agent-workspace/cargo-home:/opt/rustwide/cargo-home:ro,Z" "-v" "/var/lib/crater-agent-workspace/rustup-home:/opt/rustwide/rustup-home:ro,Z" "-e" "SOURCE_DIR=/opt/rustwide/workdir" "-e" "CARGO_TARGET_DIR=/opt/rustwide/target" "-e" "CARGO_HOME=/opt/rustwide/cargo-home" "-e" "RUSTUP_HOME=/opt/rustwide/rustup-home" "-w" "/opt/rustwide/workdir" "-m" "1610612736" "--user" "0:0" "--network" "none" "ghcr.io/rust-lang/crates-build-env/linux@sha256:2788e3201cd34a07e3172128adcd8b3090168a8e3bcc40d7c032b9dda1df7d1c" "/opt/rustwide/cargo-home/bin/cargo" "+1.75.0" "metadata" "--no-deps" "--format-version=1", kill_on_drop: false }`
[INFO] [stdout] dd6069746242d4d704f0cee0d08019bbaa01426ef352a1f3c44c43091ee0b43d
[INFO] running `Command { std: "docker" "start" "-a" "dd6069746242d4d704f0cee0d08019bbaa01426ef352a1f3c44c43091ee0b43d", kill_on_drop: false }`
[INFO] running `Command { std: "docker" "inspect" "dd6069746242d4d704f0cee0d08019bbaa01426ef352a1f3c44c43091ee0b43d", kill_on_drop: false }`
[INFO] running `Command { std: "docker" "rm" "-f" "dd6069746242d4d704f0cee0d08019bbaa01426ef352a1f3c44c43091ee0b43d", kill_on_drop: false }`
[INFO] [stdout] dd6069746242d4d704f0cee0d08019bbaa01426ef352a1f3c44c43091ee0b43d
[INFO] running `Command { std: "docker" "create" "-v" "/var/lib/crater-agent-workspace/builds/worker-0-tc1/target:/opt/rustwide/target:rw,Z" "-v" "/var/lib/crater-agent-workspace/builds/worker-0-tc1/source:/opt/rustwide/workdir:ro,Z" "-v" "/var/lib/crater-agent-workspace/cargo-home:/opt/rustwide/cargo-home:ro,Z" "-v" "/var/lib/crater-agent-workspace/rustup-home:/opt/rustwide/rustup-home:ro,Z" "-e" "SOURCE_DIR=/opt/rustwide/workdir" "-e" "CARGO_TARGET_DIR=/opt/rustwide/target" "-e" "CARGO_INCREMENTAL=0" "-e" "RUST_BACKTRACE=full" "-e" "RUSTFLAGS=--cap-lints=warn" "-e" "RUSTDOCFLAGS=--cap-lints=warn" "-e" "CARGO_HOME=/opt/rustwide/cargo-home" "-e" "RUSTUP_HOME=/opt/rustwide/rustup-home" "-w" "/opt/rustwide/workdir" "-m" "1610612736" "--user" "0:0" "--network" "none" "ghcr.io/rust-lang/crates-build-env/linux@sha256:2788e3201cd34a07e3172128adcd8b3090168a8e3bcc40d7c032b9dda1df7d1c" "/opt/rustwide/cargo-home/bin/cargo" "+1.75.0" "build" "--frozen" "--message-format=json", kill_on_drop: false }`
[INFO] [stdout] 290d9c8d84e2194e76a9515669f1d7f67ca4703468f86cd043dfa06df064ab2f
[INFO] running `Command { std: "docker" "start" "-a" "290d9c8d84e2194e76a9515669f1d7f67ca4703468f86cd043dfa06df064ab2f", kill_on_drop: false }`
[INFO] [stderr]    Compiling libc v0.2.126
[INFO] [stderr]    Compiling pkg-config v0.3.25
[INFO] [stderr]    Compiling log v0.4.17
[INFO] [stderr]    Compiling cfg-if v1.0.0
[INFO] [stderr]    Compiling futures v0.1.31
[INFO] [stderr]    Compiling slab v0.3.0
[INFO] [stderr]    Compiling orb-network-manager v0.11.3 (/opt/rustwide/workdir)
[INFO] [stderr]    Compiling error-chain v0.11.0
[INFO] [stderr]    Compiling bitflags v1.3.2
[INFO] [stderr]    Compiling ascii v0.8.7
[INFO] [stderr]    Compiling log v0.3.9
[INFO] [stderr]    Compiling libdbus-sys v0.2.2
[INFO] [stderr]    Compiling num_cpus v1.13.1
[INFO] [stderr]    Compiling dbus v0.7.1
[INFO] [stderr]    Compiling futures-cpupool v0.1.8
[INFO] [stderr]    Compiling tokio-timer v0.1.2
[INFO] [stdout] warning: use of deprecated method `std::error::Error::description`: use the Display impl or to_string()
[INFO] [stdout]   --> src/errors.rs:1:1
[INFO] [stdout]    |
[INFO] [stdout] 1  | / error_chain! {
[INFO] [stdout] 2  | |     foreign_links {
[INFO] [stdout] 3  | |         Ascii(::ascii::AsAsciiStrError);
[INFO] [stdout] 4  | |         Utf8(::std::str::Utf8Error);
[INFO] [stdout] ...  |
[INFO] [stdout] 30 | |     }
[INFO] [stdout] 31 | | }
[INFO] [stdout]    | |_^
[INFO] [stdout]    |
[INFO] [stdout]    = note: `#[warn(deprecated)]` on by default
[INFO] [stdout]    = note: this warning originates in the macro `impl_error_chain_processed` which comes from the expansion of the macro `error_chain` (in Nightly builds, run with -Z macro-backtrace for more info)
[INFO] [stdout] 
[INFO] [stdout] 
[INFO] [stdout] warning: use of deprecated method `std::error::Error::cause`: replaced by Error::source, which can support downcasting
[INFO] [stdout]   --> src/errors.rs:1:1
[INFO] [stdout]    |
[INFO] [stdout] 1  | / error_chain! {
[INFO] [stdout] 2  | |     foreign_links {
[INFO] [stdout] 3  | |         Ascii(::ascii::AsAsciiStrError);
[INFO] [stdout] 4  | |         Utf8(::std::str::Utf8Error);
[INFO] [stdout] ...  |
[INFO] [stdout] 30 | |     }
[INFO] [stdout] 31 | | }
[INFO] [stdout]    | |_^
[INFO] [stdout]    |
[INFO] [stdout]    = note: this warning originates in the macro `impl_error_chain_processed` which comes from the expansion of the macro `error_chain` (in Nightly builds, run with -Z macro-backtrace for more info)
[INFO] [stdout] 
[INFO] [stdout] 
[INFO] [stdout] warning: 2 warnings emitted
[INFO] [stdout] 
[INFO] [stdout] 
[INFO] [stderr]     Finished dev [unoptimized + debuginfo] target(s) in 7.26s
[INFO] running `Command { std: "docker" "inspect" "290d9c8d84e2194e76a9515669f1d7f67ca4703468f86cd043dfa06df064ab2f", kill_on_drop: false }`
[INFO] running `Command { std: "docker" "rm" "-f" "290d9c8d84e2194e76a9515669f1d7f67ca4703468f86cd043dfa06df064ab2f", kill_on_drop: false }`
[INFO] [stdout] 290d9c8d84e2194e76a9515669f1d7f67ca4703468f86cd043dfa06df064ab2f
[INFO] running `Command { std: "docker" "create" "-v" "/var/lib/crater-agent-workspace/builds/worker-0-tc1/target:/opt/rustwide/target:rw,Z" "-v" "/var/lib/crater-agent-workspace/builds/worker-0-tc1/source:/opt/rustwide/workdir:ro,Z" "-v" "/var/lib/crater-agent-workspace/cargo-home:/opt/rustwide/cargo-home:ro,Z" "-v" "/var/lib/crater-agent-workspace/rustup-home:/opt/rustwide/rustup-home:ro,Z" "-e" "SOURCE_DIR=/opt/rustwide/workdir" "-e" "CARGO_TARGET_DIR=/opt/rustwide/target" "-e" "CARGO_INCREMENTAL=0" "-e" "RUST_BACKTRACE=full" "-e" "RUSTFLAGS=--cap-lints=warn" "-e" "RUSTDOCFLAGS=--cap-lints=warn" "-e" "CARGO_HOME=/opt/rustwide/cargo-home" "-e" "RUSTUP_HOME=/opt/rustwide/rustup-home" "-w" "/opt/rustwide/workdir" "-m" "1610612736" "--user" "0:0" "--network" "none" "ghcr.io/rust-lang/crates-build-env/linux@sha256:2788e3201cd34a07e3172128adcd8b3090168a8e3bcc40d7c032b9dda1df7d1c" "/opt/rustwide/cargo-home/bin/cargo" "+1.75.0" "test" "--frozen" "--no-run" "--message-format=json", kill_on_drop: false }`
[INFO] [stdout] a0078f570f118932721c7997b8faa2bc2849681e7fc98d8dcb838cda7ee8a02e
[INFO] running `Command { std: "docker" "start" "-a" "a0078f570f118932721c7997b8faa2bc2849681e7fc98d8dcb838cda7ee8a02e", kill_on_drop: false }`
[INFO] [stderr]    Compiling unicode-width v0.1.9
[INFO] [stderr]    Compiling atty v0.2.14
[INFO] [stderr]    Compiling strsim v0.8.0
[INFO] [stderr]    Compiling vec_map v0.8.2
[INFO] [stderr]    Compiling ansi_term v0.12.1
[INFO] [stdout] warning: use of deprecated method `std::error::Error::description`: use the Display impl or to_string()
[INFO] [stdout]   --> src/errors.rs:1:1
[INFO] [stdout]    |
[INFO] [stdout] 1  | / error_chain! {
[INFO] [stdout] 2  | |     foreign_links {
[INFO] [stdout] 3  | |         Ascii(::ascii::AsAsciiStrError);
[INFO] [stdout] 4  | |         Utf8(::std::str::Utf8Error);
[INFO] [stdout] ...  |
[INFO] [stdout] 30 | |     }
[INFO] [stdout] 31 | | }
[INFO] [stdout]    | |_^
[INFO] [stdout]    |
[INFO] [stdout]    = note: `#[warn(deprecated)]` on by default
[INFO] [stdout]    = note: this warning originates in the macro `impl_error_chain_processed` which comes from the expansion of the macro `error_chain` (in Nightly builds, run with -Z macro-backtrace for more info)
[INFO] [stdout] 
[INFO] [stdout] 
[INFO] [stdout] warning: use of deprecated method `std::error::Error::cause`: replaced by Error::source, which can support downcasting
[INFO] [stdout]   --> src/errors.rs:1:1
[INFO] [stdout]    |
[INFO] [stdout] 1  | / error_chain! {
[INFO] [stdout] 2  | |     foreign_links {
[INFO] [stdout] 3  | |         Ascii(::ascii::AsAsciiStrError);
[INFO] [stdout] 4  | |         Utf8(::std::str::Utf8Error);
[INFO] [stdout] ...  |
[INFO] [stdout] 30 | |     }
[INFO] [stdout] 31 | | }
[INFO] [stdout]    | |_^
[INFO] [stdout]    |
[INFO] [stdout]    = note: this warning originates in the macro `impl_error_chain_processed` which comes from the expansion of the macro `error_chain` (in Nightly builds, run with -Z macro-backtrace for more info)
[INFO] [stdout] 
[INFO] [stdout] 
[INFO] [stdout] warning: 2 warnings emitted
[INFO] [stdout] 
[INFO] [stdout] 
[INFO] [stderr]    Compiling textwrap v0.11.0
[INFO] [stderr]    Compiling clap v2.34.0
[INFO] [stderr]    Compiling orb-network-manager v0.11.3 (/opt/rustwide/workdir)
[INFO] [stdout] error[E0463]: can't find crate for `network_manager`
[INFO] [stdout]  --> examples/hotspot.rs:6:1
[INFO] [stdout]   |
[INFO] [stdout] 6 | extern crate network_manager;
[INFO] [stdout]   | ^^^^^^^^^^^^^^^^^^^^^^^^^^^^^ can't find crate
[INFO] [stdout] 
[INFO] [stdout] 
[INFO] [stdout] error[E0463]: can't find crate for `network_manager`
[INFO] [stdout]  --> examples/create.rs:6:1
[INFO] [stdout]   |
[INFO] [stdout] 6 | extern crate network_manager;
[INFO] [stdout]   | ^^^^^^^^^^^^^^^^^^^^^^^^^^^^^ can't find crate
[INFO] [stdout] 
[INFO] [stdout] 
[INFO] [stdout] error: aborting due to previous error
[INFO] [stdout] 
[INFO] [stdout] 
[INFO] [stdout] For more information about this error, try `rustc --explain E0463`.
[INFO] [stdout] 
[INFO] [stderr] error: could not compile `orb-network-manager` (example "hotspot") due to 2 previous errors
[INFO] [stderr] warning: build failed, waiting for other jobs to finish...
[INFO] [stdout] error: aborting due to previous error
[INFO] [stdout] 
[INFO] [stdout] 
[INFO] [stdout] For more information about this error, try `rustc --explain E0463`.
[INFO] [stdout] 
[INFO] [stdout] warning: use of deprecated method `std::error::Error::description`: use the Display impl or to_string()
[INFO] [stdout]   --> src/errors.rs:1:1
[INFO] [stdout]    |
[INFO] [stdout] 1  | / error_chain! {
[INFO] [stdout] 2  | |     foreign_links {
[INFO] [stdout] 3  | |         Ascii(::ascii::AsAsciiStrError);
[INFO] [stdout] 4  | |         Utf8(::std::str::Utf8Error);
[INFO] [stdout] ...  |
[INFO] [stdout] 30 | |     }
[INFO] [stdout] 31 | | }
[INFO] [stdout]    | |_^
[INFO] [stdout]    |
[INFO] [stdout]    = note: `#[warn(deprecated)]` on by default
[INFO] [stdout]    = note: this warning originates in the macro `impl_error_chain_processed` which comes from the expansion of the macro `error_chain` (in Nightly builds, run with -Z macro-backtrace for more info)
[INFO] [stdout] 
[INFO] [stdout] 
[INFO] [stderr] error: could not compile `orb-network-manager` (example "create") due to 2 previous errors
[INFO] [stdout] warning: use of deprecated method `std::error::Error::cause`: replaced by Error::source, which can support downcasting
[INFO] [stdout]   --> src/errors.rs:1:1
[INFO] [stdout]    |
[INFO] [stdout] 1  | / error_chain! {
[INFO] [stdout] 2  | |     foreign_links {
[INFO] [stdout] 3  | |         Ascii(::ascii::AsAsciiStrError);
[INFO] [stdout] 4  | |         Utf8(::std::str::Utf8Error);
[INFO] [stdout] ...  |
[INFO] [stdout] 30 | |     }
[INFO] [stdout] 31 | | }
[INFO] [stdout]    | |_^
[INFO] [stdout]    |
[INFO] [stdout]    = note: this warning originates in the macro `impl_error_chain_processed` which comes from the expansion of the macro `error_chain` (in Nightly builds, run with -Z macro-backtrace for more info)
[INFO] [stdout] 
[INFO] [stdout] 
[INFO] [stdout] warning: 2 warnings emitted
[INFO] [stdout] 
[INFO] [stdout] 
[INFO] running `Command { std: "docker" "inspect" "a0078f570f118932721c7997b8faa2bc2849681e7fc98d8dcb838cda7ee8a02e", kill_on_drop: false }`
[INFO] running `Command { std: "docker" "rm" "-f" "a0078f570f118932721c7997b8faa2bc2849681e7fc98d8dcb838cda7ee8a02e", kill_on_drop: false }`
[INFO] [stdout] a0078f570f118932721c7997b8faa2bc2849681e7fc98d8dcb838cda7ee8a02e
[INFO] testing orb-network-manager-0.11.3 against beta-2023-12-22 for beta-1.76-1
[INFO] extracting crate orb-network-manager 0.11.3 into /workspace/builds/worker-0-tc2/source
[INFO] validating manifest of crates.io crate orb-network-manager 0.11.3 on toolchain beta-2023-12-22
[INFO] running `Command { std: CARGO_HOME="/workspace/cargo-home" RUSTUP_HOME="/workspace/rustup-home" "/workspace/cargo-home/bin/cargo" "+beta-2023-12-22" "metadata" "--manifest-path" "Cargo.toml" "--no-deps", kill_on_drop: false }`
[INFO] removed /workspace/builds/worker-0-tc2/source/.cargo/config
[INFO] started tweaking crates.io crate orb-network-manager 0.11.3
[INFO] finished tweaking crates.io crate orb-network-manager 0.11.3
[INFO] tweaked toml for crates.io crate orb-network-manager 0.11.3 written to /workspace/builds/worker-0-tc2/source/Cargo.toml
[INFO] crate crates.io crate orb-network-manager 0.11.3 already has a lockfile, it will not be regenerated
[INFO] running `Command { std: CARGO_HOME="/workspace/cargo-home" RUSTUP_HOME="/workspace/rustup-home" "/workspace/cargo-home/bin/cargo" "+beta-2023-12-22" "fetch" "--manifest-path" "Cargo.toml", kill_on_drop: false }`
[INFO] [stderr]     Blocking waiting for file lock on package cache
[INFO] running `Command { std: "docker" "create" "-v" "/var/lib/crater-agent-workspace/builds/worker-0-tc2/target:/opt/rustwide/target:rw,Z" "-v" "/var/lib/crater-agent-workspace/builds/worker-0-tc2/source:/opt/rustwide/workdir:ro,Z" "-v" "/var/lib/crater-agent-workspace/cargo-home:/opt/rustwide/cargo-home:ro,Z" "-v" "/var/lib/crater-agent-workspace/rustup-home:/opt/rustwide/rustup-home:ro,Z" "-e" "SOURCE_DIR=/opt/rustwide/workdir" "-e" "CARGO_TARGET_DIR=/opt/rustwide/target" "-e" "CARGO_HOME=/opt/rustwide/cargo-home" "-e" "RUSTUP_HOME=/opt/rustwide/rustup-home" "-w" "/opt/rustwide/workdir" "-m" "1610612736" "--user" "0:0" "--network" "none" "ghcr.io/rust-lang/crates-build-env/linux@sha256:2788e3201cd34a07e3172128adcd8b3090168a8e3bcc40d7c032b9dda1df7d1c" "/opt/rustwide/cargo-home/bin/cargo" "+beta-2023-12-22" "metadata" "--no-deps" "--format-version=1", kill_on_drop: false }`
[INFO] [stdout] 78c0e8cc52f106904990d988fbb3da0360ddc51764b34b49b0df6fea75b8e08a
[INFO] running `Command { std: "docker" "start" "-a" "78c0e8cc52f106904990d988fbb3da0360ddc51764b34b49b0df6fea75b8e08a", kill_on_drop: false }`
[INFO] running `Command { std: "docker" "inspect" "78c0e8cc52f106904990d988fbb3da0360ddc51764b34b49b0df6fea75b8e08a", kill_on_drop: false }`
[INFO] running `Command { std: "docker" "rm" "-f" "78c0e8cc52f106904990d988fbb3da0360ddc51764b34b49b0df6fea75b8e08a", kill_on_drop: false }`
[INFO] [stdout] 78c0e8cc52f106904990d988fbb3da0360ddc51764b34b49b0df6fea75b8e08a
[INFO] running `Command { std: "docker" "create" "-v" "/var/lib/crater-agent-workspace/builds/worker-0-tc2/target:/opt/rustwide/target:rw,Z" "-v" "/var/lib/crater-agent-workspace/builds/worker-0-tc2/source:/opt/rustwide/workdir:ro,Z" "-v" "/var/lib/crater-agent-workspace/cargo-home:/opt/rustwide/cargo-home:ro,Z" "-v" "/var/lib/crater-agent-workspace/rustup-home:/opt/rustwide/rustup-home:ro,Z" "-e" "SOURCE_DIR=/opt/rustwide/workdir" "-e" "CARGO_TARGET_DIR=/opt/rustwide/target" "-e" "CARGO_INCREMENTAL=0" "-e" "RUST_BACKTRACE=full" "-e" "RUSTFLAGS=--cap-lints=warn" "-e" "RUSTDOCFLAGS=--cap-lints=warn" "-e" "CARGO_HOME=/opt/rustwide/cargo-home" "-e" "RUSTUP_HOME=/opt/rustwide/rustup-home" "-w" "/opt/rustwide/workdir" "-m" "1610612736" "--user" "0:0" "--network" "none" "ghcr.io/rust-lang/crates-build-env/linux@sha256:2788e3201cd34a07e3172128adcd8b3090168a8e3bcc40d7c032b9dda1df7d1c" "/opt/rustwide/cargo-home/bin/cargo" "+beta-2023-12-22" "build" "--frozen" "--message-format=json", kill_on_drop: false }`
[INFO] [stdout] 1afa5ccde45a679d7800f4ff006a58fd9df43095b0e606a21b21b194654cb66c
[INFO] running `Command { std: "docker" "start" "-a" "1afa5ccde45a679d7800f4ff006a58fd9df43095b0e606a21b21b194654cb66c", kill_on_drop: false }`
[INFO] [stderr]    Compiling libc v0.2.126
[INFO] [stderr]    Compiling pkg-config v0.3.25
[INFO] [stderr]    Compiling log v0.4.17
[INFO] [stderr]    Compiling cfg-if v1.0.0
[INFO] [stderr]    Compiling futures v0.1.31
[INFO] [stderr]    Compiling orb-network-manager v0.11.3 (/opt/rustwide/workdir)
[INFO] [stderr]    Compiling slab v0.3.0
[INFO] [stderr]    Compiling bitflags v1.3.2
[INFO] [stderr]    Compiling error-chain v0.11.0
[INFO] [stderr]    Compiling ascii v0.8.7
[INFO] [stderr]    Compiling libdbus-sys v0.2.2
[INFO] [stderr]    Compiling log v0.3.9
[INFO] [stderr]    Compiling num_cpus v1.13.1
[INFO] [stderr]    Compiling dbus v0.7.1
[INFO] [stderr]    Compiling tokio-timer v0.1.2
[INFO] [stderr]    Compiling futures-cpupool v0.1.8
[INFO] [stdout] warning: use of deprecated method `std::error::Error::description`: use the Display impl or to_string()
[INFO] [stdout]   --> src/errors.rs:1:1
[INFO] [stdout]    |
[INFO] [stdout] 1  | / error_chain! {
[INFO] [stdout] 2  | |     foreign_links {
[INFO] [stdout] 3  | |         Ascii(::ascii::AsAsciiStrError);
[INFO] [stdout] 4  | |         Utf8(::std::str::Utf8Error);
[INFO] [stdout] ...  |
[INFO] [stdout] 30 | |     }
[INFO] [stdout] 31 | | }
[INFO] [stdout]    | |_^
[INFO] [stdout]    |
[INFO] [stdout]    = note: `#[warn(deprecated)]` on by default
[INFO] [stdout]    = note: this warning originates in the macro `impl_error_chain_processed` which comes from the expansion of the macro `error_chain` (in Nightly builds, run with -Z macro-backtrace for more info)
[INFO] [stdout] 
[INFO] [stdout] 
[INFO] [stdout] warning: use of deprecated method `std::error::Error::cause`: replaced by Error::source, which can support downcasting
[INFO] [stdout]   --> src/errors.rs:1:1
[INFO] [stdout]    |
[INFO] [stdout] 1  | / error_chain! {
[INFO] [stdout] 2  | |     foreign_links {
[INFO] [stdout] 3  | |         Ascii(::ascii::AsAsciiStrError);
[INFO] [stdout] 4  | |         Utf8(::std::str::Utf8Error);
[INFO] [stdout] ...  |
[INFO] [stdout] 30 | |     }
[INFO] [stdout] 31 | | }
[INFO] [stdout]    | |_^
[INFO] [stdout]    |
[INFO] [stdout]    = note: this warning originates in the macro `impl_error_chain_processed` which comes from the expansion of the macro `error_chain` (in Nightly builds, run with -Z macro-backtrace for more info)
[INFO] [stdout] 
[INFO] [stdout] 
[INFO] [stdout] warning: 2 warnings emitted
[INFO] [stdout] 
[INFO] [stdout] 
[INFO] [stderr]     Finished dev [unoptimized + debuginfo] target(s) in 7.77s
[INFO] running `Command { std: "docker" "inspect" "1afa5ccde45a679d7800f4ff006a58fd9df43095b0e606a21b21b194654cb66c", kill_on_drop: false }`
[INFO] running `Command { std: "docker" "rm" "-f" "1afa5ccde45a679d7800f4ff006a58fd9df43095b0e606a21b21b194654cb66c", kill_on_drop: false }`
[INFO] [stdout] 1afa5ccde45a679d7800f4ff006a58fd9df43095b0e606a21b21b194654cb66c
[INFO] running `Command { std: "docker" "create" "-v" "/var/lib/crater-agent-workspace/builds/worker-0-tc2/target:/opt/rustwide/target:rw,Z" "-v" "/var/lib/crater-agent-workspace/builds/worker-0-tc2/source:/opt/rustwide/workdir:ro,Z" "-v" "/var/lib/crater-agent-workspace/cargo-home:/opt/rustwide/cargo-home:ro,Z" "-v" "/var/lib/crater-agent-workspace/rustup-home:/opt/rustwide/rustup-home:ro,Z" "-e" "SOURCE_DIR=/opt/rustwide/workdir" "-e" "CARGO_TARGET_DIR=/opt/rustwide/target" "-e" "CARGO_INCREMENTAL=0" "-e" "RUST_BACKTRACE=full" "-e" "RUSTFLAGS=--cap-lints=warn" "-e" "RUSTDOCFLAGS=--cap-lints=warn" "-e" "CARGO_HOME=/opt/rustwide/cargo-home" "-e" "RUSTUP_HOME=/opt/rustwide/rustup-home" "-w" "/opt/rustwide/workdir" "-m" "1610612736" "--user" "0:0" "--network" "none" "ghcr.io/rust-lang/crates-build-env/linux@sha256:2788e3201cd34a07e3172128adcd8b3090168a8e3bcc40d7c032b9dda1df7d1c" "/opt/rustwide/cargo-home/bin/cargo" "+beta-2023-12-22" "test" "--frozen" "--no-run" "--message-format=json", kill_on_drop: false }`
[INFO] [stdout] b767f1004e5988d0b5a16431f387e364aea670799baee9e7b057b0176fcc7ad4
[INFO] running `Command { std: "docker" "start" "-a" "b767f1004e5988d0b5a16431f387e364aea670799baee9e7b057b0176fcc7ad4", kill_on_drop: false }`
[INFO] [stderr]    Compiling unicode-width v0.1.9
[INFO] [stderr]    Compiling strsim v0.8.0
[INFO] [stderr]    Compiling atty v0.2.14
[INFO] [stderr]    Compiling vec_map v0.8.2
[INFO] [stderr]    Compiling ansi_term v0.12.1
[INFO] [stdout] warning: use of deprecated method `std::error::Error::description`: use the Display impl or to_string()
[INFO] [stdout]   --> src/errors.rs:1:1
[INFO] [stdout]    |
[INFO] [stdout] 1  | / error_chain! {
[INFO] [stdout] 2  | |     foreign_links {
[INFO] [stdout] 3  | |         Ascii(::ascii::AsAsciiStrError);
[INFO] [stdout] 4  | |         Utf8(::std::str::Utf8Error);
[INFO] [stdout] ...  |
[INFO] [stdout] 30 | |     }
[INFO] [stdout] 31 | | }
[INFO] [stdout]    | |_^
[INFO] [stdout]    |
[INFO] [stdout]    = note: `#[warn(deprecated)]` on by default
[INFO] [stdout]    = note: this warning originates in the macro `impl_error_chain_processed` which comes from the expansion of the macro `error_chain` (in Nightly builds, run with -Z macro-backtrace for more info)
[INFO] [stdout] 
[INFO] [stdout] 
[INFO] [stdout] warning: use of deprecated method `std::error::Error::cause`: replaced by Error::source, which can support downcasting
[INFO] [stdout]   --> src/errors.rs:1:1
[INFO] [stdout]    |
[INFO] [stdout] 1  | / error_chain! {
[INFO] [stdout] 2  | |     foreign_links {
[INFO] [stdout] 3  | |         Ascii(::ascii::AsAsciiStrError);
[INFO] [stdout] 4  | |         Utf8(::std::str::Utf8Error);
[INFO] [stdout] ...  |
[INFO] [stdout] 30 | |     }
[INFO] [stdout] 31 | | }
[INFO] [stdout]    | |_^
[INFO] [stdout]    |
[INFO] [stdout]    = note: this warning originates in the macro `impl_error_chain_processed` which comes from the expansion of the macro `error_chain` (in Nightly builds, run with -Z macro-backtrace for more info)
[INFO] [stdout] 
[INFO] [stdout] 
[INFO] [stdout] warning: 2 warnings emitted
[INFO] [stdout] 
[INFO] [stdout] 
[INFO] [stderr]    Compiling textwrap v0.11.0
[INFO] [stderr]    Compiling clap v2.34.0
[INFO] [stderr]    Compiling orb-network-manager v0.11.3 (/opt/rustwide/workdir)
[INFO] [stdout] error[E0463]: can't find crate for `network_manager`
[INFO] [stdout]  --> examples/hotspot.rs:6:1
[INFO] [stdout]   |
[INFO] [stdout] 6 | extern crate network_manager;
[INFO] [stdout]   | ^^^^^^^^^^^^^^^^^^^^^^^^^^^^^ can't find crate
[INFO] [stdout] 
[INFO] [stdout] 
[INFO] [stdout] error[E0463]: can't find crate for `network_manager`
[INFO] [stdout]  --> examples/create.rs:6:1
[INFO] [stdout]   |
[INFO] [stdout] 6 | extern crate network_manager;
[INFO] [stdout]   | ^^^^^^^^^^^^^^^^^^^^^^^^^^^^^ can't find crate
[INFO] [stdout] 
[INFO] [stdout] 
[INFO] [stdout] error: aborting due to 1 previous error
[INFO] [stdout] 
[INFO] [stdout] 
[INFO] [stdout] For more information about this error, try `rustc --explain E0463`.
[INFO] [stdout] 
[INFO] [stderr] error: could not compile `orb-network-manager` (example "hotspot") due to 2 previous errors
[INFO] [stderr] warning: build failed, waiting for other jobs to finish...
[INFO] [stdout] warning: use of deprecated method `std::error::Error::description`: use the Display impl or to_string()
[INFO] [stdout]   --> src/errors.rs:1:1
[INFO] [stdout]    |
[INFO] [stdout] 1  | / error_chain! {
[INFO] [stdout] 2  | |     foreign_links {
[INFO] [stdout] 3  | |         Ascii(::ascii::AsAsciiStrError);
[INFO] [stdout] 4  | |         Utf8(::std::str::Utf8Error);
[INFO] [stdout] ...  |
[INFO] [stdout] 30 | |     }
[INFO] [stdout] 31 | | }
[INFO] [stdout]    | |_^
[INFO] [stdout]    |
[INFO] [stdout]    = note: `#[warn(deprecated)]` on by default
[INFO] [stdout]    = note: this warning originates in the macro `impl_error_chain_processed` which comes from the expansion of the macro `error_chain` (in Nightly builds, run with -Z macro-backtrace for more info)
[INFO] [stdout] 
[INFO] [stdout] 
[INFO] [stdout] error: aborting due to 1 previous error
[INFO] [stdout] 
[INFO] [stdout] 
[INFO] [stdout] For more information about this error, try `rustc --explain E0463`.
[INFO] [stdout] 
[INFO] [stderr] error: could not compile `orb-network-manager` (example "create") due to 2 previous errors
[INFO] [stdout] warning: use of deprecated method `std::error::Error::cause`: replaced by Error::source, which can support downcasting
[INFO] [stdout]   --> src/errors.rs:1:1
[INFO] [stdout]    |
[INFO] [stdout] 1  | / error_chain! {
[INFO] [stdout] 2  | |     foreign_links {
[INFO] [stdout] 3  | |         Ascii(::ascii::AsAsciiStrError);
[INFO] [stdout] 4  | |         Utf8(::std::str::Utf8Error);
[INFO] [stdout] ...  |
[INFO] [stdout] 30 | |     }
[INFO] [stdout] 31 | | }
[INFO] [stdout]    | |_^
[INFO] [stdout]    |
[INFO] [stdout]    = note: this warning originates in the macro `impl_error_chain_processed` which comes from the expansion of the macro `error_chain` (in Nightly builds, run with -Z macro-backtrace for more info)
[INFO] [stdout] 
[INFO] [stdout] 
[INFO] [stdout] warning: 2 warnings emitted
[INFO] [stdout] 
[INFO] [stdout] 
[INFO] running `Command { std: "docker" "inspect" "b767f1004e5988d0b5a16431f387e364aea670799baee9e7b057b0176fcc7ad4", kill_on_drop: false }`
[INFO] running `Command { std: "docker" "rm" "-f" "b767f1004e5988d0b5a16431f387e364aea670799baee9e7b057b0176fcc7ad4", kill_on_drop: false }`
[INFO] [stdout] b767f1004e5988d0b5a16431f387e364aea670799baee9e7b057b0176fcc7ad4
