[INFO] fetching crate ora 0.4.1...
[INFO] testing ora-0.4.1 against 1.75.0 for beta-1.76-1
[INFO] extracting crate ora 0.4.1 into /workspace/builds/worker-0-tc1/source
[INFO] validating manifest of crates.io crate ora 0.4.1 on toolchain 1.75.0
[INFO] running `Command { std: CARGO_HOME="/workspace/cargo-home" RUSTUP_HOME="/workspace/rustup-home" "/workspace/cargo-home/bin/cargo" "+1.75.0" "metadata" "--manifest-path" "Cargo.toml" "--no-deps", kill_on_drop: false }`
[INFO] started tweaking crates.io crate ora 0.4.1
[INFO] removed 1 missing examples
[INFO] finished tweaking crates.io crate ora 0.4.1
[INFO] tweaked toml for crates.io crate ora 0.4.1 written to /workspace/builds/worker-0-tc1/source/Cargo.toml
[INFO] crate crates.io crate ora 0.4.1 already has a lockfile, it will not be regenerated
[INFO] running `Command { std: CARGO_HOME="/workspace/cargo-home" RUSTUP_HOME="/workspace/rustup-home" "/workspace/cargo-home/bin/cargo" "+1.75.0" "fetch" "--manifest-path" "Cargo.toml", kill_on_drop: false }`
[INFO] [stderr]     Updating crates.io index
[INFO] [stderr]  Downloading crates ...
[INFO] [stderr]   Downloaded sqlx-mysql v0.7.1
[INFO] [stderr]   Downloaded state v0.6.0
[INFO] [stderr]   Downloaded cron v0.12.0
[INFO] [stderr]   Downloaded sea-query-binder v0.5.0
[INFO] [stderr]   Downloaded ora-util v0.1.0
[INFO] [stderr]   Downloaded ora-macros v0.1.0
[INFO] [stderr]   Downloaded const-oid v0.9.4
[INFO] [stderr]   Downloaded ora-api v0.3.2
[INFO] [stderr]   Downloaded etcetera v0.8.0
[INFO] [stderr]   Downloaded sea-query-derive v0.4.0
[INFO] [stderr]   Downloaded inherent v1.0.10
[INFO] [stderr]   Downloaded sqlx-macros-core v0.7.1
[INFO] [stderr]   Downloaded tokio-tungstenite v0.19.0
[INFO] [stderr]   Downloaded sqlx-postgres v0.7.1
[INFO] [stderr]   Downloaded winnow v0.5.1
[INFO] [stderr]   Downloaded sqlx v0.7.1
[INFO] [stderr]   Downloaded minstant v0.1.2
[INFO] [stderr]   Downloaded sea-query v0.30.0
[INFO] [stderr]   Downloaded der v0.7.7
[INFO] [stderr]   Downloaded axum v0.6.19
[INFO] [stderr]   Downloaded sqlx-core v0.7.1
[INFO] [stderr]   Downloaded futures-intrusive v0.5.0
[INFO] [stderr]   Downloaded ora-store-memory v0.3.1
[INFO] [stderr]   Downloaded stringprep v0.1.3
[INFO] [stderr]   Downloaded async-graphql-parser v6.0.0
[INFO] [stderr]   Downloaded ora-store-sqlx v0.3.2
[INFO] [stderr]   Downloaded strum_macros v0.25.1
[INFO] [stderr]   Downloaded memmem v0.1.1
[INFO] [stderr]   Downloaded ora-timer v0.1.1
[INFO] [stderr]   Downloaded tungstenite v0.19.0
[INFO] [stderr]   Downloaded sqlx-sqlite v0.7.1
[INFO] [stderr]   Downloaded ora-client v0.2.1
[INFO] [stderr]   Downloaded ora-scheduler v0.2.1
[INFO] [stderr]   Downloaded ora-common v0.1.2
[INFO] [stderr]   Downloaded sqlx-macros v0.7.1
[INFO] [stderr]   Downloaded ora-test v0.3.1
[INFO] [stderr]   Downloaded ora-worker v0.4.0
[INFO] [stderr]   Downloaded sqlx-migrate v0.7.0
[INFO] [stderr]   Downloaded async-graphql-axum v6.0.0
[INFO] [stderr]   Downloaded ora-graphql v0.4.1
[INFO] [stderr]   Downloaded async-graphql-value v6.0.0
[INFO] [stderr]   Downloaded async-graphql-derive v6.0.0
[INFO] [stderr]   Downloaded async-graphql v6.0.0
[INFO] running `Command { std: "docker" "create" "-v" "/var/lib/crater-agent-workspace/builds/worker-0-tc1/target:/opt/rustwide/target:rw,Z" "-v" "/var/lib/crater-agent-workspace/builds/worker-0-tc1/source:/opt/rustwide/workdir:ro,Z" "-v" "/var/lib/crater-agent-workspace/cargo-home:/opt/rustwide/cargo-home:ro,Z" "-v" "/var/lib/crater-agent-workspace/rustup-home:/opt/rustwide/rustup-home:ro,Z" "-e" "SOURCE_DIR=/opt/rustwide/workdir" "-e" "CARGO_TARGET_DIR=/opt/rustwide/target" "-e" "CARGO_HOME=/opt/rustwide/cargo-home" "-e" "RUSTUP_HOME=/opt/rustwide/rustup-home" "-w" "/opt/rustwide/workdir" "-m" "1610612736" "--user" "0:0" "--network" "none" "ghcr.io/rust-lang/crates-build-env/linux@sha256:2788e3201cd34a07e3172128adcd8b3090168a8e3bcc40d7c032b9dda1df7d1c" "/opt/rustwide/cargo-home/bin/cargo" "+1.75.0" "metadata" "--no-deps" "--format-version=1", kill_on_drop: false }`
[INFO] [stdout] 42bab9865fbee3b83b5c71d455208580e6b03b96c5836705dc98a44fcd17badc
[INFO] running `Command { std: "docker" "start" "-a" "42bab9865fbee3b83b5c71d455208580e6b03b96c5836705dc98a44fcd17badc", kill_on_drop: false }`
[INFO] running `Command { std: "docker" "inspect" "42bab9865fbee3b83b5c71d455208580e6b03b96c5836705dc98a44fcd17badc", kill_on_drop: false }`
[INFO] running `Command { std: "docker" "rm" "-f" "42bab9865fbee3b83b5c71d455208580e6b03b96c5836705dc98a44fcd17badc", kill_on_drop: false }`
[INFO] [stdout] 42bab9865fbee3b83b5c71d455208580e6b03b96c5836705dc98a44fcd17badc
[INFO] running `Command { std: "docker" "create" "-v" "/var/lib/crater-agent-workspace/builds/worker-0-tc1/target:/opt/rustwide/target:rw,Z" "-v" "/var/lib/crater-agent-workspace/builds/worker-0-tc1/source:/opt/rustwide/workdir:ro,Z" "-v" "/var/lib/crater-agent-workspace/cargo-home:/opt/rustwide/cargo-home:ro,Z" "-v" "/var/lib/crater-agent-workspace/rustup-home:/opt/rustwide/rustup-home:ro,Z" "-e" "SOURCE_DIR=/opt/rustwide/workdir" "-e" "CARGO_TARGET_DIR=/opt/rustwide/target" "-e" "CARGO_INCREMENTAL=0" "-e" "RUST_BACKTRACE=full" "-e" "RUSTFLAGS=--cap-lints=warn" "-e" "RUSTDOCFLAGS=--cap-lints=warn" "-e" "CARGO_HOME=/opt/rustwide/cargo-home" "-e" "RUSTUP_HOME=/opt/rustwide/rustup-home" "-w" "/opt/rustwide/workdir" "-m" "1610612736" "--user" "0:0" "--network" "none" "ghcr.io/rust-lang/crates-build-env/linux@sha256:2788e3201cd34a07e3172128adcd8b3090168a8e3bcc40d7c032b9dda1df7d1c" "/opt/rustwide/cargo-home/bin/cargo" "+1.75.0" "build" "--frozen" "--message-format=json", kill_on_drop: false }`
[INFO] [stdout] d3ba66b00139fe2c70804b9d68317b36d9fe5aa63d4605c7cfa31f036ea997df
[INFO] running `Command { std: "docker" "start" "-a" "d3ba66b00139fe2c70804b9d68317b36d9fe5aa63d4605c7cfa31f036ea997df", kill_on_drop: false }`
[INFO] [stderr]    Compiling proc-macro2 v1.0.70
[INFO] [stderr]    Compiling unicode-ident v1.0.10
[INFO] [stderr]    Compiling autocfg v1.1.0
[INFO] [stderr]    Compiling libc v0.2.150
[INFO] [stderr]    Compiling memchr v2.5.0
[INFO] [stderr]    Compiling serde v1.0.193
[INFO] [stderr]    Compiling once_cell v1.18.0
[INFO] [stderr]    Compiling cfg-if v1.0.0
[INFO] [stderr]    Compiling pin-project-lite v0.2.10
[INFO] [stderr]    Compiling version_check v0.9.4
[INFO] [stderr]    Compiling syn v1.0.109
[INFO] [stderr]    Compiling futures-core v0.3.28
[INFO] [stderr]    Compiling serde_json v1.0.108
[INFO] [stderr]    Compiling itoa v1.0.8
[INFO] [stderr]    Compiling minimal-lexical v0.2.1
[INFO] [stderr]    Compiling powerfmt v0.2.0
[INFO] [stderr]    Compiling futures-task v0.3.28
[INFO] [stderr]    Compiling ryu v1.0.14
[INFO] [stderr]    Compiling iana-time-zone v0.1.57
[INFO] [stderr]    Compiling futures-channel v0.3.28
[INFO] [stderr]    Compiling futures-sink v0.3.28
[INFO] [stderr]    Compiling futures-util v0.3.28
[INFO] [stderr]    Compiling time-core v0.1.2
[INFO] [stderr]    Compiling tracing-core v0.1.31
[INFO] [stderr]    Compiling pin-utils v0.1.0
[INFO] [stderr]    Compiling async-trait v0.1.72
[INFO] [stderr]    Compiling futures-io v0.3.28
[INFO] [stderr]    Compiling eyre v0.6.8
[INFO] [stderr]    Compiling parking_lot_core v0.9.8
[INFO] [stderr]    Compiling thiserror v1.0.43
[INFO] [stderr]    Compiling paste v1.0.13
[INFO] [stderr]    Compiling num-traits v0.2.15
[INFO] [stderr]    Compiling slab v0.4.8
[INFO] [stderr]    Compiling tokio v1.29.1
[INFO] [stderr]    Compiling lock_api v0.4.10
[INFO] [stderr]    Compiling proc-macro-error-attr v1.0.4
[INFO] [stderr]    Compiling indenter v0.3.3
[INFO] [stderr]    Compiling ident_case v1.0.1
[INFO] [stderr]    Compiling scopeguard v1.1.0
[INFO] [stderr]    Compiling strsim v0.10.0
[INFO] [stderr]    Compiling smallvec v1.11.0
[INFO] [stderr]    Compiling fnv v1.0.7
[INFO] [stderr]    Compiling proc-macro-error v1.0.4
[INFO] [stderr]    Compiling ahash v0.8.3
[INFO] [stderr]    Compiling bytes v1.4.0
[INFO] [stderr]    Compiling byteorder v1.4.3
[INFO] [stderr]    Compiling schemars v0.8.16
[INFO] [stderr]    Compiling nom v7.1.3
[INFO] [stderr]    Compiling humantime v2.1.0
[INFO] [stderr]    Compiling quote v1.0.33
[INFO] [stderr]    Compiling dyn-clone v1.0.16
[INFO] [stderr]    Compiling syn v2.0.39
[INFO] [stderr]    Compiling getrandom v0.2.10
[INFO] [stderr]    Compiling uuid v1.4.1
[INFO] [stderr]    Compiling parking_lot v0.12.1
[INFO] [stderr]    Compiling chrono v0.4.26
[INFO] [stderr]    Compiling rmp v0.8.11
[INFO] [stderr]    Compiling cron v0.12.0
[INFO] [stderr]    Compiling serde_derive_internals v0.26.0
[INFO] [stderr]    Compiling darling_core v0.20.3
[INFO] [stderr]    Compiling ctor v0.1.26
[INFO] [stderr]    Compiling schemars_derive v0.8.16
[INFO] [stderr]    Compiling serde_derive v1.0.193
[INFO] [stderr]    Compiling tracing-attributes v0.1.26
[INFO] [stderr]    Compiling tokio-macros v2.1.0
[INFO] [stderr]    Compiling futures-macro v0.3.28
[INFO] [stderr]    Compiling thiserror-impl v1.0.43
[INFO] [stderr]    Compiling minstant v0.1.2
[INFO] [stderr]    Compiling darling_macro v0.20.3
[INFO] [stderr]    Compiling tracing v0.1.37
[INFO] [stderr]    Compiling darling v0.20.3
[INFO] [stderr]    Compiling ora-macros v0.1.0
[INFO] [stderr]    Compiling tokio-util v0.7.8
[INFO] [stderr]    Compiling ora-timer v0.1.1
[INFO] [stderr]    Compiling futures-executor v0.3.28
[INFO] [stderr]    Compiling futures v0.3.28
[INFO] [stderr]    Compiling deranged v0.3.9
[INFO] [stderr]    Compiling rmp-serde v1.1.1
[INFO] [stderr]    Compiling time v0.3.30
[INFO] [stderr]    Compiling ora-common v0.1.2
[INFO] [stderr]    Compiling ora-client v0.2.1
[INFO] [stderr]    Compiling ora-util v0.1.0
[INFO] [stderr]    Compiling ora-worker v0.4.0
[INFO] [stderr]    Compiling ora-scheduler v0.2.1
[INFO] [stdout] error[E0277]: the trait bound `Uuid: Serialize` is not satisfied
[INFO] [stdout]     --> /opt/rustwide/cargo-home/registry/src/index.crates.io-6f17d22bba15001f/ora-worker-0.4.0/src/registry.rs:88:24
[INFO] [stdout]      |
[INFO] [stdout] 88   | #[derive(Debug, Clone, Serialize, Deserialize)]
[INFO] [stdout]      |                        ^^^^^^^^^ the trait `Serialize` is not implemented for `Uuid`
[INFO] [stdout] 89   | pub struct WorkerInfo {
[INFO] [stdout] 90   |     /// The worker ID.
[INFO] [stdout]      |     ------------------ required by a bound introduced by this call
[INFO] [stdout]      |
[INFO] [stdout]      = help: the following other types implement trait `Serialize`:
[INFO] [stdout]                bool
[INFO] [stdout]                char
[INFO] [stdout]                isize
[INFO] [stdout]                i8
[INFO] [stdout]                i16
[INFO] [stdout]                i32
[INFO] [stdout]                i64
[INFO] [stdout]                i128
[INFO] [stdout]              and 179 others
[INFO] [stdout] note: required by a bound in `registry::_::_serde::ser::SerializeStruct::serialize_field`
[INFO] [stdout]     --> /opt/rustwide/cargo-home/registry/src/index.crates.io-6f17d22bba15001f/serde-1.0.193/src/ser/mod.rs:1865:12
[INFO] [stdout]      |
[INFO] [stdout] 1859 |     fn serialize_field<T: ?Sized>(
[INFO] [stdout]      |        --------------- required by a bound in this associated function
[INFO] [stdout] ...
[INFO] [stdout] 1865 |         T: Serialize;
[INFO] [stdout]      |            ^^^^^^^^^ required by this bound in `SerializeStruct::serialize_field`
[INFO] [stdout] 
[INFO] [stdout] 
[INFO] [stdout] error[E0277]: the trait bound `Uuid: Deserialize<'_>` is not satisfied
[INFO] [stdout]     --> /opt/rustwide/cargo-home/registry/src/index.crates.io-6f17d22bba15001f/ora-worker-0.4.0/src/registry.rs:91:13
[INFO] [stdout]      |
[INFO] [stdout] 91   |     pub id: Uuid,
[INFO] [stdout]      |             ^^^^ the trait `Deserialize<'_>` is not implemented for `Uuid`
[INFO] [stdout]      |
[INFO] [stdout]      = help: the following other types implement trait `Deserialize<'de>`:
[INFO] [stdout]                <bool as Deserialize<'de>>
[INFO] [stdout]                <char as Deserialize<'de>>
[INFO] [stdout]                <isize as Deserialize<'de>>
[INFO] [stdout]                <i8 as Deserialize<'de>>
[INFO] [stdout]                <i16 as Deserialize<'de>>
[INFO] [stdout]                <i32 as Deserialize<'de>>
[INFO] [stdout]                <i64 as Deserialize<'de>>
[INFO] [stdout]                <i128 as Deserialize<'de>>
[INFO] [stdout]              and 186 others
[INFO] [stdout] note: required by a bound in `next_element`
[INFO] [stdout]     --> /opt/rustwide/cargo-home/registry/src/index.crates.io-6f17d22bba15001f/serde-1.0.193/src/de/mod.rs:1726:12
[INFO] [stdout]      |
[INFO] [stdout] 1724 |     fn next_element<T>(&mut self) -> Result<Option<T>, Self::Error>
[INFO] [stdout]      |        ------------ required by a bound in this associated function
[INFO] [stdout] 1725 |     where
[INFO] [stdout] 1726 |         T: Deserialize<'de>,
[INFO] [stdout]      |            ^^^^^^^^^^^^^^^^ required by this bound in `SeqAccess::next_element`
[INFO] [stdout] 
[INFO] [stdout] 
[INFO] [stdout] error[E0277]: the trait bound `Uuid: Deserialize<'_>` is not satisfied
[INFO] [stdout]     --> /opt/rustwide/cargo-home/registry/src/index.crates.io-6f17d22bba15001f/ora-worker-0.4.0/src/registry.rs:91:13
[INFO] [stdout]      |
[INFO] [stdout] 91   |     pub id: Uuid,
[INFO] [stdout]      |             ^^^^ the trait `Deserialize<'_>` is not implemented for `Uuid`
[INFO] [stdout]      |
[INFO] [stdout]      = help: the following other types implement trait `Deserialize<'de>`:
[INFO] [stdout]                <bool as Deserialize<'de>>
[INFO] [stdout]                <char as Deserialize<'de>>
[INFO] [stdout]                <isize as Deserialize<'de>>
[INFO] [stdout]                <i8 as Deserialize<'de>>
[INFO] [stdout]                <i16 as Deserialize<'de>>
[INFO] [stdout]                <i32 as Deserialize<'de>>
[INFO] [stdout]                <i64 as Deserialize<'de>>
[INFO] [stdout]                <i128 as Deserialize<'de>>
[INFO] [stdout]              and 186 others
[INFO] [stdout] note: required by a bound in `next_value`
[INFO] [stdout]     --> /opt/rustwide/cargo-home/registry/src/index.crates.io-6f17d22bba15001f/serde-1.0.193/src/de/mod.rs:1865:12
[INFO] [stdout]      |
[INFO] [stdout] 1863 |     fn next_value<V>(&mut self) -> Result<V, Self::Error>
[INFO] [stdout]      |        ---------- required by a bound in this associated function
[INFO] [stdout] 1864 |     where
[INFO] [stdout] 1865 |         V: Deserialize<'de>,
[INFO] [stdout]      |            ^^^^^^^^^^^^^^^^ required by this bound in `MapAccess::next_value`
[INFO] [stdout] 
[INFO] [stdout] 
[INFO] [stdout] error[E0277]: the trait bound `Uuid: Deserialize<'_>` is not satisfied
[INFO] [stdout]   --> /opt/rustwide/cargo-home/registry/src/index.crates.io-6f17d22bba15001f/ora-worker-0.4.0/src/registry.rs:90:5
[INFO] [stdout]    |
[INFO] [stdout] 90 |     /// The worker ID.
[INFO] [stdout]    |     ^^^^^^^^^^^^^^^^^^ the trait `Deserialize<'_>` is not implemented for `Uuid`
[INFO] [stdout]    |
[INFO] [stdout]    = help: the following other types implement trait `Deserialize<'de>`:
[INFO] [stdout]              <bool as Deserialize<'de>>
[INFO] [stdout]              <char as Deserialize<'de>>
[INFO] [stdout]              <isize as Deserialize<'de>>
[INFO] [stdout]              <i8 as Deserialize<'de>>
[INFO] [stdout]              <i16 as Deserialize<'de>>
[INFO] [stdout]              <i32 as Deserialize<'de>>
[INFO] [stdout]              <i64 as Deserialize<'de>>
[INFO] [stdout]              <i128 as Deserialize<'de>>
[INFO] [stdout]            and 186 others
[INFO] [stdout] note: required by a bound in `registry::_::_serde::__private::de::missing_field`
[INFO] [stdout]   --> /opt/rustwide/cargo-home/registry/src/index.crates.io-6f17d22bba15001f/serde-1.0.193/src/private/de.rs:25:8
[INFO] [stdout]    |
[INFO] [stdout] 23 | pub fn missing_field<'de, V, E>(field: &'static str) -> Result<V, E>
[INFO] [stdout]    |        ------------- required by a bound in this function
[INFO] [stdout] 24 | where
[INFO] [stdout] 25 |     V: Deserialize<'de>,
[INFO] [stdout]    |        ^^^^^^^^^^^^^^^^ required by this bound in `missing_field`
[INFO] [stdout] 
[INFO] [stdout] 
[INFO] [stdout] error: aborting due to 4 previous errors
[INFO] [stdout] 
[INFO] [stdout] 
[INFO] [stdout] For more information about this error, try `rustc --explain E0277`.
[INFO] [stdout] 
[INFO] [stderr] error: could not compile `ora-worker` (lib) due to 5 previous errors
[INFO] [stderr] warning: build failed, waiting for other jobs to finish...
[INFO] running `Command { std: "docker" "inspect" "d3ba66b00139fe2c70804b9d68317b36d9fe5aa63d4605c7cfa31f036ea997df", kill_on_drop: false }`
[INFO] running `Command { std: "docker" "rm" "-f" "d3ba66b00139fe2c70804b9d68317b36d9fe5aa63d4605c7cfa31f036ea997df", kill_on_drop: false }`
[INFO] [stdout] d3ba66b00139fe2c70804b9d68317b36d9fe5aa63d4605c7cfa31f036ea997df
[INFO] testing ora-0.4.1 against beta-2023-12-22 for beta-1.76-1
[INFO] extracting crate ora 0.4.1 into /workspace/builds/worker-0-tc2/source
[INFO] validating manifest of crates.io crate ora 0.4.1 on toolchain beta-2023-12-22
[INFO] running `Command { std: CARGO_HOME="/workspace/cargo-home" RUSTUP_HOME="/workspace/rustup-home" "/workspace/cargo-home/bin/cargo" "+beta-2023-12-22" "metadata" "--manifest-path" "Cargo.toml" "--no-deps", kill_on_drop: false }`
[INFO] started tweaking crates.io crate ora 0.4.1
[INFO] removed 1 missing examples
[INFO] finished tweaking crates.io crate ora 0.4.1
[INFO] tweaked toml for crates.io crate ora 0.4.1 written to /workspace/builds/worker-0-tc2/source/Cargo.toml
[INFO] crate crates.io crate ora 0.4.1 already has a lockfile, it will not be regenerated
[INFO] running `Command { std: CARGO_HOME="/workspace/cargo-home" RUSTUP_HOME="/workspace/rustup-home" "/workspace/cargo-home/bin/cargo" "+beta-2023-12-22" "fetch" "--manifest-path" "Cargo.toml", kill_on_drop: false }`
[INFO] running `Command { std: "docker" "create" "-v" "/var/lib/crater-agent-workspace/builds/worker-0-tc2/target:/opt/rustwide/target:rw,Z" "-v" "/var/lib/crater-agent-workspace/builds/worker-0-tc2/source:/opt/rustwide/workdir:ro,Z" "-v" "/var/lib/crater-agent-workspace/cargo-home:/opt/rustwide/cargo-home:ro,Z" "-v" "/var/lib/crater-agent-workspace/rustup-home:/opt/rustwide/rustup-home:ro,Z" "-e" "SOURCE_DIR=/opt/rustwide/workdir" "-e" "CARGO_TARGET_DIR=/opt/rustwide/target" "-e" "CARGO_HOME=/opt/rustwide/cargo-home" "-e" "RUSTUP_HOME=/opt/rustwide/rustup-home" "-w" "/opt/rustwide/workdir" "-m" "1610612736" "--user" "0:0" "--network" "none" "ghcr.io/rust-lang/crates-build-env/linux@sha256:2788e3201cd34a07e3172128adcd8b3090168a8e3bcc40d7c032b9dda1df7d1c" "/opt/rustwide/cargo-home/bin/cargo" "+beta-2023-12-22" "metadata" "--no-deps" "--format-version=1", kill_on_drop: false }`
[INFO] [stdout] eaac3515690a8171f0eafff7e85e5ea8f0bebb613b2cd7341cb64516b44cb865
[INFO] running `Command { std: "docker" "start" "-a" "eaac3515690a8171f0eafff7e85e5ea8f0bebb613b2cd7341cb64516b44cb865", kill_on_drop: false }`
[INFO] running `Command { std: "docker" "inspect" "eaac3515690a8171f0eafff7e85e5ea8f0bebb613b2cd7341cb64516b44cb865", kill_on_drop: false }`
[INFO] running `Command { std: "docker" "rm" "-f" "eaac3515690a8171f0eafff7e85e5ea8f0bebb613b2cd7341cb64516b44cb865", kill_on_drop: false }`
[INFO] [stdout] eaac3515690a8171f0eafff7e85e5ea8f0bebb613b2cd7341cb64516b44cb865
[INFO] running `Command { std: "docker" "create" "-v" "/var/lib/crater-agent-workspace/builds/worker-0-tc2/target:/opt/rustwide/target:rw,Z" "-v" "/var/lib/crater-agent-workspace/builds/worker-0-tc2/source:/opt/rustwide/workdir:ro,Z" "-v" "/var/lib/crater-agent-workspace/cargo-home:/opt/rustwide/cargo-home:ro,Z" "-v" "/var/lib/crater-agent-workspace/rustup-home:/opt/rustwide/rustup-home:ro,Z" "-e" "SOURCE_DIR=/opt/rustwide/workdir" "-e" "CARGO_TARGET_DIR=/opt/rustwide/target" "-e" "CARGO_INCREMENTAL=0" "-e" "RUST_BACKTRACE=full" "-e" "RUSTFLAGS=--cap-lints=warn" "-e" "RUSTDOCFLAGS=--cap-lints=warn" "-e" "CARGO_HOME=/opt/rustwide/cargo-home" "-e" "RUSTUP_HOME=/opt/rustwide/rustup-home" "-w" "/opt/rustwide/workdir" "-m" "1610612736" "--user" "0:0" "--network" "none" "ghcr.io/rust-lang/crates-build-env/linux@sha256:2788e3201cd34a07e3172128adcd8b3090168a8e3bcc40d7c032b9dda1df7d1c" "/opt/rustwide/cargo-home/bin/cargo" "+beta-2023-12-22" "build" "--frozen" "--message-format=json", kill_on_drop: false }`
[INFO] [stdout] 2195ca2799c5d8063299db356513540e4c548d5e88714594764ca1629b262798
[INFO] running `Command { std: "docker" "start" "-a" "2195ca2799c5d8063299db356513540e4c548d5e88714594764ca1629b262798", kill_on_drop: false }`
[INFO] [stderr]    Compiling proc-macro2 v1.0.70
[INFO] [stderr]    Compiling unicode-ident v1.0.10
[INFO] [stderr]    Compiling autocfg v1.1.0
[INFO] [stderr]    Compiling libc v0.2.150
[INFO] [stderr]    Compiling serde v1.0.193
[INFO] [stderr]    Compiling memchr v2.5.0
[INFO] [stderr]    Compiling once_cell v1.18.0
[INFO] [stderr]    Compiling cfg-if v1.0.0
[INFO] [stderr]    Compiling syn v1.0.109
[INFO] [stderr]    Compiling pin-project-lite v0.2.10
[INFO] [stderr]    Compiling version_check v0.9.4
[INFO] [stderr]    Compiling futures-core v0.3.28
[INFO] [stderr]    Compiling itoa v1.0.8
[INFO] [stderr]    Compiling serde_json v1.0.108
[INFO] [stderr]    Compiling iana-time-zone v0.1.57
[INFO] [stderr]    Compiling powerfmt v0.2.0
[INFO] [stderr]    Compiling futures-task v0.3.28
[INFO] [stderr]    Compiling futures-channel v0.3.28
[INFO] [stderr]    Compiling minimal-lexical v0.2.1
[INFO] [stderr]    Compiling ryu v1.0.14
[INFO] [stderr]    Compiling futures-sink v0.3.28
[INFO] [stderr]    Compiling futures-util v0.3.28
[INFO] [stderr]    Compiling time-core v0.1.2
[INFO] [stderr]    Compiling tracing-core v0.1.31
[INFO] [stderr]    Compiling async-trait v0.1.72
[INFO] [stderr]    Compiling futures-io v0.3.28
[INFO] [stderr]    Compiling pin-utils v0.1.0
[INFO] [stderr]    Compiling eyre v0.6.8
[INFO] [stderr]    Compiling thiserror v1.0.43
[INFO] [stderr]    Compiling num-traits v0.2.15
[INFO] [stderr]    Compiling slab v0.4.8
[INFO] [stderr]    Compiling tokio v1.29.1
[INFO] [stderr]    Compiling lock_api v0.4.10
[INFO] [stderr]    Compiling paste v1.0.13
[INFO] [stderr]    Compiling parking_lot_core v0.9.8
[INFO] [stderr]    Compiling proc-macro-error-attr v1.0.4
[INFO] [stderr]    Compiling fnv v1.0.7
[INFO] [stderr]    Compiling indenter v0.3.3
[INFO] [stderr]    Compiling strsim v0.10.0
[INFO] [stderr]    Compiling smallvec v1.11.0
[INFO] [stderr]    Compiling scopeguard v1.1.0
[INFO] [stderr]    Compiling ident_case v1.0.1
[INFO] [stderr]    Compiling ahash v0.8.3
[INFO] [stderr]    Compiling proc-macro-error v1.0.4
[INFO] [stderr]    Compiling bytes v1.4.0
[INFO] [stderr]    Compiling nom v7.1.3
[INFO] [stderr]    Compiling byteorder v1.4.3
[INFO] [stderr]    Compiling quote v1.0.33
[INFO] [stderr]    Compiling schemars v0.8.16
[INFO] [stderr]    Compiling humantime v2.1.0
[INFO] [stderr]    Compiling dyn-clone v1.0.16
[INFO] [stderr]    Compiling syn v2.0.39
[INFO] [stderr]    Compiling getrandom v0.2.10
[INFO] [stderr]    Compiling uuid v1.4.1
[INFO] [stderr]    Compiling parking_lot v0.12.1
[INFO] [stderr]    Compiling chrono v0.4.26
[INFO] [stderr]    Compiling rmp v0.8.11
[INFO] [stderr]    Compiling cron v0.12.0
[INFO] [stderr]    Compiling serde_derive_internals v0.26.0
[INFO] [stderr]    Compiling darling_core v0.20.3
[INFO] [stderr]    Compiling ctor v0.1.26
[INFO] [stderr]    Compiling schemars_derive v0.8.16
[INFO] [stderr]    Compiling serde_derive v1.0.193
[INFO] [stderr]    Compiling tokio-macros v2.1.0
[INFO] [stderr]    Compiling tracing-attributes v0.1.26
[INFO] [stderr]    Compiling futures-macro v0.3.28
[INFO] [stderr]    Compiling thiserror-impl v1.0.43
[INFO] [stderr]    Compiling darling_macro v0.20.3
[INFO] [stderr]    Compiling minstant v0.1.2
[INFO] [stderr]    Compiling tracing v0.1.37
[INFO] [stderr]    Compiling darling v0.20.3
[INFO] [stderr]    Compiling ora-macros v0.1.0
[INFO] [stderr]    Compiling tokio-util v0.7.8
[INFO] [stderr]    Compiling ora-timer v0.1.1
[INFO] [stderr]    Compiling futures-executor v0.3.28
[INFO] [stderr]    Compiling futures v0.3.28
[INFO] [stderr]    Compiling deranged v0.3.9
[INFO] [stderr]    Compiling rmp-serde v1.1.1
[INFO] [stderr]    Compiling time v0.3.30
[INFO] [stderr]    Compiling ora-common v0.1.2
[INFO] [stderr]    Compiling ora-worker v0.4.0
[INFO] [stderr]    Compiling ora-client v0.2.1
[INFO] [stderr]    Compiling ora-util v0.1.0
[INFO] [stderr]    Compiling ora-scheduler v0.2.1
[INFO] [stdout] error[E0277]: the trait bound `Uuid: Serialize` is not satisfied
[INFO] [stdout]     --> /opt/rustwide/cargo-home/registry/src/index.crates.io-6f17d22bba15001f/ora-worker-0.4.0/src/registry.rs:88:24
[INFO] [stdout]      |
[INFO] [stdout] 88   | #[derive(Debug, Clone, Serialize, Deserialize)]
[INFO] [stdout]      |                        ^^^^^^^^^ the trait `Serialize` is not implemented for `Uuid`
[INFO] [stdout] 89   | pub struct WorkerInfo {
[INFO] [stdout] 90   |     /// The worker ID.
[INFO] [stdout]      |     ------------------ required by a bound introduced by this call
[INFO] [stdout]      |
[INFO] [stdout]      = help: the following other types implement trait `Serialize`:
[INFO] [stdout]                bool
[INFO] [stdout]                char
[INFO] [stdout]                isize
[INFO] [stdout]                i8
[INFO] [stdout]                i16
[INFO] [stdout]                i32
[INFO] [stdout]                i64
[INFO] [stdout]                i128
[INFO] [stdout]              and 179 others
[INFO] [stdout] note: required by a bound in `registry::_::_serde::ser::SerializeStruct::serialize_field`
[INFO] [stdout]     --> /opt/rustwide/cargo-home/registry/src/index.crates.io-6f17d22bba15001f/serde-1.0.193/src/ser/mod.rs:1865:12
[INFO] [stdout]      |
[INFO] [stdout] 1859 |     fn serialize_field<T: ?Sized>(
[INFO] [stdout]      |        --------------- required by a bound in this associated function
[INFO] [stdout] ...
[INFO] [stdout] 1865 |         T: Serialize;
[INFO] [stdout]      |            ^^^^^^^^^ required by this bound in `SerializeStruct::serialize_field`
[INFO] [stdout] 
[INFO] [stdout] 
[INFO] [stdout] error[E0277]: the trait bound `Uuid: Deserialize<'_>` is not satisfied
[INFO] [stdout]     --> /opt/rustwide/cargo-home/registry/src/index.crates.io-6f17d22bba15001f/ora-worker-0.4.0/src/registry.rs:91:13
[INFO] [stdout]      |
[INFO] [stdout] 91   |     pub id: Uuid,
[INFO] [stdout]      |             ^^^^ the trait `Deserialize<'_>` is not implemented for `Uuid`
[INFO] [stdout]      |
[INFO] [stdout]      = help: the following other types implement trait `Deserialize<'de>`:
[INFO] [stdout]                <bool as Deserialize<'de>>
[INFO] [stdout]                <char as Deserialize<'de>>
[INFO] [stdout]                <isize as Deserialize<'de>>
[INFO] [stdout]                <i8 as Deserialize<'de>>
[INFO] [stdout]                <i16 as Deserialize<'de>>
[INFO] [stdout]                <i32 as Deserialize<'de>>
[INFO] [stdout]                <i64 as Deserialize<'de>>
[INFO] [stdout]                <i128 as Deserialize<'de>>
[INFO] [stdout]              and 186 others
[INFO] [stdout] note: required by a bound in `next_element`
[INFO] [stdout]     --> /opt/rustwide/cargo-home/registry/src/index.crates.io-6f17d22bba15001f/serde-1.0.193/src/de/mod.rs:1726:12
[INFO] [stdout]      |
[INFO] [stdout] 1724 |     fn next_element<T>(&mut self) -> Result<Option<T>, Self::Error>
[INFO] [stdout]      |        ------------ required by a bound in this associated function
[INFO] [stdout] 1725 |     where
[INFO] [stdout] 1726 |         T: Deserialize<'de>,
[INFO] [stdout]      |            ^^^^^^^^^^^^^^^^ required by this bound in `SeqAccess::next_element`
[INFO] [stdout] 
[INFO] [stdout] 
[INFO] [stdout] error[E0277]: the trait bound `Uuid: Deserialize<'_>` is not satisfied
[INFO] [stdout]     --> /opt/rustwide/cargo-home/registry/src/index.crates.io-6f17d22bba15001f/ora-worker-0.4.0/src/registry.rs:91:13
[INFO] [stdout]      |
[INFO] [stdout] 91   |     pub id: Uuid,
[INFO] [stdout]      |             ^^^^ the trait `Deserialize<'_>` is not implemented for `Uuid`
[INFO] [stdout]      |
[INFO] [stdout]      = help: the following other types implement trait `Deserialize<'de>`:
[INFO] [stdout]                <bool as Deserialize<'de>>
[INFO] [stdout]                <char as Deserialize<'de>>
[INFO] [stdout]                <isize as Deserialize<'de>>
[INFO] [stdout]                <i8 as Deserialize<'de>>
[INFO] [stdout]                <i16 as Deserialize<'de>>
[INFO] [stdout]                <i32 as Deserialize<'de>>
[INFO] [stdout]                <i64 as Deserialize<'de>>
[INFO] [stdout]                <i128 as Deserialize<'de>>
[INFO] [stdout]              and 186 others
[INFO] [stdout] note: required by a bound in `next_value`
[INFO] [stdout]     --> /opt/rustwide/cargo-home/registry/src/index.crates.io-6f17d22bba15001f/serde-1.0.193/src/de/mod.rs:1865:12
[INFO] [stdout]      |
[INFO] [stdout] 1863 |     fn next_value<V>(&mut self) -> Result<V, Self::Error>
[INFO] [stdout]      |        ---------- required by a bound in this associated function
[INFO] [stdout] 1864 |     where
[INFO] [stdout] 1865 |         V: Deserialize<'de>,
[INFO] [stdout]      |            ^^^^^^^^^^^^^^^^ required by this bound in `MapAccess::next_value`
[INFO] [stdout] 
[INFO] [stdout] 
[INFO] [stdout] error[E0277]: the trait bound `Uuid: Deserialize<'_>` is not satisfied
[INFO] [stdout]   --> /opt/rustwide/cargo-home/registry/src/index.crates.io-6f17d22bba15001f/ora-worker-0.4.0/src/registry.rs:90:5
[INFO] [stdout]    |
[INFO] [stdout] 90 |     /// The worker ID.
[INFO] [stdout]    |     ^^^^^^^^^^^^^^^^^^ the trait `Deserialize<'_>` is not implemented for `Uuid`
[INFO] [stdout]    |
[INFO] [stdout]    = help: the following other types implement trait `Deserialize<'de>`:
[INFO] [stdout]              <bool as Deserialize<'de>>
[INFO] [stdout]              <char as Deserialize<'de>>
[INFO] [stdout]              <isize as Deserialize<'de>>
[INFO] [stdout]              <i8 as Deserialize<'de>>
[INFO] [stdout]              <i16 as Deserialize<'de>>
[INFO] [stdout]              <i32 as Deserialize<'de>>
[INFO] [stdout]              <i64 as Deserialize<'de>>
[INFO] [stdout]              <i128 as Deserialize<'de>>
[INFO] [stdout]            and 186 others
[INFO] [stdout] note: required by a bound in `registry::_::_serde::__private::de::missing_field`
[INFO] [stdout]   --> /opt/rustwide/cargo-home/registry/src/index.crates.io-6f17d22bba15001f/serde-1.0.193/src/private/de.rs:25:8
[INFO] [stdout]    |
[INFO] [stdout] 23 | pub fn missing_field<'de, V, E>(field: &'static str) -> Result<V, E>
[INFO] [stdout]    |        ------------- required by a bound in this function
[INFO] [stdout] 24 | where
[INFO] [stdout] 25 |     V: Deserialize<'de>,
[INFO] [stdout]    |        ^^^^^^^^^^^^^^^^ required by this bound in `missing_field`
[INFO] [stdout] 
[INFO] [stdout] 
[INFO] [stdout] error: aborting due to 4 previous errors
[INFO] [stdout] 
[INFO] [stdout] 
[INFO] [stdout] For more information about this error, try `rustc --explain E0277`.
[INFO] [stdout] 
[INFO] [stderr] error: could not compile `ora-worker` (lib) due to 5 previous errors
[INFO] [stderr] warning: build failed, waiting for other jobs to finish...
[INFO] running `Command { std: "docker" "inspect" "2195ca2799c5d8063299db356513540e4c548d5e88714594764ca1629b262798", kill_on_drop: false }`
[INFO] running `Command { std: "docker" "rm" "-f" "2195ca2799c5d8063299db356513540e4c548d5e88714594764ca1629b262798", kill_on_drop: false }`
[INFO] [stdout] 2195ca2799c5d8063299db356513540e4c548d5e88714594764ca1629b262798
