[INFO] fetching crate ora-store-memory 0.3.1...
[INFO] testing ora-store-memory-0.3.1 against 1.75.0 for beta-1.76-1
[INFO] extracting crate ora-store-memory 0.3.1 into /workspace/builds/worker-0-tc1/source
[INFO] validating manifest of crates.io crate ora-store-memory 0.3.1 on toolchain 1.75.0
[INFO] running `Command { std: CARGO_HOME="/workspace/cargo-home" RUSTUP_HOME="/workspace/rustup-home" "/workspace/cargo-home/bin/cargo" "+1.75.0" "metadata" "--manifest-path" "Cargo.toml" "--no-deps", kill_on_drop: false }`
[INFO] started tweaking crates.io crate ora-store-memory 0.3.1
[INFO] finished tweaking crates.io crate ora-store-memory 0.3.1
[INFO] tweaked toml for crates.io crate ora-store-memory 0.3.1 written to /workspace/builds/worker-0-tc1/source/Cargo.toml
[INFO] running `Command { std: CARGO_HOME="/workspace/cargo-home" RUSTUP_HOME="/workspace/rustup-home" "/workspace/cargo-home/bin/cargo" "+1.75.0" "generate-lockfile" "--manifest-path" "Cargo.toml", kill_on_drop: false }`
[INFO] [stderr]     Updating crates.io index
[INFO] running `Command { std: CARGO_HOME="/workspace/cargo-home" RUSTUP_HOME="/workspace/rustup-home" "/workspace/cargo-home/bin/cargo" "+1.75.0" "fetch" "--manifest-path" "Cargo.toml", kill_on_drop: false }`
[INFO] [stderr]  Downloading crates ...
[INFO] [stderr]   Downloaded ora-client v0.2.1
[INFO] [stderr]   Downloaded ora-scheduler v0.2.1
[INFO] [stderr]   Downloaded ora-worker v0.4.1
[INFO] [stderr]   Downloaded ora-common v0.1.2
[INFO] [stderr]   Downloaded cron v0.12.0
[INFO] [stderr]   Downloaded ora-timer v0.1.1
[INFO] [stderr]   Downloaded ora-util v0.1.0
[INFO] running `Command { std: "docker" "create" "-v" "/var/lib/crater-agent-workspace/builds/worker-0-tc1/target:/opt/rustwide/target:rw,Z" "-v" "/var/lib/crater-agent-workspace/builds/worker-0-tc1/source:/opt/rustwide/workdir:ro,Z" "-v" "/var/lib/crater-agent-workspace/cargo-home:/opt/rustwide/cargo-home:ro,Z" "-v" "/var/lib/crater-agent-workspace/rustup-home:/opt/rustwide/rustup-home:ro,Z" "-e" "SOURCE_DIR=/opt/rustwide/workdir" "-e" "CARGO_TARGET_DIR=/opt/rustwide/target" "-e" "CARGO_HOME=/opt/rustwide/cargo-home" "-e" "RUSTUP_HOME=/opt/rustwide/rustup-home" "-w" "/opt/rustwide/workdir" "-m" "1610612736" "--user" "0:0" "--network" "none" "ghcr.io/rust-lang/crates-build-env/linux@sha256:2788e3201cd34a07e3172128adcd8b3090168a8e3bcc40d7c032b9dda1df7d1c" "/opt/rustwide/cargo-home/bin/cargo" "+1.75.0" "metadata" "--no-deps" "--format-version=1", kill_on_drop: false }`
[INFO] [stdout] 89f1e48b304d5163bcea718765a1fc3288a74d870c87e41779c6803115e4838d
[INFO] running `Command { std: "docker" "start" "-a" "89f1e48b304d5163bcea718765a1fc3288a74d870c87e41779c6803115e4838d", kill_on_drop: false }`
[INFO] running `Command { std: "docker" "inspect" "89f1e48b304d5163bcea718765a1fc3288a74d870c87e41779c6803115e4838d", kill_on_drop: false }`
[INFO] running `Command { std: "docker" "rm" "-f" "89f1e48b304d5163bcea718765a1fc3288a74d870c87e41779c6803115e4838d", kill_on_drop: false }`
[INFO] [stdout] 89f1e48b304d5163bcea718765a1fc3288a74d870c87e41779c6803115e4838d
[INFO] running `Command { std: "docker" "create" "-v" "/var/lib/crater-agent-workspace/builds/worker-0-tc1/target:/opt/rustwide/target:rw,Z" "-v" "/var/lib/crater-agent-workspace/builds/worker-0-tc1/source:/opt/rustwide/workdir:ro,Z" "-v" "/var/lib/crater-agent-workspace/cargo-home:/opt/rustwide/cargo-home:ro,Z" "-v" "/var/lib/crater-agent-workspace/rustup-home:/opt/rustwide/rustup-home:ro,Z" "-e" "SOURCE_DIR=/opt/rustwide/workdir" "-e" "CARGO_TARGET_DIR=/opt/rustwide/target" "-e" "CARGO_INCREMENTAL=0" "-e" "RUST_BACKTRACE=full" "-e" "RUSTFLAGS=--cap-lints=warn" "-e" "RUSTDOCFLAGS=--cap-lints=warn" "-e" "CARGO_HOME=/opt/rustwide/cargo-home" "-e" "RUSTUP_HOME=/opt/rustwide/rustup-home" "-w" "/opt/rustwide/workdir" "-m" "1610612736" "--user" "0:0" "--network" "none" "ghcr.io/rust-lang/crates-build-env/linux@sha256:2788e3201cd34a07e3172128adcd8b3090168a8e3bcc40d7c032b9dda1df7d1c" "/opt/rustwide/cargo-home/bin/cargo" "+1.75.0" "build" "--frozen" "--message-format=json", kill_on_drop: false }`
[INFO] [stdout] b7d225d84e52d110de3d7ed2014e0343e7ce614018cde25378c3074734243ff4
[INFO] running `Command { std: "docker" "start" "-a" "b7d225d84e52d110de3d7ed2014e0343e7ce614018cde25378c3074734243ff4", kill_on_drop: false }`
[INFO] [stderr]    Compiling serde v1.0.194
[INFO] [stderr]    Compiling syn v1.0.109
[INFO] [stderr]    Compiling eyre v0.6.11
[INFO] [stderr]    Compiling indenter v0.3.3
[INFO] [stderr]    Compiling zerocopy v0.7.32
[INFO] [stderr]    Compiling ahash v0.8.7
[INFO] [stderr]    Compiling chrono v0.4.31
[INFO] [stderr]    Compiling tokio-macros v2.2.0
[INFO] [stderr]    Compiling futures-macro v0.3.30
[INFO] [stderr]    Compiling async-trait v0.1.77
[INFO] [stderr]    Compiling uuid v1.6.1
[INFO] [stderr]    Compiling parking_lot_core v0.9.9
[INFO] [stderr]    Compiling async-stream-impl v0.3.5
[INFO] [stderr]    Compiling memmem v0.1.1
[INFO] [stderr]    Compiling parking_lot v0.12.1
[INFO] [stderr]    Compiling tokio v1.35.1
[INFO] [stderr]    Compiling async-stream v0.3.5
[INFO] [stderr]    Compiling futures-util v0.3.30
[INFO] [stderr]    Compiling cron v0.12.0
[INFO] [stderr]    Compiling tokio-util v0.7.10
[INFO] [stderr]    Compiling ctor v0.1.26
[INFO] [stderr]    Compiling deranged v0.3.11
[INFO] [stderr]    Compiling serde_json v1.0.111
[INFO] [stderr]    Compiling futures-executor v0.3.30
[INFO] [stderr]    Compiling minstant v0.1.4
[INFO] [stderr]    Compiling ora-timer v0.1.1
[INFO] [stderr]    Compiling futures v0.3.30
[INFO] [stderr]    Compiling time v0.3.31
[INFO] [stderr]    Compiling ora-common v0.1.2
[INFO] [stderr]    Compiling ora-util v0.1.0
[INFO] [stderr]    Compiling ora-worker v0.4.1
[INFO] [stderr]    Compiling ora-client v0.2.1
[INFO] [stderr]    Compiling ora-scheduler v0.2.1
[INFO] [stdout] error[E0277]: the trait bound `Uuid: Serialize` is not satisfied
[INFO] [stdout]     --> /opt/rustwide/cargo-home/registry/src/index.crates.io-6f17d22bba15001f/ora-worker-0.4.1/src/registry.rs:88:24
[INFO] [stdout]      |
[INFO] [stdout] 88   | #[derive(Debug, Clone, Serialize, Deserialize)]
[INFO] [stdout]      |                        ^^^^^^^^^ the trait `Serialize` is not implemented for `Uuid`
[INFO] [stdout] 89   | pub struct WorkerInfo {
[INFO] [stdout] 90   |     /// The worker ID.
[INFO] [stdout]      |     ------------------ required by a bound introduced by this call
[INFO] [stdout]      |
[INFO] [stdout]      = help: the following other types implement trait `Serialize`:
[INFO] [stdout]                bool
[INFO] [stdout]                char
[INFO] [stdout]                isize
[INFO] [stdout]                i8
[INFO] [stdout]                i16
[INFO] [stdout]                i32
[INFO] [stdout]                i64
[INFO] [stdout]                i128
[INFO] [stdout]              and 179 others
[INFO] [stdout] note: required by a bound in `registry::_::_serde::ser::SerializeStruct::serialize_field`
[INFO] [stdout]     --> /opt/rustwide/cargo-home/registry/src/index.crates.io-6f17d22bba15001f/serde-1.0.194/src/ser/mod.rs:1865:12
[INFO] [stdout]      |
[INFO] [stdout] 1859 |     fn serialize_field<T: ?Sized>(
[INFO] [stdout]      |        --------------- required by a bound in this associated function
[INFO] [stdout] ...
[INFO] [stdout] 1865 |         T: Serialize;
[INFO] [stdout]      |            ^^^^^^^^^ required by this bound in `SerializeStruct::serialize_field`
[INFO] [stdout] 
[INFO] [stdout] 
[INFO] [stdout] error[E0277]: the trait bound `Uuid: Deserialize<'_>` is not satisfied
[INFO] [stdout]     --> /opt/rustwide/cargo-home/registry/src/index.crates.io-6f17d22bba15001f/ora-worker-0.4.1/src/registry.rs:91:13
[INFO] [stdout]      |
[INFO] [stdout] 91   |     pub id: Uuid,
[INFO] [stdout]      |             ^^^^ the trait `Deserialize<'_>` is not implemented for `Uuid`
[INFO] [stdout]      |
[INFO] [stdout]      = help: the following other types implement trait `Deserialize<'de>`:
[INFO] [stdout]                <bool as Deserialize<'de>>
[INFO] [stdout]                <char as Deserialize<'de>>
[INFO] [stdout]                <isize as Deserialize<'de>>
[INFO] [stdout]                <i8 as Deserialize<'de>>
[INFO] [stdout]                <i16 as Deserialize<'de>>
[INFO] [stdout]                <i32 as Deserialize<'de>>
[INFO] [stdout]                <i64 as Deserialize<'de>>
[INFO] [stdout]                <i128 as Deserialize<'de>>
[INFO] [stdout]              and 186 others
[INFO] [stdout] note: required by a bound in `next_element`
[INFO] [stdout]     --> /opt/rustwide/cargo-home/registry/src/index.crates.io-6f17d22bba15001f/serde-1.0.194/src/de/mod.rs:1726:12
[INFO] [stdout]      |
[INFO] [stdout] 1724 |     fn next_element<T>(&mut self) -> Result<Option<T>, Self::Error>
[INFO] [stdout]      |        ------------ required by a bound in this associated function
[INFO] [stdout] 1725 |     where
[INFO] [stdout] 1726 |         T: Deserialize<'de>,
[INFO] [stdout]      |            ^^^^^^^^^^^^^^^^ required by this bound in `SeqAccess::next_element`
[INFO] [stdout] 
[INFO] [stdout] 
[INFO] [stdout] error[E0277]: the trait bound `Uuid: Deserialize<'_>` is not satisfied
[INFO] [stdout]     --> /opt/rustwide/cargo-home/registry/src/index.crates.io-6f17d22bba15001f/ora-worker-0.4.1/src/registry.rs:91:13
[INFO] [stdout]      |
[INFO] [stdout] 91   |     pub id: Uuid,
[INFO] [stdout]      |             ^^^^ the trait `Deserialize<'_>` is not implemented for `Uuid`
[INFO] [stdout]      |
[INFO] [stdout]      = help: the following other types implement trait `Deserialize<'de>`:
[INFO] [stdout]                <bool as Deserialize<'de>>
[INFO] [stdout]                <char as Deserialize<'de>>
[INFO] [stdout]                <isize as Deserialize<'de>>
[INFO] [stdout]                <i8 as Deserialize<'de>>
[INFO] [stdout]                <i16 as Deserialize<'de>>
[INFO] [stdout]                <i32 as Deserialize<'de>>
[INFO] [stdout]                <i64 as Deserialize<'de>>
[INFO] [stdout]                <i128 as Deserialize<'de>>
[INFO] [stdout]              and 186 others
[INFO] [stdout] note: required by a bound in `next_value`
[INFO] [stdout]     --> /opt/rustwide/cargo-home/registry/src/index.crates.io-6f17d22bba15001f/serde-1.0.194/src/de/mod.rs:1865:12
[INFO] [stdout]      |
[INFO] [stdout] 1863 |     fn next_value<V>(&mut self) -> Result<V, Self::Error>
[INFO] [stdout]      |        ---------- required by a bound in this associated function
[INFO] [stdout] 1864 |     where
[INFO] [stdout] 1865 |         V: Deserialize<'de>,
[INFO] [stdout]      |            ^^^^^^^^^^^^^^^^ required by this bound in `MapAccess::next_value`
[INFO] [stdout] 
[INFO] [stdout] 
[INFO] [stdout] error[E0277]: the trait bound `Uuid: Deserialize<'_>` is not satisfied
[INFO] [stdout]   --> /opt/rustwide/cargo-home/registry/src/index.crates.io-6f17d22bba15001f/ora-worker-0.4.1/src/registry.rs:90:5
[INFO] [stdout]    |
[INFO] [stdout] 90 |     /// The worker ID.
[INFO] [stdout]    |     ^^^^^^^^^^^^^^^^^^ the trait `Deserialize<'_>` is not implemented for `Uuid`
[INFO] [stdout]    |
[INFO] [stdout]    = help: the following other types implement trait `Deserialize<'de>`:
[INFO] [stdout]              <bool as Deserialize<'de>>
[INFO] [stdout]              <char as Deserialize<'de>>
[INFO] [stdout]              <isize as Deserialize<'de>>
[INFO] [stdout]              <i8 as Deserialize<'de>>
[INFO] [stdout]              <i16 as Deserialize<'de>>
[INFO] [stdout]              <i32 as Deserialize<'de>>
[INFO] [stdout]              <i64 as Deserialize<'de>>
[INFO] [stdout]              <i128 as Deserialize<'de>>
[INFO] [stdout]            and 186 others
[INFO] [stdout] note: required by a bound in `registry::_::_serde::__private::de::missing_field`
[INFO] [stdout]   --> /opt/rustwide/cargo-home/registry/src/index.crates.io-6f17d22bba15001f/serde-1.0.194/src/private/de.rs:25:8
[INFO] [stdout]    |
[INFO] [stdout] 23 | pub fn missing_field<'de, V, E>(field: &'static str) -> Result<V, E>
[INFO] [stdout]    |        ------------- required by a bound in this function
[INFO] [stdout] 24 | where
[INFO] [stdout] 25 |     V: Deserialize<'de>,
[INFO] [stdout]    |        ^^^^^^^^^^^^^^^^ required by this bound in `missing_field`
[INFO] [stdout] 
[INFO] [stdout] 
[INFO] [stdout] error: aborting due to 4 previous errors
[INFO] [stdout] 
[INFO] [stdout] 
[INFO] [stdout] For more information about this error, try `rustc --explain E0277`.
[INFO] [stdout] 
[INFO] [stderr] error: could not compile `ora-worker` (lib) due to 5 previous errors
[INFO] [stderr] warning: build failed, waiting for other jobs to finish...
[INFO] running `Command { std: "docker" "inspect" "b7d225d84e52d110de3d7ed2014e0343e7ce614018cde25378c3074734243ff4", kill_on_drop: false }`
[INFO] running `Command { std: "docker" "rm" "-f" "b7d225d84e52d110de3d7ed2014e0343e7ce614018cde25378c3074734243ff4", kill_on_drop: false }`
[INFO] [stdout] b7d225d84e52d110de3d7ed2014e0343e7ce614018cde25378c3074734243ff4
