[INFO] fetching crate or-tools 0.1.0...
[INFO] testing or-tools-0.1.0 against 1.75.0 for beta-1.76-1
[INFO] extracting crate or-tools 0.1.0 into /workspace/builds/worker-1-tc1/source
[INFO] validating manifest of crates.io crate or-tools 0.1.0 on toolchain 1.75.0
[INFO] running `Command { std: CARGO_HOME="/workspace/cargo-home" RUSTUP_HOME="/workspace/rustup-home" "/workspace/cargo-home/bin/cargo" "+1.75.0" "metadata" "--manifest-path" "Cargo.toml" "--no-deps", kill_on_drop: false }`
[INFO] started tweaking crates.io crate or-tools 0.1.0
[INFO] finished tweaking crates.io crate or-tools 0.1.0
[INFO] tweaked toml for crates.io crate or-tools 0.1.0 written to /workspace/builds/worker-1-tc1/source/Cargo.toml
[INFO] running `Command { std: CARGO_HOME="/workspace/cargo-home" RUSTUP_HOME="/workspace/rustup-home" "/workspace/cargo-home/bin/cargo" "+1.75.0" "generate-lockfile" "--manifest-path" "Cargo.toml", kill_on_drop: false }`
[INFO] [stderr]     Updating crates.io index
[INFO] running `Command { std: CARGO_HOME="/workspace/cargo-home" RUSTUP_HOME="/workspace/rustup-home" "/workspace/cargo-home/bin/cargo" "+1.75.0" "fetch" "--manifest-path" "Cargo.toml", kill_on_drop: false }`
[INFO] [stderr]  Downloading crates ...
[INFO] [stderr]   Downloaded or-tools-sys v9.7.0
[INFO] running `Command { std: "docker" "create" "-v" "/var/lib/crater-agent-workspace/builds/worker-1-tc1/target:/opt/rustwide/target:rw,Z" "-v" "/var/lib/crater-agent-workspace/builds/worker-1-tc1/source:/opt/rustwide/workdir:ro,Z" "-v" "/var/lib/crater-agent-workspace/cargo-home:/opt/rustwide/cargo-home:ro,Z" "-v" "/var/lib/crater-agent-workspace/rustup-home:/opt/rustwide/rustup-home:ro,Z" "-e" "SOURCE_DIR=/opt/rustwide/workdir" "-e" "CARGO_TARGET_DIR=/opt/rustwide/target" "-e" "CARGO_HOME=/opt/rustwide/cargo-home" "-e" "RUSTUP_HOME=/opt/rustwide/rustup-home" "-w" "/opt/rustwide/workdir" "-m" "1610612736" "--user" "0:0" "--network" "none" "ghcr.io/rust-lang/crates-build-env/linux@sha256:2788e3201cd34a07e3172128adcd8b3090168a8e3bcc40d7c032b9dda1df7d1c" "/opt/rustwide/cargo-home/bin/cargo" "+1.75.0" "metadata" "--no-deps" "--format-version=1", kill_on_drop: false }`
[INFO] [stdout] e1ed1c193f1efe8c12c97de6b9ccfd8ccc5231fd248f94fab7854b5e65b281c8
[INFO] running `Command { std: "docker" "start" "-a" "e1ed1c193f1efe8c12c97de6b9ccfd8ccc5231fd248f94fab7854b5e65b281c8", kill_on_drop: false }`
[INFO] running `Command { std: "docker" "inspect" "e1ed1c193f1efe8c12c97de6b9ccfd8ccc5231fd248f94fab7854b5e65b281c8", kill_on_drop: false }`
[INFO] running `Command { std: "docker" "rm" "-f" "e1ed1c193f1efe8c12c97de6b9ccfd8ccc5231fd248f94fab7854b5e65b281c8", kill_on_drop: false }`
[INFO] [stdout] e1ed1c193f1efe8c12c97de6b9ccfd8ccc5231fd248f94fab7854b5e65b281c8
[INFO] running `Command { std: "docker" "create" "-v" "/var/lib/crater-agent-workspace/builds/worker-1-tc1/target:/opt/rustwide/target:rw,Z" "-v" "/var/lib/crater-agent-workspace/builds/worker-1-tc1/source:/opt/rustwide/workdir:ro,Z" "-v" "/var/lib/crater-agent-workspace/cargo-home:/opt/rustwide/cargo-home:ro,Z" "-v" "/var/lib/crater-agent-workspace/rustup-home:/opt/rustwide/rustup-home:ro,Z" "-e" "SOURCE_DIR=/opt/rustwide/workdir" "-e" "CARGO_TARGET_DIR=/opt/rustwide/target" "-e" "CARGO_INCREMENTAL=0" "-e" "RUST_BACKTRACE=full" "-e" "RUSTFLAGS=--cap-lints=warn" "-e" "RUSTDOCFLAGS=--cap-lints=warn" "-e" "CARGO_HOME=/opt/rustwide/cargo-home" "-e" "RUSTUP_HOME=/opt/rustwide/rustup-home" "-w" "/opt/rustwide/workdir" "-m" "1610612736" "--user" "0:0" "--network" "none" "ghcr.io/rust-lang/crates-build-env/linux@sha256:2788e3201cd34a07e3172128adcd8b3090168a8e3bcc40d7c032b9dda1df7d1c" "/opt/rustwide/cargo-home/bin/cargo" "+1.75.0" "build" "--frozen" "--message-format=json", kill_on_drop: false }`
[INFO] [stdout] 05744ec219efb4f232b8d8ba284800598804a0f06918ec7101241aa9682da34b
[INFO] running `Command { std: "docker" "start" "-a" "05744ec219efb4f232b8d8ba284800598804a0f06918ec7101241aa9682da34b", kill_on_drop: false }`
[INFO] [stderr]    Compiling memchr v2.7.1
[INFO] [stderr]    Compiling regex-syntax v0.8.2
[INFO] [stderr]    Compiling unicode-xid v0.2.4
[INFO] [stderr]    Compiling byteorder v1.5.0
[INFO] [stderr]    Compiling libc v0.2.151
[INFO] [stderr]    Compiling syn v2.0.48
[INFO] [stderr]    Compiling aho-corasick v1.1.2
[INFO] [stderr]    Compiling cc v1.0.83
[INFO] [stderr]    Compiling regex-automata v0.4.3
[INFO] [stderr]    Compiling cpp_common v0.5.9
[INFO] [stderr]    Compiling regex v1.10.2
[INFO] [stderr]    Compiling cpp_macros v0.5.9
[INFO] [stderr]    Compiling cpp_build v0.5.9
[INFO] [stderr]    Compiling or-tools v0.1.0 (/opt/rustwide/workdir)
[INFO] [stderr]    Compiling cpp v0.5.9
[INFO] [stderr] The following warnings were emitted during compilation:
[INFO] [stderr] 
[INFO] [stderr] warning: or-tools@0.1.0: src/graph/mod.rs:5:14: fatal error: ortools/base/init_google.h: No such file or directory
[INFO] [stderr] warning: or-tools@0.1.0:     5 |     #include "ortools/base/init_google.h"
[INFO] [stderr] warning: or-tools@0.1.0:       |              ^~~~~~~~~~~~~~~~~~~~~~~~~~~~
[INFO] [stderr] warning: or-tools@0.1.0: compilation terminated.
[INFO] [stderr] 
[INFO] [stderr] error: failed to run custom build command for `or-tools v0.1.0 (/opt/rustwide/workdir)`
[INFO] [stderr] note: To improve backtraces for build dependencies, set the CARGO_PROFILE_DEV_BUILD_OVERRIDE_DEBUG=true environment variable to enable debug information generation.
[INFO] [stderr] 
[INFO] [stderr] Caused by:
[INFO] [stderr]   process didn't exit successfully: `/opt/rustwide/target/debug/build/or-tools-a4a21713c2b3ec5d/build-script-build` (exit status: 1)
[INFO] [stderr]   --- stdout
[INFO] [stderr]   cargo:rerun-if-changed=./build.rs
[INFO] [stderr]   cargo:rerun-if-changed=./src/**/*.rs
[INFO] [stderr]   cargo:rustc-link-lib=ortools
[INFO] [stderr]   TARGET = Some("x86_64-unknown-linux-gnu")
[INFO] [stderr]   OPT_LEVEL = Some("0")
[INFO] [stderr]   HOST = Some("x86_64-unknown-linux-gnu")
[INFO] [stderr]   cargo:rerun-if-env-changed=CXX_x86_64-unknown-linux-gnu
[INFO] [stderr]   CXX_x86_64-unknown-linux-gnu = None
[INFO] [stderr]   cargo:rerun-if-env-changed=CXX_x86_64_unknown_linux_gnu
[INFO] [stderr]   CXX_x86_64_unknown_linux_gnu = None
[INFO] [stderr]   cargo:rerun-if-env-changed=HOST_CXX
[INFO] [stderr]   HOST_CXX = None
[INFO] [stderr]   cargo:rerun-if-env-changed=CXX
[INFO] [stderr]   CXX = None
[INFO] [stderr]   cargo:rerun-if-env-changed=CRATE_CC_NO_DEFAULTS
[INFO] [stderr]   CRATE_CC_NO_DEFAULTS = None
[INFO] [stderr]   DEBUG = Some("true")
[INFO] [stderr]   CARGO_CFG_TARGET_FEATURE = Some("fxsr,sse,sse2")
[INFO] [stderr]   cargo:rerun-if-env-changed=CXXFLAGS_x86_64-unknown-linux-gnu
[INFO] [stderr]   CXXFLAGS_x86_64-unknown-linux-gnu = None
[INFO] [stderr]   cargo:rerun-if-env-changed=CXXFLAGS_x86_64_unknown_linux_gnu
[INFO] [stderr]   CXXFLAGS_x86_64_unknown_linux_gnu = None
[INFO] [stderr]   cargo:rerun-if-env-changed=HOST_CXXFLAGS
[INFO] [stderr]   HOST_CXXFLAGS = None
[INFO] [stderr]   cargo:rerun-if-env-changed=CXXFLAGS
[INFO] [stderr]   CXXFLAGS = None
[INFO] [stderr]   running: "c++" "-O0" "-ffunction-sections" "-fdata-sections" "-fPIC" "-gdwarf-4" "-fno-omit-frame-pointer" "-m64" "-I" "/opt/rustwide/workdir" "-Wall" "-Wextra" "-std=c++20" "-Wno-unused-parameter" "-o" "/opt/rustwide/target/debug/build/or-tools-a4f6495d1c4bc199/out/5d97a7f21ff59bc3-cpp_closures.o" "-c" "/opt/rustwide/target/debug/build/or-tools-a4f6495d1c4bc199/out/rust_cpp/cpp_closures.cpp"
[INFO] [stderr]   cargo:warning=src/graph/mod.rs:5:14: fatal error: ortools/base/init_google.h: No such file or directory
[INFO] [stderr] 
[INFO] [stderr]   cargo:warning=    5 |     #include "ortools/base/init_google.h"
[INFO] [stderr] 
[INFO] [stderr]   cargo:warning=      |              ^~~~~~~~~~~~~~~~~~~~~~~~~~~~
[INFO] [stderr] 
[INFO] [stderr]   cargo:warning=compilation terminated.
[INFO] [stderr] 
[INFO] [stderr]   exit status: 1
[INFO] [stderr] 
[INFO] [stderr]   --- stderr
[INFO] [stderr] 
[INFO] [stderr] 
[INFO] [stderr]   error occurred: ToolExecError: Command "c++" "-O0" "-ffunction-sections" "-fdata-sections" "-fPIC" "-gdwarf-4" "-fno-omit-frame-pointer" "-m64" "-I" "/opt/rustwide/workdir" "-Wall" "-Wextra" "-std=c++20" "-Wno-unused-parameter" "-o" "/opt/rustwide/target/debug/build/or-tools-a4f6495d1c4bc199/out/5d97a7f21ff59bc3-cpp_closures.o" "-c" "/opt/rustwide/target/debug/build/or-tools-a4f6495d1c4bc199/out/rust_cpp/cpp_closures.cpp" with args "c++" did not execute successfully (status code exit status: 1).
[INFO] [stderr] 
[INFO] [stderr] 
[INFO] running `Command { std: "docker" "inspect" "05744ec219efb4f232b8d8ba284800598804a0f06918ec7101241aa9682da34b", kill_on_drop: false }`
[INFO] running `Command { std: "docker" "rm" "-f" "05744ec219efb4f232b8d8ba284800598804a0f06918ec7101241aa9682da34b", kill_on_drop: false }`
[INFO] [stdout] 05744ec219efb4f232b8d8ba284800598804a0f06918ec7101241aa9682da34b
[INFO] testing or-tools-0.1.0 against beta-2023-12-22 for beta-1.76-1
[INFO] extracting crate or-tools 0.1.0 into /workspace/builds/worker-1-tc2/source
[INFO] validating manifest of crates.io crate or-tools 0.1.0 on toolchain beta-2023-12-22
[INFO] running `Command { std: CARGO_HOME="/workspace/cargo-home" RUSTUP_HOME="/workspace/rustup-home" "/workspace/cargo-home/bin/cargo" "+beta-2023-12-22" "metadata" "--manifest-path" "Cargo.toml" "--no-deps", kill_on_drop: false }`
[INFO] started tweaking crates.io crate or-tools 0.1.0
[INFO] finished tweaking crates.io crate or-tools 0.1.0
[INFO] tweaked toml for crates.io crate or-tools 0.1.0 written to /workspace/builds/worker-1-tc2/source/Cargo.toml
[INFO] running `Command { std: CARGO_HOME="/workspace/cargo-home" RUSTUP_HOME="/workspace/rustup-home" "/workspace/cargo-home/bin/cargo" "+beta-2023-12-22" "generate-lockfile" "--manifest-path" "Cargo.toml", kill_on_drop: false }`
[INFO] [stderr]     Updating crates.io index
[INFO] running `Command { std: CARGO_HOME="/workspace/cargo-home" RUSTUP_HOME="/workspace/rustup-home" "/workspace/cargo-home/bin/cargo" "+beta-2023-12-22" "fetch" "--manifest-path" "Cargo.toml", kill_on_drop: false }`
[INFO] running `Command { std: "docker" "create" "-v" "/var/lib/crater-agent-workspace/builds/worker-1-tc2/target:/opt/rustwide/target:rw,Z" "-v" "/var/lib/crater-agent-workspace/builds/worker-1-tc2/source:/opt/rustwide/workdir:ro,Z" "-v" "/var/lib/crater-agent-workspace/cargo-home:/opt/rustwide/cargo-home:ro,Z" "-v" "/var/lib/crater-agent-workspace/rustup-home:/opt/rustwide/rustup-home:ro,Z" "-e" "SOURCE_DIR=/opt/rustwide/workdir" "-e" "CARGO_TARGET_DIR=/opt/rustwide/target" "-e" "CARGO_HOME=/opt/rustwide/cargo-home" "-e" "RUSTUP_HOME=/opt/rustwide/rustup-home" "-w" "/opt/rustwide/workdir" "-m" "1610612736" "--user" "0:0" "--network" "none" "ghcr.io/rust-lang/crates-build-env/linux@sha256:2788e3201cd34a07e3172128adcd8b3090168a8e3bcc40d7c032b9dda1df7d1c" "/opt/rustwide/cargo-home/bin/cargo" "+beta-2023-12-22" "metadata" "--no-deps" "--format-version=1", kill_on_drop: false }`
[INFO] [stdout] 56362916acc406288760ab252a9696bee307d7c32f296e9f1adc417fd618f254
[INFO] running `Command { std: "docker" "start" "-a" "56362916acc406288760ab252a9696bee307d7c32f296e9f1adc417fd618f254", kill_on_drop: false }`
[INFO] running `Command { std: "docker" "inspect" "56362916acc406288760ab252a9696bee307d7c32f296e9f1adc417fd618f254", kill_on_drop: false }`
[INFO] running `Command { std: "docker" "rm" "-f" "56362916acc406288760ab252a9696bee307d7c32f296e9f1adc417fd618f254", kill_on_drop: false }`
[INFO] [stdout] 56362916acc406288760ab252a9696bee307d7c32f296e9f1adc417fd618f254
[INFO] running `Command { std: "docker" "create" "-v" "/var/lib/crater-agent-workspace/builds/worker-1-tc2/target:/opt/rustwide/target:rw,Z" "-v" "/var/lib/crater-agent-workspace/builds/worker-1-tc2/source:/opt/rustwide/workdir:ro,Z" "-v" "/var/lib/crater-agent-workspace/cargo-home:/opt/rustwide/cargo-home:ro,Z" "-v" "/var/lib/crater-agent-workspace/rustup-home:/opt/rustwide/rustup-home:ro,Z" "-e" "SOURCE_DIR=/opt/rustwide/workdir" "-e" "CARGO_TARGET_DIR=/opt/rustwide/target" "-e" "CARGO_INCREMENTAL=0" "-e" "RUST_BACKTRACE=full" "-e" "RUSTFLAGS=--cap-lints=warn" "-e" "RUSTDOCFLAGS=--cap-lints=warn" "-e" "CARGO_HOME=/opt/rustwide/cargo-home" "-e" "RUSTUP_HOME=/opt/rustwide/rustup-home" "-w" "/opt/rustwide/workdir" "-m" "1610612736" "--user" "0:0" "--network" "none" "ghcr.io/rust-lang/crates-build-env/linux@sha256:2788e3201cd34a07e3172128adcd8b3090168a8e3bcc40d7c032b9dda1df7d1c" "/opt/rustwide/cargo-home/bin/cargo" "+beta-2023-12-22" "build" "--frozen" "--message-format=json", kill_on_drop: false }`
[INFO] [stdout] f5093f5fb4096ad460d586602e36693986d9d6ed27916e78eef73c5814de536b
[INFO] running `Command { std: "docker" "start" "-a" "f5093f5fb4096ad460d586602e36693986d9d6ed27916e78eef73c5814de536b", kill_on_drop: false }`
[INFO] [stderr]    Compiling memchr v2.7.1
[INFO] [stderr]    Compiling regex-syntax v0.8.2
[INFO] [stderr]    Compiling unicode-xid v0.2.4
[INFO] [stderr]    Compiling byteorder v1.5.0
[INFO] [stderr]    Compiling libc v0.2.151
[INFO] [stderr]    Compiling syn v2.0.48
[INFO] [stderr]    Compiling aho-corasick v1.1.2
[INFO] [stderr]    Compiling cc v1.0.83
[INFO] [stderr]    Compiling regex-automata v0.4.3
[INFO] [stderr]    Compiling cpp_common v0.5.9
[INFO] [stderr]    Compiling cpp_macros v0.5.9
[INFO] [stderr]    Compiling regex v1.10.2
[INFO] [stderr]    Compiling cpp_build v0.5.9
[INFO] [stderr]    Compiling or-tools v0.1.0 (/opt/rustwide/workdir)
[INFO] [stderr]    Compiling cpp v0.5.9
[INFO] [stderr] The following warnings were emitted during compilation:
[INFO] [stderr] 
[INFO] [stderr] warning: or-tools@0.1.0: src/graph/mod.rs:5:14: fatal error: ortools/base/init_google.h: No such file or directory
[INFO] [stderr] warning: or-tools@0.1.0:     5 |     #include "ortools/base/init_google.h"
[INFO] [stderr] warning: or-tools@0.1.0:       |              ^~~~~~~~~~~~~~~~~~~~~~~~~~~~
[INFO] [stderr] warning: or-tools@0.1.0: compilation terminated.
[INFO] [stderr] 
[INFO] [stderr] error: failed to run custom build command for `or-tools v0.1.0 (/opt/rustwide/workdir)`
[INFO] [stderr] note: To improve backtraces for build dependencies, set the CARGO_PROFILE_DEV_BUILD_OVERRIDE_DEBUG=true environment variable to enable debug information generation.
[INFO] [stderr] 
[INFO] [stderr] Caused by:
[INFO] [stderr]   process didn't exit successfully: `/opt/rustwide/target/debug/build/or-tools-a6b6ccb4819ee809/build-script-build` (exit status: 1)
[INFO] [stderr]   --- stdout
[INFO] [stderr]   cargo:rerun-if-changed=./build.rs
[INFO] [stderr]   cargo:rerun-if-changed=./src/**/*.rs
[INFO] [stderr]   cargo:rustc-link-lib=ortools
[INFO] [stderr]   TARGET = Some("x86_64-unknown-linux-gnu")
[INFO] [stderr]   OPT_LEVEL = Some("0")
[INFO] [stderr]   HOST = Some("x86_64-unknown-linux-gnu")
[INFO] [stderr]   cargo:rerun-if-env-changed=CXX_x86_64-unknown-linux-gnu
[INFO] [stderr]   CXX_x86_64-unknown-linux-gnu = None
[INFO] [stderr]   cargo:rerun-if-env-changed=CXX_x86_64_unknown_linux_gnu
[INFO] [stderr]   CXX_x86_64_unknown_linux_gnu = None
[INFO] [stderr]   cargo:rerun-if-env-changed=HOST_CXX
[INFO] [stderr]   HOST_CXX = None
[INFO] [stderr]   cargo:rerun-if-env-changed=CXX
[INFO] [stderr]   CXX = None
[INFO] [stderr]   cargo:rerun-if-env-changed=CRATE_CC_NO_DEFAULTS
[INFO] [stderr]   CRATE_CC_NO_DEFAULTS = None
[INFO] [stderr]   DEBUG = Some("true")
[INFO] [stderr]   CARGO_CFG_TARGET_FEATURE = Some("fxsr,sse,sse2")
[INFO] [stderr]   cargo:rerun-if-env-changed=CXXFLAGS_x86_64-unknown-linux-gnu
[INFO] [stderr]   CXXFLAGS_x86_64-unknown-linux-gnu = None
[INFO] [stderr]   cargo:rerun-if-env-changed=CXXFLAGS_x86_64_unknown_linux_gnu
[INFO] [stderr]   CXXFLAGS_x86_64_unknown_linux_gnu = None
[INFO] [stderr]   cargo:rerun-if-env-changed=HOST_CXXFLAGS
[INFO] [stderr]   HOST_CXXFLAGS = None
[INFO] [stderr]   cargo:rerun-if-env-changed=CXXFLAGS
[INFO] [stderr]   CXXFLAGS = None
[INFO] [stderr]   running: "c++" "-O0" "-ffunction-sections" "-fdata-sections" "-fPIC" "-gdwarf-4" "-fno-omit-frame-pointer" "-m64" "-I" "/opt/rustwide/workdir" "-Wall" "-Wextra" "-std=c++20" "-Wno-unused-parameter" "-o" "/opt/rustwide/target/debug/build/or-tools-2c2c50cb060410df/out/0fca5afc105c0907-cpp_closures.o" "-c" "/opt/rustwide/target/debug/build/or-tools-2c2c50cb060410df/out/rust_cpp/cpp_closures.cpp"
[INFO] [stderr]   cargo:warning=src/graph/mod.rs:5:14: fatal error: ortools/base/init_google.h: No such file or directory
[INFO] [stderr] 
[INFO] [stderr]   cargo:warning=    5 |     #include "ortools/base/init_google.h"
[INFO] [stderr] 
[INFO] [stderr]   cargo:warning=      |              ^~~~~~~~~~~~~~~~~~~~~~~~~~~~
[INFO] [stderr] 
[INFO] [stderr]   cargo:warning=compilation terminated.
[INFO] [stderr] 
[INFO] [stderr]   exit status: 1
[INFO] [stderr] 
[INFO] [stderr]   --- stderr
[INFO] [stderr] 
[INFO] [stderr] 
[INFO] [stderr]   error occurred: ToolExecError: Command "c++" "-O0" "-ffunction-sections" "-fdata-sections" "-fPIC" "-gdwarf-4" "-fno-omit-frame-pointer" "-m64" "-I" "/opt/rustwide/workdir" "-Wall" "-Wextra" "-std=c++20" "-Wno-unused-parameter" "-o" "/opt/rustwide/target/debug/build/or-tools-2c2c50cb060410df/out/0fca5afc105c0907-cpp_closures.o" "-c" "/opt/rustwide/target/debug/build/or-tools-2c2c50cb060410df/out/rust_cpp/cpp_closures.cpp" with args "c++" did not execute successfully (status code exit status: 1).
[INFO] [stderr] 
[INFO] [stderr] 
[INFO] running `Command { std: "docker" "inspect" "f5093f5fb4096ad460d586602e36693986d9d6ed27916e78eef73c5814de536b", kill_on_drop: false }`
[INFO] running `Command { std: "docker" "rm" "-f" "f5093f5fb4096ad460d586602e36693986d9d6ed27916e78eef73c5814de536b", kill_on_drop: false }`
[INFO] [stdout] f5093f5fb4096ad460d586602e36693986d9d6ed27916e78eef73c5814de536b
