[INFO] fetching crate opentelemetry-zpages 0.6.0...
[INFO] testing opentelemetry-zpages-0.6.0 against 1.75.0 for beta-1.76-1
[INFO] extracting crate opentelemetry-zpages 0.6.0 into /workspace/builds/worker-6-tc1/source
[INFO] validating manifest of crates.io crate opentelemetry-zpages 0.6.0 on toolchain 1.75.0
[INFO] running `Command { std: CARGO_HOME="/workspace/cargo-home" RUSTUP_HOME="/workspace/rustup-home" "/workspace/cargo-home/bin/cargo" "+1.75.0" "metadata" "--manifest-path" "Cargo.toml" "--no-deps", kill_on_drop: false }`
[INFO] started tweaking crates.io crate opentelemetry-zpages 0.6.0
[INFO] removed 0 missing examples
[INFO] finished tweaking crates.io crate opentelemetry-zpages 0.6.0
[INFO] tweaked toml for crates.io crate opentelemetry-zpages 0.6.0 written to /workspace/builds/worker-6-tc1/source/Cargo.toml
[INFO] crate crates.io crate opentelemetry-zpages 0.6.0 already has a lockfile, it will not be regenerated
[INFO] running `Command { std: CARGO_HOME="/workspace/cargo-home" RUSTUP_HOME="/workspace/rustup-home" "/workspace/cargo-home/bin/cargo" "+1.75.0" "fetch" "--manifest-path" "Cargo.toml", kill_on_drop: false }`
[INFO] [stderr]     Updating crates.io index
[INFO] [stderr]  Downloading crates ...
[INFO] [stderr]   Downloaded opentelemetry-proto v0.4.0
[INFO] [stderr]   Downloaded opentelemetry v0.21.0
[INFO] [stderr]   Downloaded opentelemetry_sdk v0.21.0
[INFO] [stderr]   Downloaded ordered-float v4.1.0
[INFO] running `Command { std: "docker" "create" "-v" "/var/lib/crater-agent-workspace/builds/worker-6-tc1/target:/opt/rustwide/target:rw,Z" "-v" "/var/lib/crater-agent-workspace/builds/worker-6-tc1/source:/opt/rustwide/workdir:ro,Z" "-v" "/var/lib/crater-agent-workspace/cargo-home:/opt/rustwide/cargo-home:ro,Z" "-v" "/var/lib/crater-agent-workspace/rustup-home:/opt/rustwide/rustup-home:ro,Z" "-e" "SOURCE_DIR=/opt/rustwide/workdir" "-e" "CARGO_TARGET_DIR=/opt/rustwide/target" "-e" "CARGO_HOME=/opt/rustwide/cargo-home" "-e" "RUSTUP_HOME=/opt/rustwide/rustup-home" "-w" "/opt/rustwide/workdir" "-m" "1610612736" "--user" "0:0" "--network" "none" "ghcr.io/rust-lang/crates-build-env/linux@sha256:2788e3201cd34a07e3172128adcd8b3090168a8e3bcc40d7c032b9dda1df7d1c" "/opt/rustwide/cargo-home/bin/cargo" "+1.75.0" "metadata" "--no-deps" "--format-version=1", kill_on_drop: false }`
[INFO] [stdout] 5680ebf2b64307d072b907a773c373f05f0edd74322ef734d3716301137e9e29
[INFO] running `Command { std: "docker" "start" "-a" "5680ebf2b64307d072b907a773c373f05f0edd74322ef734d3716301137e9e29", kill_on_drop: false }`
[INFO] running `Command { std: "docker" "inspect" "5680ebf2b64307d072b907a773c373f05f0edd74322ef734d3716301137e9e29", kill_on_drop: false }`
[INFO] running `Command { std: "docker" "rm" "-f" "5680ebf2b64307d072b907a773c373f05f0edd74322ef734d3716301137e9e29", kill_on_drop: false }`
[INFO] [stdout] 5680ebf2b64307d072b907a773c373f05f0edd74322ef734d3716301137e9e29
[INFO] running `Command { std: "docker" "create" "-v" "/var/lib/crater-agent-workspace/builds/worker-6-tc1/target:/opt/rustwide/target:rw,Z" "-v" "/var/lib/crater-agent-workspace/builds/worker-6-tc1/source:/opt/rustwide/workdir:ro,Z" "-v" "/var/lib/crater-agent-workspace/cargo-home:/opt/rustwide/cargo-home:ro,Z" "-v" "/var/lib/crater-agent-workspace/rustup-home:/opt/rustwide/rustup-home:ro,Z" "-e" "SOURCE_DIR=/opt/rustwide/workdir" "-e" "CARGO_TARGET_DIR=/opt/rustwide/target" "-e" "CARGO_INCREMENTAL=0" "-e" "RUST_BACKTRACE=full" "-e" "RUSTFLAGS=--cap-lints=warn" "-e" "RUSTDOCFLAGS=--cap-lints=warn" "-e" "CARGO_HOME=/opt/rustwide/cargo-home" "-e" "RUSTUP_HOME=/opt/rustwide/rustup-home" "-w" "/opt/rustwide/workdir" "-m" "1610612736" "--user" "0:0" "--network" "none" "ghcr.io/rust-lang/crates-build-env/linux@sha256:2788e3201cd34a07e3172128adcd8b3090168a8e3bcc40d7c032b9dda1df7d1c" "/opt/rustwide/cargo-home/bin/cargo" "+1.75.0" "build" "--frozen" "--message-format=json", kill_on_drop: false }`
[INFO] [stdout] cfc0bf8d0ebf3691f21d70237ca207c249cbe2d6309e9a87f2a920cb83ed77b1
[INFO] running `Command { std: "docker" "start" "-a" "cfc0bf8d0ebf3691f21d70237ca207c249cbe2d6309e9a87f2a920cb83ed77b1", kill_on_drop: false }`
[INFO] [stderr]    Compiling proc-macro2 v1.0.66
[INFO] [stderr]    Compiling unicode-ident v1.0.11
[INFO] [stderr]    Compiling libc v0.2.147
[INFO] [stderr]    Compiling pin-project-lite v0.2.11
[INFO] [stderr]    Compiling futures-core v0.3.28
[INFO] [stderr]    Compiling bytes v1.4.0
[INFO] [stderr]    Compiling slab v0.4.8
[INFO] [stderr]    Compiling futures-sink v0.3.28
[INFO] [stderr]    Compiling futures-task v0.3.28
[INFO] [stderr]    Compiling once_cell v1.18.0
[INFO] [stderr]    Compiling futures-util v0.3.28
[INFO] [stderr]    Compiling pin-utils v0.1.0
[INFO] [stderr]    Compiling rustversion v1.0.14
[INFO] [stderr]    Compiling itoa v1.0.9
[INFO] [stderr]    Compiling tracing-core v0.1.31
[INFO] [stderr]    Compiling indexmap v1.9.3
[INFO] [stderr]    Compiling fnv v1.0.7
[INFO] [stderr]    Compiling futures-channel v0.3.28
[INFO] [stderr]    Compiling http v0.2.9
[INFO] [stderr]    Compiling hashbrown v0.12.3
[INFO] [stderr]    Compiling ppv-lite86 v0.2.17
[INFO] [stderr]    Compiling async-trait v0.1.72
[INFO] [stderr]    Compiling quote v1.0.32
[INFO] [stderr]    Compiling socket2 v0.5.3
[INFO] [stderr]    Compiling mio v0.8.8
[INFO] [stderr]    Compiling syn v2.0.28
[INFO] [stderr]    Compiling getrandom v0.2.10
[INFO] [stderr]    Compiling tower-service v0.3.2
[INFO] [stderr]    Compiling rand_core v0.6.4
[INFO] [stderr]    Compiling httparse v1.8.0
[INFO] [stderr]    Compiling crossbeam-utils v0.8.16
[INFO] [stderr]    Compiling rand_chacha v0.3.1
[INFO] [stderr]    Compiling http-body v0.4.5
[INFO] [stderr]    Compiling anyhow v1.0.72
[INFO] [stderr]    Compiling serde v1.0.183
[INFO] [stderr]    Compiling try-lock v0.2.4
[INFO] [stderr]    Compiling rand v0.8.5
[INFO] [stderr]    Compiling want v0.3.1
[INFO] [stderr]    Compiling axum-core v0.3.4
[INFO] [stderr]    Compiling socket2 v0.4.9
[INFO] [stderr]    Compiling num-traits v0.2.16
[INFO] [stderr]    Compiling serde_derive v1.0.183
[INFO] [stderr]    Compiling memchr v2.5.0
[INFO] [stderr]    Compiling thiserror v1.0.44
[INFO] [stderr]    Compiling tower-layer v0.3.2
[INFO] [stderr]    Compiling either v1.9.0
[INFO] [stderr]    Compiling httpdate v1.0.2
[INFO] [stderr]    Compiling itertools v0.10.5
[INFO] [stderr]    Compiling syn v1.0.109
[INFO] [stderr]    Compiling axum v0.6.20
[INFO] [stderr]    Compiling mime v0.3.17
[INFO] [stderr]    Compiling percent-encoding v2.3.0
[INFO] [stderr]    Compiling equivalent v1.0.1
[INFO] [stderr]    Compiling hashbrown v0.14.0
[INFO] [stderr]    Compiling sync_wrapper v0.1.2
[INFO] [stderr]    Compiling urlencoding v2.1.3
[INFO] [stderr]    Compiling matchit v0.7.2
[INFO] [stderr]    Compiling indexmap v2.0.0
[INFO] [stderr]    Compiling crossbeam-channel v0.5.8
[INFO] [stderr]    Compiling serde_json v1.0.104
[INFO] [stderr]    Compiling base64 v0.21.2
[INFO] [stderr]    Compiling ordered-float v4.1.0
[INFO] [stderr]    Compiling concurrent-queue v2.2.0
[INFO] [stderr]    Compiling event-listener v2.5.3
[INFO] [stderr]    Compiling ryu v1.0.15
[INFO] [stderr]    Compiling async-channel v1.9.0
[INFO] [stderr]    Compiling prost-derive v0.11.9
[INFO] [stderr]    Compiling futures-macro v0.3.28
[INFO] [stderr]    Compiling tokio-macros v2.1.0
[INFO] [stderr]    Compiling tracing-attributes v0.1.26
[INFO] [stderr]    Compiling pin-project-internal v1.1.3
[INFO] [stderr]    Compiling thiserror-impl v1.0.44
[INFO] [stderr]    Compiling tokio v1.32.0
[INFO] [stderr]    Compiling prost v0.11.9
[INFO] [stderr]    Compiling pin-project v1.1.3
[INFO] [stderr]    Compiling opentelemetry v0.21.0
[INFO] [stderr]    Compiling tracing v0.1.37
[INFO] [stderr]    Compiling futures-executor v0.3.28
[INFO] [stderr]    Compiling opentelemetry_sdk v0.21.0
[INFO] [stderr]    Compiling tokio-util v0.7.8
[INFO] [stderr]    Compiling tokio-io-timeout v1.2.0
[INFO] [stderr]    Compiling tokio-stream v0.1.14
[INFO] [stderr]    Compiling h2 v0.3.20
[INFO] [stderr]    Compiling tower v0.4.13
[INFO] [stderr]    Compiling hyper v0.14.27
[INFO] [stderr]    Compiling hyper-timeout v0.4.1
[INFO] [stderr]    Compiling tonic v0.9.2
[INFO] [stderr]    Compiling opentelemetry-proto v0.4.0
[INFO] [stderr]    Compiling opentelemetry-zpages v0.6.0 (/opt/rustwide/workdir)
[INFO] [stderr]     Finished dev [unoptimized + debuginfo] target(s) in 20.87s
[INFO] running `Command { std: "docker" "inspect" "cfc0bf8d0ebf3691f21d70237ca207c249cbe2d6309e9a87f2a920cb83ed77b1", kill_on_drop: false }`
[INFO] running `Command { std: "docker" "rm" "-f" "cfc0bf8d0ebf3691f21d70237ca207c249cbe2d6309e9a87f2a920cb83ed77b1", kill_on_drop: false }`
[INFO] [stdout] cfc0bf8d0ebf3691f21d70237ca207c249cbe2d6309e9a87f2a920cb83ed77b1
[INFO] running `Command { std: "docker" "create" "-v" "/var/lib/crater-agent-workspace/builds/worker-6-tc1/target:/opt/rustwide/target:rw,Z" "-v" "/var/lib/crater-agent-workspace/builds/worker-6-tc1/source:/opt/rustwide/workdir:ro,Z" "-v" "/var/lib/crater-agent-workspace/cargo-home:/opt/rustwide/cargo-home:ro,Z" "-v" "/var/lib/crater-agent-workspace/rustup-home:/opt/rustwide/rustup-home:ro,Z" "-e" "SOURCE_DIR=/opt/rustwide/workdir" "-e" "CARGO_TARGET_DIR=/opt/rustwide/target" "-e" "CARGO_INCREMENTAL=0" "-e" "RUST_BACKTRACE=full" "-e" "RUSTFLAGS=--cap-lints=warn" "-e" "RUSTDOCFLAGS=--cap-lints=warn" "-e" "CARGO_HOME=/opt/rustwide/cargo-home" "-e" "RUSTUP_HOME=/opt/rustwide/rustup-home" "-w" "/opt/rustwide/workdir" "-m" "1610612736" "--user" "0:0" "--network" "none" "ghcr.io/rust-lang/crates-build-env/linux@sha256:2788e3201cd34a07e3172128adcd8b3090168a8e3bcc40d7c032b9dda1df7d1c" "/opt/rustwide/cargo-home/bin/cargo" "+1.75.0" "test" "--frozen" "--no-run" "--message-format=json", kill_on_drop: false }`
[INFO] [stdout] b41fed5fb603dfe234abed5b47ae4800ae12ce559034bc431f7b1122b004cff0
[INFO] running `Command { std: "docker" "start" "-a" "b41fed5fb603dfe234abed5b47ae4800ae12ce559034bc431f7b1122b004cff0", kill_on_drop: false }`
[INFO] [stderr]    Compiling opentelemetry-zpages v0.6.0 (/opt/rustwide/workdir)
[INFO] [stdout] error: The default runtime flavor is `multi_thread`, but the `rt-multi-thread` feature is disabled.
[INFO] [stdout]   --> examples/zpages.rs:90:1
[INFO] [stdout]    |
[INFO] [stdout] 90 | #[tokio::main]
[INFO] [stdout]    | ^^^^^^^^^^^^^^
[INFO] [stdout]    |
[INFO] [stdout]    = note: this error originates in the attribute macro `tokio::main` (in Nightly builds, run with -Z macro-backtrace for more info)
[INFO] [stdout] 
[INFO] [stdout] 
[INFO] [stdout] error[E0433]: failed to resolve: could not find `testing` in `opentelemetry_sdk`
[INFO] [stdout]    --> src/trace/aggregator.rs:201:54
[INFO] [stdout]     |
[INFO] [stdout] 201 |     use opentelemetry_sdk::{export::trace::SpanData, testing::trace::new_test_export_span_data};
[INFO] [stdout]     |                                                      ^^^^^^^ could not find `testing` in `opentelemetry_sdk`
[INFO] [stdout] 
[INFO] [stdout] 
[INFO] [stdout] error[E0433]: failed to resolve: could not find `testing` in `opentelemetry_sdk`
[INFO] [stdout]    --> src/trace/span_queue.rs:110:28
[INFO] [stdout]     |
[INFO] [stdout] 110 |     use opentelemetry_sdk::testing::trace::new_test_export_span_data;
[INFO] [stdout]     |                            ^^^^^^^ could not find `testing` in `opentelemetry_sdk`
[INFO] [stdout] 
[INFO] [stdout] 
[INFO] [stdout] error[E0432]: unresolved import `opentelemetry_sdk::runtime::Tokio`
[INFO] [stdout]   --> examples/zpages.rs:9:5
[INFO] [stdout]    |
[INFO] [stdout] 9  | use opentelemetry_sdk::runtime::Tokio;
[INFO] [stdout]    |     ^^^^^^^^^^^^^^^^^^^^^^^^^^^^^^^^^ no `Tokio` in `runtime`
[INFO] [stdout]    |
[INFO] [stdout] note: found an item that was configured out
[INFO] [stdout]   --> /opt/rustwide/cargo-home/registry/src/index.crates.io-6f17d22bba15001f/opentelemetry_sdk-0.21.0/src/runtime.rs:50:12
[INFO] [stdout]    |
[INFO] [stdout] 50 | pub struct Tokio;
[INFO] [stdout]    |            ^^^^^
[INFO] [stdout]    = note: the item is gated behind the `rt-tokio` feature
[INFO] [stdout] 
[INFO] [stdout] 
[INFO] [stdout] error: aborting due to 2 previous errors
[INFO] [stdout] 
[INFO] [stdout] 
[INFO] [stdout] For more information about this error, try `rustc --explain E0432`.
[INFO] [stdout] 
[INFO] [stderr] error: could not compile `opentelemetry-zpages` (example "zpages") due to 3 previous errors
[INFO] [stderr] warning: build failed, waiting for other jobs to finish...
[INFO] [stdout] error[E0599]: no function or associated item named `from_u128` found for struct `TraceId` in the current scope
[INFO] [stdout]    --> src/trace/aggregator.rs:280:22
[INFO] [stdout]     |
[INFO] [stdout] 280 |             TraceId::from_u128(trace_id),
[INFO] [stdout]     |                      ^^^^^^^^^ function or associated item not found in `TraceId`
[INFO] [stdout]     |
[INFO] [stdout] note: if you're trying to build a new `TraceId` consider using one of the following associated functions:
[INFO] [stdout]       TraceId::from_bytes
[INFO] [stdout]       TraceId::from_hex
[INFO] [stdout]    --> /opt/rustwide/cargo-home/registry/src/index.crates.io-6f17d22bba15001f/opentelemetry-0.21.0/src/trace/span_context.rs:105:5
[INFO] [stdout]     |
[INFO] [stdout] 105 |     pub const fn from_bytes(bytes: [u8; 16]) -> Self {
[INFO] [stdout]     |     ^^^^^^^^^^^^^^^^^^^^^^^^^^^^^^^^^^^^^^^^^^^^^^^^
[INFO] [stdout] ...
[INFO] [stdout] 126 |     pub fn from_hex(hex: &str) -> Result<Self, ParseIntError> {
[INFO] [stdout]     |     ^^^^^^^^^^^^^^^^^^^^^^^^^^^^^^^^^^^^^^^^^^^^^^^^^^^^^^^^^
[INFO] [stdout] 
[INFO] [stdout] 
[INFO] [stdout] error[E0599]: no function or associated item named `from_u64` found for struct `SpanId` in the current scope
[INFO] [stdout]    --> src/trace/aggregator.rs:281:21
[INFO] [stdout]     |
[INFO] [stdout] 281 |             SpanId::from_u64(span_id),
[INFO] [stdout]     |                     ^^^^^^^^ function or associated item not found in `SpanId`
[INFO] [stdout]     |
[INFO] [stdout] note: if you're trying to build a new `SpanId` consider using one of the following associated functions:
[INFO] [stdout]       SpanId::from_bytes
[INFO] [stdout]       SpanId::from_hex
[INFO] [stdout]    --> /opt/rustwide/cargo-home/registry/src/index.crates.io-6f17d22bba15001f/opentelemetry-0.21.0/src/trace/span_context.rs:166:5
[INFO] [stdout]     |
[INFO] [stdout] 166 |     pub const fn from_bytes(bytes: [u8; 8]) -> Self {
[INFO] [stdout]     |     ^^^^^^^^^^^^^^^^^^^^^^^^^^^^^^^^^^^^^^^^^^^^^^^
[INFO] [stdout] ...
[INFO] [stdout] 187 |     pub fn from_hex(hex: &str) -> Result<Self, ParseIntError> {
[INFO] [stdout]     |     ^^^^^^^^^^^^^^^^^^^^^^^^^^^^^^^^^^^^^^^^^^^^^^^^^^^^^^^^^
[INFO] [stdout] 
[INFO] [stdout] 
[INFO] [stdout] error[E0599]: no function or associated item named `from_u128` found for struct `TraceId` in the current scope
[INFO] [stdout]    --> src/trace/span_queue.rs:132:26
[INFO] [stdout]     |
[INFO] [stdout] 132 |                 TraceId::from_u128(trace_id),
[INFO] [stdout]     |                          ^^^^^^^^^ function or associated item not found in `TraceId`
[INFO] [stdout]     |
[INFO] [stdout] note: if you're trying to build a new `TraceId` consider using one of the following associated functions:
[INFO] [stdout]       TraceId::from_bytes
[INFO] [stdout]       TraceId::from_hex
[INFO] [stdout]    --> /opt/rustwide/cargo-home/registry/src/index.crates.io-6f17d22bba15001f/opentelemetry-0.21.0/src/trace/span_context.rs:105:5
[INFO] [stdout]     |
[INFO] [stdout] 105 |     pub const fn from_bytes(bytes: [u8; 16]) -> Self {
[INFO] [stdout]     |     ^^^^^^^^^^^^^^^^^^^^^^^^^^^^^^^^^^^^^^^^^^^^^^^^
[INFO] [stdout] ...
[INFO] [stdout] 126 |     pub fn from_hex(hex: &str) -> Result<Self, ParseIntError> {
[INFO] [stdout]     |     ^^^^^^^^^^^^^^^^^^^^^^^^^^^^^^^^^^^^^^^^^^^^^^^^^^^^^^^^^
[INFO] [stdout] 
[INFO] [stdout] 
[INFO] [stdout] error[E0599]: no function or associated item named `from_u64` found for struct `SpanId` in the current scope
[INFO] [stdout]    --> src/trace/span_queue.rs:133:25
[INFO] [stdout]     |
[INFO] [stdout] 133 |                 SpanId::from_u64(span_id),
[INFO] [stdout]     |                         ^^^^^^^^ function or associated item not found in `SpanId`
[INFO] [stdout]     |
[INFO] [stdout] note: if you're trying to build a new `SpanId` consider using one of the following associated functions:
[INFO] [stdout]       SpanId::from_bytes
[INFO] [stdout]       SpanId::from_hex
[INFO] [stdout]    --> /opt/rustwide/cargo-home/registry/src/index.crates.io-6f17d22bba15001f/opentelemetry-0.21.0/src/trace/span_context.rs:166:5
[INFO] [stdout]     |
[INFO] [stdout] 166 |     pub const fn from_bytes(bytes: [u8; 8]) -> Self {
[INFO] [stdout]     |     ^^^^^^^^^^^^^^^^^^^^^^^^^^^^^^^^^^^^^^^^^^^^^^^
[INFO] [stdout] ...
[INFO] [stdout] 187 |     pub fn from_hex(hex: &str) -> Result<Self, ParseIntError> {
[INFO] [stdout]     |     ^^^^^^^^^^^^^^^^^^^^^^^^^^^^^^^^^^^^^^^^^^^^^^^^^^^^^^^^^
[INFO] [stdout] 
[INFO] [stdout] 
[INFO] [stdout] error: aborting due to 6 previous errors
[INFO] [stdout] 
[INFO] [stdout] 
[INFO] [stdout] Some errors have detailed explanations: E0433, E0599.
[INFO] [stdout] 
[INFO] [stdout] For more information about an error, try `rustc --explain E0433`.
[INFO] [stdout] 
[INFO] [stderr] error: could not compile `opentelemetry-zpages` (lib test) due to 7 previous errors
[INFO] running `Command { std: "docker" "inspect" "b41fed5fb603dfe234abed5b47ae4800ae12ce559034bc431f7b1122b004cff0", kill_on_drop: false }`
[INFO] running `Command { std: "docker" "rm" "-f" "b41fed5fb603dfe234abed5b47ae4800ae12ce559034bc431f7b1122b004cff0", kill_on_drop: false }`
[INFO] [stdout] b41fed5fb603dfe234abed5b47ae4800ae12ce559034bc431f7b1122b004cff0
[INFO] testing opentelemetry-zpages-0.6.0 against beta-2023-12-22 for beta-1.76-1
[INFO] extracting crate opentelemetry-zpages 0.6.0 into /workspace/builds/worker-6-tc2/source
[INFO] validating manifest of crates.io crate opentelemetry-zpages 0.6.0 on toolchain beta-2023-12-22
[INFO] running `Command { std: CARGO_HOME="/workspace/cargo-home" RUSTUP_HOME="/workspace/rustup-home" "/workspace/cargo-home/bin/cargo" "+beta-2023-12-22" "metadata" "--manifest-path" "Cargo.toml" "--no-deps", kill_on_drop: false }`
[INFO] started tweaking crates.io crate opentelemetry-zpages 0.6.0
[INFO] removed 0 missing examples
[INFO] finished tweaking crates.io crate opentelemetry-zpages 0.6.0
[INFO] tweaked toml for crates.io crate opentelemetry-zpages 0.6.0 written to /workspace/builds/worker-6-tc2/source/Cargo.toml
[INFO] crate crates.io crate opentelemetry-zpages 0.6.0 already has a lockfile, it will not be regenerated
[INFO] running `Command { std: CARGO_HOME="/workspace/cargo-home" RUSTUP_HOME="/workspace/rustup-home" "/workspace/cargo-home/bin/cargo" "+beta-2023-12-22" "fetch" "--manifest-path" "Cargo.toml", kill_on_drop: false }`
[INFO] running `Command { std: "docker" "create" "-v" "/var/lib/crater-agent-workspace/builds/worker-6-tc2/target:/opt/rustwide/target:rw,Z" "-v" "/var/lib/crater-agent-workspace/builds/worker-6-tc2/source:/opt/rustwide/workdir:ro,Z" "-v" "/var/lib/crater-agent-workspace/cargo-home:/opt/rustwide/cargo-home:ro,Z" "-v" "/var/lib/crater-agent-workspace/rustup-home:/opt/rustwide/rustup-home:ro,Z" "-e" "SOURCE_DIR=/opt/rustwide/workdir" "-e" "CARGO_TARGET_DIR=/opt/rustwide/target" "-e" "CARGO_HOME=/opt/rustwide/cargo-home" "-e" "RUSTUP_HOME=/opt/rustwide/rustup-home" "-w" "/opt/rustwide/workdir" "-m" "1610612736" "--user" "0:0" "--network" "none" "ghcr.io/rust-lang/crates-build-env/linux@sha256:2788e3201cd34a07e3172128adcd8b3090168a8e3bcc40d7c032b9dda1df7d1c" "/opt/rustwide/cargo-home/bin/cargo" "+beta-2023-12-22" "metadata" "--no-deps" "--format-version=1", kill_on_drop: false }`
[INFO] [stdout] 1dc405a02a911c4d79175b973b7af22aa244c9881c1deba93db9cbcf8e666e08
[INFO] running `Command { std: "docker" "start" "-a" "1dc405a02a911c4d79175b973b7af22aa244c9881c1deba93db9cbcf8e666e08", kill_on_drop: false }`
[INFO] running `Command { std: "docker" "inspect" "1dc405a02a911c4d79175b973b7af22aa244c9881c1deba93db9cbcf8e666e08", kill_on_drop: false }`
[INFO] running `Command { std: "docker" "rm" "-f" "1dc405a02a911c4d79175b973b7af22aa244c9881c1deba93db9cbcf8e666e08", kill_on_drop: false }`
[INFO] [stdout] 1dc405a02a911c4d79175b973b7af22aa244c9881c1deba93db9cbcf8e666e08
[INFO] running `Command { std: "docker" "create" "-v" "/var/lib/crater-agent-workspace/builds/worker-6-tc2/target:/opt/rustwide/target:rw,Z" "-v" "/var/lib/crater-agent-workspace/builds/worker-6-tc2/source:/opt/rustwide/workdir:ro,Z" "-v" "/var/lib/crater-agent-workspace/cargo-home:/opt/rustwide/cargo-home:ro,Z" "-v" "/var/lib/crater-agent-workspace/rustup-home:/opt/rustwide/rustup-home:ro,Z" "-e" "SOURCE_DIR=/opt/rustwide/workdir" "-e" "CARGO_TARGET_DIR=/opt/rustwide/target" "-e" "CARGO_INCREMENTAL=0" "-e" "RUST_BACKTRACE=full" "-e" "RUSTFLAGS=--cap-lints=warn" "-e" "RUSTDOCFLAGS=--cap-lints=warn" "-e" "CARGO_HOME=/opt/rustwide/cargo-home" "-e" "RUSTUP_HOME=/opt/rustwide/rustup-home" "-w" "/opt/rustwide/workdir" "-m" "1610612736" "--user" "0:0" "--network" "none" "ghcr.io/rust-lang/crates-build-env/linux@sha256:2788e3201cd34a07e3172128adcd8b3090168a8e3bcc40d7c032b9dda1df7d1c" "/opt/rustwide/cargo-home/bin/cargo" "+beta-2023-12-22" "build" "--frozen" "--message-format=json", kill_on_drop: false }`
[INFO] [stdout] c71ac20a7dc8583b91dcaea2763d3a4c9c4d9de2f5b91892c5880e00d4e72fbc
[INFO] running `Command { std: "docker" "start" "-a" "c71ac20a7dc8583b91dcaea2763d3a4c9c4d9de2f5b91892c5880e00d4e72fbc", kill_on_drop: false }`
[INFO] [stderr]    Compiling proc-macro2 v1.0.66
[INFO] [stderr]    Compiling unicode-ident v1.0.11
[INFO] [stderr]    Compiling libc v0.2.147
[INFO] [stderr]    Compiling futures-core v0.3.28
[INFO] [stderr]    Compiling pin-project-lite v0.2.11
[INFO] [stderr]    Compiling bytes v1.4.0
[INFO] [stderr]    Compiling slab v0.4.8
[INFO] [stderr]    Compiling futures-sink v0.3.28
[INFO] [stderr]    Compiling futures-task v0.3.28
[INFO] [stderr]    Compiling futures-util v0.3.28
[INFO] [stderr]    Compiling once_cell v1.18.0
[INFO] [stderr]    Compiling pin-utils v0.1.0
[INFO] [stderr]    Compiling rustversion v1.0.14
[INFO] [stderr]    Compiling itoa v1.0.9
[INFO] [stderr]    Compiling tracing-core v0.1.31
[INFO] [stderr]    Compiling indexmap v1.9.3
[INFO] [stderr]    Compiling fnv v1.0.7
[INFO] [stderr]    Compiling hashbrown v0.12.3
[INFO] [stderr]    Compiling http v0.2.9
[INFO] [stderr]    Compiling futures-channel v0.3.28
[INFO] [stderr]    Compiling async-trait v0.1.72
[INFO] [stderr]    Compiling quote v1.0.32
[INFO] [stderr]    Compiling tower-service v0.3.2
[INFO] [stderr]    Compiling syn v2.0.28
[INFO] [stderr]    Compiling mio v0.8.8
[INFO] [stderr]    Compiling socket2 v0.5.3
[INFO] [stderr]    Compiling getrandom v0.2.10
[INFO] [stderr]    Compiling httparse v1.8.0
[INFO] [stderr]    Compiling rand_core v0.6.4
[INFO] [stderr]    Compiling crossbeam-utils v0.8.16
[INFO] [stderr]    Compiling ppv-lite86 v0.2.17
[INFO] [stderr]    Compiling http-body v0.4.5
[INFO] [stderr]    Compiling serde v1.0.183
[INFO] [stderr]    Compiling try-lock v0.2.4
[INFO] [stderr]    Compiling anyhow v1.0.72
[INFO] [stderr]    Compiling want v0.3.1
[INFO] [stderr]    Compiling rand_chacha v0.3.1
[INFO] [stderr]    Compiling axum-core v0.3.4
[INFO] [stderr]    Compiling socket2 v0.4.9
[INFO] [stderr]    Compiling num-traits v0.2.16
[INFO] [stderr]    Compiling rand v0.8.5
[INFO] [stderr]    Compiling thiserror v1.0.44
[INFO] [stderr]    Compiling either v1.9.0
[INFO] [stderr]    Compiling tower-layer v0.3.2
[INFO] [stderr]    Compiling httpdate v1.0.2
[INFO] [stderr]    Compiling memchr v2.5.0
[INFO] [stderr]    Compiling serde_derive v1.0.183
[INFO] [stderr]    Compiling itertools v0.10.5
[INFO] [stderr]    Compiling syn v1.0.109
[INFO] [stderr]    Compiling axum v0.6.20
[INFO] [stderr]    Compiling equivalent v1.0.1
[INFO] [stderr]    Compiling percent-encoding v2.3.0
[INFO] [stderr]    Compiling hashbrown v0.14.0
[INFO] [stderr]    Compiling mime v0.3.17
[INFO] [stderr]    Compiling urlencoding v2.1.3
[INFO] [stderr]    Compiling matchit v0.7.2
[INFO] [stderr]    Compiling indexmap v2.0.0
[INFO] [stderr]    Compiling sync_wrapper v0.1.2
[INFO] [stderr]    Compiling crossbeam-channel v0.5.8
[INFO] [stderr]    Compiling serde_json v1.0.104
[INFO] [stderr]    Compiling ordered-float v4.1.0
[INFO] [stderr]    Compiling base64 v0.21.2
[INFO] [stderr]    Compiling concurrent-queue v2.2.0
[INFO] [stderr]    Compiling ryu v1.0.15
[INFO] [stderr]    Compiling event-listener v2.5.3
[INFO] [stderr]    Compiling async-channel v1.9.0
[INFO] [stderr]    Compiling prost-derive v0.11.9
[INFO] [stderr]    Compiling tokio-macros v2.1.0
[INFO] [stderr]    Compiling futures-macro v0.3.28
[INFO] [stderr]    Compiling tracing-attributes v0.1.26
[INFO] [stderr]    Compiling pin-project-internal v1.1.3
[INFO] [stderr]    Compiling thiserror-impl v1.0.44
[INFO] [stderr]    Compiling tokio v1.32.0
[INFO] [stderr]    Compiling opentelemetry v0.21.0
[INFO] [stderr]    Compiling pin-project v1.1.3
[INFO] [stderr]    Compiling prost v0.11.9
[INFO] [stderr]    Compiling tracing v0.1.37
[INFO] [stderr]    Compiling futures-executor v0.3.28
[INFO] [stderr]    Compiling opentelemetry_sdk v0.21.0
[INFO] [stderr]    Compiling tokio-util v0.7.8
[INFO] [stderr]    Compiling tokio-io-timeout v1.2.0
[INFO] [stderr]    Compiling tokio-stream v0.1.14
[INFO] [stderr]    Compiling h2 v0.3.20
[INFO] [stderr]    Compiling tower v0.4.13
[INFO] [stderr]    Compiling hyper v0.14.27
[INFO] [stderr]    Compiling hyper-timeout v0.4.1
[INFO] [stderr]    Compiling tonic v0.9.2
[INFO] [stderr]    Compiling opentelemetry-proto v0.4.0
[INFO] [stderr]    Compiling opentelemetry-zpages v0.6.0 (/opt/rustwide/workdir)
[INFO] [stderr]     Finished dev [unoptimized + debuginfo] target(s) in 15.72s
[INFO] running `Command { std: "docker" "inspect" "c71ac20a7dc8583b91dcaea2763d3a4c9c4d9de2f5b91892c5880e00d4e72fbc", kill_on_drop: false }`
[INFO] running `Command { std: "docker" "rm" "-f" "c71ac20a7dc8583b91dcaea2763d3a4c9c4d9de2f5b91892c5880e00d4e72fbc", kill_on_drop: false }`
[INFO] [stdout] c71ac20a7dc8583b91dcaea2763d3a4c9c4d9de2f5b91892c5880e00d4e72fbc
[INFO] running `Command { std: "docker" "create" "-v" "/var/lib/crater-agent-workspace/builds/worker-6-tc2/target:/opt/rustwide/target:rw,Z" "-v" "/var/lib/crater-agent-workspace/builds/worker-6-tc2/source:/opt/rustwide/workdir:ro,Z" "-v" "/var/lib/crater-agent-workspace/cargo-home:/opt/rustwide/cargo-home:ro,Z" "-v" "/var/lib/crater-agent-workspace/rustup-home:/opt/rustwide/rustup-home:ro,Z" "-e" "SOURCE_DIR=/opt/rustwide/workdir" "-e" "CARGO_TARGET_DIR=/opt/rustwide/target" "-e" "CARGO_INCREMENTAL=0" "-e" "RUST_BACKTRACE=full" "-e" "RUSTFLAGS=--cap-lints=warn" "-e" "RUSTDOCFLAGS=--cap-lints=warn" "-e" "CARGO_HOME=/opt/rustwide/cargo-home" "-e" "RUSTUP_HOME=/opt/rustwide/rustup-home" "-w" "/opt/rustwide/workdir" "-m" "1610612736" "--user" "0:0" "--network" "none" "ghcr.io/rust-lang/crates-build-env/linux@sha256:2788e3201cd34a07e3172128adcd8b3090168a8e3bcc40d7c032b9dda1df7d1c" "/opt/rustwide/cargo-home/bin/cargo" "+beta-2023-12-22" "test" "--frozen" "--no-run" "--message-format=json", kill_on_drop: false }`
[INFO] [stdout] 61f89c58452d1203c3afbc4899504da9faa01d00acb72a3b2ecedd5e336a672a
[INFO] running `Command { std: "docker" "start" "-a" "61f89c58452d1203c3afbc4899504da9faa01d00acb72a3b2ecedd5e336a672a", kill_on_drop: false }`
[INFO] [stderr]    Compiling opentelemetry-zpages v0.6.0 (/opt/rustwide/workdir)
[INFO] [stdout] error: The default runtime flavor is `multi_thread`, but the `rt-multi-thread` feature is disabled.
[INFO] [stdout]   --> examples/zpages.rs:90:1
[INFO] [stdout]    |
[INFO] [stdout] 90 | #[tokio::main]
[INFO] [stdout]    | ^^^^^^^^^^^^^^
[INFO] [stdout]    |
[INFO] [stdout]    = note: this error originates in the attribute macro `tokio::main` (in Nightly builds, run with -Z macro-backtrace for more info)
[INFO] [stdout] 
[INFO] [stdout] 
[INFO] [stdout] error[E0433]: failed to resolve: could not find `testing` in `opentelemetry_sdk`
[INFO] [stdout]    --> src/trace/aggregator.rs:201:54
[INFO] [stdout]     |
[INFO] [stdout] 201 |     use opentelemetry_sdk::{export::trace::SpanData, testing::trace::new_test_export_span_data};
[INFO] [stdout]     |                                                      ^^^^^^^ could not find `testing` in `opentelemetry_sdk`
[INFO] [stdout] 
[INFO] [stdout] 
[INFO] [stdout] error[E0433]: failed to resolve: could not find `testing` in `opentelemetry_sdk`
[INFO] [stdout]    --> src/trace/span_queue.rs:110:28
[INFO] [stdout]     |
[INFO] [stdout] 110 |     use opentelemetry_sdk::testing::trace::new_test_export_span_data;
[INFO] [stdout]     |                            ^^^^^^^ could not find `testing` in `opentelemetry_sdk`
[INFO] [stdout] 
[INFO] [stdout] 
[INFO] [stdout] error[E0432]: unresolved import `opentelemetry_sdk::runtime::Tokio`
[INFO] [stdout]   --> examples/zpages.rs:9:5
[INFO] [stdout]    |
[INFO] [stdout] 9  | use opentelemetry_sdk::runtime::Tokio;
[INFO] [stdout]    |     ^^^^^^^^^^^^^^^^^^^^^^^^^^^^^^^^^ no `Tokio` in `runtime`
[INFO] [stdout]    |
[INFO] [stdout] note: found an item that was configured out
[INFO] [stdout]   --> /opt/rustwide/cargo-home/registry/src/index.crates.io-6f17d22bba15001f/opentelemetry_sdk-0.21.0/src/runtime.rs:50:12
[INFO] [stdout]    |
[INFO] [stdout] 50 | pub struct Tokio;
[INFO] [stdout]    |            ^^^^^
[INFO] [stdout]    = note: the item is gated behind the `rt-tokio` feature
[INFO] [stdout] 
[INFO] [stdout] 
[INFO] [stdout] error: aborting due to 2 previous errors
[INFO] [stdout] 
[INFO] [stdout] 
[INFO] [stdout] For more information about this error, try `rustc --explain E0432`.
[INFO] [stdout] 
[INFO] [stderr] error: could not compile `opentelemetry-zpages` (example "zpages") due to 3 previous errors
[INFO] [stderr] warning: build failed, waiting for other jobs to finish...
[INFO] [stdout] error[E0599]: no function or associated item named `from_u128` found for struct `TraceId` in the current scope
[INFO] [stdout]    --> src/trace/aggregator.rs:280:22
[INFO] [stdout]     |
[INFO] [stdout] 280 |             TraceId::from_u128(trace_id),
[INFO] [stdout]     |                      ^^^^^^^^^ function or associated item not found in `TraceId`
[INFO] [stdout]     |
[INFO] [stdout] note: if you're trying to build a new `TraceId` consider using one of the following associated functions:
[INFO] [stdout]       TraceId::from_bytes
[INFO] [stdout]       TraceId::from_hex
[INFO] [stdout]    --> /opt/rustwide/cargo-home/registry/src/index.crates.io-6f17d22bba15001f/opentelemetry-0.21.0/src/trace/span_context.rs:105:5
[INFO] [stdout]     |
[INFO] [stdout] 105 |     pub const fn from_bytes(bytes: [u8; 16]) -> Self {
[INFO] [stdout]     |     ^^^^^^^^^^^^^^^^^^^^^^^^^^^^^^^^^^^^^^^^^^^^^^^^
[INFO] [stdout] ...
[INFO] [stdout] 126 |     pub fn from_hex(hex: &str) -> Result<Self, ParseIntError> {
[INFO] [stdout]     |     ^^^^^^^^^^^^^^^^^^^^^^^^^^^^^^^^^^^^^^^^^^^^^^^^^^^^^^^^^
[INFO] [stdout] 
[INFO] [stdout] 
[INFO] [stdout] error[E0599]: no function or associated item named `from_u64` found for struct `SpanId` in the current scope
[INFO] [stdout]    --> src/trace/aggregator.rs:281:21
[INFO] [stdout]     |
[INFO] [stdout] 281 |             SpanId::from_u64(span_id),
[INFO] [stdout]     |                     ^^^^^^^^ function or associated item not found in `SpanId`
[INFO] [stdout]     |
[INFO] [stdout] note: if you're trying to build a new `SpanId` consider using one of the following associated functions:
[INFO] [stdout]       SpanId::from_bytes
[INFO] [stdout]       SpanId::from_hex
[INFO] [stdout]    --> /opt/rustwide/cargo-home/registry/src/index.crates.io-6f17d22bba15001f/opentelemetry-0.21.0/src/trace/span_context.rs:166:5
[INFO] [stdout]     |
[INFO] [stdout] 166 |     pub const fn from_bytes(bytes: [u8; 8]) -> Self {
[INFO] [stdout]     |     ^^^^^^^^^^^^^^^^^^^^^^^^^^^^^^^^^^^^^^^^^^^^^^^
[INFO] [stdout] ...
[INFO] [stdout] 187 |     pub fn from_hex(hex: &str) -> Result<Self, ParseIntError> {
[INFO] [stdout]     |     ^^^^^^^^^^^^^^^^^^^^^^^^^^^^^^^^^^^^^^^^^^^^^^^^^^^^^^^^^
[INFO] [stdout] 
[INFO] [stdout] 
[INFO] [stdout] error[E0599]: no function or associated item named `from_u128` found for struct `TraceId` in the current scope
[INFO] [stdout]    --> src/trace/span_queue.rs:132:26
[INFO] [stdout]     |
[INFO] [stdout] 132 |                 TraceId::from_u128(trace_id),
[INFO] [stdout]     |                          ^^^^^^^^^ function or associated item not found in `TraceId`
[INFO] [stdout]     |
[INFO] [stdout] note: if you're trying to build a new `TraceId` consider using one of the following associated functions:
[INFO] [stdout]       TraceId::from_bytes
[INFO] [stdout]       TraceId::from_hex
[INFO] [stdout]    --> /opt/rustwide/cargo-home/registry/src/index.crates.io-6f17d22bba15001f/opentelemetry-0.21.0/src/trace/span_context.rs:105:5
[INFO] [stdout]     |
[INFO] [stdout] 105 |     pub const fn from_bytes(bytes: [u8; 16]) -> Self {
[INFO] [stdout]     |     ^^^^^^^^^^^^^^^^^^^^^^^^^^^^^^^^^^^^^^^^^^^^^^^^
[INFO] [stdout] ...
[INFO] [stdout] 126 |     pub fn from_hex(hex: &str) -> Result<Self, ParseIntError> {
[INFO] [stdout]     |     ^^^^^^^^^^^^^^^^^^^^^^^^^^^^^^^^^^^^^^^^^^^^^^^^^^^^^^^^^
[INFO] [stdout] 
[INFO] [stdout] 
[INFO] [stdout] error[E0599]: no function or associated item named `from_u64` found for struct `SpanId` in the current scope
[INFO] [stdout]    --> src/trace/span_queue.rs:133:25
[INFO] [stdout]     |
[INFO] [stdout] 133 |                 SpanId::from_u64(span_id),
[INFO] [stdout]     |                         ^^^^^^^^ function or associated item not found in `SpanId`
[INFO] [stdout]     |
[INFO] [stdout] note: if you're trying to build a new `SpanId` consider using one of the following associated functions:
[INFO] [stdout]       SpanId::from_bytes
[INFO] [stdout]       SpanId::from_hex
[INFO] [stdout]    --> /opt/rustwide/cargo-home/registry/src/index.crates.io-6f17d22bba15001f/opentelemetry-0.21.0/src/trace/span_context.rs:166:5
[INFO] [stdout]     |
[INFO] [stdout] 166 |     pub const fn from_bytes(bytes: [u8; 8]) -> Self {
[INFO] [stdout]     |     ^^^^^^^^^^^^^^^^^^^^^^^^^^^^^^^^^^^^^^^^^^^^^^^
[INFO] [stdout] ...
[INFO] [stdout] 187 |     pub fn from_hex(hex: &str) -> Result<Self, ParseIntError> {
[INFO] [stdout]     |     ^^^^^^^^^^^^^^^^^^^^^^^^^^^^^^^^^^^^^^^^^^^^^^^^^^^^^^^^^
[INFO] [stdout] 
[INFO] [stdout] 
[INFO] [stdout] error: aborting due to 6 previous errors
[INFO] [stdout] 
[INFO] [stdout] 
[INFO] [stdout] Some errors have detailed explanations: E0433, E0599.
[INFO] [stdout] 
[INFO] [stdout] For more information about an error, try `rustc --explain E0433`.
[INFO] [stdout] 
[INFO] [stderr] error: could not compile `opentelemetry-zpages` (lib test) due to 7 previous errors
[INFO] running `Command { std: "docker" "inspect" "61f89c58452d1203c3afbc4899504da9faa01d00acb72a3b2ecedd5e336a672a", kill_on_drop: false }`
[INFO] running `Command { std: "docker" "rm" "-f" "61f89c58452d1203c3afbc4899504da9faa01d00acb72a3b2ecedd5e336a672a", kill_on_drop: false }`
[INFO] [stdout] 61f89c58452d1203c3afbc4899504da9faa01d00acb72a3b2ecedd5e336a672a
