[INFO] fetching crate openssh-sftp-client 0.14.1...
[INFO] testing openssh-sftp-client-0.14.1 against 1.75.0 for beta-1.76-1
[INFO] extracting crate openssh-sftp-client 0.14.1 into /workspace/builds/worker-4-tc1/source
[INFO] validating manifest of crates.io crate openssh-sftp-client 0.14.1 on toolchain 1.75.0
[INFO] running `Command { std: CARGO_HOME="/workspace/cargo-home" RUSTUP_HOME="/workspace/rustup-home" "/workspace/cargo-home/bin/cargo" "+1.75.0" "metadata" "--manifest-path" "Cargo.toml" "--no-deps", kill_on_drop: false }`
[INFO] started tweaking crates.io crate openssh-sftp-client 0.14.1
[INFO] finished tweaking crates.io crate openssh-sftp-client 0.14.1
[INFO] tweaked toml for crates.io crate openssh-sftp-client 0.14.1 written to /workspace/builds/worker-4-tc1/source/Cargo.toml
[INFO] crate crates.io crate openssh-sftp-client 0.14.1 already has a lockfile, it will not be regenerated
[INFO] running `Command { std: CARGO_HOME="/workspace/cargo-home" RUSTUP_HOME="/workspace/rustup-home" "/workspace/cargo-home/bin/cargo" "+1.75.0" "fetch" "--manifest-path" "Cargo.toml", kill_on_drop: false }`
[INFO] [stderr]     Updating crates.io index
[INFO] [stderr]  Downloading crates ...
[INFO] [stderr]   Downloaded vec-strings v0.4.8
[INFO] [stderr]   Downloaded openssh-sftp-error v0.4.0
[INFO] [stderr]   Downloaded non-zero-byte-slice v0.1.0
[INFO] [stderr]   Downloaded openssh v0.10.1
[INFO] [stderr]   Downloaded ssh_format_error v0.1.0
[INFO] [stderr]   Downloaded derive_destructure2 v0.1.2
[INFO] [stderr]   Downloaded awaitable-error v0.1.0
[INFO] [stderr]   Downloaded openssh-mux-client-error v0.1.0
[INFO] [stderr]   Downloaded tokio-io-utility v0.7.6
[INFO] [stderr]   Downloaded triomphe v0.1.9
[INFO] [stderr]   Downloaded thin-vec v0.2.12
[INFO] [stderr]   Downloaded sendfd v0.4.3
[INFO] [stderr]   Downloaded openssh-sftp-protocol v0.24.0
[INFO] [stderr]   Downloaded ssh_format v0.14.1
[INFO] [stderr]   Downloaded openssh-mux-client v0.17.3
[INFO] [stderr]   Downloaded concurrent_arena v0.1.8
[INFO] [stderr]   Downloaded openssh-sftp-client-lowlevel v0.6.0
[INFO] [stderr]   Downloaded awaitable v0.4.0
[INFO] [stderr]   Downloaded openssh-sftp-protocol-error v0.1.0
[INFO] running `Command { std: "docker" "create" "-v" "/var/lib/crater-agent-workspace/builds/worker-4-tc1/target:/opt/rustwide/target:rw,Z" "-v" "/var/lib/crater-agent-workspace/builds/worker-4-tc1/source:/opt/rustwide/workdir:ro,Z" "-v" "/var/lib/crater-agent-workspace/cargo-home:/opt/rustwide/cargo-home:ro,Z" "-v" "/var/lib/crater-agent-workspace/rustup-home:/opt/rustwide/rustup-home:ro,Z" "-e" "SOURCE_DIR=/opt/rustwide/workdir" "-e" "CARGO_TARGET_DIR=/opt/rustwide/target" "-e" "CARGO_HOME=/opt/rustwide/cargo-home" "-e" "RUSTUP_HOME=/opt/rustwide/rustup-home" "-w" "/opt/rustwide/workdir" "-m" "1610612736" "--user" "0:0" "--network" "none" "ghcr.io/rust-lang/crates-build-env/linux@sha256:2788e3201cd34a07e3172128adcd8b3090168a8e3bcc40d7c032b9dda1df7d1c" "/opt/rustwide/cargo-home/bin/cargo" "+1.75.0" "metadata" "--no-deps" "--format-version=1", kill_on_drop: false }`
[INFO] [stdout] 648f5701a0521f75b5c3b468e8b186747877973888ec96173c728f2ef550cc1b
[INFO] running `Command { std: "docker" "start" "-a" "648f5701a0521f75b5c3b468e8b186747877973888ec96173c728f2ef550cc1b", kill_on_drop: false }`
[INFO] running `Command { std: "docker" "inspect" "648f5701a0521f75b5c3b468e8b186747877973888ec96173c728f2ef550cc1b", kill_on_drop: false }`
[INFO] running `Command { std: "docker" "rm" "-f" "648f5701a0521f75b5c3b468e8b186747877973888ec96173c728f2ef550cc1b", kill_on_drop: false }`
[INFO] [stdout] 648f5701a0521f75b5c3b468e8b186747877973888ec96173c728f2ef550cc1b
[INFO] running `Command { std: "docker" "create" "-v" "/var/lib/crater-agent-workspace/builds/worker-4-tc1/target:/opt/rustwide/target:rw,Z" "-v" "/var/lib/crater-agent-workspace/builds/worker-4-tc1/source:/opt/rustwide/workdir:ro,Z" "-v" "/var/lib/crater-agent-workspace/cargo-home:/opt/rustwide/cargo-home:ro,Z" "-v" "/var/lib/crater-agent-workspace/rustup-home:/opt/rustwide/rustup-home:ro,Z" "-e" "SOURCE_DIR=/opt/rustwide/workdir" "-e" "CARGO_TARGET_DIR=/opt/rustwide/target" "-e" "CARGO_INCREMENTAL=0" "-e" "RUST_BACKTRACE=full" "-e" "RUSTFLAGS=--cap-lints=warn" "-e" "RUSTDOCFLAGS=--cap-lints=warn" "-e" "CARGO_HOME=/opt/rustwide/cargo-home" "-e" "RUSTUP_HOME=/opt/rustwide/rustup-home" "-w" "/opt/rustwide/workdir" "-m" "1610612736" "--user" "0:0" "--network" "none" "ghcr.io/rust-lang/crates-build-env/linux@sha256:2788e3201cd34a07e3172128adcd8b3090168a8e3bcc40d7c032b9dda1df7d1c" "/opt/rustwide/cargo-home/bin/cargo" "+1.75.0" "build" "--frozen" "--message-format=json", kill_on_drop: false }`
[INFO] [stdout] 047886fa45f33d2843cab374262b364a252f6825df287a5150cefaaa0397cd2c
[INFO] running `Command { std: "docker" "start" "-a" "047886fa45f33d2843cab374262b364a252f6825df287a5150cefaaa0397cd2c", kill_on_drop: false }`
[INFO] [stderr]    Compiling proc-macro2 v1.0.69
[INFO] [stderr]    Compiling serde v1.0.192
[INFO] [stderr]    Compiling bytes v1.5.0
[INFO] [stderr]    Compiling thiserror v1.0.50
[INFO] [stderr]    Compiling libc v0.2.150
[INFO] [stderr]    Compiling syn v1.0.109
[INFO] [stderr]    Compiling thin-vec v0.2.12
[INFO] [stderr]    Compiling parking_lot_core v0.9.9
[INFO] [stderr]    Compiling num-traits v0.2.17
[INFO] [stderr]    Compiling smallvec v1.11.2
[INFO] [stderr]    Compiling scopeguard v1.2.0
[INFO] [stderr]    Compiling futures-core v0.3.29
[INFO] [stderr]    Compiling lock_api v0.4.11
[INFO] [stderr]    Compiling awaitable-error v0.1.0
[INFO] [stderr]    Compiling arc-swap v1.6.0
[INFO] [stderr]    Compiling bitflags v2.4.1
[INFO] [stderr]    Compiling awaitable v0.4.0
[INFO] [stderr]    Compiling futures-sink v0.3.29
[INFO] [stderr]    Compiling once_cell v1.18.0
[INFO] [stderr]    Compiling quote v1.0.33
[INFO] [stderr]    Compiling syn v2.0.39
[INFO] [stderr]    Compiling parking_lot v0.12.1
[INFO] [stderr]    Compiling num-derive v0.3.3
[INFO] [stderr]    Compiling serde_derive v1.0.192
[INFO] [stderr]    Compiling thiserror-impl v1.0.50
[INFO] [stderr]    Compiling tokio-macros v2.2.0
[INFO] [stderr]    Compiling pin-project-internal v1.1.3
[INFO] [stderr]    Compiling derive_destructure2 v0.1.2
[INFO] [stderr]    Compiling tokio v1.34.0
[INFO] [stderr]    Compiling pin-project v1.1.3
[INFO] [stderr]    Compiling tokio-io-utility v0.7.6
[INFO] [stderr]    Compiling tokio-util v0.7.10
[INFO] [stderr]    Compiling ssh_format_error v0.1.0
[INFO] [stderr]    Compiling vec-strings v0.4.8
[INFO] [stderr]    Compiling triomphe v0.1.9
[INFO] [stderr]    Compiling ssh_format v0.14.1
[INFO] [stderr]    Compiling concurrent_arena v0.1.8
[INFO] [stderr]    Compiling openssh-sftp-protocol-error v0.1.0
[INFO] [stderr]    Compiling openssh-sftp-error v0.4.0
[INFO] [stderr]    Compiling openssh-sftp-protocol v0.24.0
[INFO] [stderr]    Compiling openssh-sftp-client-lowlevel v0.6.0
[INFO] [stderr]    Compiling openssh-sftp-client v0.14.1 (/opt/rustwide/workdir)
[INFO] [stderr]     Finished dev [unoptimized + debuginfo] target(s) in 32.70s
[INFO] running `Command { std: "docker" "inspect" "047886fa45f33d2843cab374262b364a252f6825df287a5150cefaaa0397cd2c", kill_on_drop: false }`
[INFO] running `Command { std: "docker" "rm" "-f" "047886fa45f33d2843cab374262b364a252f6825df287a5150cefaaa0397cd2c", kill_on_drop: false }`
[INFO] [stdout] 047886fa45f33d2843cab374262b364a252f6825df287a5150cefaaa0397cd2c
[INFO] running `Command { std: "docker" "create" "-v" "/var/lib/crater-agent-workspace/builds/worker-4-tc1/target:/opt/rustwide/target:rw,Z" "-v" "/var/lib/crater-agent-workspace/builds/worker-4-tc1/source:/opt/rustwide/workdir:ro,Z" "-v" "/var/lib/crater-agent-workspace/cargo-home:/opt/rustwide/cargo-home:ro,Z" "-v" "/var/lib/crater-agent-workspace/rustup-home:/opt/rustwide/rustup-home:ro,Z" "-e" "SOURCE_DIR=/opt/rustwide/workdir" "-e" "CARGO_TARGET_DIR=/opt/rustwide/target" "-e" "CARGO_INCREMENTAL=0" "-e" "RUST_BACKTRACE=full" "-e" "RUSTFLAGS=--cap-lints=warn" "-e" "RUSTDOCFLAGS=--cap-lints=warn" "-e" "CARGO_HOME=/opt/rustwide/cargo-home" "-e" "RUSTUP_HOME=/opt/rustwide/rustup-home" "-w" "/opt/rustwide/workdir" "-m" "1610612736" "--user" "0:0" "--network" "none" "ghcr.io/rust-lang/crates-build-env/linux@sha256:2788e3201cd34a07e3172128adcd8b3090168a8e3bcc40d7c032b9dda1df7d1c" "/opt/rustwide/cargo-home/bin/cargo" "+1.75.0" "test" "--frozen" "--no-run" "--message-format=json", kill_on_drop: false }`
[INFO] [stdout] a81b6ff2d70ad5138a52c93ae0a277d4a490cfa8c69772b067c685ddc4bd070b
[INFO] running `Command { std: "docker" "start" "-a" "a81b6ff2d70ad5138a52c93ae0a277d4a490cfa8c69772b067c685ddc4bd070b", kill_on_drop: false }`
[INFO] [stderr]    Compiling bitflags v2.4.1
[INFO] [stderr]    Compiling syn v2.0.39
[INFO] [stderr]    Compiling mio v0.8.9
[INFO] [stderr]    Compiling signal-hook-registry v1.4.1
[INFO] [stderr]    Compiling socket2 v0.5.5
[INFO] [stderr]    Compiling rustix v0.38.24
[INFO] [stderr]    Compiling slab v0.4.9
[INFO] [stderr]    Compiling option-ext v0.2.0
[INFO] [stderr]    Compiling futures-task v0.3.29
[INFO] [stderr]    Compiling linux-raw-sys v0.4.11
[INFO] [stderr]    Compiling dirs-sys v0.4.1
[INFO] [stderr]    Compiling fastrand v2.0.1
[INFO] [stderr]    Compiling futures-util v0.3.29
[INFO] [stderr]    Compiling dirs v5.0.1
[INFO] [stderr]    Compiling yansi v0.5.1
[INFO] [stderr]    Compiling diff v0.1.13
[INFO] [stderr]    Compiling shell-escape v0.1.5
[INFO] [stderr]    Compiling pretty_assertions v1.4.0
[INFO] [stderr]    Compiling tempfile v3.8.1
[INFO] [stderr]    Compiling serde_derive v1.0.192
[INFO] [stderr]    Compiling tokio-macros v2.2.0
[INFO] [stderr]    Compiling thiserror-impl v1.0.50
[INFO] [stderr]    Compiling pin-project-internal v1.1.3
[INFO] [stderr]    Compiling typed-builder-macro v0.18.0
[INFO] [stderr]    Compiling derive_destructure2 v0.1.2
[INFO] [stderr]    Compiling futures-macro v0.3.29
[INFO] [stderr]    Compiling tokio v1.34.0
[INFO] [stderr]    Compiling pin-project v1.1.3
[INFO] [stderr]    Compiling thiserror v1.0.50
[INFO] [stderr]    Compiling typed-builder v0.18.0
[INFO] [stderr]    Compiling serde v1.0.192
[INFO] [stderr]    Compiling tokio-io-utility v0.7.6
[INFO] [stderr]    Compiling sendfd v0.4.3
[INFO] [stderr]    Compiling tokio-pipe v0.2.12
[INFO] [stderr]    Compiling tokio-util v0.7.10
[INFO] [stderr]    Compiling ssh_format_error v0.1.0
[INFO] [stderr]    Compiling vec-strings v0.4.8
[INFO] [stderr]    Compiling triomphe v0.1.9
[INFO] [stderr]    Compiling non-zero-byte-slice v0.1.0
[INFO] [stderr]    Compiling ssh_format v0.14.1
[INFO] [stderr]    Compiling openssh-mux-client-error v0.1.0
[INFO] [stderr]    Compiling openssh-mux-client v0.17.3
[INFO] [stderr]    Compiling openssh-sftp-protocol-error v0.1.0
[INFO] [stderr]    Compiling concurrent_arena v0.1.8
[INFO] [stderr]    Compiling openssh-sftp-error v0.4.0
[INFO] [stderr]    Compiling openssh-sftp-protocol v0.24.0
[INFO] [stderr]    Compiling openssh v0.10.1
[INFO] [stderr]    Compiling openssh-sftp-client-lowlevel v0.6.0
[INFO] [stderr]    Compiling openssh-sftp-client v0.14.1 (/opt/rustwide/workdir)
[INFO] [stdout] error[E0432]: unresolved import `sftp_test_common`
[INFO] [stdout]   --> tests/highlevel.rs:20:5
[INFO] [stdout]    |
[INFO] [stdout] 20 | use sftp_test_common::*;
[INFO] [stdout]    |     ^^^^^^^^^^^^^^^^ use of undeclared crate or module `sftp_test_common`
[INFO] [stdout] 
[INFO] [stdout] 
[INFO] [stdout] error[E0599]: no function or associated item named `from_session` found for struct `Sftp` in the current scope
[INFO] [stdout]   --> examples/openssh.rs:18:22
[INFO] [stdout]    |
[INFO] [stdout] 18 |     let sftp = Sftp::from_session(ssh_session, Default::default()).await?;
[INFO] [stdout]    |                      ^^^^^^^^^^^^ function or associated item not found in `Sftp`
[INFO] [stdout] 
[INFO] [stdout] 
[INFO] [stdout] error[E0433]: failed to resolve: use of undeclared crate or module `process`
[INFO] [stdout]   --> tests/highlevel.rs:27:44
[INFO] [stdout]    |
[INFO] [stdout] 27 | async fn connect(options: SftpOptions) -> (process::Child, Sftp) {
[INFO] [stdout]    |                                            ^^^^^^^ use of undeclared crate or module `process`
[INFO] [stdout]    |
[INFO] [stdout] help: consider importing one of these items
[INFO] [stdout]    |
[INFO] [stdout] 1  + use std::process;
[INFO] [stdout]    |
[INFO] [stdout] 1  + use tokio::process;
[INFO] [stdout]    |
[INFO] [stdout] 
[INFO] [stdout] 
[INFO] [stdout] error: aborting due to previous error
[INFO] [stdout] 
[INFO] [stdout] 
[INFO] [stdout] For more information about this error, try `rustc --explain E0599`.
[INFO] [stdout] 
[INFO] [stderr] error: could not compile `openssh-sftp-client` (example "openssh") due to 2 previous errors
[INFO] [stderr] warning: build failed, waiting for other jobs to finish...
[INFO] [stdout] error[E0425]: cannot find function `launch_sftp` in this scope
[INFO] [stdout]   --> tests/highlevel.rs:28:34
[INFO] [stdout]    |
[INFO] [stdout] 28 |     let (child, stdin, stdout) = launch_sftp().await;
[INFO] [stdout]    |                                  ^^^^^^^^^^^ not found in this scope
[INFO] [stdout] 
[INFO] [stdout] 
[INFO] [stdout] error[E0425]: cannot find function `get_path_for_tmp_files` in this scope
[INFO] [stdout]   --> tests/highlevel.rs:34:20
[INFO] [stdout]    |
[INFO] [stdout] 34 |     let mut path = get_path_for_tmp_files().join("highlevel");
[INFO] [stdout]    |                    ^^^^^^^^^^^^^^^^^^^^^^ not found in this scope
[INFO] [stdout] 
[INFO] [stdout] 
[INFO] [stdout] error[E0599]: no method named `max_write_len` found for struct `openssh_sftp_client::SftpOptions` in the current scope
[INFO] [stdout]    --> tests/highlevel.rs:113:10
[INFO] [stdout]     |
[INFO] [stdout] 112 | /     SftpOptions::new()
[INFO] [stdout] 113 | |         .max_write_len(max_rw_len)
[INFO] [stdout]     | |         -^^^^^^^^^^^^^ method not found in `SftpOptions`
[INFO] [stdout]     | |_________|
[INFO] [stdout]     | 
[INFO] [stdout] 
[INFO] [stdout] 
[INFO] [stdout] error[E0599]: no function or associated item named `from_session` found for struct `openssh_sftp_client::Sftp` in the current scope
[INFO] [stdout]    --> tests/highlevel.rs:636:26
[INFO] [stdout]     |
[INFO] [stdout] 636 |         let sftp = Sftp::from_session(session, Default::default())
[INFO] [stdout]     |                          ^^^^^^^^^^^^ function or associated item not found in `Sftp`
[INFO] [stdout] 
[INFO] [stdout] 
[INFO] [stdout] warning: unused import: `AsyncWriteExt`
[INFO] [stdout]   --> tests/highlevel.rs:22:38
[INFO] [stdout]    |
[INFO] [stdout] 22 |     io::{AsyncReadExt, AsyncSeekExt, AsyncWriteExt},
[INFO] [stdout]    |                                      ^^^^^^^^^^^^^
[INFO] [stdout]    |
[INFO] [stdout]    = note: `#[warn(unused_imports)]` on by default
[INFO] [stdout] 
[INFO] [stdout] 
[INFO] [stdout] warning: unused import: `AsyncReadExt`
[INFO] [stdout]   --> tests/highlevel.rs:22:10
[INFO] [stdout]    |
[INFO] [stdout] 22 |     io::{AsyncReadExt, AsyncSeekExt, AsyncWriteExt},
[INFO] [stdout]    |          ^^^^^^^^^^^^
[INFO] [stdout] 
[INFO] [stdout] 
[INFO] [stdout] warning: unused import: `futures_util::StreamExt`
[INFO] [stdout]   --> tests/highlevel.rs:16:5
[INFO] [stdout]    |
[INFO] [stdout] 16 | use futures_util::StreamExt;
[INFO] [stdout]    |     ^^^^^^^^^^^^^^^^^^^^^^^
[INFO] [stdout] 
[INFO] [stdout] 
[INFO] [stdout] warning: unused import: `AsyncSeekExt`
[INFO] [stdout]   --> tests/highlevel.rs:22:24
[INFO] [stdout]    |
[INFO] [stdout] 22 |     io::{AsyncReadExt, AsyncSeekExt, AsyncWriteExt},
[INFO] [stdout]    |                        ^^^^^^^^^^^^
[INFO] [stdout] 
[INFO] [stdout] 
[INFO] [stdout] error: aborting due to 6 previous errors; 4 warnings emitted
[INFO] [stdout] 
[INFO] [stdout] 
[INFO] [stdout] Some errors have detailed explanations: E0425, E0432, E0433, E0599.
[INFO] [stdout] 
[INFO] [stdout] For more information about an error, try `rustc --explain E0425`.
[INFO] [stdout] 
[INFO] [stderr] error: could not compile `openssh-sftp-client` (test "highlevel") due to 7 previous errors; 4 warnings emitted
[INFO] running `Command { std: "docker" "inspect" "a81b6ff2d70ad5138a52c93ae0a277d4a490cfa8c69772b067c685ddc4bd070b", kill_on_drop: false }`
[INFO] running `Command { std: "docker" "rm" "-f" "a81b6ff2d70ad5138a52c93ae0a277d4a490cfa8c69772b067c685ddc4bd070b", kill_on_drop: false }`
[INFO] [stdout] a81b6ff2d70ad5138a52c93ae0a277d4a490cfa8c69772b067c685ddc4bd070b
[INFO] testing openssh-sftp-client-0.14.1 against beta-2023-12-22 for beta-1.76-1
[INFO] extracting crate openssh-sftp-client 0.14.1 into /workspace/builds/worker-4-tc2/source
[INFO] validating manifest of crates.io crate openssh-sftp-client 0.14.1 on toolchain beta-2023-12-22
[INFO] running `Command { std: CARGO_HOME="/workspace/cargo-home" RUSTUP_HOME="/workspace/rustup-home" "/workspace/cargo-home/bin/cargo" "+beta-2023-12-22" "metadata" "--manifest-path" "Cargo.toml" "--no-deps", kill_on_drop: false }`
[INFO] started tweaking crates.io crate openssh-sftp-client 0.14.1
[INFO] finished tweaking crates.io crate openssh-sftp-client 0.14.1
[INFO] tweaked toml for crates.io crate openssh-sftp-client 0.14.1 written to /workspace/builds/worker-4-tc2/source/Cargo.toml
[INFO] crate crates.io crate openssh-sftp-client 0.14.1 already has a lockfile, it will not be regenerated
[INFO] running `Command { std: CARGO_HOME="/workspace/cargo-home" RUSTUP_HOME="/workspace/rustup-home" "/workspace/cargo-home/bin/cargo" "+beta-2023-12-22" "fetch" "--manifest-path" "Cargo.toml", kill_on_drop: false }`
[INFO] running `Command { std: "docker" "create" "-v" "/var/lib/crater-agent-workspace/builds/worker-4-tc2/target:/opt/rustwide/target:rw,Z" "-v" "/var/lib/crater-agent-workspace/builds/worker-4-tc2/source:/opt/rustwide/workdir:ro,Z" "-v" "/var/lib/crater-agent-workspace/cargo-home:/opt/rustwide/cargo-home:ro,Z" "-v" "/var/lib/crater-agent-workspace/rustup-home:/opt/rustwide/rustup-home:ro,Z" "-e" "SOURCE_DIR=/opt/rustwide/workdir" "-e" "CARGO_TARGET_DIR=/opt/rustwide/target" "-e" "CARGO_HOME=/opt/rustwide/cargo-home" "-e" "RUSTUP_HOME=/opt/rustwide/rustup-home" "-w" "/opt/rustwide/workdir" "-m" "1610612736" "--user" "0:0" "--network" "none" "ghcr.io/rust-lang/crates-build-env/linux@sha256:2788e3201cd34a07e3172128adcd8b3090168a8e3bcc40d7c032b9dda1df7d1c" "/opt/rustwide/cargo-home/bin/cargo" "+beta-2023-12-22" "metadata" "--no-deps" "--format-version=1", kill_on_drop: false }`
[INFO] [stdout] 69bf1b502611e53822599b5e6cea3f78ad17b4b7051fafb2e9afc05018d9d40a
[INFO] running `Command { std: "docker" "start" "-a" "69bf1b502611e53822599b5e6cea3f78ad17b4b7051fafb2e9afc05018d9d40a", kill_on_drop: false }`
[INFO] running `Command { std: "docker" "inspect" "69bf1b502611e53822599b5e6cea3f78ad17b4b7051fafb2e9afc05018d9d40a", kill_on_drop: false }`
[INFO] running `Command { std: "docker" "rm" "-f" "69bf1b502611e53822599b5e6cea3f78ad17b4b7051fafb2e9afc05018d9d40a", kill_on_drop: false }`
[INFO] [stdout] 69bf1b502611e53822599b5e6cea3f78ad17b4b7051fafb2e9afc05018d9d40a
[INFO] running `Command { std: "docker" "create" "-v" "/var/lib/crater-agent-workspace/builds/worker-4-tc2/target:/opt/rustwide/target:rw,Z" "-v" "/var/lib/crater-agent-workspace/builds/worker-4-tc2/source:/opt/rustwide/workdir:ro,Z" "-v" "/var/lib/crater-agent-workspace/cargo-home:/opt/rustwide/cargo-home:ro,Z" "-v" "/var/lib/crater-agent-workspace/rustup-home:/opt/rustwide/rustup-home:ro,Z" "-e" "SOURCE_DIR=/opt/rustwide/workdir" "-e" "CARGO_TARGET_DIR=/opt/rustwide/target" "-e" "CARGO_INCREMENTAL=0" "-e" "RUST_BACKTRACE=full" "-e" "RUSTFLAGS=--cap-lints=warn" "-e" "RUSTDOCFLAGS=--cap-lints=warn" "-e" "CARGO_HOME=/opt/rustwide/cargo-home" "-e" "RUSTUP_HOME=/opt/rustwide/rustup-home" "-w" "/opt/rustwide/workdir" "-m" "1610612736" "--user" "0:0" "--network" "none" "ghcr.io/rust-lang/crates-build-env/linux@sha256:2788e3201cd34a07e3172128adcd8b3090168a8e3bcc40d7c032b9dda1df7d1c" "/opt/rustwide/cargo-home/bin/cargo" "+beta-2023-12-22" "build" "--frozen" "--message-format=json", kill_on_drop: false }`
[INFO] [stdout] 4be1b79c802a27b614c0f6f017031b00817dee4afd646da594cf40b772442600
[INFO] running `Command { std: "docker" "start" "-a" "4be1b79c802a27b614c0f6f017031b00817dee4afd646da594cf40b772442600", kill_on_drop: false }`
[INFO] [stderr]    Compiling proc-macro2 v1.0.69
[INFO] [stderr]    Compiling serde v1.0.192
[INFO] [stderr]    Compiling bytes v1.5.0
[INFO] [stderr]    Compiling libc v0.2.150
[INFO] [stderr]    Compiling thiserror v1.0.50
[INFO] [stderr]    Compiling syn v1.0.109
[INFO] [stderr]    Compiling parking_lot_core v0.9.9
[INFO] [stderr]    Compiling thin-vec v0.2.12
[INFO] [stderr]    Compiling num-traits v0.2.17
[INFO] [stderr]    Compiling smallvec v1.11.2
[INFO] [stderr]    Compiling scopeguard v1.2.0
[INFO] [stderr]    Compiling futures-core v0.3.29
[INFO] [stderr]    Compiling arc-swap v1.6.0
[INFO] [stderr]    Compiling lock_api v0.4.11
[INFO] [stderr]    Compiling awaitable-error v0.1.0
[INFO] [stderr]    Compiling bitflags v2.4.1
[INFO] [stderr]    Compiling awaitable v0.4.0
[INFO] [stderr]    Compiling futures-sink v0.3.29
[INFO] [stderr]    Compiling once_cell v1.18.0
[INFO] [stderr]    Compiling quote v1.0.33
[INFO] [stderr]    Compiling syn v2.0.39
[INFO] [stderr]    Compiling parking_lot v0.12.1
[INFO] [stderr]    Compiling num-derive v0.3.3
[INFO] [stderr]    Compiling serde_derive v1.0.192
[INFO] [stderr]    Compiling tokio-macros v2.2.0
[INFO] [stderr]    Compiling thiserror-impl v1.0.50
[INFO] [stderr]    Compiling pin-project-internal v1.1.3
[INFO] [stderr]    Compiling derive_destructure2 v0.1.2
[INFO] [stderr]    Compiling tokio v1.34.0
[INFO] [stderr]    Compiling pin-project v1.1.3
[INFO] [stderr]    Compiling tokio-io-utility v0.7.6
[INFO] [stderr]    Compiling tokio-util v0.7.10
[INFO] [stderr]    Compiling vec-strings v0.4.8
[INFO] [stderr]    Compiling ssh_format_error v0.1.0
[INFO] [stderr]    Compiling triomphe v0.1.9
[INFO] [stderr]    Compiling ssh_format v0.14.1
[INFO] [stderr]    Compiling openssh-sftp-protocol-error v0.1.0
[INFO] [stderr]    Compiling concurrent_arena v0.1.8
[INFO] [stderr]    Compiling openssh-sftp-protocol v0.24.0
[INFO] [stderr]    Compiling openssh-sftp-error v0.4.0
[INFO] [stderr]    Compiling openssh-sftp-client-lowlevel v0.6.0
[INFO] [stderr]    Compiling openssh-sftp-client v0.14.1 (/opt/rustwide/workdir)
[INFO] [stderr]     Finished dev [unoptimized + debuginfo] target(s) in 29.63s
[INFO] running `Command { std: "docker" "inspect" "4be1b79c802a27b614c0f6f017031b00817dee4afd646da594cf40b772442600", kill_on_drop: false }`
[INFO] running `Command { std: "docker" "rm" "-f" "4be1b79c802a27b614c0f6f017031b00817dee4afd646da594cf40b772442600", kill_on_drop: false }`
[INFO] [stdout] 4be1b79c802a27b614c0f6f017031b00817dee4afd646da594cf40b772442600
[INFO] running `Command { std: "docker" "create" "-v" "/var/lib/crater-agent-workspace/builds/worker-4-tc2/target:/opt/rustwide/target:rw,Z" "-v" "/var/lib/crater-agent-workspace/builds/worker-4-tc2/source:/opt/rustwide/workdir:ro,Z" "-v" "/var/lib/crater-agent-workspace/cargo-home:/opt/rustwide/cargo-home:ro,Z" "-v" "/var/lib/crater-agent-workspace/rustup-home:/opt/rustwide/rustup-home:ro,Z" "-e" "SOURCE_DIR=/opt/rustwide/workdir" "-e" "CARGO_TARGET_DIR=/opt/rustwide/target" "-e" "CARGO_INCREMENTAL=0" "-e" "RUST_BACKTRACE=full" "-e" "RUSTFLAGS=--cap-lints=warn" "-e" "RUSTDOCFLAGS=--cap-lints=warn" "-e" "CARGO_HOME=/opt/rustwide/cargo-home" "-e" "RUSTUP_HOME=/opt/rustwide/rustup-home" "-w" "/opt/rustwide/workdir" "-m" "1610612736" "--user" "0:0" "--network" "none" "ghcr.io/rust-lang/crates-build-env/linux@sha256:2788e3201cd34a07e3172128adcd8b3090168a8e3bcc40d7c032b9dda1df7d1c" "/opt/rustwide/cargo-home/bin/cargo" "+beta-2023-12-22" "test" "--frozen" "--no-run" "--message-format=json", kill_on_drop: false }`
[INFO] [stdout] 986d5a325385801f3bfcf4882e2e49f7b63b75048aae6055ffd163f283a6750f
[INFO] running `Command { std: "docker" "start" "-a" "986d5a325385801f3bfcf4882e2e49f7b63b75048aae6055ffd163f283a6750f", kill_on_drop: false }`
[INFO] [stderr]    Compiling bitflags v2.4.1
[INFO] [stderr]    Compiling syn v2.0.39
[INFO] [stderr]    Compiling socket2 v0.5.5
[INFO] [stderr]    Compiling signal-hook-registry v1.4.1
[INFO] [stderr]    Compiling mio v0.8.9
[INFO] [stderr]    Compiling rustix v0.38.24
[INFO] [stderr]    Compiling slab v0.4.9
[INFO] [stderr]    Compiling futures-task v0.3.29
[INFO] [stderr]    Compiling option-ext v0.2.0
[INFO] [stderr]    Compiling linux-raw-sys v0.4.11
[INFO] [stderr]    Compiling dirs-sys v0.4.1
[INFO] [stderr]    Compiling futures-util v0.3.29
[INFO] [stderr]    Compiling fastrand v2.0.1
[INFO] [stderr]    Compiling dirs v5.0.1
[INFO] [stderr]    Compiling yansi v0.5.1
[INFO] [stderr]    Compiling diff v0.1.13
[INFO] [stderr]    Compiling shell-escape v0.1.5
[INFO] [stderr]    Compiling pretty_assertions v1.4.0
[INFO] [stderr]    Compiling tempfile v3.8.1
[INFO] [stderr]    Compiling serde_derive v1.0.192
[INFO] [stderr]    Compiling tokio-macros v2.2.0
[INFO] [stderr]    Compiling thiserror-impl v1.0.50
[INFO] [stderr]    Compiling pin-project-internal v1.1.3
[INFO] [stderr]    Compiling typed-builder-macro v0.18.0
[INFO] [stderr]    Compiling derive_destructure2 v0.1.2
[INFO] [stderr]    Compiling futures-macro v0.3.29
[INFO] [stderr]    Compiling tokio v1.34.0
[INFO] [stderr]    Compiling thiserror v1.0.50
[INFO] [stderr]    Compiling pin-project v1.1.3
[INFO] [stderr]    Compiling typed-builder v0.18.0
[INFO] [stderr]    Compiling serde v1.0.192
[INFO] [stderr]    Compiling tokio-io-utility v0.7.6
[INFO] [stderr]    Compiling sendfd v0.4.3
[INFO] [stderr]    Compiling tokio-util v0.7.10
[INFO] [stderr]    Compiling tokio-pipe v0.2.12
[INFO] [stderr]    Compiling ssh_format_error v0.1.0
[INFO] [stderr]    Compiling vec-strings v0.4.8
[INFO] [stderr]    Compiling triomphe v0.1.9
[INFO] [stderr]    Compiling non-zero-byte-slice v0.1.0
[INFO] [stderr]    Compiling ssh_format v0.14.1
[INFO] [stderr]    Compiling openssh-mux-client-error v0.1.0
[INFO] [stderr]    Compiling concurrent_arena v0.1.8
[INFO] [stderr]    Compiling openssh-sftp-protocol-error v0.1.0
[INFO] [stderr]    Compiling openssh-sftp-error v0.4.0
[INFO] [stderr]    Compiling openssh-sftp-protocol v0.24.0
[INFO] [stderr]    Compiling openssh-mux-client v0.17.3
[INFO] [stderr]    Compiling openssh v0.10.1
[INFO] [stderr]    Compiling openssh-sftp-client-lowlevel v0.6.0
[INFO] [stderr]    Compiling openssh-sftp-client v0.14.1 (/opt/rustwide/workdir)
[INFO] [stdout] error[E0432]: unresolved import `sftp_test_common`
[INFO] [stdout]   --> tests/highlevel.rs:20:5
[INFO] [stdout]    |
[INFO] [stdout] 20 | use sftp_test_common::*;
[INFO] [stdout]    |     ^^^^^^^^^^^^^^^^ use of undeclared crate or module `sftp_test_common`
[INFO] [stdout] 
[INFO] [stdout] 
[INFO] [stdout] error[E0433]: failed to resolve: use of undeclared crate or module `process`
[INFO] [stdout]   --> tests/highlevel.rs:27:44
[INFO] [stdout]    |
[INFO] [stdout] 27 | async fn connect(options: SftpOptions) -> (process::Child, Sftp) {
[INFO] [stdout]    |                                            ^^^^^^^ use of undeclared crate or module `process`
[INFO] [stdout]    |
[INFO] [stdout] help: consider importing one of these items
[INFO] [stdout]    |
[INFO] [stdout] 1  + use std::process;
[INFO] [stdout]    |
[INFO] [stdout] 1  + use tokio::process;
[INFO] [stdout]    |
[INFO] [stdout] 
[INFO] [stdout] 
[INFO] [stdout] error[E0425]: cannot find function `launch_sftp` in this scope
[INFO] [stdout]   --> tests/highlevel.rs:28:34
[INFO] [stdout]    |
[INFO] [stdout] 28 |     let (child, stdin, stdout) = launch_sftp().await;
[INFO] [stdout]    |                                  ^^^^^^^^^^^ not found in this scope
[INFO] [stdout] 
[INFO] [stdout] 
[INFO] [stdout] error[E0599]: no function or associated item named `from_session` found for struct `Sftp` in the current scope
[INFO] [stdout]   --> examples/openssh.rs:18:22
[INFO] [stdout]    |
[INFO] [stdout] 18 |     let sftp = Sftp::from_session(ssh_session, Default::default()).await?;
[INFO] [stdout]    |                      ^^^^^^^^^^^^ function or associated item not found in `Sftp`
[INFO] [stdout] 
[INFO] [stdout] 
[INFO] [stdout] error[E0425]: cannot find function `get_path_for_tmp_files` in this scope
[INFO] [stdout]   --> tests/highlevel.rs:34:20
[INFO] [stdout]    |
[INFO] [stdout] 34 |     let mut path = get_path_for_tmp_files().join("highlevel");
[INFO] [stdout]    |                    ^^^^^^^^^^^^^^^^^^^^^^ not found in this scope
[INFO] [stdout] 
[INFO] [stdout] 
[INFO] [stdout] error: aborting due to 1 previous error
[INFO] [stdout] 
[INFO] [stdout] 
[INFO] [stdout] For more information about this error, try `rustc --explain E0599`.
[INFO] [stdout] 
[INFO] [stderr] error: could not compile `openssh-sftp-client` (example "openssh") due to 2 previous errors
[INFO] [stderr] warning: build failed, waiting for other jobs to finish...
[INFO] [stdout] error[E0599]: no method named `max_write_len` found for struct `openssh_sftp_client::SftpOptions` in the current scope
[INFO] [stdout]    --> tests/highlevel.rs:113:10
[INFO] [stdout]     |
[INFO] [stdout] 112 | /     SftpOptions::new()
[INFO] [stdout] 113 | |         .max_write_len(max_rw_len)
[INFO] [stdout]     | |         -^^^^^^^^^^^^^ method not found in `SftpOptions`
[INFO] [stdout]     | |_________|
[INFO] [stdout]     | 
[INFO] [stdout] 
[INFO] [stdout] 
[INFO] [stdout] error[E0599]: no function or associated item named `from_session` found for struct `openssh_sftp_client::Sftp` in the current scope
[INFO] [stdout]    --> tests/highlevel.rs:636:26
[INFO] [stdout]     |
[INFO] [stdout] 636 |         let sftp = Sftp::from_session(session, Default::default())
[INFO] [stdout]     |                          ^^^^^^^^^^^^ function or associated item not found in `Sftp`
[INFO] [stdout] 
[INFO] [stdout] 
[INFO] [stdout] warning: unused import: `AsyncWriteExt`
[INFO] [stdout]   --> tests/highlevel.rs:22:38
[INFO] [stdout]    |
[INFO] [stdout] 22 |     io::{AsyncReadExt, AsyncSeekExt, AsyncWriteExt},
[INFO] [stdout]    |                                      ^^^^^^^^^^^^^
[INFO] [stdout]    |
[INFO] [stdout]    = note: `#[warn(unused_imports)]` on by default
[INFO] [stdout] 
[INFO] [stdout] 
[INFO] [stdout] warning: unused import: `AsyncReadExt`
[INFO] [stdout]   --> tests/highlevel.rs:22:10
[INFO] [stdout]    |
[INFO] [stdout] 22 |     io::{AsyncReadExt, AsyncSeekExt, AsyncWriteExt},
[INFO] [stdout]    |          ^^^^^^^^^^^^
[INFO] [stdout] 
[INFO] [stdout] 
[INFO] [stdout] warning: unused import: `futures_util::StreamExt`
[INFO] [stdout]   --> tests/highlevel.rs:16:5
[INFO] [stdout]    |
[INFO] [stdout] 16 | use futures_util::StreamExt;
[INFO] [stdout]    |     ^^^^^^^^^^^^^^^^^^^^^^^
[INFO] [stdout] 
[INFO] [stdout] 
[INFO] [stdout] warning: unused import: `AsyncSeekExt`
[INFO] [stdout]   --> tests/highlevel.rs:22:24
[INFO] [stdout]    |
[INFO] [stdout] 22 |     io::{AsyncReadExt, AsyncSeekExt, AsyncWriteExt},
[INFO] [stdout]    |                        ^^^^^^^^^^^^
[INFO] [stdout] 
[INFO] [stdout] 
[INFO] [stdout] error: aborting due to 6 previous errors; 4 warnings emitted
[INFO] [stdout] 
[INFO] [stdout] 
[INFO] [stdout] Some errors have detailed explanations: E0425, E0432, E0433, E0599.
[INFO] [stdout] 
[INFO] [stdout] For more information about an error, try `rustc --explain E0425`.
[INFO] [stdout] 
[INFO] [stderr] error: could not compile `openssh-sftp-client` (test "highlevel") due to 7 previous errors; 4 warnings emitted
[INFO] running `Command { std: "docker" "inspect" "986d5a325385801f3bfcf4882e2e49f7b63b75048aae6055ffd163f283a6750f", kill_on_drop: false }`
[INFO] running `Command { std: "docker" "rm" "-f" "986d5a325385801f3bfcf4882e2e49f7b63b75048aae6055ffd163f283a6750f", kill_on_drop: false }`
[INFO] [stdout] 986d5a325385801f3bfcf4882e2e49f7b63b75048aae6055ffd163f283a6750f
