[INFO] fetching crate openssh-sftp-client-lowlevel 0.6.0...
[INFO] testing openssh-sftp-client-lowlevel-0.6.0 against 1.75.0 for beta-1.76-1
[INFO] extracting crate openssh-sftp-client-lowlevel 0.6.0 into /workspace/builds/worker-5-tc1/source
[INFO] validating manifest of crates.io crate openssh-sftp-client-lowlevel 0.6.0 on toolchain 1.75.0
[INFO] running `Command { std: CARGO_HOME="/workspace/cargo-home" RUSTUP_HOME="/workspace/rustup-home" "/workspace/cargo-home/bin/cargo" "+1.75.0" "metadata" "--manifest-path" "Cargo.toml" "--no-deps", kill_on_drop: false }`
[INFO] started tweaking crates.io crate openssh-sftp-client-lowlevel 0.6.0
[INFO] finished tweaking crates.io crate openssh-sftp-client-lowlevel 0.6.0
[INFO] tweaked toml for crates.io crate openssh-sftp-client-lowlevel 0.6.0 written to /workspace/builds/worker-5-tc1/source/Cargo.toml
[INFO] running `Command { std: CARGO_HOME="/workspace/cargo-home" RUSTUP_HOME="/workspace/rustup-home" "/workspace/cargo-home/bin/cargo" "+1.75.0" "generate-lockfile" "--manifest-path" "Cargo.toml", kill_on_drop: false }`
[INFO] [stderr]     Updating crates.io index
[INFO] running `Command { std: CARGO_HOME="/workspace/cargo-home" RUSTUP_HOME="/workspace/rustup-home" "/workspace/cargo-home/bin/cargo" "+1.75.0" "fetch" "--manifest-path" "Cargo.toml", kill_on_drop: false }`
[INFO] [stderr]  Downloading crates ...
[INFO] [stderr]   Downloaded ssh_format v0.14.1
[INFO] [stderr]   Downloaded tokio-io-utility v0.7.6
[INFO] [stderr]   Downloaded awaitable v0.4.0
[INFO] [stderr]   Downloaded derive_destructure2 v0.1.2
[INFO] [stderr]   Downloaded openssh-sftp-error v0.4.0
[INFO] [stderr]   Downloaded openssh-sftp-protocol-error v0.1.0
[INFO] [stderr]   Downloaded openssh-sftp-protocol v0.24.0
[INFO] [stderr]   Downloaded vec-strings v0.4.8
[INFO] [stderr]   Downloaded concurrent_arena v0.1.8
[INFO] [stderr]   Downloaded ssh_format_error v0.1.0
[INFO] [stderr]   Downloaded awaitable-error v0.1.0
[INFO] running `Command { std: "docker" "create" "-v" "/var/lib/crater-agent-workspace/builds/worker-5-tc1/target:/opt/rustwide/target:rw,Z" "-v" "/var/lib/crater-agent-workspace/builds/worker-5-tc1/source:/opt/rustwide/workdir:ro,Z" "-v" "/var/lib/crater-agent-workspace/cargo-home:/opt/rustwide/cargo-home:ro,Z" "-v" "/var/lib/crater-agent-workspace/rustup-home:/opt/rustwide/rustup-home:ro,Z" "-e" "SOURCE_DIR=/opt/rustwide/workdir" "-e" "CARGO_TARGET_DIR=/opt/rustwide/target" "-e" "CARGO_HOME=/opt/rustwide/cargo-home" "-e" "RUSTUP_HOME=/opt/rustwide/rustup-home" "-w" "/opt/rustwide/workdir" "-m" "1610612736" "--user" "0:0" "--network" "none" "ghcr.io/rust-lang/crates-build-env/linux@sha256:2788e3201cd34a07e3172128adcd8b3090168a8e3bcc40d7c032b9dda1df7d1c" "/opt/rustwide/cargo-home/bin/cargo" "+1.75.0" "metadata" "--no-deps" "--format-version=1", kill_on_drop: false }`
[INFO] [stdout] be3dacd5eeea0e070f2b3b0696e51092bde65493239e96e6b1818d4999d70e1a
[INFO] running `Command { std: "docker" "start" "-a" "be3dacd5eeea0e070f2b3b0696e51092bde65493239e96e6b1818d4999d70e1a", kill_on_drop: false }`
[INFO] running `Command { std: "docker" "inspect" "be3dacd5eeea0e070f2b3b0696e51092bde65493239e96e6b1818d4999d70e1a", kill_on_drop: false }`
[INFO] running `Command { std: "docker" "rm" "-f" "be3dacd5eeea0e070f2b3b0696e51092bde65493239e96e6b1818d4999d70e1a", kill_on_drop: false }`
[INFO] [stdout] be3dacd5eeea0e070f2b3b0696e51092bde65493239e96e6b1818d4999d70e1a
[INFO] running `Command { std: "docker" "create" "-v" "/var/lib/crater-agent-workspace/builds/worker-5-tc1/target:/opt/rustwide/target:rw,Z" "-v" "/var/lib/crater-agent-workspace/builds/worker-5-tc1/source:/opt/rustwide/workdir:ro,Z" "-v" "/var/lib/crater-agent-workspace/cargo-home:/opt/rustwide/cargo-home:ro,Z" "-v" "/var/lib/crater-agent-workspace/rustup-home:/opt/rustwide/rustup-home:ro,Z" "-e" "SOURCE_DIR=/opt/rustwide/workdir" "-e" "CARGO_TARGET_DIR=/opt/rustwide/target" "-e" "CARGO_INCREMENTAL=0" "-e" "RUST_BACKTRACE=full" "-e" "RUSTFLAGS=--cap-lints=warn" "-e" "RUSTDOCFLAGS=--cap-lints=warn" "-e" "CARGO_HOME=/opt/rustwide/cargo-home" "-e" "RUSTUP_HOME=/opt/rustwide/rustup-home" "-w" "/opt/rustwide/workdir" "-m" "1610612736" "--user" "0:0" "--network" "none" "ghcr.io/rust-lang/crates-build-env/linux@sha256:2788e3201cd34a07e3172128adcd8b3090168a8e3bcc40d7c032b9dda1df7d1c" "/opt/rustwide/cargo-home/bin/cargo" "+1.75.0" "build" "--frozen" "--message-format=json", kill_on_drop: false }`
[INFO] [stdout] 06c7a261be96a9e1975a1cf1f7aa3846cb66bd0e32d622abd0187f55c1983b3e
[INFO] running `Command { std: "docker" "start" "-a" "06c7a261be96a9e1975a1cf1f7aa3846cb66bd0e32d622abd0187f55c1983b3e", kill_on_drop: false }`
[INFO] [stderr]    Compiling syn v1.0.109
[INFO] [stderr]    Compiling thin-vec v0.2.13
[INFO] [stderr]    Compiling syn v2.0.48
[INFO] [stderr]    Compiling awaitable-error v0.1.0
[INFO] [stderr]    Compiling tokio v1.35.1
[INFO] [stderr]    Compiling arc-swap v1.6.0
[INFO] [stderr]    Compiling stable_deref_trait v1.2.0
[INFO] [stderr]    Compiling bitflags v2.4.1
[INFO] [stderr]    Compiling awaitable v0.4.0
[INFO] [stderr]    Compiling num-derive v0.3.3
[INFO] [stderr]    Compiling tokio-io-utility v0.7.6
[INFO] [stderr]    Compiling serde_derive v1.0.194
[INFO] [stderr]    Compiling thiserror-impl v1.0.56
[INFO] [stderr]    Compiling pin-project-internal v1.1.3
[INFO] [stderr]    Compiling derive_destructure2 v0.1.2
[INFO] [stderr]    Compiling pin-project v1.1.3
[INFO] [stderr]    Compiling thiserror v1.0.56
[INFO] [stderr]    Compiling serde v1.0.194
[INFO] [stderr]    Compiling ssh_format_error v0.1.0
[INFO] [stderr]    Compiling vec-strings v0.4.8
[INFO] [stderr]    Compiling triomphe v0.1.11
[INFO] [stderr]    Compiling ssh_format v0.14.1
[INFO] [stderr]    Compiling openssh-sftp-protocol-error v0.1.0
[INFO] [stderr]    Compiling openssh-sftp-error v0.4.0
[INFO] [stderr]    Compiling openssh-sftp-protocol v0.24.0
[INFO] [stderr]    Compiling concurrent_arena v0.1.8
[INFO] [stderr]    Compiling openssh-sftp-client-lowlevel v0.6.0 (/opt/rustwide/workdir)
[INFO] [stderr]     Finished dev [unoptimized + debuginfo] target(s) in 14.07s
[INFO] running `Command { std: "docker" "inspect" "06c7a261be96a9e1975a1cf1f7aa3846cb66bd0e32d622abd0187f55c1983b3e", kill_on_drop: false }`
[INFO] running `Command { std: "docker" "rm" "-f" "06c7a261be96a9e1975a1cf1f7aa3846cb66bd0e32d622abd0187f55c1983b3e", kill_on_drop: false }`
[INFO] [stdout] 06c7a261be96a9e1975a1cf1f7aa3846cb66bd0e32d622abd0187f55c1983b3e
[INFO] running `Command { std: "docker" "create" "-v" "/var/lib/crater-agent-workspace/builds/worker-5-tc1/target:/opt/rustwide/target:rw,Z" "-v" "/var/lib/crater-agent-workspace/builds/worker-5-tc1/source:/opt/rustwide/workdir:ro,Z" "-v" "/var/lib/crater-agent-workspace/cargo-home:/opt/rustwide/cargo-home:ro,Z" "-v" "/var/lib/crater-agent-workspace/rustup-home:/opt/rustwide/rustup-home:ro,Z" "-e" "SOURCE_DIR=/opt/rustwide/workdir" "-e" "CARGO_TARGET_DIR=/opt/rustwide/target" "-e" "CARGO_INCREMENTAL=0" "-e" "RUST_BACKTRACE=full" "-e" "RUSTFLAGS=--cap-lints=warn" "-e" "RUSTDOCFLAGS=--cap-lints=warn" "-e" "CARGO_HOME=/opt/rustwide/cargo-home" "-e" "RUSTUP_HOME=/opt/rustwide/rustup-home" "-w" "/opt/rustwide/workdir" "-m" "1610612736" "--user" "0:0" "--network" "none" "ghcr.io/rust-lang/crates-build-env/linux@sha256:2788e3201cd34a07e3172128adcd8b3090168a8e3bcc40d7c032b9dda1df7d1c" "/opt/rustwide/cargo-home/bin/cargo" "+1.75.0" "test" "--frozen" "--no-run" "--message-format=json", kill_on_drop: false }`
[INFO] [stdout] fc5cc6f4c84069a2c7dbeeb93eebea8c89c9f9d8723b36a070ac63df524cdd88
[INFO] running `Command { std: "docker" "start" "-a" "fc5cc6f4c84069a2c7dbeeb93eebea8c89c9f9d8723b36a070ac63df524cdd88", kill_on_drop: false }`
[INFO] [stderr]    Compiling tokio-macros v2.2.0
[INFO] [stderr]    Compiling rustix v0.38.28
[INFO] [stderr]    Compiling linux-raw-sys v0.4.12
[INFO] [stderr]    Compiling openssh-sftp-protocol v0.24.0
[INFO] [stderr]    Compiling fastrand v2.0.1
[INFO] [stderr]    Compiling tokio v1.35.1
[INFO] [stderr]    Compiling tempfile v3.9.0
[INFO] [stderr]    Compiling tokio-io-utility v0.7.6
[INFO] [stderr]    Compiling openssh-sftp-error v0.4.0
[INFO] [stderr]    Compiling openssh-sftp-client-lowlevel v0.6.0 (/opt/rustwide/workdir)
[INFO] [stdout] error[E0432]: unresolved import `sftp_test_common`
[INFO] [stdout]  --> tests/lowlevel.rs:9:5
[INFO] [stdout]   |
[INFO] [stdout] 9 | use sftp_test_common::*;
[INFO] [stdout]   |     ^^^^^^^^^^^^^^^^ use of undeclared crate or module `sftp_test_common`
[INFO] [stdout] 
[INFO] [stdout] 
[INFO] [stdout] error[E0412]: cannot find type `PipeWrite` in this scope
[INFO] [stdout]   --> tests/lowlevel.rs:19:62
[INFO] [stdout]    |
[INFO] [stdout] 19 | type WriteEnd = lowlevel::WriteEnd<Vec<u8>, MpscQueue, Mutex<PipeWrite>>;
[INFO] [stdout]    |                                                              ^^^^^^^^^ not found in this scope
[INFO] [stdout]    |
[INFO] [stdout] help: you might be missing a type parameter
[INFO] [stdout]    |
[INFO] [stdout] 19 | type WriteEnd<PipeWrite> = lowlevel::WriteEnd<Vec<u8>, MpscQueue, Mutex<PipeWrite>>;
[INFO] [stdout]    |              +++++++++++
[INFO] [stdout] 
[INFO] [stdout] 
[INFO] [stdout] error[E0412]: cannot find type `PipeRead` in this scope
[INFO] [stdout]   --> tests/lowlevel.rs:20:34
[INFO] [stdout]    |
[INFO] [stdout] 20 | type ReadEnd = lowlevel::ReadEnd<PipeRead, Vec<u8>, MpscQueue, Mutex<PipeWrite>>;
[INFO] [stdout]    |                                  ^^^^^^^^ not found in this scope
[INFO] [stdout]    |
[INFO] [stdout] help: you might be missing a type parameter
[INFO] [stdout]    |
[INFO] [stdout] 20 | type ReadEnd<PipeRead> = lowlevel::ReadEnd<PipeRead, Vec<u8>, MpscQueue, Mutex<PipeWrite>>;
[INFO] [stdout]    |             ++++++++++
[INFO] [stdout] 
[INFO] [stdout] 
[INFO] [stdout] error[E0412]: cannot find type `PipeWrite` in this scope
[INFO] [stdout]   --> tests/lowlevel.rs:20:70
[INFO] [stdout]    |
[INFO] [stdout] 20 | type ReadEnd = lowlevel::ReadEnd<PipeRead, Vec<u8>, MpscQueue, Mutex<PipeWrite>>;
[INFO] [stdout]    |                                                                      ^^^^^^^^^ not found in this scope
[INFO] [stdout]    |
[INFO] [stdout] help: you might be missing a type parameter
[INFO] [stdout]    |
[INFO] [stdout] 20 | type ReadEnd<PipeWrite> = lowlevel::ReadEnd<PipeRead, Vec<u8>, MpscQueue, Mutex<PipeWrite>>;
[INFO] [stdout]    |             +++++++++++
[INFO] [stdout] 
[INFO] [stdout] 
[INFO] [stdout] error[E0433]: failed to resolve: use of undeclared crate or module `process`
[INFO] [stdout]   --> tests/lowlevel.rs:38:59
[INFO] [stdout]    |
[INFO] [stdout] 38 | async fn connect_with_extensions() -> (WriteEnd, ReadEnd, process::Child, Extensions) {
[INFO] [stdout]    |                                                           ^^^^^^^ use of undeclared crate or module `process`
[INFO] [stdout]    |
[INFO] [stdout] help: consider importing this module
[INFO] [stdout]    |
[INFO] [stdout] 1  + use std::process;
[INFO] [stdout]    |
[INFO] [stdout] 
[INFO] [stdout] 
[INFO] [stdout] error[E0433]: failed to resolve: use of undeclared crate or module `process`
[INFO] [stdout]   --> tests/lowlevel.rs:52:43
[INFO] [stdout]    |
[INFO] [stdout] 52 | async fn connect() -> (WriteEnd, ReadEnd, process::Child) {
[INFO] [stdout]    |                                           ^^^^^^^ use of undeclared crate or module `process`
[INFO] [stdout]    |
[INFO] [stdout] help: consider importing this module
[INFO] [stdout]    |
[INFO] [stdout] 1  + use std::process;
[INFO] [stdout]    |
[INFO] [stdout] 
[INFO] [stdout] 
[INFO] [stdout] error[E0425]: cannot find function `launch_sftp` in this scope
[INFO] [stdout]   --> tests/lowlevel.rs:39:34
[INFO] [stdout]    |
[INFO] [stdout] 39 |     let (child, stdin, stdout) = launch_sftp().await;
[INFO] [stdout]    |                                  ^^^^^^^^^^^ not found in this scope
[INFO] [stdout] 
[INFO] [stdout] 
[INFO] [stdout] error[E0425]: cannot find function `get_path_for_tmp_files` in this scope
[INFO] [stdout]   --> tests/lowlevel.rs:64:16
[INFO] [stdout]    |
[INFO] [stdout] 64 |     let path = get_path_for_tmp_files();
[INFO] [stdout]    |                ^^^^^^^^^^^^^^^^^^^^^^ not found in this scope
[INFO] [stdout] 
[INFO] [stdout] 
[INFO] [stdout] error[E0282]: type annotations needed
[INFO] [stdout]    --> tests/lowlevel.rs:229:22
[INFO] [stdout]     |
[INFO] [stdout] 229 |     test_write_impl(|write_end, id, handle, msg| {
[INFO] [stdout]     |                      ^^^^^^^^^
[INFO] [stdout] 230 |         write_end
[INFO] [stdout]     |         --------- type must be known at this point
[INFO] [stdout]     |
[INFO] [stdout] help: consider giving this closure parameter an explicit type
[INFO] [stdout]     |
[INFO] [stdout] 229 |     test_write_impl(|write_end: /* Type */, id, handle, msg| {
[INFO] [stdout]     |                               ++++++++++++
[INFO] [stdout] 
[INFO] [stdout] 
[INFO] [stdout] error[E0282]: type annotations needed
[INFO] [stdout]    --> tests/lowlevel.rs:239:22
[INFO] [stdout]     |
[INFO] [stdout] 239 |     test_write_impl(|write_end, id, handle, msg| {
[INFO] [stdout]     |                      ^^^^^^^^^
[INFO] [stdout] 240 |         write_end
[INFO] [stdout]     |         --------- type must be known at this point
[INFO] [stdout]     |
[INFO] [stdout] help: consider giving this closure parameter an explicit type
[INFO] [stdout]     |
[INFO] [stdout] 239 |     test_write_impl(|write_end: /* Type */, id, handle, msg| {
[INFO] [stdout]     |                               ++++++++++++
[INFO] [stdout] 
[INFO] [stdout] 
[INFO] [stdout] error[E0282]: type annotations needed
[INFO] [stdout]    --> tests/lowlevel.rs:254:22
[INFO] [stdout]     |
[INFO] [stdout] 254 |     test_write_impl(|write_end, id, handle, msg| {
[INFO] [stdout]     |                      ^^^^^^^^^
[INFO] [stdout] 255 |         write_end
[INFO] [stdout]     |         --------- type must be known at this point
[INFO] [stdout]     |
[INFO] [stdout] help: consider giving this closure parameter an explicit type
[INFO] [stdout]     |
[INFO] [stdout] 254 |     test_write_impl(|write_end: /* Type */, id, handle, msg| {
[INFO] [stdout]     |                               ++++++++++++
[INFO] [stdout] 
[INFO] [stdout] 
[INFO] [stdout] error[E0282]: type annotations needed
[INFO] [stdout]    --> tests/lowlevel.rs:272:22
[INFO] [stdout]     |
[INFO] [stdout] 272 |     test_write_impl(|write_end, id, handle, msg| {
[INFO] [stdout]     |                      ^^^^^^^^^
[INFO] [stdout] 273 |         write_end
[INFO] [stdout]     |         --------- type must be known at this point
[INFO] [stdout]     |
[INFO] [stdout] help: consider giving this closure parameter an explicit type
[INFO] [stdout]     |
[INFO] [stdout] 272 |     test_write_impl(|write_end: /* Type */, id, handle, msg| {
[INFO] [stdout]     |                               ++++++++++++
[INFO] [stdout] 
[INFO] [stdout] 
[INFO] [stdout] error[E0282]: type annotations needed
[INFO] [stdout]    --> tests/lowlevel.rs:290:22
[INFO] [stdout]     |
[INFO] [stdout] 290 |     test_write_impl(|write_end, id, handle, msg| {
[INFO] [stdout]     |                      ^^^^^^^^^
[INFO] [stdout] 291 |         write_end
[INFO] [stdout]     |         --------- type must be known at this point
[INFO] [stdout]     |
[INFO] [stdout] help: consider giving this closure parameter an explicit type
[INFO] [stdout]     |
[INFO] [stdout] 290 |     test_write_impl(|write_end: /* Type */, id, handle, msg| {
[INFO] [stdout]     |                               ++++++++++++
[INFO] [stdout] 
[INFO] [stdout] 
[INFO] [stdout] warning: unused import: `io::AsyncWriteExt`
[INFO] [stdout]   --> tests/lowlevel.rs:13:13
[INFO] [stdout]    |
[INFO] [stdout] 13 | use tokio::{io::AsyncWriteExt, sync::Mutex};
[INFO] [stdout]    |             ^^^^^^^^^^^^^^^^^
[INFO] [stdout]    |
[INFO] [stdout]    = note: `#[warn(unused_imports)]` on by default
[INFO] [stdout] 
[INFO] [stdout] 
[INFO] [stdout] error: aborting due to 13 previous errors; 1 warning emitted
[INFO] [stdout] 
[INFO] [stdout] 
[INFO] [stdout] Some errors have detailed explanations: E0282, E0412, E0425, E0432, E0433.
[INFO] [stdout] 
[INFO] [stdout] For more information about an error, try `rustc --explain E0282`.
[INFO] [stdout] 
[INFO] [stderr] error: could not compile `openssh-sftp-client-lowlevel` (test "lowlevel") due to 14 previous errors; 1 warning emitted
[INFO] [stderr] warning: build failed, waiting for other jobs to finish...
[INFO] running `Command { std: "docker" "inspect" "fc5cc6f4c84069a2c7dbeeb93eebea8c89c9f9d8723b36a070ac63df524cdd88", kill_on_drop: false }`
[INFO] running `Command { std: "docker" "rm" "-f" "fc5cc6f4c84069a2c7dbeeb93eebea8c89c9f9d8723b36a070ac63df524cdd88", kill_on_drop: false }`
[INFO] [stdout] fc5cc6f4c84069a2c7dbeeb93eebea8c89c9f9d8723b36a070ac63df524cdd88
