[INFO] fetching crate opensrdk-probability 0.8.9...
[INFO] testing opensrdk-probability-0.8.9 against 1.75.0 for beta-1.76-1
[INFO] extracting crate opensrdk-probability 0.8.9 into /workspace/builds/worker-5-tc1/source
[INFO] validating manifest of crates.io crate opensrdk-probability 0.8.9 on toolchain 1.75.0
[INFO] running `Command { std: CARGO_HOME="/workspace/cargo-home" RUSTUP_HOME="/workspace/rustup-home" "/workspace/cargo-home/bin/cargo" "+1.75.0" "metadata" "--manifest-path" "Cargo.toml" "--no-deps", kill_on_drop: false }`
[INFO] started tweaking crates.io crate opensrdk-probability 0.8.9
[INFO] finished tweaking crates.io crate opensrdk-probability 0.8.9
[INFO] tweaked toml for crates.io crate opensrdk-probability 0.8.9 written to /workspace/builds/worker-5-tc1/source/Cargo.toml
[INFO] running `Command { std: CARGO_HOME="/workspace/cargo-home" RUSTUP_HOME="/workspace/rustup-home" "/workspace/cargo-home/bin/cargo" "+1.75.0" "generate-lockfile" "--manifest-path" "Cargo.toml", kill_on_drop: false }`
[INFO] [stderr]     Blocking waiting for file lock on package cache
[INFO] [stderr]     Updating crates.io index
[INFO] running `Command { std: CARGO_HOME="/workspace/cargo-home" RUSTUP_HOME="/workspace/rustup-home" "/workspace/cargo-home/bin/cargo" "+1.75.0" "fetch" "--manifest-path" "Cargo.toml", kill_on_drop: false }`
[INFO] [stderr]     Blocking waiting for file lock on package cache
[INFO] [stderr]  Downloading crates ...
[INFO] [stderr]   Downloaded pathfinder_simd v0.5.2
[INFO] [stderr]   Downloaded plotters-bitmap v0.3.3
[INFO] [stderr]   Downloaded special v0.8.1
[INFO] [stderr]   Downloaded opensrdk-kernel-method v0.2.5
[INFO] [stderr]   Downloaded opensrdk-linear-algebra v0.9.3
[INFO] [stderr]   Downloaded opensrdk-symbolic-computation v0.2.0
[INFO] [stderr]   Downloaded opensrdk-linear-algebra v0.8.9
[INFO] running `Command { std: "docker" "create" "-v" "/var/lib/crater-agent-workspace/builds/worker-5-tc1/target:/opt/rustwide/target:rw,Z" "-v" "/var/lib/crater-agent-workspace/builds/worker-5-tc1/source:/opt/rustwide/workdir:ro,Z" "-v" "/var/lib/crater-agent-workspace/cargo-home:/opt/rustwide/cargo-home:ro,Z" "-v" "/var/lib/crater-agent-workspace/rustup-home:/opt/rustwide/rustup-home:ro,Z" "-e" "SOURCE_DIR=/opt/rustwide/workdir" "-e" "CARGO_TARGET_DIR=/opt/rustwide/target" "-e" "CARGO_HOME=/opt/rustwide/cargo-home" "-e" "RUSTUP_HOME=/opt/rustwide/rustup-home" "-w" "/opt/rustwide/workdir" "-m" "1610612736" "--user" "0:0" "--network" "none" "ghcr.io/rust-lang/crates-build-env/linux@sha256:2788e3201cd34a07e3172128adcd8b3090168a8e3bcc40d7c032b9dda1df7d1c" "/opt/rustwide/cargo-home/bin/cargo" "+1.75.0" "metadata" "--no-deps" "--format-version=1", kill_on_drop: false }`
[INFO] [stdout] ef3083e3d80afe017aa82d6c1a10b5dc276c6dab5f187bc43e9d7e5943bc6911
[INFO] running `Command { std: "docker" "start" "-a" "ef3083e3d80afe017aa82d6c1a10b5dc276c6dab5f187bc43e9d7e5943bc6911", kill_on_drop: false }`
[INFO] running `Command { std: "docker" "inspect" "ef3083e3d80afe017aa82d6c1a10b5dc276c6dab5f187bc43e9d7e5943bc6911", kill_on_drop: false }`
[INFO] running `Command { std: "docker" "rm" "-f" "ef3083e3d80afe017aa82d6c1a10b5dc276c6dab5f187bc43e9d7e5943bc6911", kill_on_drop: false }`
[INFO] [stdout] ef3083e3d80afe017aa82d6c1a10b5dc276c6dab5f187bc43e9d7e5943bc6911
[INFO] running `Command { std: "docker" "create" "-v" "/var/lib/crater-agent-workspace/builds/worker-5-tc1/target:/opt/rustwide/target:rw,Z" "-v" "/var/lib/crater-agent-workspace/builds/worker-5-tc1/source:/opt/rustwide/workdir:ro,Z" "-v" "/var/lib/crater-agent-workspace/cargo-home:/opt/rustwide/cargo-home:ro,Z" "-v" "/var/lib/crater-agent-workspace/rustup-home:/opt/rustwide/rustup-home:ro,Z" "-e" "SOURCE_DIR=/opt/rustwide/workdir" "-e" "CARGO_TARGET_DIR=/opt/rustwide/target" "-e" "CARGO_INCREMENTAL=0" "-e" "RUST_BACKTRACE=full" "-e" "RUSTFLAGS=--cap-lints=warn" "-e" "RUSTDOCFLAGS=--cap-lints=warn" "-e" "CARGO_HOME=/opt/rustwide/cargo-home" "-e" "RUSTUP_HOME=/opt/rustwide/rustup-home" "-w" "/opt/rustwide/workdir" "-m" "1610612736" "--user" "0:0" "--network" "none" "ghcr.io/rust-lang/crates-build-env/linux@sha256:2788e3201cd34a07e3172128adcd8b3090168a8e3bcc40d7c032b9dda1df7d1c" "/opt/rustwide/cargo-home/bin/cargo" "+1.75.0" "build" "--frozen" "--message-format=json", kill_on_drop: false }`
[INFO] [stdout] 7a6740ffc199e2cead5fd93e0f9c5f20829362b04b96ed0ea3ebe517ded4df01
[INFO] running `Command { std: "docker" "start" "-a" "7a6740ffc199e2cead5fd93e0f9c5f20829362b04b96ed0ea3ebe517ded4df01", kill_on_drop: false }`
[INFO] [stderr]    Compiling libc v0.2.151
[INFO] [stderr]    Compiling libm v0.2.8
[INFO] [stderr]    Compiling num-traits v0.2.17
[INFO] [stderr]    Compiling num-integer v0.1.45
[INFO] [stderr]    Compiling ppv-lite86 v0.2.17
[INFO] [stderr]    Compiling strength_reduce v0.2.4
[INFO] [stderr]    Compiling either v1.9.0
[INFO] [stderr]    Compiling syn v2.0.48
[INFO] [stderr]    Compiling rayon v1.8.0
[INFO] [stderr]    Compiling num-complex v0.3.1
[INFO] [stderr]    Compiling getrandom v0.2.11
[INFO] [stderr]    Compiling blas-sys v0.7.1
[INFO] [stderr]    Compiling lapack-sys v0.12.1
[INFO] [stderr]    Compiling special v0.8.1
[INFO] [stderr]    Compiling rand_core v0.6.4
[INFO] [stderr]    Compiling rand_chacha v0.3.1
[INFO] [stderr]    Compiling transpose v0.2.2
[INFO] [stderr]    Compiling primal-check v0.3.3
[INFO] [stderr]    Compiling blas v0.21.0
[INFO] [stderr]    Compiling rustfft v5.1.1
[INFO] [stderr]    Compiling lapack v0.17.0
[INFO] [stderr]    Compiling rand v0.8.5
[INFO] [stderr]    Compiling rand_distr v0.4.3
[INFO] [stderr]    Compiling serde_derive v1.0.194
[INFO] [stderr]    Compiling thiserror-impl v1.0.56
[INFO] [stderr]    Compiling thiserror v1.0.56
[INFO] [stderr]    Compiling serde v1.0.194
[INFO] [stderr]    Compiling opensrdk-linear-algebra v0.9.3
[INFO] [stderr]    Compiling opensrdk-linear-algebra v0.8.9
[INFO] [stderr]    Compiling opensrdk-symbolic-computation v0.2.0
[INFO] [stderr]    Compiling opensrdk-kernel-method v0.2.5
[INFO] [stderr]    Compiling opensrdk-probability v0.8.9 (/opt/rustwide/workdir)
[INFO] [stdout] error[E0405]: cannot find trait `ValueDifferentiableKernel` in this scope
[INFO] [stdout]   --> src/variational/stein.rs:16:43
[INFO] [stdout]    |
[INFO] [stdout] 16 |     K: PositiveDefiniteKernel<Vec<f64>> + ValueDifferentiableKernel<Vec<f64>>,
[INFO] [stdout]    |                                           ^^^^^^^^^^^^^^^^^^^^^^^^^ not found in this scope
[INFO] [stdout] 
[INFO] [stdout] 
[INFO] [stdout] error[E0405]: cannot find trait `ValueDifferentiableKernel` in this scope
[INFO] [stdout]   --> src/variational/stein.rs:32:43
[INFO] [stdout]    |
[INFO] [stdout] 32 |     K: PositiveDefiniteKernel<Vec<f64>> + ValueDifferentiableKernel<Vec<f64>>,
[INFO] [stdout]    |                                           ^^^^^^^^^^^^^^^^^^^^^^^^^ not found in this scope
[INFO] [stdout] 
[INFO] [stdout] 
[INFO] [stdout] warning: ambiguous glob re-exports
[INFO] [stdout]  --> src/continuous/elliptical/mod.rs:6:9
[INFO] [stdout]   |
[INFO] [stdout] 6 | pub use cauchy::*;
[INFO] [stdout]   |         ^^^^^^^^^ the name `multivariate` in the type namespace is first re-exported here
[INFO] [stdout] ...
[INFO] [stdout] 9 | pub use student_t::*;
[INFO] [stdout]   |         ------------ but the name `multivariate` in the type namespace is also re-exported here
[INFO] [stdout]   |
[INFO] [stdout]   = note: `#[warn(ambiguous_glob_reexports)]` on by default
[INFO] [stdout] 
[INFO] [stdout] 
[INFO] [stdout] warning: ambiguous glob re-exports
[INFO] [stdout]  --> src/continuous/elliptical/mod.rs:6:9
[INFO] [stdout]   |
[INFO] [stdout] 6 | pub use cauchy::*;
[INFO] [stdout]   |         ^^^^^^^^^ the name `univariate` in the type namespace is first re-exported here
[INFO] [stdout] ...
[INFO] [stdout] 9 | pub use student_t::*;
[INFO] [stdout]   |         ------------ but the name `univariate` in the type namespace is also re-exported here
[INFO] [stdout] 
[INFO] [stdout] 
[INFO] [stdout] warning: ambiguous glob re-exports
[INFO] [stdout]  --> src/continuous/elliptical/mod.rs:6:9
[INFO] [stdout]   |
[INFO] [stdout] 6 | pub use cauchy::*;
[INFO] [stdout]   |         ^^^^^^^^^ the name `multivariate_params` in the type namespace is first re-exported here
[INFO] [stdout] 7 | pub use normal::*;
[INFO] [stdout]   |         --------- but the name `multivariate_params` in the type namespace is also re-exported here
[INFO] [stdout] 
[INFO] [stdout] 
[INFO] [stdout] warning: ambiguous glob re-exports
[INFO] [stdout]  --> src/continuous/elliptical/mod.rs:6:9
[INFO] [stdout]   |
[INFO] [stdout] 6 | pub use cauchy::*;
[INFO] [stdout]   |         ^^^^^^^^^ the name `univariate_params` in the type namespace is first re-exported here
[INFO] [stdout] 7 | pub use normal::*;
[INFO] [stdout]   |         --------- but the name `univariate_params` in the type namespace is also re-exported here
[INFO] [stdout] 
[INFO] [stdout] 
[INFO] [stdout] warning: ambiguous glob re-exports
[INFO] [stdout]   --> src/continuous/mod.rs:8:9
[INFO] [stdout]    |
[INFO] [stdout] 8  | pub use beta::*;
[INFO] [stdout]    |         ^^^^^^^ the name `multivariate` in the type namespace is first re-exported here
[INFO] [stdout] ...
[INFO] [stdout] 12 | pub use gamma::*;
[INFO] [stdout]    |         -------- but the name `multivariate` in the type namespace is also re-exported here
[INFO] [stdout] 
[INFO] [stdout] 
[INFO] [stdout] warning: ambiguous glob re-exports
[INFO] [stdout]   --> src/continuous/mod.rs:8:9
[INFO] [stdout]    |
[INFO] [stdout] 8  | pub use beta::*;
[INFO] [stdout]    |         ^^^^^^^ the name `univariate` in the type namespace is first re-exported here
[INFO] [stdout] ...
[INFO] [stdout] 12 | pub use gamma::*;
[INFO] [stdout]    |         -------- but the name `univariate` in the type namespace is also re-exported here
[INFO] [stdout] 
[INFO] [stdout] 
[INFO] [stdout] warning: ambiguous glob re-exports
[INFO] [stdout]   --> src/continuous/mod.rs:9:9
[INFO] [stdout]    |
[INFO] [stdout] 9  | pub use elliptical::*;
[INFO] [stdout]    |         ^^^^^^^^^^^^^ the name `params` in the type namespace is first re-exported here
[INFO] [stdout] ...
[INFO] [stdout] 12 | pub use gamma::*;
[INFO] [stdout]    |         -------- but the name `params` in the type namespace is also re-exported here
[INFO] [stdout] 
[INFO] [stdout] 
[INFO] [stdout] warning: ambiguous glob re-exports
[INFO] [stdout]   --> src/continuous/mod.rs:9:9
[INFO] [stdout]    |
[INFO] [stdout] 9  | pub use elliptical::*;
[INFO] [stdout]    |         ^^^^^^^^^^^^^ the name `univariate_params` in the type namespace is first re-exported here
[INFO] [stdout] ...
[INFO] [stdout] 12 | pub use gamma::*;
[INFO] [stdout]    |         -------- but the name `univariate_params` in the type namespace is also re-exported here
[INFO] [stdout] 
[INFO] [stdout] 
[INFO] [stdout] warning: ambiguous glob re-exports
[INFO] [stdout]  --> src/discrete/integer/mod.rs:4:9
[INFO] [stdout]   |
[INFO] [stdout] 4 | pub use bernoulli::*;
[INFO] [stdout]   |         ^^^^^^^^^^^^ the name `params` in the type namespace is first re-exported here
[INFO] [stdout] 5 | pub use categorical::*;
[INFO] [stdout]   |         -------------- but the name `params` in the type namespace is also re-exported here
[INFO] [stdout] 
[INFO] [stdout] 
[INFO] [stdout] warning: ambiguous glob re-exports
[INFO] [stdout]  --> src/discrete/nomial/mod.rs:4:9
[INFO] [stdout]   |
[INFO] [stdout] 4 | pub use binomial::*;
[INFO] [stdout]   |         ^^^^^^^^^^^ the name `params` in the type namespace is first re-exported here
[INFO] [stdout] 5 | pub use multinomial::*;
[INFO] [stdout]   |         -------------- but the name `params` in the type namespace is also re-exported here
[INFO] [stdout] 
[INFO] [stdout] 
[INFO] [stdout] warning: ambiguous glob re-exports
[INFO] [stdout]   --> src/discrete/mod.rs:7:9
[INFO] [stdout]    |
[INFO] [stdout] 7  | pub use geometric::*;
[INFO] [stdout]    |         ^^^^^^^^^^^^ the name `params` in the type namespace is first re-exported here
[INFO] [stdout] ...
[INFO] [stdout] 10 | pub use poisson::*;
[INFO] [stdout]    |         ---------- but the name `params` in the type namespace is also re-exported here
[INFO] [stdout] 
[INFO] [stdout] 
[INFO] [stdout] warning: unused import: `MatrixError`
[INFO] [stdout]  --> src/distribution/valued/value_differentiable.rs:6:39
[INFO] [stdout]   |
[INFO] [stdout] 6 | use opensrdk_linear_algebra::{Matrix, MatrixError, Vector};
[INFO] [stdout]   |                                       ^^^^^^^^^^^
[INFO] [stdout]   |
[INFO] [stdout]   = note: `#[warn(unused_imports)]` on by default
[INFO] [stdout] 
[INFO] [stdout] 
[INFO] [stdout] warning: unused import: `conditionalize_latent::*`
[INFO] [stdout]   --> src/distribution/mod.rs:22:9
[INFO] [stdout]    |
[INFO] [stdout] 22 | pub use conditionalize_latent::*;
[INFO] [stdout]    |         ^^^^^^^^^^^^^^^^^^^^^^^^
[INFO] [stdout] 
[INFO] [stdout] 
[INFO] [stdout] warning: unused import: `rand::prelude::*`
[INFO] [stdout]   --> src/distribution/mod.rs:43:5
[INFO] [stdout]    |
[INFO] [stdout] 43 | use rand::prelude::*;
[INFO] [stdout]    |     ^^^^^^^^^^^^^^^^
[INFO] [stdout] 
[INFO] [stdout] 
[INFO] [stdout] warning: unused import: `regressor::*`
[INFO] [stdout]  --> src/nonparametric/elliptical_process/exact/mod.rs:4:9
[INFO] [stdout]   |
[INFO] [stdout] 4 | pub use regressor::*;
[INFO] [stdout]   |         ^^^^^^^^^^^^
[INFO] [stdout] 
[INFO] [stdout] 
[INFO] [stdout] warning: unused import: `regressor::*`
[INFO] [stdout]  --> src/nonparametric/elliptical_process/kiss_love/mod.rs:7:9
[INFO] [stdout]   |
[INFO] [stdout] 7 | pub use regressor::*;
[INFO] [stdout]   |         ^^^^^^^^^^^^
[INFO] [stdout] 
[INFO] [stdout] 
[INFO] [stdout] warning: unused import: `regressor::*`
[INFO] [stdout]  --> src/nonparametric/elliptical_process/sparse/mod.rs:4:9
[INFO] [stdout]   |
[INFO] [stdout] 4 | pub use regressor::*;
[INFO] [stdout]   |         ^^^^^^^^^^^^
[INFO] [stdout] 
[INFO] [stdout] 
[INFO] [stdout] warning: unused import: `rand::prelude::*`
[INFO] [stdout]  --> src/nonparametric/point_process/dirichlet_process/pitman_yor_process/gibbs.rs:4:5
[INFO] [stdout]   |
[INFO] [stdout] 4 | use rand::prelude::*;
[INFO] [stdout]   |     ^^^^^^^^^^^^^^^^
[INFO] [stdout] 
[INFO] [stdout] 
[INFO] [stdout] warning: unused import: `Distribution`
[INFO] [stdout]  --> src/nonparametric/point_process/dirichlet_process/pitman_yor_process/gibbs_sampler.rs:4:31
[INFO] [stdout]   |
[INFO] [stdout] 4 | use crate::{nonparametric::*, Distribution};
[INFO] [stdout]   |                               ^^^^^^^^^^^^
[INFO] [stdout] 
[INFO] [stdout] 
[INFO] [stdout] warning: unused import: `rand::prelude::*`
[INFO] [stdout]  --> src/nonparametric/point_process/dirichlet_process/stick_breaking_process.rs:4:5
[INFO] [stdout]   |
[INFO] [stdout] 4 | use rand::prelude::*;
[INFO] [stdout]   |     ^^^^^^^^^^^^^^^^
[INFO] [stdout] 
[INFO] [stdout] 
[INFO] [stdout] warning: unused import: `IntoParallelIterator`
[INFO] [stdout]  --> src/variational/stein.rs:7:19
[INFO] [stdout]   |
[INFO] [stdout] 7 | use rayon::iter::{IntoParallelIterator, ParallelIterator};
[INFO] [stdout]   |                   ^^^^^^^^^^^^^^^^^^^^
[INFO] [stdout] 
[INFO] [stdout] 
[INFO] [stdout] warning: ambiguous glob re-exports
[INFO] [stdout]   --> src/lib.rs:21:9
[INFO] [stdout]    |
[INFO] [stdout] 21 | pub use continuous::*;
[INFO] [stdout]    |         ^^^^^^^^^^^^^ the name `uniform` in the type namespace is first re-exported here
[INFO] [stdout] 22 | pub use discrete::*;
[INFO] [stdout]    |         ----------- but the name `uniform` in the type namespace is also re-exported here
[INFO] [stdout] 
[INFO] [stdout] 
[INFO] [stdout] warning: ambiguous glob re-exports
[INFO] [stdout]   --> src/lib.rs:21:9
[INFO] [stdout]    |
[INFO] [stdout] 21 | pub use continuous::*;
[INFO] [stdout]    |         ^^^^^^^^^^^^^ the name `params` in the type namespace is first re-exported here
[INFO] [stdout] 22 | pub use discrete::*;
[INFO] [stdout] 23 | pub use distribution::*;
[INFO] [stdout]    |         --------------- but the name `params` in the type namespace is also re-exported here
[INFO] [stdout] 
[INFO] [stdout] 
[INFO] [stdout] error[E0107]: trait takes 0 generic arguments but 1 generic argument was supplied
[INFO] [stdout]   --> src/nonparametric/elliptical_process/mod.rs:35:8
[INFO] [stdout]    |
[INFO] [stdout] 35 |     K: PositiveDefiniteKernel<T>,
[INFO] [stdout]    |        ^^^^^^^^^^^^^^^^^^^^^^--- help: remove these generics
[INFO] [stdout]    |        |
[INFO] [stdout]    |        expected 0 generic arguments
[INFO] [stdout]    |
[INFO] [stdout] note: trait defined here, with 0 generic parameters
[INFO] [stdout]   --> /opt/rustwide/cargo-home/registry/src/index.crates.io-6f17d22bba15001f/opensrdk-kernel-method-0.2.5/src/lib.rs:37:11
[INFO] [stdout]    |
[INFO] [stdout] 37 | pub trait PositiveDefiniteKernel: Clone + Debug + Send + Sync {
[INFO] [stdout]    |           ^^^^^^^^^^^^^^^^^^^^^^
[INFO] [stdout] 
[INFO] [stdout] 
[INFO] [stdout] error[E0107]: trait takes 0 generic arguments but 1 generic argument was supplied
[INFO] [stdout]   --> src/nonparametric/elliptical_process/mod.rs:46:8
[INFO] [stdout]    |
[INFO] [stdout] 46 |     K: PositiveDefiniteKernel<T>,
[INFO] [stdout]    |        ^^^^^^^^^^^^^^^^^^^^^^--- help: remove these generics
[INFO] [stdout]    |        |
[INFO] [stdout]    |        expected 0 generic arguments
[INFO] [stdout]    |
[INFO] [stdout] note: trait defined here, with 0 generic parameters
[INFO] [stdout]   --> /opt/rustwide/cargo-home/registry/src/index.crates.io-6f17d22bba15001f/opensrdk-kernel-method-0.2.5/src/lib.rs:37:11
[INFO] [stdout]    |
[INFO] [stdout] 37 | pub trait PositiveDefiniteKernel: Clone + Debug + Send + Sync {
[INFO] [stdout]    |           ^^^^^^^^^^^^^^^^^^^^^^
[INFO] [stdout] 
[INFO] [stdout] 
[INFO] [stdout] error[E0107]: trait takes 0 generic arguments but 1 generic argument was supplied
[INFO] [stdout]   --> src/nonparametric/elliptical_process/mod.rs:76:8
[INFO] [stdout]    |
[INFO] [stdout] 76 |     K: PositiveDefiniteKernel<T>,
[INFO] [stdout]    |        ^^^^^^^^^^^^^^^^^^^^^^--- help: remove these generics
[INFO] [stdout]    |        |
[INFO] [stdout]    |        expected 0 generic arguments
[INFO] [stdout]    |
[INFO] [stdout] note: trait defined here, with 0 generic parameters
[INFO] [stdout]   --> /opt/rustwide/cargo-home/registry/src/index.crates.io-6f17d22bba15001f/opensrdk-kernel-method-0.2.5/src/lib.rs:37:11
[INFO] [stdout]    |
[INFO] [stdout] 37 | pub trait PositiveDefiniteKernel: Clone + Debug + Send + Sync {
[INFO] [stdout]    |           ^^^^^^^^^^^^^^^^^^^^^^
[INFO] [stdout] 
[INFO] [stdout] 
[INFO] [stdout] error[E0107]: trait takes 0 generic arguments but 1 generic argument was supplied
[INFO] [stdout]   --> src/nonparametric/elliptical_process/exact/mod.rs:17:8
[INFO] [stdout]    |
[INFO] [stdout] 17 |     K: PositiveDefiniteKernel<T>,
[INFO] [stdout]    |        ^^^^^^^^^^^^^^^^^^^^^^--- help: remove these generics
[INFO] [stdout]    |        |
[INFO] [stdout]    |        expected 0 generic arguments
[INFO] [stdout]    |
[INFO] [stdout] note: trait defined here, with 0 generic parameters
[INFO] [stdout]   --> /opt/rustwide/cargo-home/registry/src/index.crates.io-6f17d22bba15001f/opensrdk-kernel-method-0.2.5/src/lib.rs:37:11
[INFO] [stdout]    |
[INFO] [stdout] 37 | pub trait PositiveDefiniteKernel: Clone + Debug + Send + Sync {
[INFO] [stdout]    |           ^^^^^^^^^^^^^^^^^^^^^^
[INFO] [stdout] 
[INFO] [stdout] 
[INFO] [stdout] error[E0107]: trait takes 0 generic arguments but 1 generic argument was supplied
[INFO] [stdout]   --> src/nonparametric/elliptical_process/exact/mod.rs:29:8
[INFO] [stdout]    |
[INFO] [stdout] 29 |     K: PositiveDefiniteKernel<T>,
[INFO] [stdout]    |        ^^^^^^^^^^^^^^^^^^^^^^--- help: remove these generics
[INFO] [stdout]    |        |
[INFO] [stdout]    |        expected 0 generic arguments
[INFO] [stdout]    |
[INFO] [stdout] note: trait defined here, with 0 generic parameters
[INFO] [stdout]   --> /opt/rustwide/cargo-home/registry/src/index.crates.io-6f17d22bba15001f/opensrdk-kernel-method-0.2.5/src/lib.rs:37:11
[INFO] [stdout]    |
[INFO] [stdout] 37 | pub trait PositiveDefiniteKernel: Clone + Debug + Send + Sync {
[INFO] [stdout]    |           ^^^^^^^^^^^^^^^^^^^^^^
[INFO] [stdout] 
[INFO] [stdout] 
[INFO] [stdout] error[E0107]: trait takes 0 generic arguments but 1 generic argument was supplied
[INFO] [stdout]   --> src/nonparametric/elliptical_process/exact/mod.rs:67:8
[INFO] [stdout]    |
[INFO] [stdout] 67 |     K: PositiveDefiniteKernel<T>,
[INFO] [stdout]    |        ^^^^^^^^^^^^^^^^^^^^^^--- help: remove these generics
[INFO] [stdout]    |        |
[INFO] [stdout]    |        expected 0 generic arguments
[INFO] [stdout]    |
[INFO] [stdout] note: trait defined here, with 0 generic parameters
[INFO] [stdout]   --> /opt/rustwide/cargo-home/registry/src/index.crates.io-6f17d22bba15001f/opensrdk-kernel-method-0.2.5/src/lib.rs:37:11
[INFO] [stdout]    |
[INFO] [stdout] 37 | pub trait PositiveDefiniteKernel: Clone + Debug + Send + Sync {
[INFO] [stdout]    |           ^^^^^^^^^^^^^^^^^^^^^^
[INFO] [stdout] 
[INFO] [stdout] 
[INFO] [stdout] error[E0107]: trait takes 0 generic arguments but 1 generic argument was supplied
[INFO] [stdout]   --> src/nonparametric/elliptical_process/exact/mod.rs:82:8
[INFO] [stdout]    |
[INFO] [stdout] 82 |     K: PositiveDefiniteKernel<T>,
[INFO] [stdout]    |        ^^^^^^^^^^^^^^^^^^^^^^--- help: remove these generics
[INFO] [stdout]    |        |
[INFO] [stdout]    |        expected 0 generic arguments
[INFO] [stdout]    |
[INFO] [stdout] note: trait defined here, with 0 generic parameters
[INFO] [stdout]   --> /opt/rustwide/cargo-home/registry/src/index.crates.io-6f17d22bba15001f/opensrdk-kernel-method-0.2.5/src/lib.rs:37:11
[INFO] [stdout]    |
[INFO] [stdout] 37 | pub trait PositiveDefiniteKernel: Clone + Debug + Send + Sync {
[INFO] [stdout]    |           ^^^^^^^^^^^^^^^^^^^^^^
[INFO] [stdout] 
[INFO] [stdout] 
[INFO] [stdout] error[E0107]: trait takes 0 generic arguments but 1 generic argument was supplied
[INFO] [stdout]    --> src/nonparametric/elliptical_process/exact/mod.rs:102:8
[INFO] [stdout]     |
[INFO] [stdout] 102 |     K: PositiveDefiniteKernel<T>,
[INFO] [stdout]     |        ^^^^^^^^^^^^^^^^^^^^^^--- help: remove these generics
[INFO] [stdout]     |        |
[INFO] [stdout]     |        expected 0 generic arguments
[INFO] [stdout]     |
[INFO] [stdout] note: trait defined here, with 0 generic parameters
[INFO] [stdout]    --> /opt/rustwide/cargo-home/registry/src/index.crates.io-6f17d22bba15001f/opensrdk-kernel-method-0.2.5/src/lib.rs:37:11
[INFO] [stdout]     |
[INFO] [stdout] 37  | pub trait PositiveDefiniteKernel: Clone + Debug + Send + Sync {
[INFO] [stdout]     |           ^^^^^^^^^^^^^^^^^^^^^^
[INFO] [stdout] 
[INFO] [stdout] 
[INFO] [stdout] error[E0107]: trait takes 0 generic arguments but 1 generic argument was supplied
[INFO] [stdout]    --> src/nonparametric/elliptical_process/exact/mod.rs:124:8
[INFO] [stdout]     |
[INFO] [stdout] 124 |     K: PositiveDefiniteKernel<T>,
[INFO] [stdout]     |        ^^^^^^^^^^^^^^^^^^^^^^--- help: remove these generics
[INFO] [stdout]     |        |
[INFO] [stdout]     |        expected 0 generic arguments
[INFO] [stdout]     |
[INFO] [stdout] note: trait defined here, with 0 generic parameters
[INFO] [stdout]    --> /opt/rustwide/cargo-home/registry/src/index.crates.io-6f17d22bba15001f/opensrdk-kernel-method-0.2.5/src/lib.rs:37:11
[INFO] [stdout]     |
[INFO] [stdout] 37  | pub trait PositiveDefiniteKernel: Clone + Debug + Send + Sync {
[INFO] [stdout]     |           ^^^^^^^^^^^^^^^^^^^^^^
[INFO] [stdout] 
[INFO] [stdout] 
[INFO] [stdout] error[E0107]: trait takes 0 generic arguments but 1 generic argument was supplied
[INFO] [stdout]   --> src/nonparametric/elliptical_process/exact/regressor.rs:12:8
[INFO] [stdout]    |
[INFO] [stdout] 12 |     K: PositiveDefiniteKernel<T>,
[INFO] [stdout]    |        ^^^^^^^^^^^^^^^^^^^^^^--- help: remove these generics
[INFO] [stdout]    |        |
[INFO] [stdout]    |        expected 0 generic arguments
[INFO] [stdout]    |
[INFO] [stdout] note: trait defined here, with 0 generic parameters
[INFO] [stdout]   --> /opt/rustwide/cargo-home/registry/src/index.crates.io-6f17d22bba15001f/opensrdk-kernel-method-0.2.5/src/lib.rs:37:11
[INFO] [stdout]    |
[INFO] [stdout] 37 | pub trait PositiveDefiniteKernel: Clone + Debug + Send + Sync {
[INFO] [stdout]    |           ^^^^^^^^^^^^^^^^^^^^^^
[INFO] [stdout] 
[INFO] [stdout] 
[INFO] [stdout] error[E0107]: trait takes 0 generic arguments but 1 generic argument was supplied
[INFO] [stdout]   --> src/nonparametric/elliptical_process/kernel_matrix.rs:6:19
[INFO] [stdout]    |
[INFO] [stdout] 6  |     kernel: &impl PositiveDefiniteKernel<T>,
[INFO] [stdout]    |                   ^^^^^^^^^^^^^^^^^^^^^^--- help: remove these generics
[INFO] [stdout]    |                   |
[INFO] [stdout]    |                   expected 0 generic arguments
[INFO] [stdout]    |
[INFO] [stdout] note: trait defined here, with 0 generic parameters
[INFO] [stdout]   --> /opt/rustwide/cargo-home/registry/src/index.crates.io-6f17d22bba15001f/opensrdk-kernel-method-0.2.5/src/lib.rs:37:11
[INFO] [stdout]    |
[INFO] [stdout] 37 | pub trait PositiveDefiniteKernel: Clone + Debug + Send + Sync {
[INFO] [stdout]    |           ^^^^^^^^^^^^^^^^^^^^^^
[INFO] [stdout] 
[INFO] [stdout] 
[INFO] [stdout] error[E0107]: trait takes 0 generic arguments but 1 generic argument was supplied
[INFO] [stdout]   --> src/nonparametric/elliptical_process/kiss_love/mod.rs:23:8
[INFO] [stdout]    |
[INFO] [stdout] 23 |     K: PositiveDefiniteKernel<Vec<f64>>,
[INFO] [stdout]    |        ^^^^^^^^^^^^^^^^^^^^^^---------- help: remove these generics
[INFO] [stdout]    |        |
[INFO] [stdout]    |        expected 0 generic arguments
[INFO] [stdout]    |
[INFO] [stdout] note: trait defined here, with 0 generic parameters
[INFO] [stdout]   --> /opt/rustwide/cargo-home/registry/src/index.crates.io-6f17d22bba15001f/opensrdk-kernel-method-0.2.5/src/lib.rs:37:11
[INFO] [stdout]    |
[INFO] [stdout] 37 | pub trait PositiveDefiniteKernel: Clone + Debug + Send + Sync {
[INFO] [stdout]    |           ^^^^^^^^^^^^^^^^^^^^^^
[INFO] [stdout] 
[INFO] [stdout] 
[INFO] [stdout] error[E0107]: trait takes 0 generic arguments but 1 generic argument was supplied
[INFO] [stdout]   --> src/nonparametric/elliptical_process/kiss_love/mod.rs:39:8
[INFO] [stdout]    |
[INFO] [stdout] 39 |     K: PositiveDefiniteKernel<Vec<f64>>,
[INFO] [stdout]    |        ^^^^^^^^^^^^^^^^^^^^^^---------- help: remove these generics
[INFO] [stdout]    |        |
[INFO] [stdout]    |        expected 0 generic arguments
[INFO] [stdout]    |
[INFO] [stdout] note: trait defined here, with 0 generic parameters
[INFO] [stdout]   --> /opt/rustwide/cargo-home/registry/src/index.crates.io-6f17d22bba15001f/opensrdk-kernel-method-0.2.5/src/lib.rs:37:11
[INFO] [stdout]    |
[INFO] [stdout] 37 | pub trait PositiveDefiniteKernel: Clone + Debug + Send + Sync {
[INFO] [stdout]    |           ^^^^^^^^^^^^^^^^^^^^^^
[INFO] [stdout] 
[INFO] [stdout] 
[INFO] [stdout] error[E0107]: trait takes 0 generic arguments but 1 generic argument was supplied
[INFO] [stdout]    --> src/nonparametric/elliptical_process/kiss_love/mod.rs:233:8
[INFO] [stdout]     |
[INFO] [stdout] 233 |     K: PositiveDefiniteKernel<Vec<f64>>,
[INFO] [stdout]     |        ^^^^^^^^^^^^^^^^^^^^^^---------- help: remove these generics
[INFO] [stdout]     |        |
[INFO] [stdout]     |        expected 0 generic arguments
[INFO] [stdout]     |
[INFO] [stdout] note: trait defined here, with 0 generic parameters
[INFO] [stdout]    --> /opt/rustwide/cargo-home/registry/src/index.crates.io-6f17d22bba15001f/opensrdk-kernel-method-0.2.5/src/lib.rs:37:11
[INFO] [stdout]     |
[INFO] [stdout] 37  | pub trait PositiveDefiniteKernel: Clone + Debug + Send + Sync {
[INFO] [stdout]     |           ^^^^^^^^^^^^^^^^^^^^^^
[INFO] [stdout] 
[INFO] [stdout] 
[INFO] [stdout] error[E0107]: trait takes 0 generic arguments but 1 generic argument was supplied
[INFO] [stdout]    --> src/nonparametric/elliptical_process/kiss_love/mod.rs:252:8
[INFO] [stdout]     |
[INFO] [stdout] 252 |     K: PositiveDefiniteKernel<Vec<f64>>,
[INFO] [stdout]     |        ^^^^^^^^^^^^^^^^^^^^^^---------- help: remove these generics
[INFO] [stdout]     |        |
[INFO] [stdout]     |        expected 0 generic arguments
[INFO] [stdout]     |
[INFO] [stdout] note: trait defined here, with 0 generic parameters
[INFO] [stdout]    --> /opt/rustwide/cargo-home/registry/src/index.crates.io-6f17d22bba15001f/opensrdk-kernel-method-0.2.5/src/lib.rs:37:11
[INFO] [stdout]     |
[INFO] [stdout] 37  | pub trait PositiveDefiniteKernel: Clone + Debug + Send + Sync {
[INFO] [stdout]     |           ^^^^^^^^^^^^^^^^^^^^^^
[INFO] [stdout] 
[INFO] [stdout] 
[INFO] [stdout] error[E0107]: trait takes 0 generic arguments but 1 generic argument was supplied
[INFO] [stdout]    --> src/nonparametric/elliptical_process/kiss_love/mod.rs:272:8
[INFO] [stdout]     |
[INFO] [stdout] 272 |     K: PositiveDefiniteKernel<Vec<f64>>,
[INFO] [stdout]     |        ^^^^^^^^^^^^^^^^^^^^^^---------- help: remove these generics
[INFO] [stdout]     |        |
[INFO] [stdout]     |        expected 0 generic arguments
[INFO] [stdout]     |
[INFO] [stdout] note: trait defined here, with 0 generic parameters
[INFO] [stdout]    --> /opt/rustwide/cargo-home/registry/src/index.crates.io-6f17d22bba15001f/opensrdk-kernel-method-0.2.5/src/lib.rs:37:11
[INFO] [stdout]     |
[INFO] [stdout] 37  | pub trait PositiveDefiniteKernel: Clone + Debug + Send + Sync {
[INFO] [stdout]     |           ^^^^^^^^^^^^^^^^^^^^^^
[INFO] [stdout] 
[INFO] [stdout] 
[INFO] [stdout] error[E0107]: trait takes 0 generic arguments but 1 generic argument was supplied
[INFO] [stdout]    --> src/nonparametric/elliptical_process/kiss_love/mod.rs:308:8
[INFO] [stdout]     |
[INFO] [stdout] 308 |     K: PositiveDefiniteKernel<Vec<f64>>,
[INFO] [stdout]     |        ^^^^^^^^^^^^^^^^^^^^^^---------- help: remove these generics
[INFO] [stdout]     |        |
[INFO] [stdout]     |        expected 0 generic arguments
[INFO] [stdout]     |
[INFO] [stdout] note: trait defined here, with 0 generic parameters
[INFO] [stdout]    --> /opt/rustwide/cargo-home/registry/src/index.crates.io-6f17d22bba15001f/opensrdk-kernel-method-0.2.5/src/lib.rs:37:11
[INFO] [stdout]     |
[INFO] [stdout] 37  | pub trait PositiveDefiniteKernel: Clone + Debug + Send + Sync {
[INFO] [stdout]     |           ^^^^^^^^^^^^^^^^^^^^^^
[INFO] [stdout] 
[INFO] [stdout] 
[INFO] [stdout] error[E0107]: trait takes 0 generic arguments but 1 generic argument was supplied
[INFO] [stdout]   --> src/nonparametric/elliptical_process/kiss_love/grid.rs:76:23
[INFO] [stdout]    |
[INFO] [stdout] 76 |         kernel: &impl PositiveDefiniteKernel<Vec<f64>>,
[INFO] [stdout]    |                       ^^^^^^^^^^^^^^^^^^^^^^---------- help: remove these generics
[INFO] [stdout]    |                       |
[INFO] [stdout]    |                       expected 0 generic arguments
[INFO] [stdout]    |
[INFO] [stdout] note: trait defined here, with 0 generic parameters
[INFO] [stdout]   --> /opt/rustwide/cargo-home/registry/src/index.crates.io-6f17d22bba15001f/opensrdk-kernel-method-0.2.5/src/lib.rs:37:11
[INFO] [stdout]    |
[INFO] [stdout] 37 | pub trait PositiveDefiniteKernel: Clone + Debug + Send + Sync {
[INFO] [stdout]    |           ^^^^^^^^^^^^^^^^^^^^^^
[INFO] [stdout] 
[INFO] [stdout] 
[INFO] [stdout] error[E0107]: trait takes 0 generic arguments but 1 generic argument was supplied
[INFO] [stdout]   --> src/nonparametric/elliptical_process/kiss_love/regressor.rs:13:8
[INFO] [stdout]    |
[INFO] [stdout] 13 |     K: PositiveDefiniteKernel<Vec<f64>>,
[INFO] [stdout]    |        ^^^^^^^^^^^^^^^^^^^^^^---------- help: remove these generics
[INFO] [stdout]    |        |
[INFO] [stdout]    |        expected 0 generic arguments
[INFO] [stdout]    |
[INFO] [stdout] note: trait defined here, with 0 generic parameters
[INFO] [stdout]   --> /opt/rustwide/cargo-home/registry/src/index.crates.io-6f17d22bba15001f/opensrdk-kernel-method-0.2.5/src/lib.rs:37:11
[INFO] [stdout]    |
[INFO] [stdout] 37 | pub trait PositiveDefiniteKernel: Clone + Debug + Send + Sync {
[INFO] [stdout]    |           ^^^^^^^^^^^^^^^^^^^^^^
[INFO] [stdout] 
[INFO] [stdout] 
[INFO] [stdout] error[E0107]: trait takes 0 generic arguments but 1 generic argument was supplied
[INFO] [stdout]   --> src/nonparametric/elliptical_process/regressor/cp_regressor.rs:11:8
[INFO] [stdout]    |
[INFO] [stdout] 11 |     K: PositiveDefiniteKernel<T>,
[INFO] [stdout]    |        ^^^^^^^^^^^^^^^^^^^^^^--- help: remove these generics
[INFO] [stdout]    |        |
[INFO] [stdout]    |        expected 0 generic arguments
[INFO] [stdout]    |
[INFO] [stdout] note: trait defined here, with 0 generic parameters
[INFO] [stdout]   --> /opt/rustwide/cargo-home/registry/src/index.crates.io-6f17d22bba15001f/opensrdk-kernel-method-0.2.5/src/lib.rs:37:11
[INFO] [stdout]    |
[INFO] [stdout] 37 | pub trait PositiveDefiniteKernel: Clone + Debug + Send + Sync {
[INFO] [stdout]    |           ^^^^^^^^^^^^^^^^^^^^^^
[INFO] [stdout] 
[INFO] [stdout] 
[INFO] [stdout] error[E0107]: trait takes 0 generic arguments but 1 generic argument was supplied
[INFO] [stdout]   --> src/nonparametric/elliptical_process/regressor/cp_regressor.rs:32:8
[INFO] [stdout]    |
[INFO] [stdout] 32 |     K: PositiveDefiniteKernel<T>,
[INFO] [stdout]    |        ^^^^^^^^^^^^^^^^^^^^^^--- help: remove these generics
[INFO] [stdout]    |        |
[INFO] [stdout]    |        expected 0 generic arguments
[INFO] [stdout]    |
[INFO] [stdout] note: trait defined here, with 0 generic parameters
[INFO] [stdout]   --> /opt/rustwide/cargo-home/registry/src/index.crates.io-6f17d22bba15001f/opensrdk-kernel-method-0.2.5/src/lib.rs:37:11
[INFO] [stdout]    |
[INFO] [stdout] 37 | pub trait PositiveDefiniteKernel: Clone + Debug + Send + Sync {
[INFO] [stdout]    |           ^^^^^^^^^^^^^^^^^^^^^^
[INFO] [stdout] 
[INFO] [stdout] 
[INFO] [stdout] error[E0107]: trait takes 0 generic arguments but 1 generic argument was supplied
[INFO] [stdout]   --> src/nonparametric/elliptical_process/regressor/gp_regressor.rs:9:8
[INFO] [stdout]    |
[INFO] [stdout] 9  |     K: PositiveDefiniteKernel<T>,
[INFO] [stdout]    |        ^^^^^^^^^^^^^^^^^^^^^^--- help: remove these generics
[INFO] [stdout]    |        |
[INFO] [stdout]    |        expected 0 generic arguments
[INFO] [stdout]    |
[INFO] [stdout] note: trait defined here, with 0 generic parameters
[INFO] [stdout]   --> /opt/rustwide/cargo-home/registry/src/index.crates.io-6f17d22bba15001f/opensrdk-kernel-method-0.2.5/src/lib.rs:37:11
[INFO] [stdout]    |
[INFO] [stdout] 37 | pub trait PositiveDefiniteKernel: Clone + Debug + Send + Sync {
[INFO] [stdout]    |           ^^^^^^^^^^^^^^^^^^^^^^
[INFO] [stdout] 
[INFO] [stdout] 
[INFO] [stdout] error[E0107]: trait takes 0 generic arguments but 1 generic argument was supplied
[INFO] [stdout]   --> src/nonparametric/elliptical_process/sparse/mod.rs:17:8
[INFO] [stdout]    |
[INFO] [stdout] 17 |     K: PositiveDefiniteKernel<T>,
[INFO] [stdout]    |        ^^^^^^^^^^^^^^^^^^^^^^--- help: remove these generics
[INFO] [stdout]    |        |
[INFO] [stdout]    |        expected 0 generic arguments
[INFO] [stdout]    |
[INFO] [stdout] note: trait defined here, with 0 generic parameters
[INFO] [stdout]   --> /opt/rustwide/cargo-home/registry/src/index.crates.io-6f17d22bba15001f/opensrdk-kernel-method-0.2.5/src/lib.rs:37:11
[INFO] [stdout]    |
[INFO] [stdout] 37 | pub trait PositiveDefiniteKernel: Clone + Debug + Send + Sync {
[INFO] [stdout]    |           ^^^^^^^^^^^^^^^^^^^^^^
[INFO] [stdout] 
[INFO] [stdout] 
[INFO] [stdout] error[E0107]: trait takes 0 generic arguments but 1 generic argument was supplied
[INFO] [stdout]   --> src/nonparametric/elliptical_process/sparse/mod.rs:35:8
[INFO] [stdout]    |
[INFO] [stdout] 35 |     K: PositiveDefiniteKernel<T>,
[INFO] [stdout]    |        ^^^^^^^^^^^^^^^^^^^^^^--- help: remove these generics
[INFO] [stdout]    |        |
[INFO] [stdout]    |        expected 0 generic arguments
[INFO] [stdout]    |
[INFO] [stdout] note: trait defined here, with 0 generic parameters
[INFO] [stdout]   --> /opt/rustwide/cargo-home/registry/src/index.crates.io-6f17d22bba15001f/opensrdk-kernel-method-0.2.5/src/lib.rs:37:11
[INFO] [stdout]    |
[INFO] [stdout] 37 | pub trait PositiveDefiniteKernel: Clone + Debug + Send + Sync {
[INFO] [stdout]    |           ^^^^^^^^^^^^^^^^^^^^^^
[INFO] [stdout] 
[INFO] [stdout] 
[INFO] [stdout] error[E0107]: trait takes 0 generic arguments but 1 generic argument was supplied
[INFO] [stdout]    --> src/nonparametric/elliptical_process/sparse/mod.rs:133:8
[INFO] [stdout]     |
[INFO] [stdout] 133 |     K: PositiveDefiniteKernel<T>,
[INFO] [stdout]     |        ^^^^^^^^^^^^^^^^^^^^^^--- help: remove these generics
[INFO] [stdout]     |        |
[INFO] [stdout]     |        expected 0 generic arguments
[INFO] [stdout]     |
[INFO] [stdout] note: trait defined here, with 0 generic parameters
[INFO] [stdout]    --> /opt/rustwide/cargo-home/registry/src/index.crates.io-6f17d22bba15001f/opensrdk-kernel-method-0.2.5/src/lib.rs:37:11
[INFO] [stdout]     |
[INFO] [stdout] 37  | pub trait PositiveDefiniteKernel: Clone + Debug + Send + Sync {
[INFO] [stdout]     |           ^^^^^^^^^^^^^^^^^^^^^^
[INFO] [stdout] 
[INFO] [stdout] 
[INFO] [stdout] error[E0107]: trait takes 0 generic arguments but 1 generic argument was supplied
[INFO] [stdout]    --> src/nonparametric/elliptical_process/sparse/mod.rs:152:8
[INFO] [stdout]     |
[INFO] [stdout] 152 |     K: PositiveDefiniteKernel<T>,
[INFO] [stdout]     |        ^^^^^^^^^^^^^^^^^^^^^^--- help: remove these generics
[INFO] [stdout]     |        |
[INFO] [stdout]     |        expected 0 generic arguments
[INFO] [stdout]     |
[INFO] [stdout] note: trait defined here, with 0 generic parameters
[INFO] [stdout]    --> /opt/rustwide/cargo-home/registry/src/index.crates.io-6f17d22bba15001f/opensrdk-kernel-method-0.2.5/src/lib.rs:37:11
[INFO] [stdout]     |
[INFO] [stdout] 37  | pub trait PositiveDefiniteKernel: Clone + Debug + Send + Sync {
[INFO] [stdout]     |           ^^^^^^^^^^^^^^^^^^^^^^
[INFO] [stdout] 
[INFO] [stdout] 
[INFO] [stdout] error[E0107]: trait takes 0 generic arguments but 1 generic argument was supplied
[INFO] [stdout]    --> src/nonparametric/elliptical_process/sparse/mod.rs:172:8
[INFO] [stdout]     |
[INFO] [stdout] 172 |     K: PositiveDefiniteKernel<T>,
[INFO] [stdout]     |        ^^^^^^^^^^^^^^^^^^^^^^--- help: remove these generics
[INFO] [stdout]     |        |
[INFO] [stdout]     |        expected 0 generic arguments
[INFO] [stdout]     |
[INFO] [stdout] note: trait defined here, with 0 generic parameters
[INFO] [stdout]    --> /opt/rustwide/cargo-home/registry/src/index.crates.io-6f17d22bba15001f/opensrdk-kernel-method-0.2.5/src/lib.rs:37:11
[INFO] [stdout]     |
[INFO] [stdout] 37  | pub trait PositiveDefiniteKernel: Clone + Debug + Send + Sync {
[INFO] [stdout]     |           ^^^^^^^^^^^^^^^^^^^^^^
[INFO] [stdout] 
[INFO] [stdout] 
[INFO] [stdout] error[E0107]: trait takes 0 generic arguments but 1 generic argument was supplied
[INFO] [stdout]    --> src/nonparametric/elliptical_process/sparse/mod.rs:194:8
[INFO] [stdout]     |
[INFO] [stdout] 194 |     K: PositiveDefiniteKernel<T>,
[INFO] [stdout]     |        ^^^^^^^^^^^^^^^^^^^^^^--- help: remove these generics
[INFO] [stdout]     |        |
[INFO] [stdout]     |        expected 0 generic arguments
[INFO] [stdout]     |
[INFO] [stdout] note: trait defined here, with 0 generic parameters
[INFO] [stdout]    --> /opt/rustwide/cargo-home/registry/src/index.crates.io-6f17d22bba15001f/opensrdk-kernel-method-0.2.5/src/lib.rs:37:11
[INFO] [stdout]     |
[INFO] [stdout] 37  | pub trait PositiveDefiniteKernel: Clone + Debug + Send + Sync {
[INFO] [stdout]     |           ^^^^^^^^^^^^^^^^^^^^^^
[INFO] [stdout] 
[INFO] [stdout] 
[INFO] [stdout] error[E0107]: trait takes 0 generic arguments but 1 generic argument was supplied
[INFO] [stdout]   --> src/nonparametric/elliptical_process/sparse/regressor.rs:14:8
[INFO] [stdout]    |
[INFO] [stdout] 14 |     K: PositiveDefiniteKernel<T>,
[INFO] [stdout]    |        ^^^^^^^^^^^^^^^^^^^^^^--- help: remove these generics
[INFO] [stdout]    |        |
[INFO] [stdout]    |        expected 0 generic arguments
[INFO] [stdout]    |
[INFO] [stdout] note: trait defined here, with 0 generic parameters
[INFO] [stdout]   --> /opt/rustwide/cargo-home/registry/src/index.crates.io-6f17d22bba15001f/opensrdk-kernel-method-0.2.5/src/lib.rs:37:11
[INFO] [stdout]    |
[INFO] [stdout] 37 | pub trait PositiveDefiniteKernel: Clone + Debug + Send + Sync {
[INFO] [stdout]    |           ^^^^^^^^^^^^^^^^^^^^^^
[INFO] [stdout] 
[INFO] [stdout] 
[INFO] [stdout] error[E0107]: trait takes 0 generic arguments but 1 generic argument was supplied
[INFO] [stdout]   --> src/nonparametric/generalized_kernel_density_estimation.rs:13:8
[INFO] [stdout]    |
[INFO] [stdout] 13 |     K: PositiveDefiniteKernel<Vec<f64>>,
[INFO] [stdout]    |        ^^^^^^^^^^^^^^^^^^^^^^---------- help: remove these generics
[INFO] [stdout]    |        |
[INFO] [stdout]    |        expected 0 generic arguments
[INFO] [stdout]    |
[INFO] [stdout] note: trait defined here, with 0 generic parameters
[INFO] [stdout]   --> /opt/rustwide/cargo-home/registry/src/index.crates.io-6f17d22bba15001f/opensrdk-kernel-method-0.2.5/src/lib.rs:37:11
[INFO] [stdout]    |
[INFO] [stdout] 37 | pub trait PositiveDefiniteKernel: Clone + Debug + Send + Sync {
[INFO] [stdout]    |           ^^^^^^^^^^^^^^^^^^^^^^
[INFO] [stdout] 
[INFO] [stdout] 
[INFO] [stdout] error[E0107]: trait takes 0 generic arguments but 1 generic argument was supplied
[INFO] [stdout]   --> src/nonparametric/generalized_kernel_density_estimation.rs:24:8
[INFO] [stdout]    |
[INFO] [stdout] 24 |     K: PositiveDefiniteKernel<Vec<f64>>,
[INFO] [stdout]    |        ^^^^^^^^^^^^^^^^^^^^^^---------- help: remove these generics
[INFO] [stdout]    |        |
[INFO] [stdout]    |        expected 0 generic arguments
[INFO] [stdout]    |
[INFO] [stdout] note: trait defined here, with 0 generic parameters
[INFO] [stdout]   --> /opt/rustwide/cargo-home/registry/src/index.crates.io-6f17d22bba15001f/opensrdk-kernel-method-0.2.5/src/lib.rs:37:11
[INFO] [stdout]    |
[INFO] [stdout] 37 | pub trait PositiveDefiniteKernel: Clone + Debug + Send + Sync {
[INFO] [stdout]    |           ^^^^^^^^^^^^^^^^^^^^^^
[INFO] [stdout] 
[INFO] [stdout] 
[INFO] [stdout] error[E0107]: trait takes 0 generic arguments but 1 generic argument was supplied
[INFO] [stdout]   --> src/nonparametric/generalized_kernel_density_estimation.rs:39:8
[INFO] [stdout]    |
[INFO] [stdout] 39 |     K: PositiveDefiniteKernel<Vec<f64>>,
[INFO] [stdout]    |        ^^^^^^^^^^^^^^^^^^^^^^---------- help: remove these generics
[INFO] [stdout]    |        |
[INFO] [stdout]    |        expected 0 generic arguments
[INFO] [stdout]    |
[INFO] [stdout] note: trait defined here, with 0 generic parameters
[INFO] [stdout]   --> /opt/rustwide/cargo-home/registry/src/index.crates.io-6f17d22bba15001f/opensrdk-kernel-method-0.2.5/src/lib.rs:37:11
[INFO] [stdout]    |
[INFO] [stdout] 37 | pub trait PositiveDefiniteKernel: Clone + Debug + Send + Sync {
[INFO] [stdout]    |           ^^^^^^^^^^^^^^^^^^^^^^
[INFO] [stdout] 
[INFO] [stdout] 
[INFO] [stdout] error[E0107]: trait takes 0 generic arguments but 1 generic argument was supplied
[INFO] [stdout]   --> src/nonparametric/generalized_kernel_density_estimation.rs:71:8
[INFO] [stdout]    |
[INFO] [stdout] 71 |     K: PositiveDefiniteKernel<Vec<f64>>,
[INFO] [stdout]    |        ^^^^^^^^^^^^^^^^^^^^^^---------- help: remove these generics
[INFO] [stdout]    |        |
[INFO] [stdout]    |        expected 0 generic arguments
[INFO] [stdout]    |
[INFO] [stdout] note: trait defined here, with 0 generic parameters
[INFO] [stdout]   --> /opt/rustwide/cargo-home/registry/src/index.crates.io-6f17d22bba15001f/opensrdk-kernel-method-0.2.5/src/lib.rs:37:11
[INFO] [stdout]    |
[INFO] [stdout] 37 | pub trait PositiveDefiniteKernel: Clone + Debug + Send + Sync {
[INFO] [stdout]    |           ^^^^^^^^^^^^^^^^^^^^^^
[INFO] [stdout] 
[INFO] [stdout] 
[INFO] [stdout] error[E0107]: trait takes 0 generic arguments but 1 generic argument was supplied
[INFO] [stdout]   --> src/variational/stein.rs:16:8
[INFO] [stdout]    |
[INFO] [stdout] 16 |     K: PositiveDefiniteKernel<Vec<f64>> + ValueDifferentiableKernel<Vec<f64>>,
[INFO] [stdout]    |        ^^^^^^^^^^^^^^^^^^^^^^---------- help: remove these generics
[INFO] [stdout]    |        |
[INFO] [stdout]    |        expected 0 generic arguments
[INFO] [stdout]    |
[INFO] [stdout] note: trait defined here, with 0 generic parameters
[INFO] [stdout]   --> /opt/rustwide/cargo-home/registry/src/index.crates.io-6f17d22bba15001f/opensrdk-kernel-method-0.2.5/src/lib.rs:37:11
[INFO] [stdout]    |
[INFO] [stdout] 37 | pub trait PositiveDefiniteKernel: Clone + Debug + Send + Sync {
[INFO] [stdout]    |           ^^^^^^^^^^^^^^^^^^^^^^
[INFO] [stdout] 
[INFO] [stdout] 
[INFO] [stdout] error: aborting due to 36 previous errors; 23 warnings emitted
[INFO] [stdout] 
[INFO] [stdout] 
[INFO] [stdout] Some errors have detailed explanations: E0107, E0405.
[INFO] [stdout] 
[INFO] [stdout] For more information about an error, try `rustc --explain E0107`.
[INFO] [stdout] 
[INFO] [stderr] error: could not compile `opensrdk-probability` (lib) due to 37 previous errors; 23 warnings emitted
[INFO] [stderr] warning: build failed, waiting for other jobs to finish...
[INFO] running `Command { std: "docker" "inspect" "7a6740ffc199e2cead5fd93e0f9c5f20829362b04b96ed0ea3ebe517ded4df01", kill_on_drop: false }`
[INFO] running `Command { std: "docker" "rm" "-f" "7a6740ffc199e2cead5fd93e0f9c5f20829362b04b96ed0ea3ebe517ded4df01", kill_on_drop: false }`
[INFO] [stdout] 7a6740ffc199e2cead5fd93e0f9c5f20829362b04b96ed0ea3ebe517ded4df01
[INFO] testing opensrdk-probability-0.8.9 against beta-2023-12-22 for beta-1.76-1
[INFO] extracting crate opensrdk-probability 0.8.9 into /workspace/builds/worker-5-tc2/source
[INFO] validating manifest of crates.io crate opensrdk-probability 0.8.9 on toolchain beta-2023-12-22
[INFO] running `Command { std: CARGO_HOME="/workspace/cargo-home" RUSTUP_HOME="/workspace/rustup-home" "/workspace/cargo-home/bin/cargo" "+beta-2023-12-22" "metadata" "--manifest-path" "Cargo.toml" "--no-deps", kill_on_drop: false }`
[INFO] started tweaking crates.io crate opensrdk-probability 0.8.9
[INFO] finished tweaking crates.io crate opensrdk-probability 0.8.9
[INFO] tweaked toml for crates.io crate opensrdk-probability 0.8.9 written to /workspace/builds/worker-5-tc2/source/Cargo.toml
[INFO] running `Command { std: CARGO_HOME="/workspace/cargo-home" RUSTUP_HOME="/workspace/rustup-home" "/workspace/cargo-home/bin/cargo" "+beta-2023-12-22" "generate-lockfile" "--manifest-path" "Cargo.toml", kill_on_drop: false }`
[INFO] [stderr]     Updating crates.io index
[INFO] running `Command { std: CARGO_HOME="/workspace/cargo-home" RUSTUP_HOME="/workspace/rustup-home" "/workspace/cargo-home/bin/cargo" "+beta-2023-12-22" "fetch" "--manifest-path" "Cargo.toml", kill_on_drop: false }`
[INFO] [stderr]     Blocking waiting for file lock on package cache
[INFO] [stderr]     Blocking waiting for file lock on package cache
[INFO] running `Command { std: "docker" "create" "-v" "/var/lib/crater-agent-workspace/builds/worker-5-tc2/target:/opt/rustwide/target:rw,Z" "-v" "/var/lib/crater-agent-workspace/builds/worker-5-tc2/source:/opt/rustwide/workdir:ro,Z" "-v" "/var/lib/crater-agent-workspace/cargo-home:/opt/rustwide/cargo-home:ro,Z" "-v" "/var/lib/crater-agent-workspace/rustup-home:/opt/rustwide/rustup-home:ro,Z" "-e" "SOURCE_DIR=/opt/rustwide/workdir" "-e" "CARGO_TARGET_DIR=/opt/rustwide/target" "-e" "CARGO_HOME=/opt/rustwide/cargo-home" "-e" "RUSTUP_HOME=/opt/rustwide/rustup-home" "-w" "/opt/rustwide/workdir" "-m" "1610612736" "--user" "0:0" "--network" "none" "ghcr.io/rust-lang/crates-build-env/linux@sha256:2788e3201cd34a07e3172128adcd8b3090168a8e3bcc40d7c032b9dda1df7d1c" "/opt/rustwide/cargo-home/bin/cargo" "+beta-2023-12-22" "metadata" "--no-deps" "--format-version=1", kill_on_drop: false }`
[INFO] [stdout] f0240e3fabdf2134415385d1d4fb21bc9040c621e8edc5b95f67f1af2ca4690b
[INFO] running `Command { std: "docker" "start" "-a" "f0240e3fabdf2134415385d1d4fb21bc9040c621e8edc5b95f67f1af2ca4690b", kill_on_drop: false }`
[INFO] running `Command { std: "docker" "inspect" "f0240e3fabdf2134415385d1d4fb21bc9040c621e8edc5b95f67f1af2ca4690b", kill_on_drop: false }`
[INFO] running `Command { std: "docker" "rm" "-f" "f0240e3fabdf2134415385d1d4fb21bc9040c621e8edc5b95f67f1af2ca4690b", kill_on_drop: false }`
[INFO] [stdout] f0240e3fabdf2134415385d1d4fb21bc9040c621e8edc5b95f67f1af2ca4690b
[INFO] running `Command { std: "docker" "create" "-v" "/var/lib/crater-agent-workspace/builds/worker-5-tc2/target:/opt/rustwide/target:rw,Z" "-v" "/var/lib/crater-agent-workspace/builds/worker-5-tc2/source:/opt/rustwide/workdir:ro,Z" "-v" "/var/lib/crater-agent-workspace/cargo-home:/opt/rustwide/cargo-home:ro,Z" "-v" "/var/lib/crater-agent-workspace/rustup-home:/opt/rustwide/rustup-home:ro,Z" "-e" "SOURCE_DIR=/opt/rustwide/workdir" "-e" "CARGO_TARGET_DIR=/opt/rustwide/target" "-e" "CARGO_INCREMENTAL=0" "-e" "RUST_BACKTRACE=full" "-e" "RUSTFLAGS=--cap-lints=warn" "-e" "RUSTDOCFLAGS=--cap-lints=warn" "-e" "CARGO_HOME=/opt/rustwide/cargo-home" "-e" "RUSTUP_HOME=/opt/rustwide/rustup-home" "-w" "/opt/rustwide/workdir" "-m" "1610612736" "--user" "0:0" "--network" "none" "ghcr.io/rust-lang/crates-build-env/linux@sha256:2788e3201cd34a07e3172128adcd8b3090168a8e3bcc40d7c032b9dda1df7d1c" "/opt/rustwide/cargo-home/bin/cargo" "+beta-2023-12-22" "build" "--frozen" "--message-format=json", kill_on_drop: false }`
[INFO] [stdout] c87773a19f6314e71b0f026a49251cc24d414258f867a15f2ec4c6f112fa5c32
[INFO] running `Command { std: "docker" "start" "-a" "c87773a19f6314e71b0f026a49251cc24d414258f867a15f2ec4c6f112fa5c32", kill_on_drop: false }`
[INFO] [stderr]    Compiling libc v0.2.151
[INFO] [stderr]    Compiling libm v0.2.8
[INFO] [stderr]    Compiling num-traits v0.2.17
[INFO] [stderr]    Compiling num-integer v0.1.45
[INFO] [stderr]    Compiling ppv-lite86 v0.2.17
[INFO] [stderr]    Compiling strength_reduce v0.2.4
[INFO] [stderr]    Compiling either v1.9.0
[INFO] [stderr]    Compiling syn v2.0.48
[INFO] [stderr]    Compiling rayon v1.8.0
[INFO] [stderr]    Compiling getrandom v0.2.11
[INFO] [stderr]    Compiling blas-sys v0.7.1
[INFO] [stderr]    Compiling lapack-sys v0.12.1
[INFO] [stderr]    Compiling special v0.8.1
[INFO] [stderr]    Compiling num-complex v0.3.1
[INFO] [stderr]    Compiling rand_core v0.6.4
[INFO] [stderr]    Compiling primal-check v0.3.3
[INFO] [stderr]    Compiling transpose v0.2.2
[INFO] [stderr]    Compiling rand_chacha v0.3.1
[INFO] [stderr]    Compiling blas v0.21.0
[INFO] [stderr]    Compiling rustfft v5.1.1
[INFO] [stderr]    Compiling lapack v0.17.0
[INFO] [stderr]    Compiling rand v0.8.5
[INFO] [stderr]    Compiling rand_distr v0.4.3
[INFO] [stderr]    Compiling serde_derive v1.0.194
[INFO] [stderr]    Compiling thiserror-impl v1.0.56
[INFO] [stderr]    Compiling thiserror v1.0.56
[INFO] [stderr]    Compiling serde v1.0.194
[INFO] [stderr]    Compiling opensrdk-linear-algebra v0.9.3
[INFO] [stderr]    Compiling opensrdk-linear-algebra v0.8.9
[INFO] [stderr]    Compiling opensrdk-symbolic-computation v0.2.0
[INFO] [stderr]    Compiling opensrdk-kernel-method v0.2.5
[INFO] [stderr]    Compiling opensrdk-probability v0.8.9 (/opt/rustwide/workdir)
[INFO] [stdout] error[E0405]: cannot find trait `ValueDifferentiableKernel` in this scope
[INFO] [stdout]   --> src/variational/stein.rs:16:43
[INFO] [stdout]    |
[INFO] [stdout] 16 |     K: PositiveDefiniteKernel<Vec<f64>> + ValueDifferentiableKernel<Vec<f64>>,
[INFO] [stdout]    |                                           ^^^^^^^^^^^^^^^^^^^^^^^^^ not found in this scope
[INFO] [stdout] 
[INFO] [stdout] 
[INFO] [stdout] error[E0405]: cannot find trait `ValueDifferentiableKernel` in this scope
[INFO] [stdout]   --> src/variational/stein.rs:32:43
[INFO] [stdout]    |
[INFO] [stdout] 32 |     K: PositiveDefiniteKernel<Vec<f64>> + ValueDifferentiableKernel<Vec<f64>>,
[INFO] [stdout]    |                                           ^^^^^^^^^^^^^^^^^^^^^^^^^ not found in this scope
[INFO] [stdout] 
[INFO] [stdout] 
[INFO] [stdout] warning: ambiguous glob re-exports
[INFO] [stdout]  --> src/continuous/elliptical/mod.rs:6:9
[INFO] [stdout]   |
[INFO] [stdout] 6 | pub use cauchy::*;
[INFO] [stdout]   |         ^^^^^^^^^ the name `multivariate` in the type namespace is first re-exported here
[INFO] [stdout] ...
[INFO] [stdout] 9 | pub use student_t::*;
[INFO] [stdout]   |         ------------ but the name `multivariate` in the type namespace is also re-exported here
[INFO] [stdout]   |
[INFO] [stdout]   = note: `#[warn(ambiguous_glob_reexports)]` on by default
[INFO] [stdout] 
[INFO] [stdout] 
[INFO] [stdout] warning: ambiguous glob re-exports
[INFO] [stdout]  --> src/continuous/elliptical/mod.rs:6:9
[INFO] [stdout]   |
[INFO] [stdout] 6 | pub use cauchy::*;
[INFO] [stdout]   |         ^^^^^^^^^ the name `univariate` in the type namespace is first re-exported here
[INFO] [stdout] ...
[INFO] [stdout] 9 | pub use student_t::*;
[INFO] [stdout]   |         ------------ but the name `univariate` in the type namespace is also re-exported here
[INFO] [stdout] 
[INFO] [stdout] 
[INFO] [stdout] warning: ambiguous glob re-exports
[INFO] [stdout]  --> src/continuous/elliptical/mod.rs:6:9
[INFO] [stdout]   |
[INFO] [stdout] 6 | pub use cauchy::*;
[INFO] [stdout]   |         ^^^^^^^^^ the name `multivariate_params` in the type namespace is first re-exported here
[INFO] [stdout] 7 | pub use normal::*;
[INFO] [stdout]   |         --------- but the name `multivariate_params` in the type namespace is also re-exported here
[INFO] [stdout] 
[INFO] [stdout] 
[INFO] [stdout] warning: ambiguous glob re-exports
[INFO] [stdout]  --> src/continuous/elliptical/mod.rs:6:9
[INFO] [stdout]   |
[INFO] [stdout] 6 | pub use cauchy::*;
[INFO] [stdout]   |         ^^^^^^^^^ the name `univariate_params` in the type namespace is first re-exported here
[INFO] [stdout] 7 | pub use normal::*;
[INFO] [stdout]   |         --------- but the name `univariate_params` in the type namespace is also re-exported here
[INFO] [stdout] 
[INFO] [stdout] 
[INFO] [stdout] warning: ambiguous glob re-exports
[INFO] [stdout]   --> src/continuous/mod.rs:8:9
[INFO] [stdout]    |
[INFO] [stdout] 8  | pub use beta::*;
[INFO] [stdout]    |         ^^^^^^^ the name `multivariate` in the type namespace is first re-exported here
[INFO] [stdout] ...
[INFO] [stdout] 12 | pub use gamma::*;
[INFO] [stdout]    |         -------- but the name `multivariate` in the type namespace is also re-exported here
[INFO] [stdout] 
[INFO] [stdout] 
[INFO] [stdout] warning: ambiguous glob re-exports
[INFO] [stdout]   --> src/continuous/mod.rs:8:9
[INFO] [stdout]    |
[INFO] [stdout] 8  | pub use beta::*;
[INFO] [stdout]    |         ^^^^^^^ the name `univariate` in the type namespace is first re-exported here
[INFO] [stdout] ...
[INFO] [stdout] 12 | pub use gamma::*;
[INFO] [stdout]    |         -------- but the name `univariate` in the type namespace is also re-exported here
[INFO] [stdout] 
[INFO] [stdout] 
[INFO] [stdout] warning: ambiguous glob re-exports
[INFO] [stdout]   --> src/continuous/mod.rs:9:9
[INFO] [stdout]    |
[INFO] [stdout] 9  | pub use elliptical::*;
[INFO] [stdout]    |         ^^^^^^^^^^^^^ the name `params` in the type namespace is first re-exported here
[INFO] [stdout] ...
[INFO] [stdout] 12 | pub use gamma::*;
[INFO] [stdout]    |         -------- but the name `params` in the type namespace is also re-exported here
[INFO] [stdout] 
[INFO] [stdout] 
[INFO] [stdout] warning: ambiguous glob re-exports
[INFO] [stdout]   --> src/continuous/mod.rs:9:9
[INFO] [stdout]    |
[INFO] [stdout] 9  | pub use elliptical::*;
[INFO] [stdout]    |         ^^^^^^^^^^^^^ the name `univariate_params` in the type namespace is first re-exported here
[INFO] [stdout] ...
[INFO] [stdout] 12 | pub use gamma::*;
[INFO] [stdout]    |         -------- but the name `univariate_params` in the type namespace is also re-exported here
[INFO] [stdout] 
[INFO] [stdout] 
[INFO] [stdout] warning: ambiguous glob re-exports
[INFO] [stdout]  --> src/discrete/integer/mod.rs:4:9
[INFO] [stdout]   |
[INFO] [stdout] 4 | pub use bernoulli::*;
[INFO] [stdout]   |         ^^^^^^^^^^^^ the name `params` in the type namespace is first re-exported here
[INFO] [stdout] 5 | pub use categorical::*;
[INFO] [stdout]   |         -------------- but the name `params` in the type namespace is also re-exported here
[INFO] [stdout] 
[INFO] [stdout] 
[INFO] [stdout] warning: ambiguous glob re-exports
[INFO] [stdout]  --> src/discrete/nomial/mod.rs:4:9
[INFO] [stdout]   |
[INFO] [stdout] 4 | pub use binomial::*;
[INFO] [stdout]   |         ^^^^^^^^^^^ the name `params` in the type namespace is first re-exported here
[INFO] [stdout] 5 | pub use multinomial::*;
[INFO] [stdout]   |         -------------- but the name `params` in the type namespace is also re-exported here
[INFO] [stdout] 
[INFO] [stdout] 
[INFO] [stdout] warning: ambiguous glob re-exports
[INFO] [stdout]   --> src/discrete/mod.rs:7:9
[INFO] [stdout]    |
[INFO] [stdout] 7  | pub use geometric::*;
[INFO] [stdout]    |         ^^^^^^^^^^^^ the name `params` in the type namespace is first re-exported here
[INFO] [stdout] ...
[INFO] [stdout] 10 | pub use poisson::*;
[INFO] [stdout]    |         ---------- but the name `params` in the type namespace is also re-exported here
[INFO] [stdout] 
[INFO] [stdout] 
[INFO] [stdout] warning: unused import: `MatrixError`
[INFO] [stdout]  --> src/distribution/valued/value_differentiable.rs:6:39
[INFO] [stdout]   |
[INFO] [stdout] 6 | use opensrdk_linear_algebra::{Matrix, MatrixError, Vector};
[INFO] [stdout]   |                                       ^^^^^^^^^^^
[INFO] [stdout]   |
[INFO] [stdout]   = note: `#[warn(unused_imports)]` on by default
[INFO] [stdout] 
[INFO] [stdout] 
[INFO] [stdout] warning: unused import: `conditionalize_latent::*`
[INFO] [stdout]   --> src/distribution/mod.rs:22:9
[INFO] [stdout]    |
[INFO] [stdout] 22 | pub use conditionalize_latent::*;
[INFO] [stdout]    |         ^^^^^^^^^^^^^^^^^^^^^^^^
[INFO] [stdout] 
[INFO] [stdout] 
[INFO] [stdout] warning: unused import: `rand::prelude::*`
[INFO] [stdout]   --> src/distribution/mod.rs:43:5
[INFO] [stdout]    |
[INFO] [stdout] 43 | use rand::prelude::*;
[INFO] [stdout]    |     ^^^^^^^^^^^^^^^^
[INFO] [stdout] 
[INFO] [stdout] 
[INFO] [stdout] warning: unused import: `regressor::*`
[INFO] [stdout]  --> src/nonparametric/elliptical_process/exact/mod.rs:4:9
[INFO] [stdout]   |
[INFO] [stdout] 4 | pub use regressor::*;
[INFO] [stdout]   |         ^^^^^^^^^^^^
[INFO] [stdout] 
[INFO] [stdout] 
[INFO] [stdout] warning: unused import: `regressor::*`
[INFO] [stdout]  --> src/nonparametric/elliptical_process/kiss_love/mod.rs:7:9
[INFO] [stdout]   |
[INFO] [stdout] 7 | pub use regressor::*;
[INFO] [stdout]   |         ^^^^^^^^^^^^
[INFO] [stdout] 
[INFO] [stdout] 
[INFO] [stdout] warning: unused import: `regressor::*`
[INFO] [stdout]  --> src/nonparametric/elliptical_process/sparse/mod.rs:4:9
[INFO] [stdout]   |
[INFO] [stdout] 4 | pub use regressor::*;
[INFO] [stdout]   |         ^^^^^^^^^^^^
[INFO] [stdout] 
[INFO] [stdout] 
[INFO] [stdout] warning: unused import: `rand::prelude::*`
[INFO] [stdout]  --> src/nonparametric/point_process/dirichlet_process/pitman_yor_process/gibbs.rs:4:5
[INFO] [stdout]   |
[INFO] [stdout] 4 | use rand::prelude::*;
[INFO] [stdout]   |     ^^^^^^^^^^^^^^^^
[INFO] [stdout] 
[INFO] [stdout] 
[INFO] [stdout] warning: unused import: `Distribution`
[INFO] [stdout]  --> src/nonparametric/point_process/dirichlet_process/pitman_yor_process/gibbs_sampler.rs:4:31
[INFO] [stdout]   |
[INFO] [stdout] 4 | use crate::{nonparametric::*, Distribution};
[INFO] [stdout]   |                               ^^^^^^^^^^^^
[INFO] [stdout] 
[INFO] [stdout] 
[INFO] [stdout] warning: unused import: `rand::prelude::*`
[INFO] [stdout]  --> src/nonparametric/point_process/dirichlet_process/stick_breaking_process.rs:4:5
[INFO] [stdout]   |
[INFO] [stdout] 4 | use rand::prelude::*;
[INFO] [stdout]   |     ^^^^^^^^^^^^^^^^
[INFO] [stdout] 
[INFO] [stdout] 
[INFO] [stdout] warning: unused import: `IntoParallelIterator`
[INFO] [stdout]  --> src/variational/stein.rs:7:19
[INFO] [stdout]   |
[INFO] [stdout] 7 | use rayon::iter::{IntoParallelIterator, ParallelIterator};
[INFO] [stdout]   |                   ^^^^^^^^^^^^^^^^^^^^
[INFO] [stdout] 
[INFO] [stdout] 
[INFO] [stdout] warning: ambiguous glob re-exports
[INFO] [stdout]   --> src/lib.rs:21:9
[INFO] [stdout]    |
[INFO] [stdout] 21 | pub use continuous::*;
[INFO] [stdout]    |         ^^^^^^^^^^^^^ the name `uniform` in the type namespace is first re-exported here
[INFO] [stdout] 22 | pub use discrete::*;
[INFO] [stdout]    |         ----------- but the name `uniform` in the type namespace is also re-exported here
[INFO] [stdout] 
[INFO] [stdout] 
[INFO] [stdout] warning: ambiguous glob re-exports
[INFO] [stdout]   --> src/lib.rs:21:9
[INFO] [stdout]    |
[INFO] [stdout] 21 | pub use continuous::*;
[INFO] [stdout]    |         ^^^^^^^^^^^^^ the name `params` in the type namespace is first re-exported here
[INFO] [stdout] 22 | pub use discrete::*;
[INFO] [stdout] 23 | pub use distribution::*;
[INFO] [stdout]    |         --------------- but the name `params` in the type namespace is also re-exported here
[INFO] [stdout] 
[INFO] [stdout] 
[INFO] [stdout] error[E0107]: trait takes 0 generic arguments but 1 generic argument was supplied
[INFO] [stdout]   --> src/nonparametric/elliptical_process/mod.rs:35:8
[INFO] [stdout]    |
[INFO] [stdout] 35 |     K: PositiveDefiniteKernel<T>,
[INFO] [stdout]    |        ^^^^^^^^^^^^^^^^^^^^^^--- help: remove these generics
[INFO] [stdout]    |        |
[INFO] [stdout]    |        expected 0 generic arguments
[INFO] [stdout]    |
[INFO] [stdout] note: trait defined here, with 0 generic parameters
[INFO] [stdout]   --> /opt/rustwide/cargo-home/registry/src/index.crates.io-6f17d22bba15001f/opensrdk-kernel-method-0.2.5/src/lib.rs:37:11
[INFO] [stdout]    |
[INFO] [stdout] 37 | pub trait PositiveDefiniteKernel: Clone + Debug + Send + Sync {
[INFO] [stdout]    |           ^^^^^^^^^^^^^^^^^^^^^^
[INFO] [stdout] 
[INFO] [stdout] 
[INFO] [stdout] error[E0107]: trait takes 0 generic arguments but 1 generic argument was supplied
[INFO] [stdout]   --> src/nonparametric/elliptical_process/mod.rs:46:8
[INFO] [stdout]    |
[INFO] [stdout] 46 |     K: PositiveDefiniteKernel<T>,
[INFO] [stdout]    |        ^^^^^^^^^^^^^^^^^^^^^^--- help: remove these generics
[INFO] [stdout]    |        |
[INFO] [stdout]    |        expected 0 generic arguments
[INFO] [stdout]    |
[INFO] [stdout] note: trait defined here, with 0 generic parameters
[INFO] [stdout]   --> /opt/rustwide/cargo-home/registry/src/index.crates.io-6f17d22bba15001f/opensrdk-kernel-method-0.2.5/src/lib.rs:37:11
[INFO] [stdout]    |
[INFO] [stdout] 37 | pub trait PositiveDefiniteKernel: Clone + Debug + Send + Sync {
[INFO] [stdout]    |           ^^^^^^^^^^^^^^^^^^^^^^
[INFO] [stdout] 
[INFO] [stdout] 
[INFO] [stdout] error[E0107]: trait takes 0 generic arguments but 1 generic argument was supplied
[INFO] [stdout]   --> src/nonparametric/elliptical_process/mod.rs:76:8
[INFO] [stdout]    |
[INFO] [stdout] 76 |     K: PositiveDefiniteKernel<T>,
[INFO] [stdout]    |        ^^^^^^^^^^^^^^^^^^^^^^--- help: remove these generics
[INFO] [stdout]    |        |
[INFO] [stdout]    |        expected 0 generic arguments
[INFO] [stdout]    |
[INFO] [stdout] note: trait defined here, with 0 generic parameters
[INFO] [stdout]   --> /opt/rustwide/cargo-home/registry/src/index.crates.io-6f17d22bba15001f/opensrdk-kernel-method-0.2.5/src/lib.rs:37:11
[INFO] [stdout]    |
[INFO] [stdout] 37 | pub trait PositiveDefiniteKernel: Clone + Debug + Send + Sync {
[INFO] [stdout]    |           ^^^^^^^^^^^^^^^^^^^^^^
[INFO] [stdout] 
[INFO] [stdout] 
[INFO] [stdout] error[E0107]: trait takes 0 generic arguments but 1 generic argument was supplied
[INFO] [stdout]   --> src/nonparametric/elliptical_process/exact/mod.rs:17:8
[INFO] [stdout]    |
[INFO] [stdout] 17 |     K: PositiveDefiniteKernel<T>,
[INFO] [stdout]    |        ^^^^^^^^^^^^^^^^^^^^^^--- help: remove these generics
[INFO] [stdout]    |        |
[INFO] [stdout]    |        expected 0 generic arguments
[INFO] [stdout]    |
[INFO] [stdout] note: trait defined here, with 0 generic parameters
[INFO] [stdout]   --> /opt/rustwide/cargo-home/registry/src/index.crates.io-6f17d22bba15001f/opensrdk-kernel-method-0.2.5/src/lib.rs:37:11
[INFO] [stdout]    |
[INFO] [stdout] 37 | pub trait PositiveDefiniteKernel: Clone + Debug + Send + Sync {
[INFO] [stdout]    |           ^^^^^^^^^^^^^^^^^^^^^^
[INFO] [stdout] 
[INFO] [stdout] 
[INFO] [stdout] error[E0107]: trait takes 0 generic arguments but 1 generic argument was supplied
[INFO] [stdout]   --> src/nonparametric/elliptical_process/exact/mod.rs:29:8
[INFO] [stdout]    |
[INFO] [stdout] 29 |     K: PositiveDefiniteKernel<T>,
[INFO] [stdout]    |        ^^^^^^^^^^^^^^^^^^^^^^--- help: remove these generics
[INFO] [stdout]    |        |
[INFO] [stdout]    |        expected 0 generic arguments
[INFO] [stdout]    |
[INFO] [stdout] note: trait defined here, with 0 generic parameters
[INFO] [stdout]   --> /opt/rustwide/cargo-home/registry/src/index.crates.io-6f17d22bba15001f/opensrdk-kernel-method-0.2.5/src/lib.rs:37:11
[INFO] [stdout]    |
[INFO] [stdout] 37 | pub trait PositiveDefiniteKernel: Clone + Debug + Send + Sync {
[INFO] [stdout]    |           ^^^^^^^^^^^^^^^^^^^^^^
[INFO] [stdout] 
[INFO] [stdout] 
[INFO] [stdout] error[E0107]: trait takes 0 generic arguments but 1 generic argument was supplied
[INFO] [stdout]   --> src/nonparametric/elliptical_process/exact/mod.rs:67:8
[INFO] [stdout]    |
[INFO] [stdout] 67 |     K: PositiveDefiniteKernel<T>,
[INFO] [stdout]    |        ^^^^^^^^^^^^^^^^^^^^^^--- help: remove these generics
[INFO] [stdout]    |        |
[INFO] [stdout]    |        expected 0 generic arguments
[INFO] [stdout]    |
[INFO] [stdout] note: trait defined here, with 0 generic parameters
[INFO] [stdout]   --> /opt/rustwide/cargo-home/registry/src/index.crates.io-6f17d22bba15001f/opensrdk-kernel-method-0.2.5/src/lib.rs:37:11
[INFO] [stdout]    |
[INFO] [stdout] 37 | pub trait PositiveDefiniteKernel: Clone + Debug + Send + Sync {
[INFO] [stdout]    |           ^^^^^^^^^^^^^^^^^^^^^^
[INFO] [stdout] 
[INFO] [stdout] 
[INFO] [stdout] error[E0107]: trait takes 0 generic arguments but 1 generic argument was supplied
[INFO] [stdout]   --> src/nonparametric/elliptical_process/exact/mod.rs:82:8
[INFO] [stdout]    |
[INFO] [stdout] 82 |     K: PositiveDefiniteKernel<T>,
[INFO] [stdout]    |        ^^^^^^^^^^^^^^^^^^^^^^--- help: remove these generics
[INFO] [stdout]    |        |
[INFO] [stdout]    |        expected 0 generic arguments
[INFO] [stdout]    |
[INFO] [stdout] note: trait defined here, with 0 generic parameters
[INFO] [stdout]   --> /opt/rustwide/cargo-home/registry/src/index.crates.io-6f17d22bba15001f/opensrdk-kernel-method-0.2.5/src/lib.rs:37:11
[INFO] [stdout]    |
[INFO] [stdout] 37 | pub trait PositiveDefiniteKernel: Clone + Debug + Send + Sync {
[INFO] [stdout]    |           ^^^^^^^^^^^^^^^^^^^^^^
[INFO] [stdout] 
[INFO] [stdout] 
[INFO] [stdout] error[E0107]: trait takes 0 generic arguments but 1 generic argument was supplied
[INFO] [stdout]    --> src/nonparametric/elliptical_process/exact/mod.rs:102:8
[INFO] [stdout]     |
[INFO] [stdout] 102 |     K: PositiveDefiniteKernel<T>,
[INFO] [stdout]     |        ^^^^^^^^^^^^^^^^^^^^^^--- help: remove these generics
[INFO] [stdout]     |        |
[INFO] [stdout]     |        expected 0 generic arguments
[INFO] [stdout]     |
[INFO] [stdout] note: trait defined here, with 0 generic parameters
[INFO] [stdout]    --> /opt/rustwide/cargo-home/registry/src/index.crates.io-6f17d22bba15001f/opensrdk-kernel-method-0.2.5/src/lib.rs:37:11
[INFO] [stdout]     |
[INFO] [stdout] 37  | pub trait PositiveDefiniteKernel: Clone + Debug + Send + Sync {
[INFO] [stdout]     |           ^^^^^^^^^^^^^^^^^^^^^^
[INFO] [stdout] 
[INFO] [stdout] 
[INFO] [stdout] error[E0107]: trait takes 0 generic arguments but 1 generic argument was supplied
[INFO] [stdout]    --> src/nonparametric/elliptical_process/exact/mod.rs:124:8
[INFO] [stdout]     |
[INFO] [stdout] 124 |     K: PositiveDefiniteKernel<T>,
[INFO] [stdout]     |        ^^^^^^^^^^^^^^^^^^^^^^--- help: remove these generics
[INFO] [stdout]     |        |
[INFO] [stdout]     |        expected 0 generic arguments
[INFO] [stdout]     |
[INFO] [stdout] note: trait defined here, with 0 generic parameters
[INFO] [stdout]    --> /opt/rustwide/cargo-home/registry/src/index.crates.io-6f17d22bba15001f/opensrdk-kernel-method-0.2.5/src/lib.rs:37:11
[INFO] [stdout]     |
[INFO] [stdout] 37  | pub trait PositiveDefiniteKernel: Clone + Debug + Send + Sync {
[INFO] [stdout]     |           ^^^^^^^^^^^^^^^^^^^^^^
[INFO] [stdout] 
[INFO] [stdout] 
[INFO] [stdout] error[E0107]: trait takes 0 generic arguments but 1 generic argument was supplied
[INFO] [stdout]   --> src/nonparametric/elliptical_process/exact/regressor.rs:12:8
[INFO] [stdout]    |
[INFO] [stdout] 12 |     K: PositiveDefiniteKernel<T>,
[INFO] [stdout]    |        ^^^^^^^^^^^^^^^^^^^^^^--- help: remove these generics
[INFO] [stdout]    |        |
[INFO] [stdout]    |        expected 0 generic arguments
[INFO] [stdout]    |
[INFO] [stdout] note: trait defined here, with 0 generic parameters
[INFO] [stdout]   --> /opt/rustwide/cargo-home/registry/src/index.crates.io-6f17d22bba15001f/opensrdk-kernel-method-0.2.5/src/lib.rs:37:11
[INFO] [stdout]    |
[INFO] [stdout] 37 | pub trait PositiveDefiniteKernel: Clone + Debug + Send + Sync {
[INFO] [stdout]    |           ^^^^^^^^^^^^^^^^^^^^^^
[INFO] [stdout] 
[INFO] [stdout] 
[INFO] [stdout] error[E0107]: trait takes 0 generic arguments but 1 generic argument was supplied
[INFO] [stdout]   --> src/nonparametric/elliptical_process/kernel_matrix.rs:6:19
[INFO] [stdout]    |
[INFO] [stdout] 6  |     kernel: &impl PositiveDefiniteKernel<T>,
[INFO] [stdout]    |                   ^^^^^^^^^^^^^^^^^^^^^^--- help: remove these generics
[INFO] [stdout]    |                   |
[INFO] [stdout]    |                   expected 0 generic arguments
[INFO] [stdout]    |
[INFO] [stdout] note: trait defined here, with 0 generic parameters
[INFO] [stdout]   --> /opt/rustwide/cargo-home/registry/src/index.crates.io-6f17d22bba15001f/opensrdk-kernel-method-0.2.5/src/lib.rs:37:11
[INFO] [stdout]    |
[INFO] [stdout] 37 | pub trait PositiveDefiniteKernel: Clone + Debug + Send + Sync {
[INFO] [stdout]    |           ^^^^^^^^^^^^^^^^^^^^^^
[INFO] [stdout] 
[INFO] [stdout] 
[INFO] [stdout] error[E0107]: trait takes 0 generic arguments but 1 generic argument was supplied
[INFO] [stdout]   --> src/nonparametric/elliptical_process/kiss_love/mod.rs:23:8
[INFO] [stdout]    |
[INFO] [stdout] 23 |     K: PositiveDefiniteKernel<Vec<f64>>,
[INFO] [stdout]    |        ^^^^^^^^^^^^^^^^^^^^^^---------- help: remove these generics
[INFO] [stdout]    |        |
[INFO] [stdout]    |        expected 0 generic arguments
[INFO] [stdout]    |
[INFO] [stdout] note: trait defined here, with 0 generic parameters
[INFO] [stdout]   --> /opt/rustwide/cargo-home/registry/src/index.crates.io-6f17d22bba15001f/opensrdk-kernel-method-0.2.5/src/lib.rs:37:11
[INFO] [stdout]    |
[INFO] [stdout] 37 | pub trait PositiveDefiniteKernel: Clone + Debug + Send + Sync {
[INFO] [stdout]    |           ^^^^^^^^^^^^^^^^^^^^^^
[INFO] [stdout] 
[INFO] [stdout] 
[INFO] [stdout] error[E0107]: trait takes 0 generic arguments but 1 generic argument was supplied
[INFO] [stdout]   --> src/nonparametric/elliptical_process/kiss_love/mod.rs:39:8
[INFO] [stdout]    |
[INFO] [stdout] 39 |     K: PositiveDefiniteKernel<Vec<f64>>,
[INFO] [stdout]    |        ^^^^^^^^^^^^^^^^^^^^^^---------- help: remove these generics
[INFO] [stdout]    |        |
[INFO] [stdout]    |        expected 0 generic arguments
[INFO] [stdout]    |
[INFO] [stdout] note: trait defined here, with 0 generic parameters
[INFO] [stdout]   --> /opt/rustwide/cargo-home/registry/src/index.crates.io-6f17d22bba15001f/opensrdk-kernel-method-0.2.5/src/lib.rs:37:11
[INFO] [stdout]    |
[INFO] [stdout] 37 | pub trait PositiveDefiniteKernel: Clone + Debug + Send + Sync {
[INFO] [stdout]    |           ^^^^^^^^^^^^^^^^^^^^^^
[INFO] [stdout] 
[INFO] [stdout] 
[INFO] [stdout] error[E0107]: trait takes 0 generic arguments but 1 generic argument was supplied
[INFO] [stdout]    --> src/nonparametric/elliptical_process/kiss_love/mod.rs:233:8
[INFO] [stdout]     |
[INFO] [stdout] 233 |     K: PositiveDefiniteKernel<Vec<f64>>,
[INFO] [stdout]     |        ^^^^^^^^^^^^^^^^^^^^^^---------- help: remove these generics
[INFO] [stdout]     |        |
[INFO] [stdout]     |        expected 0 generic arguments
[INFO] [stdout]     |
[INFO] [stdout] note: trait defined here, with 0 generic parameters
[INFO] [stdout]    --> /opt/rustwide/cargo-home/registry/src/index.crates.io-6f17d22bba15001f/opensrdk-kernel-method-0.2.5/src/lib.rs:37:11
[INFO] [stdout]     |
[INFO] [stdout] 37  | pub trait PositiveDefiniteKernel: Clone + Debug + Send + Sync {
[INFO] [stdout]     |           ^^^^^^^^^^^^^^^^^^^^^^
[INFO] [stdout] 
[INFO] [stdout] 
[INFO] [stdout] error[E0107]: trait takes 0 generic arguments but 1 generic argument was supplied
[INFO] [stdout]    --> src/nonparametric/elliptical_process/kiss_love/mod.rs:252:8
[INFO] [stdout]     |
[INFO] [stdout] 252 |     K: PositiveDefiniteKernel<Vec<f64>>,
[INFO] [stdout]     |        ^^^^^^^^^^^^^^^^^^^^^^---------- help: remove these generics
[INFO] [stdout]     |        |
[INFO] [stdout]     |        expected 0 generic arguments
[INFO] [stdout]     |
[INFO] [stdout] note: trait defined here, with 0 generic parameters
[INFO] [stdout]    --> /opt/rustwide/cargo-home/registry/src/index.crates.io-6f17d22bba15001f/opensrdk-kernel-method-0.2.5/src/lib.rs:37:11
[INFO] [stdout]     |
[INFO] [stdout] 37  | pub trait PositiveDefiniteKernel: Clone + Debug + Send + Sync {
[INFO] [stdout]     |           ^^^^^^^^^^^^^^^^^^^^^^
[INFO] [stdout] 
[INFO] [stdout] 
[INFO] [stdout] error[E0107]: trait takes 0 generic arguments but 1 generic argument was supplied
[INFO] [stdout]    --> src/nonparametric/elliptical_process/kiss_love/mod.rs:272:8
[INFO] [stdout]     |
[INFO] [stdout] 272 |     K: PositiveDefiniteKernel<Vec<f64>>,
[INFO] [stdout]     |        ^^^^^^^^^^^^^^^^^^^^^^---------- help: remove these generics
[INFO] [stdout]     |        |
[INFO] [stdout]     |        expected 0 generic arguments
[INFO] [stdout]     |
[INFO] [stdout] note: trait defined here, with 0 generic parameters
[INFO] [stdout]    --> /opt/rustwide/cargo-home/registry/src/index.crates.io-6f17d22bba15001f/opensrdk-kernel-method-0.2.5/src/lib.rs:37:11
[INFO] [stdout]     |
[INFO] [stdout] 37  | pub trait PositiveDefiniteKernel: Clone + Debug + Send + Sync {
[INFO] [stdout]     |           ^^^^^^^^^^^^^^^^^^^^^^
[INFO] [stdout] 
[INFO] [stdout] 
[INFO] [stdout] error[E0107]: trait takes 0 generic arguments but 1 generic argument was supplied
[INFO] [stdout]    --> src/nonparametric/elliptical_process/kiss_love/mod.rs:308:8
[INFO] [stdout]     |
[INFO] [stdout] 308 |     K: PositiveDefiniteKernel<Vec<f64>>,
[INFO] [stdout]     |        ^^^^^^^^^^^^^^^^^^^^^^---------- help: remove these generics
[INFO] [stdout]     |        |
[INFO] [stdout]     |        expected 0 generic arguments
[INFO] [stdout]     |
[INFO] [stdout] note: trait defined here, with 0 generic parameters
[INFO] [stdout]    --> /opt/rustwide/cargo-home/registry/src/index.crates.io-6f17d22bba15001f/opensrdk-kernel-method-0.2.5/src/lib.rs:37:11
[INFO] [stdout]     |
[INFO] [stdout] 37  | pub trait PositiveDefiniteKernel: Clone + Debug + Send + Sync {
[INFO] [stdout]     |           ^^^^^^^^^^^^^^^^^^^^^^
[INFO] [stdout] 
[INFO] [stdout] 
[INFO] [stdout] error[E0107]: trait takes 0 generic arguments but 1 generic argument was supplied
[INFO] [stdout]   --> src/nonparametric/elliptical_process/kiss_love/grid.rs:76:23
[INFO] [stdout]    |
[INFO] [stdout] 76 |         kernel: &impl PositiveDefiniteKernel<Vec<f64>>,
[INFO] [stdout]    |                       ^^^^^^^^^^^^^^^^^^^^^^---------- help: remove these generics
[INFO] [stdout]    |                       |
[INFO] [stdout]    |                       expected 0 generic arguments
[INFO] [stdout]    |
[INFO] [stdout] note: trait defined here, with 0 generic parameters
[INFO] [stdout]   --> /opt/rustwide/cargo-home/registry/src/index.crates.io-6f17d22bba15001f/opensrdk-kernel-method-0.2.5/src/lib.rs:37:11
[INFO] [stdout]    |
[INFO] [stdout] 37 | pub trait PositiveDefiniteKernel: Clone + Debug + Send + Sync {
[INFO] [stdout]    |           ^^^^^^^^^^^^^^^^^^^^^^
[INFO] [stdout] 
[INFO] [stdout] 
[INFO] [stdout] error[E0107]: trait takes 0 generic arguments but 1 generic argument was supplied
[INFO] [stdout]   --> src/nonparametric/elliptical_process/kiss_love/regressor.rs:13:8
[INFO] [stdout]    |
[INFO] [stdout] 13 |     K: PositiveDefiniteKernel<Vec<f64>>,
[INFO] [stdout]    |        ^^^^^^^^^^^^^^^^^^^^^^---------- help: remove these generics
[INFO] [stdout]    |        |
[INFO] [stdout]    |        expected 0 generic arguments
[INFO] [stdout]    |
[INFO] [stdout] note: trait defined here, with 0 generic parameters
[INFO] [stdout]   --> /opt/rustwide/cargo-home/registry/src/index.crates.io-6f17d22bba15001f/opensrdk-kernel-method-0.2.5/src/lib.rs:37:11
[INFO] [stdout]    |
[INFO] [stdout] 37 | pub trait PositiveDefiniteKernel: Clone + Debug + Send + Sync {
[INFO] [stdout]    |           ^^^^^^^^^^^^^^^^^^^^^^
[INFO] [stdout] 
[INFO] [stdout] 
[INFO] [stdout] error[E0107]: trait takes 0 generic arguments but 1 generic argument was supplied
[INFO] [stdout]   --> src/nonparametric/elliptical_process/regressor/cp_regressor.rs:11:8
[INFO] [stdout]    |
[INFO] [stdout] 11 |     K: PositiveDefiniteKernel<T>,
[INFO] [stdout]    |        ^^^^^^^^^^^^^^^^^^^^^^--- help: remove these generics
[INFO] [stdout]    |        |
[INFO] [stdout]    |        expected 0 generic arguments
[INFO] [stdout]    |
[INFO] [stdout] note: trait defined here, with 0 generic parameters
[INFO] [stdout]   --> /opt/rustwide/cargo-home/registry/src/index.crates.io-6f17d22bba15001f/opensrdk-kernel-method-0.2.5/src/lib.rs:37:11
[INFO] [stdout]    |
[INFO] [stdout] 37 | pub trait PositiveDefiniteKernel: Clone + Debug + Send + Sync {
[INFO] [stdout]    |           ^^^^^^^^^^^^^^^^^^^^^^
[INFO] [stdout] 
[INFO] [stdout] 
[INFO] [stdout] error[E0107]: trait takes 0 generic arguments but 1 generic argument was supplied
[INFO] [stdout]   --> src/nonparametric/elliptical_process/regressor/cp_regressor.rs:32:8
[INFO] [stdout]    |
[INFO] [stdout] 32 |     K: PositiveDefiniteKernel<T>,
[INFO] [stdout]    |        ^^^^^^^^^^^^^^^^^^^^^^--- help: remove these generics
[INFO] [stdout]    |        |
[INFO] [stdout]    |        expected 0 generic arguments
[INFO] [stdout]    |
[INFO] [stdout] note: trait defined here, with 0 generic parameters
[INFO] [stdout]   --> /opt/rustwide/cargo-home/registry/src/index.crates.io-6f17d22bba15001f/opensrdk-kernel-method-0.2.5/src/lib.rs:37:11
[INFO] [stdout]    |
[INFO] [stdout] 37 | pub trait PositiveDefiniteKernel: Clone + Debug + Send + Sync {
[INFO] [stdout]    |           ^^^^^^^^^^^^^^^^^^^^^^
[INFO] [stdout] 
[INFO] [stdout] 
[INFO] [stdout] error[E0107]: trait takes 0 generic arguments but 1 generic argument was supplied
[INFO] [stdout]   --> src/nonparametric/elliptical_process/regressor/gp_regressor.rs:9:8
[INFO] [stdout]    |
[INFO] [stdout] 9  |     K: PositiveDefiniteKernel<T>,
[INFO] [stdout]    |        ^^^^^^^^^^^^^^^^^^^^^^--- help: remove these generics
[INFO] [stdout]    |        |
[INFO] [stdout]    |        expected 0 generic arguments
[INFO] [stdout]    |
[INFO] [stdout] note: trait defined here, with 0 generic parameters
[INFO] [stdout]   --> /opt/rustwide/cargo-home/registry/src/index.crates.io-6f17d22bba15001f/opensrdk-kernel-method-0.2.5/src/lib.rs:37:11
[INFO] [stdout]    |
[INFO] [stdout] 37 | pub trait PositiveDefiniteKernel: Clone + Debug + Send + Sync {
[INFO] [stdout]    |           ^^^^^^^^^^^^^^^^^^^^^^
[INFO] [stdout] 
[INFO] [stdout] 
[INFO] [stdout] error[E0107]: trait takes 0 generic arguments but 1 generic argument was supplied
[INFO] [stdout]   --> src/nonparametric/elliptical_process/sparse/mod.rs:17:8
[INFO] [stdout]    |
[INFO] [stdout] 17 |     K: PositiveDefiniteKernel<T>,
[INFO] [stdout]    |        ^^^^^^^^^^^^^^^^^^^^^^--- help: remove these generics
[INFO] [stdout]    |        |
[INFO] [stdout]    |        expected 0 generic arguments
[INFO] [stdout]    |
[INFO] [stdout] note: trait defined here, with 0 generic parameters
[INFO] [stdout]   --> /opt/rustwide/cargo-home/registry/src/index.crates.io-6f17d22bba15001f/opensrdk-kernel-method-0.2.5/src/lib.rs:37:11
[INFO] [stdout]    |
[INFO] [stdout] 37 | pub trait PositiveDefiniteKernel: Clone + Debug + Send + Sync {
[INFO] [stdout]    |           ^^^^^^^^^^^^^^^^^^^^^^
[INFO] [stdout] 
[INFO] [stdout] 
[INFO] [stdout] error[E0107]: trait takes 0 generic arguments but 1 generic argument was supplied
[INFO] [stdout]   --> src/nonparametric/elliptical_process/sparse/mod.rs:35:8
[INFO] [stdout]    |
[INFO] [stdout] 35 |     K: PositiveDefiniteKernel<T>,
[INFO] [stdout]    |        ^^^^^^^^^^^^^^^^^^^^^^--- help: remove these generics
[INFO] [stdout]    |        |
[INFO] [stdout]    |        expected 0 generic arguments
[INFO] [stdout]    |
[INFO] [stdout] note: trait defined here, with 0 generic parameters
[INFO] [stdout]   --> /opt/rustwide/cargo-home/registry/src/index.crates.io-6f17d22bba15001f/opensrdk-kernel-method-0.2.5/src/lib.rs:37:11
[INFO] [stdout]    |
[INFO] [stdout] 37 | pub trait PositiveDefiniteKernel: Clone + Debug + Send + Sync {
[INFO] [stdout]    |           ^^^^^^^^^^^^^^^^^^^^^^
[INFO] [stdout] 
[INFO] [stdout] 
[INFO] [stdout] error[E0107]: trait takes 0 generic arguments but 1 generic argument was supplied
[INFO] [stdout]    --> src/nonparametric/elliptical_process/sparse/mod.rs:133:8
[INFO] [stdout]     |
[INFO] [stdout] 133 |     K: PositiveDefiniteKernel<T>,
[INFO] [stdout]     |        ^^^^^^^^^^^^^^^^^^^^^^--- help: remove these generics
[INFO] [stdout]     |        |
[INFO] [stdout]     |        expected 0 generic arguments
[INFO] [stdout]     |
[INFO] [stdout] note: trait defined here, with 0 generic parameters
[INFO] [stdout]    --> /opt/rustwide/cargo-home/registry/src/index.crates.io-6f17d22bba15001f/opensrdk-kernel-method-0.2.5/src/lib.rs:37:11
[INFO] [stdout]     |
[INFO] [stdout] 37  | pub trait PositiveDefiniteKernel: Clone + Debug + Send + Sync {
[INFO] [stdout]     |           ^^^^^^^^^^^^^^^^^^^^^^
[INFO] [stdout] 
[INFO] [stdout] 
[INFO] [stdout] error[E0107]: trait takes 0 generic arguments but 1 generic argument was supplied
[INFO] [stdout]    --> src/nonparametric/elliptical_process/sparse/mod.rs:152:8
[INFO] [stdout]     |
[INFO] [stdout] 152 |     K: PositiveDefiniteKernel<T>,
[INFO] [stdout]     |        ^^^^^^^^^^^^^^^^^^^^^^--- help: remove these generics
[INFO] [stdout]     |        |
[INFO] [stdout]     |        expected 0 generic arguments
[INFO] [stdout]     |
[INFO] [stdout] note: trait defined here, with 0 generic parameters
[INFO] [stdout]    --> /opt/rustwide/cargo-home/registry/src/index.crates.io-6f17d22bba15001f/opensrdk-kernel-method-0.2.5/src/lib.rs:37:11
[INFO] [stdout]     |
[INFO] [stdout] 37  | pub trait PositiveDefiniteKernel: Clone + Debug + Send + Sync {
[INFO] [stdout]     |           ^^^^^^^^^^^^^^^^^^^^^^
[INFO] [stdout] 
[INFO] [stdout] 
[INFO] [stdout] error[E0107]: trait takes 0 generic arguments but 1 generic argument was supplied
[INFO] [stdout]    --> src/nonparametric/elliptical_process/sparse/mod.rs:172:8
[INFO] [stdout]     |
[INFO] [stdout] 172 |     K: PositiveDefiniteKernel<T>,
[INFO] [stdout]     |        ^^^^^^^^^^^^^^^^^^^^^^--- help: remove these generics
[INFO] [stdout]     |        |
[INFO] [stdout]     |        expected 0 generic arguments
[INFO] [stdout]     |
[INFO] [stdout] note: trait defined here, with 0 generic parameters
[INFO] [stdout]    --> /opt/rustwide/cargo-home/registry/src/index.crates.io-6f17d22bba15001f/opensrdk-kernel-method-0.2.5/src/lib.rs:37:11
[INFO] [stdout]     |
[INFO] [stdout] 37  | pub trait PositiveDefiniteKernel: Clone + Debug + Send + Sync {
[INFO] [stdout]     |           ^^^^^^^^^^^^^^^^^^^^^^
[INFO] [stdout] 
[INFO] [stdout] 
[INFO] [stdout] error[E0107]: trait takes 0 generic arguments but 1 generic argument was supplied
[INFO] [stdout]    --> src/nonparametric/elliptical_process/sparse/mod.rs:194:8
[INFO] [stdout]     |
[INFO] [stdout] 194 |     K: PositiveDefiniteKernel<T>,
[INFO] [stdout]     |        ^^^^^^^^^^^^^^^^^^^^^^--- help: remove these generics
[INFO] [stdout]     |        |
[INFO] [stdout]     |        expected 0 generic arguments
[INFO] [stdout]     |
[INFO] [stdout] note: trait defined here, with 0 generic parameters
[INFO] [stdout]    --> /opt/rustwide/cargo-home/registry/src/index.crates.io-6f17d22bba15001f/opensrdk-kernel-method-0.2.5/src/lib.rs:37:11
[INFO] [stdout]     |
[INFO] [stdout] 37  | pub trait PositiveDefiniteKernel: Clone + Debug + Send + Sync {
[INFO] [stdout]     |           ^^^^^^^^^^^^^^^^^^^^^^
[INFO] [stdout] 
[INFO] [stdout] 
[INFO] [stdout] error[E0107]: trait takes 0 generic arguments but 1 generic argument was supplied
[INFO] [stdout]   --> src/nonparametric/elliptical_process/sparse/regressor.rs:14:8
[INFO] [stdout]    |
[INFO] [stdout] 14 |     K: PositiveDefiniteKernel<T>,
[INFO] [stdout]    |        ^^^^^^^^^^^^^^^^^^^^^^--- help: remove these generics
[INFO] [stdout]    |        |
[INFO] [stdout]    |        expected 0 generic arguments
[INFO] [stdout]    |
[INFO] [stdout] note: trait defined here, with 0 generic parameters
[INFO] [stdout]   --> /opt/rustwide/cargo-home/registry/src/index.crates.io-6f17d22bba15001f/opensrdk-kernel-method-0.2.5/src/lib.rs:37:11
[INFO] [stdout]    |
[INFO] [stdout] 37 | pub trait PositiveDefiniteKernel: Clone + Debug + Send + Sync {
[INFO] [stdout]    |           ^^^^^^^^^^^^^^^^^^^^^^
[INFO] [stdout] 
[INFO] [stdout] 
[INFO] [stdout] error[E0107]: trait takes 0 generic arguments but 1 generic argument was supplied
[INFO] [stdout]   --> src/nonparametric/generalized_kernel_density_estimation.rs:13:8
[INFO] [stdout]    |
[INFO] [stdout] 13 |     K: PositiveDefiniteKernel<Vec<f64>>,
[INFO] [stdout]    |        ^^^^^^^^^^^^^^^^^^^^^^---------- help: remove these generics
[INFO] [stdout]    |        |
[INFO] [stdout]    |        expected 0 generic arguments
[INFO] [stdout]    |
[INFO] [stdout] note: trait defined here, with 0 generic parameters
[INFO] [stdout]   --> /opt/rustwide/cargo-home/registry/src/index.crates.io-6f17d22bba15001f/opensrdk-kernel-method-0.2.5/src/lib.rs:37:11
[INFO] [stdout]    |
[INFO] [stdout] 37 | pub trait PositiveDefiniteKernel: Clone + Debug + Send + Sync {
[INFO] [stdout]    |           ^^^^^^^^^^^^^^^^^^^^^^
[INFO] [stdout] 
[INFO] [stdout] 
[INFO] [stdout] error[E0107]: trait takes 0 generic arguments but 1 generic argument was supplied
[INFO] [stdout]   --> src/nonparametric/generalized_kernel_density_estimation.rs:24:8
[INFO] [stdout]    |
[INFO] [stdout] 24 |     K: PositiveDefiniteKernel<Vec<f64>>,
[INFO] [stdout]    |        ^^^^^^^^^^^^^^^^^^^^^^---------- help: remove these generics
[INFO] [stdout]    |        |
[INFO] [stdout]    |        expected 0 generic arguments
[INFO] [stdout]    |
[INFO] [stdout] note: trait defined here, with 0 generic parameters
[INFO] [stdout]   --> /opt/rustwide/cargo-home/registry/src/index.crates.io-6f17d22bba15001f/opensrdk-kernel-method-0.2.5/src/lib.rs:37:11
[INFO] [stdout]    |
[INFO] [stdout] 37 | pub trait PositiveDefiniteKernel: Clone + Debug + Send + Sync {
[INFO] [stdout]    |           ^^^^^^^^^^^^^^^^^^^^^^
[INFO] [stdout] 
[INFO] [stdout] 
[INFO] [stdout] error[E0107]: trait takes 0 generic arguments but 1 generic argument was supplied
[INFO] [stdout]   --> src/nonparametric/generalized_kernel_density_estimation.rs:39:8
[INFO] [stdout]    |
[INFO] [stdout] 39 |     K: PositiveDefiniteKernel<Vec<f64>>,
[INFO] [stdout]    |        ^^^^^^^^^^^^^^^^^^^^^^---------- help: remove these generics
[INFO] [stdout]    |        |
[INFO] [stdout]    |        expected 0 generic arguments
[INFO] [stdout]    |
[INFO] [stdout] note: trait defined here, with 0 generic parameters
[INFO] [stdout]   --> /opt/rustwide/cargo-home/registry/src/index.crates.io-6f17d22bba15001f/opensrdk-kernel-method-0.2.5/src/lib.rs:37:11
[INFO] [stdout]    |
[INFO] [stdout] 37 | pub trait PositiveDefiniteKernel: Clone + Debug + Send + Sync {
[INFO] [stdout]    |           ^^^^^^^^^^^^^^^^^^^^^^
[INFO] [stdout] 
[INFO] [stdout] 
[INFO] [stdout] error[E0107]: trait takes 0 generic arguments but 1 generic argument was supplied
[INFO] [stdout]   --> src/nonparametric/generalized_kernel_density_estimation.rs:71:8
[INFO] [stdout]    |
[INFO] [stdout] 71 |     K: PositiveDefiniteKernel<Vec<f64>>,
[INFO] [stdout]    |        ^^^^^^^^^^^^^^^^^^^^^^---------- help: remove these generics
[INFO] [stdout]    |        |
[INFO] [stdout]    |        expected 0 generic arguments
[INFO] [stdout]    |
[INFO] [stdout] note: trait defined here, with 0 generic parameters
[INFO] [stdout]   --> /opt/rustwide/cargo-home/registry/src/index.crates.io-6f17d22bba15001f/opensrdk-kernel-method-0.2.5/src/lib.rs:37:11
[INFO] [stdout]    |
[INFO] [stdout] 37 | pub trait PositiveDefiniteKernel: Clone + Debug + Send + Sync {
[INFO] [stdout]    |           ^^^^^^^^^^^^^^^^^^^^^^
[INFO] [stdout] 
[INFO] [stdout] 
[INFO] [stdout] error[E0107]: trait takes 0 generic arguments but 1 generic argument was supplied
[INFO] [stdout]   --> src/variational/stein.rs:16:8
[INFO] [stdout]    |
[INFO] [stdout] 16 |     K: PositiveDefiniteKernel<Vec<f64>> + ValueDifferentiableKernel<Vec<f64>>,
[INFO] [stdout]    |        ^^^^^^^^^^^^^^^^^^^^^^---------- help: remove these generics
[INFO] [stdout]    |        |
[INFO] [stdout]    |        expected 0 generic arguments
[INFO] [stdout]    |
[INFO] [stdout] note: trait defined here, with 0 generic parameters
[INFO] [stdout]   --> /opt/rustwide/cargo-home/registry/src/index.crates.io-6f17d22bba15001f/opensrdk-kernel-method-0.2.5/src/lib.rs:37:11
[INFO] [stdout]    |
[INFO] [stdout] 37 | pub trait PositiveDefiniteKernel: Clone + Debug + Send + Sync {
[INFO] [stdout]    |           ^^^^^^^^^^^^^^^^^^^^^^
[INFO] [stdout] 
[INFO] [stdout] 
[INFO] [stdout] error: aborting due to 36 previous errors; 23 warnings emitted
[INFO] [stdout] 
[INFO] [stdout] 
[INFO] [stdout] Some errors have detailed explanations: E0107, E0405.
[INFO] [stdout] 
[INFO] [stdout] For more information about an error, try `rustc --explain E0107`.
[INFO] [stdout] 
[INFO] [stderr] error: could not compile `opensrdk-probability` (lib) due to 37 previous errors; 23 warnings emitted
[INFO] [stderr] warning: build failed, waiting for other jobs to finish...
[INFO] running `Command { std: "docker" "inspect" "c87773a19f6314e71b0f026a49251cc24d414258f867a15f2ec4c6f112fa5c32", kill_on_drop: false }`
[INFO] running `Command { std: "docker" "rm" "-f" "c87773a19f6314e71b0f026a49251cc24d414258f867a15f2ec4c6f112fa5c32", kill_on_drop: false }`
[INFO] [stdout] c87773a19f6314e71b0f026a49251cc24d414258f867a15f2ec4c6f112fa5c32
