[INFO] fetching crate openidconnect-lax 3.2.1...
[INFO] testing openidconnect-lax-3.2.1 against 1.75.0 for beta-1.76-1
[INFO] extracting crate openidconnect-lax 3.2.1 into /workspace/builds/worker-1-tc1/source
[INFO] validating manifest of crates.io crate openidconnect-lax 3.2.1 on toolchain 1.75.0
[INFO] running `Command { std: CARGO_HOME="/workspace/cargo-home" RUSTUP_HOME="/workspace/rustup-home" "/workspace/cargo-home/bin/cargo" "+1.75.0" "metadata" "--manifest-path" "Cargo.toml" "--no-deps", kill_on_drop: false }`
[INFO] started tweaking crates.io crate openidconnect-lax 3.2.1
[INFO] finished tweaking crates.io crate openidconnect-lax 3.2.1
[INFO] tweaked toml for crates.io crate openidconnect-lax 3.2.1 written to /workspace/builds/worker-1-tc1/source/Cargo.toml
[INFO] crate crates.io crate openidconnect-lax 3.2.1 already has a lockfile, it will not be regenerated
[INFO] running `Command { std: CARGO_HOME="/workspace/cargo-home" RUSTUP_HOME="/workspace/rustup-home" "/workspace/cargo-home/bin/cargo" "+1.75.0" "fetch" "--manifest-path" "Cargo.toml", kill_on_drop: false }`
[INFO] [stderr]     Updating crates.io index
[INFO] [stderr]  Downloading crates ...
[INFO] [stderr]   Downloaded retry v1.3.1
[INFO] [stderr]   Downloaded security-framework-sys v2.9.0
[INFO] [stderr]   Downloaded pretty_assertions v1.3.0
[INFO] [stderr]   Downloaded openssl-sys v0.9.88
[INFO] [stderr]   Downloaded serde_with v3.0.0
[INFO] [stderr]   Downloaded curl-sys v0.4.63+curl-8.1.2
[INFO] [stderr]   Downloaded ureq v2.7.0
[INFO] [stderr]   Downloaded openssl v0.10.54
[INFO] [stderr]   Downloaded darling_core v0.20.1
[INFO] [stderr]   Downloaded rsa v0.9.2
[INFO] [stderr]   Downloaded der v0.7.6
[INFO] [stderr]   Downloaded security-framework v2.9.1
[INFO] [stderr]   Downloaded oauth2 v4.4.1
[INFO] [stderr]   Downloaded darling v0.20.1
[INFO] [stderr]   Downloaded serde_plain v1.0.1
[INFO] [stderr]   Downloaded serde_with_macros v3.0.0
[INFO] [stderr]   Downloaded sec1 v0.7.2
[INFO] [stderr]   Downloaded darling_macro v0.20.1
[INFO] running `Command { std: "docker" "create" "-v" "/var/lib/crater-agent-workspace/builds/worker-1-tc1/target:/opt/rustwide/target:rw,Z" "-v" "/var/lib/crater-agent-workspace/builds/worker-1-tc1/source:/opt/rustwide/workdir:ro,Z" "-v" "/var/lib/crater-agent-workspace/cargo-home:/opt/rustwide/cargo-home:ro,Z" "-v" "/var/lib/crater-agent-workspace/rustup-home:/opt/rustwide/rustup-home:ro,Z" "-e" "SOURCE_DIR=/opt/rustwide/workdir" "-e" "CARGO_TARGET_DIR=/opt/rustwide/target" "-e" "CARGO_HOME=/opt/rustwide/cargo-home" "-e" "RUSTUP_HOME=/opt/rustwide/rustup-home" "-w" "/opt/rustwide/workdir" "-m" "1610612736" "--user" "0:0" "--network" "none" "ghcr.io/rust-lang/crates-build-env/linux@sha256:2788e3201cd34a07e3172128adcd8b3090168a8e3bcc40d7c032b9dda1df7d1c" "/opt/rustwide/cargo-home/bin/cargo" "+1.75.0" "metadata" "--no-deps" "--format-version=1", kill_on_drop: false }`
[INFO] [stdout] e4a474ad3aeac80bb121ee6516edea8686b5a8983252d4095283b77aa73e5e22
[INFO] running `Command { std: "docker" "start" "-a" "e4a474ad3aeac80bb121ee6516edea8686b5a8983252d4095283b77aa73e5e22", kill_on_drop: false }`
[INFO] running `Command { std: "docker" "inspect" "e4a474ad3aeac80bb121ee6516edea8686b5a8983252d4095283b77aa73e5e22", kill_on_drop: false }`
[INFO] running `Command { std: "docker" "rm" "-f" "e4a474ad3aeac80bb121ee6516edea8686b5a8983252d4095283b77aa73e5e22", kill_on_drop: false }`
[INFO] [stdout] e4a474ad3aeac80bb121ee6516edea8686b5a8983252d4095283b77aa73e5e22
[INFO] running `Command { std: "docker" "create" "-v" "/var/lib/crater-agent-workspace/builds/worker-1-tc1/target:/opt/rustwide/target:rw,Z" "-v" "/var/lib/crater-agent-workspace/builds/worker-1-tc1/source:/opt/rustwide/workdir:ro,Z" "-v" "/var/lib/crater-agent-workspace/cargo-home:/opt/rustwide/cargo-home:ro,Z" "-v" "/var/lib/crater-agent-workspace/rustup-home:/opt/rustwide/rustup-home:ro,Z" "-e" "SOURCE_DIR=/opt/rustwide/workdir" "-e" "CARGO_TARGET_DIR=/opt/rustwide/target" "-e" "CARGO_INCREMENTAL=0" "-e" "RUST_BACKTRACE=full" "-e" "RUSTFLAGS=--cap-lints=warn" "-e" "RUSTDOCFLAGS=--cap-lints=warn" "-e" "CARGO_HOME=/opt/rustwide/cargo-home" "-e" "RUSTUP_HOME=/opt/rustwide/rustup-home" "-w" "/opt/rustwide/workdir" "-m" "1610612736" "--user" "0:0" "--network" "none" "ghcr.io/rust-lang/crates-build-env/linux@sha256:2788e3201cd34a07e3172128adcd8b3090168a8e3bcc40d7c032b9dda1df7d1c" "/opt/rustwide/cargo-home/bin/cargo" "+1.75.0" "build" "--frozen" "--message-format=json", kill_on_drop: false }`
[INFO] [stdout] d0e291daae69fda0516c683f3b38bdd536f934bdf1e001a42fdde23258c6d86d
[INFO] running `Command { std: "docker" "start" "-a" "d0e291daae69fda0516c683f3b38bdd536f934bdf1e001a42fdde23258c6d86d", kill_on_drop: false }`
[INFO] [stderr]    Compiling libc v0.2.146
[INFO] [stderr]    Compiling zeroize v1.6.0
[INFO] [stderr]    Compiling proc-macro2 v1.0.60
[INFO] [stderr]    Compiling unicode-ident v1.0.9
[INFO] [stderr]    Compiling quote v1.0.28
[INFO] [stderr]    Compiling typenum v1.16.0
[INFO] [stderr]    Compiling const-oid v0.9.2
[INFO] [stderr]    Compiling subtle v2.5.0
[INFO] [stderr]    Compiling once_cell v1.18.0
[INFO] [stderr]    Compiling spin v0.5.2
[INFO] [stderr]    Compiling cc v1.0.79
[INFO] [stderr]    Compiling serde v1.0.164
[INFO] [stderr]    Compiling pin-project-lite v0.2.9
[INFO] [stderr]    Compiling libm v0.2.7
[INFO] [stderr]    Compiling der v0.7.6
[INFO] [stderr]    Compiling num-traits v0.2.15
[INFO] [stderr]    Compiling untrusted v0.7.1
[INFO] [stderr]    Compiling bytes v1.4.0
[INFO] [stderr]    Compiling futures-core v0.3.28
[INFO] [stderr]    Compiling tokio v1.28.2
[INFO] [stderr]    Compiling getrandom v0.2.10
[INFO] [stderr]    Compiling itoa v1.0.6
[INFO] [stderr]    Compiling mio v0.8.8
[INFO] [stderr]    Compiling socket2 v0.4.9
[INFO] [stderr]    Compiling syn v2.0.18
[INFO] [stderr]    Compiling rand_core v0.6.4
[INFO] [stderr]    Compiling ring v0.16.20
[INFO] [stderr]    Compiling generic-array v0.14.7
[INFO] [stderr]    Compiling spki v0.7.2
[INFO] [stderr]    Compiling pkcs8 v0.10.2
[INFO] [stderr]    Compiling num_cpus v1.15.0
[INFO] [stderr]    Compiling slab v0.4.8
[INFO] [stderr]    Compiling memchr v2.5.0
[INFO] [stderr]    Compiling crypto-common v0.1.6
[INFO] [stderr]    Compiling block-buffer v0.10.4
[INFO] [stderr]    Compiling futures-task v0.3.28
[INFO] [stderr]    Compiling digest v0.10.7
[INFO] [stderr]    Compiling tracing-core v0.1.31
[INFO] [stderr]    Compiling indexmap v1.9.3
[INFO] [stderr]    Compiling futures-util v0.3.28
[INFO] [stderr]    Compiling hmac v0.12.1
[INFO] [stderr]    Compiling ff v0.13.0
[INFO] [stderr]    Compiling http v0.2.9
[INFO] [stderr]    Compiling tracing v0.1.37
[INFO] [stderr]    Compiling futures-channel v0.3.28
[INFO] [stderr]    Compiling futures-sink v0.3.28
[INFO] [stderr]    Compiling rustls v0.21.2
[INFO] [stderr]    Compiling httparse v1.8.0
[INFO] [stderr]    Compiling futures-io v0.3.28
[INFO] [stderr]    Compiling hashbrown v0.12.3
[INFO] [stderr]    Compiling sec1 v0.7.2
[INFO] [stderr]    Compiling tinyvec v1.6.0
[INFO] [stderr]    Compiling group v0.13.0
[INFO] [stderr]    Compiling hkdf v0.12.3
[INFO] [stderr]    Compiling crypto-bigint v0.5.2
[INFO] [stderr]    Compiling num-integer v0.1.45
[INFO] [stderr]    Compiling percent-encoding v2.3.0
[INFO] [stderr]    Compiling ident_case v1.0.1
[INFO] [stderr]    Compiling strsim v0.10.0
[INFO] [stderr]    Compiling log v0.4.19
[INFO] [stderr]    Compiling try-lock v0.2.4
[INFO] [stderr]    Compiling want v0.3.1
[INFO] [stderr]    Compiling elliptic-curve v0.13.5
[INFO] [stderr]    Compiling form_urlencoded v1.2.0
[INFO] [stderr]    Compiling rand_chacha v0.3.1
[INFO] [stderr]    Compiling darling_core v0.20.1
[INFO] [stderr]    Compiling unicode-normalization v0.1.22
[INFO] [stderr]    Compiling rustls-webpki v0.100.1
[INFO] [stderr]    Compiling sct v0.7.0
[INFO] [stderr]    Compiling http-body v0.4.5
[INFO] [stderr]    Compiling signature v2.1.0
[INFO] [stderr]    Compiling num-iter v0.1.43
[INFO] [stderr]    Compiling cpufeatures v0.2.8
[INFO] [stderr]    Compiling unicode-bidi v0.3.13
[INFO] [stderr]    Compiling tower-service v0.3.2
[INFO] [stderr]    Compiling httpdate v1.0.2
[INFO] [stderr]    Compiling ryu v1.0.13
[INFO] [stderr]    Compiling sha2 v0.10.7
[INFO] [stderr]    Compiling webpki v0.22.0
[INFO] [stderr]    Compiling rand v0.8.5
[INFO] [stderr]    Compiling tokio-util v0.7.8
[INFO] [stderr]    Compiling idna v0.4.0
[INFO] [stderr]    Compiling h2 v0.3.19
[INFO] [stderr]    Compiling rfc6979 v0.4.0
[INFO] [stderr]    Compiling num-bigint-dig v0.8.2
[INFO] [stderr]    Compiling thiserror v1.0.40
[INFO] [stderr]    Compiling base64 v0.21.2
[INFO] [stderr]    Compiling serde_json v1.0.97
[INFO] [stderr]    Compiling serde_derive v1.0.164
[INFO] [stderr]    Compiling thiserror-impl v1.0.40
[INFO] [stderr]    Compiling tokio-rustls v0.24.1
[INFO] [stderr]    Compiling darling_macro v0.20.1
[INFO] [stderr]    Compiling rustls-pemfile v1.0.2
[INFO] [stderr]    Compiling ecdsa v0.16.7
[INFO] [stderr]    Compiling webpki-roots v0.22.6
[INFO] [stderr]    Compiling primeorder v0.13.2
[INFO] [stderr]    Compiling lazy_static v1.4.0
[INFO] [stderr]    Compiling encoding_rs v0.8.32
[INFO] [stderr]    Compiling byteorder v1.4.3
[INFO] [stderr]    Compiling mime v0.3.17
[INFO] [stderr]    Compiling darling v0.20.1
[INFO] [stderr]    Compiling iana-time-zone v0.1.57
[INFO] [stderr]    Compiling smallvec v1.10.0
[INFO] [stderr]    Compiling ipnet v2.7.2
[INFO] [stderr]    Compiling serde_with_macros v3.0.0
[INFO] [stderr]    Compiling ordered-float v2.10.0
[INFO] [stderr]    Compiling pkcs1 v0.7.5
[INFO] [stderr]    Compiling either v1.8.1
[INFO] [stderr]    Compiling base64 v0.13.1
[INFO] [stderr]    Compiling hyper v0.14.26
[INFO] [stderr]    Compiling itertools v0.10.5
[INFO] [stderr]    Compiling rsa v0.9.2
[INFO] [stderr]    Compiling p384 v0.13.0
[INFO] [stderr]    Compiling p256 v0.13.2
[INFO] [stderr]    Compiling dyn-clone v1.0.11
[INFO] [stderr]    Compiling hyper-rustls v0.24.0
[INFO] [stderr]    Compiling url v2.4.0
[INFO] [stderr]    Compiling serde_urlencoded v0.7.1
[INFO] [stderr]    Compiling chrono v0.4.26
[INFO] [stderr]    Compiling serde_path_to_error v0.1.11
[INFO] [stderr]    Compiling serde_plain v1.0.1
[INFO] [stderr]    Compiling serde-value v0.7.0
[INFO] [stderr]    Compiling serde_with v3.0.0
[INFO] [stderr]    Compiling reqwest v0.11.18
[INFO] [stderr]    Compiling oauth2 v4.4.1
[INFO] [stderr]    Compiling openidconnect-lax v3.2.1 (/opt/rustwide/workdir)
[INFO] [stderr]     Finished dev [unoptimized + debuginfo] target(s) in 1m 20s
[INFO] running `Command { std: "docker" "inspect" "d0e291daae69fda0516c683f3b38bdd536f934bdf1e001a42fdde23258c6d86d", kill_on_drop: false }`
[INFO] running `Command { std: "docker" "rm" "-f" "d0e291daae69fda0516c683f3b38bdd536f934bdf1e001a42fdde23258c6d86d", kill_on_drop: false }`
[INFO] [stdout] d0e291daae69fda0516c683f3b38bdd536f934bdf1e001a42fdde23258c6d86d
[INFO] running `Command { std: "docker" "create" "-v" "/var/lib/crater-agent-workspace/builds/worker-1-tc1/target:/opt/rustwide/target:rw,Z" "-v" "/var/lib/crater-agent-workspace/builds/worker-1-tc1/source:/opt/rustwide/workdir:ro,Z" "-v" "/var/lib/crater-agent-workspace/cargo-home:/opt/rustwide/cargo-home:ro,Z" "-v" "/var/lib/crater-agent-workspace/rustup-home:/opt/rustwide/rustup-home:ro,Z" "-e" "SOURCE_DIR=/opt/rustwide/workdir" "-e" "CARGO_TARGET_DIR=/opt/rustwide/target" "-e" "CARGO_INCREMENTAL=0" "-e" "RUST_BACKTRACE=full" "-e" "RUSTFLAGS=--cap-lints=warn" "-e" "RUSTDOCFLAGS=--cap-lints=warn" "-e" "CARGO_HOME=/opt/rustwide/cargo-home" "-e" "RUSTUP_HOME=/opt/rustwide/rustup-home" "-w" "/opt/rustwide/workdir" "-m" "1610612736" "--user" "0:0" "--network" "none" "ghcr.io/rust-lang/crates-build-env/linux@sha256:2788e3201cd34a07e3172128adcd8b3090168a8e3bcc40d7c032b9dda1df7d1c" "/opt/rustwide/cargo-home/bin/cargo" "+1.75.0" "test" "--frozen" "--no-run" "--message-format=json", kill_on_drop: false }`
[INFO] [stdout] fd35a1397f85a24f3f6ae51ea4e32973c5c9accb48f66824cd958edd0a48e0c3
[INFO] running `Command { std: "docker" "start" "-a" "fd35a1397f85a24f3f6ae51ea4e32973c5c9accb48f66824cd958edd0a48e0c3", kill_on_drop: false }`
[INFO] [stderr]    Compiling log v0.4.19
[INFO] [stderr]    Compiling backtrace v0.3.67
[INFO] [stderr]    Compiling gimli v0.27.3
[INFO] [stderr]    Compiling adler v1.0.2
[INFO] [stderr]    Compiling object v0.30.4
[INFO] [stderr]    Compiling aho-corasick v1.0.2
[INFO] [stderr]    Compiling atty v0.2.14
[INFO] [stderr]    Compiling rustc-demangle v0.1.23
[INFO] [stderr]    Compiling miniz_oxide v0.6.2
[INFO] [stderr]    Compiling rustls v0.21.2
[INFO] [stderr]    Compiling anyhow v1.0.71
[INFO] [stderr]    Compiling regex-syntax v0.7.2
[INFO] [stderr]    Compiling termcolor v1.2.0
[INFO] [stderr]    Compiling humantime v2.1.0
[INFO] [stderr]    Compiling yansi v0.5.1
[INFO] [stderr]    Compiling diff v0.1.13
[INFO] [stderr]    Compiling retry v1.3.1
[INFO] [stderr]    Compiling pretty_assertions v1.3.0
[INFO] [stderr]    Compiling regex v1.8.4
[INFO] [stderr]    Compiling tokio-rustls v0.24.1
[INFO] [stderr]    Compiling hyper-rustls v0.24.0
[INFO] [stderr]    Compiling reqwest v0.11.18
[INFO] [stderr]    Compiling addr2line v0.19.0
[INFO] [stderr]    Compiling env_logger v0.9.3
[INFO] [stderr]    Compiling color-backtrace v0.5.1
[INFO] [stderr]    Compiling oauth2 v4.4.1
[INFO] [stderr]    Compiling openidconnect-lax v3.2.1 (/opt/rustwide/workdir)
[INFO] [stdout] error[E0463]: can't find crate for `openidconnect`
[INFO] [stdout]  --> tests/rp_certification_code.rs:6:1
[INFO] [stdout]   |
[INFO] [stdout] 6 | extern crate openidconnect;
[INFO] [stdout]   | ^^^^^^^^^^^^^^^^^^^^^^^^^^^ can't find crate
[INFO] [stdout] 
[INFO] [stdout] 
[INFO] [stdout] error[E0463]: can't find crate for `openidconnect`
[INFO] [stdout]  --> tests/rp_certification_dynamic.rs:5:1
[INFO] [stdout]   |
[INFO] [stdout] 5 | extern crate openidconnect;
[INFO] [stdout]   | ^^^^^^^^^^^^^^^^^^^^^^^^^^^ can't find crate
[INFO] [stdout] 
[INFO] [stdout] 
[INFO] [stdout] error[E0433]: failed to resolve: use of undeclared crate or module `openidconnect`
[INFO] [stdout]   --> examples/gitlab.rs:26:5
[INFO] [stdout]    |
[INFO] [stdout] 26 | use openidconnect::core::{
[INFO] [stdout]    |     ^^^^^^^^^^^^^ use of undeclared crate or module `openidconnect`
[INFO] [stdout]    |
[INFO] [stdout] help: there is a crate or module with a similar name
[INFO] [stdout]    |
[INFO] [stdout] 26 | use openidconnect_lax::core::{
[INFO] [stdout]    |     ~~~~~~~~~~~~~~~~~
[INFO] [stdout] 
[INFO] [stdout] 
[INFO] [stdout] error[E0433]: failed to resolve: use of undeclared crate or module `openidconnect`
[INFO] [stdout]   --> examples/gitlab.rs:31:5
[INFO] [stdout]    |
[INFO] [stdout] 31 | use openidconnect::reqwest::http_client;
[INFO] [stdout]    |     ^^^^^^^^^^^^^ use of undeclared crate or module `openidconnect`
[INFO] [stdout]    |
[INFO] [stdout] help: there is a crate or module with a similar name
[INFO] [stdout]    |
[INFO] [stdout] 31 | use openidconnect_lax::reqwest::http_client;
[INFO] [stdout]    |     ~~~~~~~~~~~~~~~~~
[INFO] [stdout] 
[INFO] [stdout] 
[INFO] [stdout] error[E0433]: failed to resolve: use of undeclared crate or module `openidconnect`
[INFO] [stdout]   --> examples/okta_device_grant.rs:18:5
[INFO] [stdout]    |
[INFO] [stdout] 18 | use openidconnect::core::{
[INFO] [stdout]    |     ^^^^^^^^^^^^^ use of undeclared crate or module `openidconnect`
[INFO] [stdout]    |
[INFO] [stdout] help: there is a crate or module with a similar name
[INFO] [stdout]    |
[INFO] [stdout] 18 | use openidconnect_lax::core::{
[INFO] [stdout]    |     ~~~~~~~~~~~~~~~~~
[INFO] [stdout] 
[INFO] [stdout] 
[INFO] [stdout] error: aborting due to previous error
[INFO] [stdout] 
[INFO] [stdout] 
[INFO] [stdout] For more information about this error, try `rustc --explain E0463`.
[INFO] [stdout] 
[INFO] [stderr] error: could not compile `openidconnect-lax` (test "rp_certification_dynamic") due to 2 previous errors
[INFO] [stdout] error[E0433]: failed to resolve: use of undeclared crate or module `openidconnect`
[INFO] [stdout]   --> examples/google.rs:25:5
[INFO] [stdout]    |
[INFO] [stdout] 25 | use openidconnect::core::{
[INFO] [stdout]    |     ^^^^^^^^^^^^^ use of undeclared crate or module `openidconnect`
[INFO] [stdout]    |
[INFO] [stdout] help: there is a crate or module with a similar name
[INFO] [stdout]    |
[INFO] [stdout] 25 | use openidconnect_lax::core::{
[INFO] [stdout]    |     ~~~~~~~~~~~~~~~~~
[INFO] [stdout] 
[INFO] [stdout] 
[INFO] [stderr] warning: build failed, waiting for other jobs to finish...
[INFO] [stdout] error[E0433]: failed to resolve: use of undeclared crate or module `openidconnect`
[INFO] [stdout]   --> examples/google.rs:31:5
[INFO] [stdout]    |
[INFO] [stdout] 31 | use openidconnect::reqwest::http_client;
[INFO] [stdout]    |     ^^^^^^^^^^^^^ use of undeclared crate or module `openidconnect`
[INFO] [stdout]    |
[INFO] [stdout] help: there is a crate or module with a similar name
[INFO] [stdout]    |
[INFO] [stdout] 31 | use openidconnect_lax::reqwest::http_client;
[INFO] [stdout]    |     ~~~~~~~~~~~~~~~~~
[INFO] [stdout] 
[INFO] [stdout] 
[INFO] [stdout] error[E0433]: failed to resolve: use of undeclared crate or module `openidconnect`
[INFO] [stdout]   --> examples/okta_device_grant.rs:32:5
[INFO] [stdout]    |
[INFO] [stdout] 32 | use openidconnect::reqwest::http_client;
[INFO] [stdout]    |     ^^^^^^^^^^^^^ use of undeclared crate or module `openidconnect`
[INFO] [stdout]    |
[INFO] [stdout] help: there is a crate or module with a similar name
[INFO] [stdout]    |
[INFO] [stdout] 32 | use openidconnect_lax::reqwest::http_client;
[INFO] [stdout]    |     ~~~~~~~~~~~~~~~~~
[INFO] [stdout] 
[INFO] [stdout] 
[INFO] [stdout] error[E0432]: unresolved import `openidconnect`
[INFO] [stdout]   --> examples/okta_device_grant.rs:24:5
[INFO] [stdout]    |
[INFO] [stdout] 24 | use openidconnect::{
[INFO] [stdout]    |     ^^^^^^^^^^^^^ use of undeclared crate or module `openidconnect`
[INFO] [stdout]    |
[INFO] [stdout] help: there is a crate or module with a similar name
[INFO] [stdout]    |
[INFO] [stdout] 24 | use openidconnect_lax::{
[INFO] [stdout]    |     ~~~~~~~~~~~~~~~~~
[INFO] [stdout] 
[INFO] [stdout] 
[INFO] [stdout] error[E0432]: unresolved import `openidconnect`
[INFO] [stdout]   --> examples/gitlab.rs:32:5
[INFO] [stdout]    |
[INFO] [stdout] 32 | use openidconnect::{AdditionalClaims, UserInfoClaims};
[INFO] [stdout]    |     ^^^^^^^^^^^^^ use of undeclared crate or module `openidconnect`
[INFO] [stdout]    |
[INFO] [stdout] help: there is a crate or module with a similar name
[INFO] [stdout]    |
[INFO] [stdout] 32 | use openidconnect_lax::{AdditionalClaims, UserInfoClaims};
[INFO] [stdout]    |     ~~~~~~~~~~~~~~~~~
[INFO] [stdout] 
[INFO] [stdout] 
[INFO] [stdout] error: aborting due to previous error
[INFO] [stdout] 
[INFO] [stdout] 
[INFO] [stdout] For more information about this error, try `rustc --explain E0463`.
[INFO] [stdout] 
[INFO] [stderr] error: could not compile `openidconnect-lax` (test "rp_certification_code") due to 2 previous errors
[INFO] [stdout] error[E0432]: unresolved import `openidconnect`
[INFO] [stdout]   --> examples/gitlab.rs:33:5
[INFO] [stdout]    |
[INFO] [stdout] 33 | use openidconnect::{
[INFO] [stdout]    |     ^^^^^^^^^^^^^ use of undeclared crate or module `openidconnect`
[INFO] [stdout]    |
[INFO] [stdout] help: there is a crate or module with a similar name
[INFO] [stdout]    |
[INFO] [stdout] 33 | use openidconnect_lax::{
[INFO] [stdout]    |     ~~~~~~~~~~~~~~~~~
[INFO] [stdout] 
[INFO] [stdout] 
[INFO] [stdout] error: aborting due to 3 previous errors
[INFO] [stdout] 
[INFO] [stdout] 
[INFO] [stdout] Some errors have detailed explanations: E0432, E0433.
[INFO] [stdout] 
[INFO] [stdout] For more information about an error, try `rustc --explain E0432`.
[INFO] [stdout] 
[INFO] [stderr] error: could not compile `openidconnect-lax` (example "okta_device_grant") due to 4 previous errors
[INFO] [stdout] error: aborting due to 4 previous errors
[INFO] [stdout] 
[INFO] [stdout] 
[INFO] [stdout] Some errors have detailed explanations: E0432, E0433.
[INFO] [stdout] 
[INFO] [stdout] For more information about an error, try `rustc --explain E0432`.
[INFO] [stdout] 
[INFO] [stderr] error: could not compile `openidconnect-lax` (example "gitlab") due to 5 previous errors
[INFO] [stdout] error[E0432]: unresolved import `openidconnect`
[INFO] [stdout]   --> examples/google.rs:32:5
[INFO] [stdout]    |
[INFO] [stdout] 32 | use openidconnect::{
[INFO] [stdout]    |     ^^^^^^^^^^^^^ use of undeclared crate or module `openidconnect`
[INFO] [stdout]    |
[INFO] [stdout] help: there is a crate or module with a similar name
[INFO] [stdout]    |
[INFO] [stdout] 32 | use openidconnect_lax::{
[INFO] [stdout]    |     ~~~~~~~~~~~~~~~~~
[INFO] [stdout] 
[INFO] [stdout] 
[INFO] [stdout] error: aborting due to 3 previous errors
[INFO] [stdout] 
[INFO] [stdout] 
[INFO] [stdout] Some errors have detailed explanations: E0432, E0433.
[INFO] [stdout] 
[INFO] [stdout] For more information about an error, try `rustc --explain E0432`.
[INFO] [stdout] 
[INFO] [stderr] error: could not compile `openidconnect-lax` (example "google") due to 4 previous errors
[INFO] running `Command { std: "docker" "inspect" "fd35a1397f85a24f3f6ae51ea4e32973c5c9accb48f66824cd958edd0a48e0c3", kill_on_drop: false }`
[INFO] running `Command { std: "docker" "rm" "-f" "fd35a1397f85a24f3f6ae51ea4e32973c5c9accb48f66824cd958edd0a48e0c3", kill_on_drop: false }`
[INFO] [stdout] fd35a1397f85a24f3f6ae51ea4e32973c5c9accb48f66824cd958edd0a48e0c3
[INFO] testing openidconnect-lax-3.2.1 against beta-2023-12-22 for beta-1.76-1
[INFO] extracting crate openidconnect-lax 3.2.1 into /workspace/builds/worker-1-tc2/source
[INFO] validating manifest of crates.io crate openidconnect-lax 3.2.1 on toolchain beta-2023-12-22
[INFO] running `Command { std: CARGO_HOME="/workspace/cargo-home" RUSTUP_HOME="/workspace/rustup-home" "/workspace/cargo-home/bin/cargo" "+beta-2023-12-22" "metadata" "--manifest-path" "Cargo.toml" "--no-deps", kill_on_drop: false }`
[INFO] started tweaking crates.io crate openidconnect-lax 3.2.1
[INFO] finished tweaking crates.io crate openidconnect-lax 3.2.1
[INFO] tweaked toml for crates.io crate openidconnect-lax 3.2.1 written to /workspace/builds/worker-1-tc2/source/Cargo.toml
[INFO] crate crates.io crate openidconnect-lax 3.2.1 already has a lockfile, it will not be regenerated
[INFO] running `Command { std: CARGO_HOME="/workspace/cargo-home" RUSTUP_HOME="/workspace/rustup-home" "/workspace/cargo-home/bin/cargo" "+beta-2023-12-22" "fetch" "--manifest-path" "Cargo.toml", kill_on_drop: false }`
[INFO] running `Command { std: "docker" "create" "-v" "/var/lib/crater-agent-workspace/builds/worker-1-tc2/target:/opt/rustwide/target:rw,Z" "-v" "/var/lib/crater-agent-workspace/builds/worker-1-tc2/source:/opt/rustwide/workdir:ro,Z" "-v" "/var/lib/crater-agent-workspace/cargo-home:/opt/rustwide/cargo-home:ro,Z" "-v" "/var/lib/crater-agent-workspace/rustup-home:/opt/rustwide/rustup-home:ro,Z" "-e" "SOURCE_DIR=/opt/rustwide/workdir" "-e" "CARGO_TARGET_DIR=/opt/rustwide/target" "-e" "CARGO_HOME=/opt/rustwide/cargo-home" "-e" "RUSTUP_HOME=/opt/rustwide/rustup-home" "-w" "/opt/rustwide/workdir" "-m" "1610612736" "--user" "0:0" "--network" "none" "ghcr.io/rust-lang/crates-build-env/linux@sha256:2788e3201cd34a07e3172128adcd8b3090168a8e3bcc40d7c032b9dda1df7d1c" "/opt/rustwide/cargo-home/bin/cargo" "+beta-2023-12-22" "metadata" "--no-deps" "--format-version=1", kill_on_drop: false }`
[INFO] [stdout] d8f726ca4befb2872fb309cde81db18062302a5567aaac066a973e9d62679ed9
[INFO] running `Command { std: "docker" "start" "-a" "d8f726ca4befb2872fb309cde81db18062302a5567aaac066a973e9d62679ed9", kill_on_drop: false }`
[INFO] running `Command { std: "docker" "inspect" "d8f726ca4befb2872fb309cde81db18062302a5567aaac066a973e9d62679ed9", kill_on_drop: false }`
[INFO] running `Command { std: "docker" "rm" "-f" "d8f726ca4befb2872fb309cde81db18062302a5567aaac066a973e9d62679ed9", kill_on_drop: false }`
[INFO] [stdout] d8f726ca4befb2872fb309cde81db18062302a5567aaac066a973e9d62679ed9
[INFO] running `Command { std: "docker" "create" "-v" "/var/lib/crater-agent-workspace/builds/worker-1-tc2/target:/opt/rustwide/target:rw,Z" "-v" "/var/lib/crater-agent-workspace/builds/worker-1-tc2/source:/opt/rustwide/workdir:ro,Z" "-v" "/var/lib/crater-agent-workspace/cargo-home:/opt/rustwide/cargo-home:ro,Z" "-v" "/var/lib/crater-agent-workspace/rustup-home:/opt/rustwide/rustup-home:ro,Z" "-e" "SOURCE_DIR=/opt/rustwide/workdir" "-e" "CARGO_TARGET_DIR=/opt/rustwide/target" "-e" "CARGO_INCREMENTAL=0" "-e" "RUST_BACKTRACE=full" "-e" "RUSTFLAGS=--cap-lints=warn" "-e" "RUSTDOCFLAGS=--cap-lints=warn" "-e" "CARGO_HOME=/opt/rustwide/cargo-home" "-e" "RUSTUP_HOME=/opt/rustwide/rustup-home" "-w" "/opt/rustwide/workdir" "-m" "1610612736" "--user" "0:0" "--network" "none" "ghcr.io/rust-lang/crates-build-env/linux@sha256:2788e3201cd34a07e3172128adcd8b3090168a8e3bcc40d7c032b9dda1df7d1c" "/opt/rustwide/cargo-home/bin/cargo" "+beta-2023-12-22" "build" "--frozen" "--message-format=json", kill_on_drop: false }`
[INFO] [stdout] a779e6a73fd041745e0c59dea60053ccc2f803473ba4601505b383f5569e9a52
[INFO] running `Command { std: "docker" "start" "-a" "a779e6a73fd041745e0c59dea60053ccc2f803473ba4601505b383f5569e9a52", kill_on_drop: false }`
[INFO] [stderr]    Compiling libc v0.2.146
[INFO] [stderr]    Compiling zeroize v1.6.0
[INFO] [stderr]    Compiling proc-macro2 v1.0.60
[INFO] [stderr]    Compiling quote v1.0.28
[INFO] [stderr]    Compiling unicode-ident v1.0.9
[INFO] [stderr]    Compiling typenum v1.16.0
[INFO] [stderr]    Compiling const-oid v0.9.2
[INFO] [stderr]    Compiling subtle v2.5.0
[INFO] [stderr]    Compiling once_cell v1.18.0
[INFO] [stderr]    Compiling spin v0.5.2
[INFO] [stderr]    Compiling cc v1.0.79
[INFO] [stderr]    Compiling serde v1.0.164
[INFO] [stderr]    Compiling pin-project-lite v0.2.9
[INFO] [stderr]    Compiling libm v0.2.7
[INFO] [stderr]    Compiling der v0.7.6
[INFO] [stderr]    Compiling num-traits v0.2.15
[INFO] [stderr]    Compiling futures-core v0.3.28
[INFO] [stderr]    Compiling untrusted v0.7.1
[INFO] [stderr]    Compiling bytes v1.4.0
[INFO] [stderr]    Compiling syn v2.0.18
[INFO] [stderr]    Compiling getrandom v0.2.10
[INFO] [stderr]    Compiling ring v0.16.20
[INFO] [stderr]    Compiling tokio v1.28.2
[INFO] [stderr]    Compiling itoa v1.0.6
[INFO] [stderr]    Compiling generic-array v0.14.7
[INFO] [stderr]    Compiling rand_core v0.6.4
[INFO] [stderr]    Compiling spki v0.7.2
[INFO] [stderr]    Compiling socket2 v0.4.9
[INFO] [stderr]    Compiling pkcs8 v0.10.2
[INFO] [stderr]    Compiling num_cpus v1.15.0
[INFO] [stderr]    Compiling mio v0.8.8
[INFO] [stderr]    Compiling block-buffer v0.10.4
[INFO] [stderr]    Compiling crypto-common v0.1.6
[INFO] [stderr]    Compiling digest v0.10.7
[INFO] [stderr]    Compiling slab v0.4.8
[INFO] [stderr]    Compiling futures-task v0.3.28
[INFO] [stderr]    Compiling memchr v2.5.0
[INFO] [stderr]    Compiling hmac v0.12.1
[INFO] [stderr]    Compiling tracing-core v0.1.31
[INFO] [stderr]    Compiling indexmap v1.9.3
[INFO] [stderr]    Compiling futures-util v0.3.28
[INFO] [stderr]    Compiling ff v0.13.0
[INFO] [stderr]    Compiling http v0.2.9
[INFO] [stderr]    Compiling futures-channel v0.3.28
[INFO] [stderr]    Compiling futures-sink v0.3.28
[INFO] [stderr]    Compiling tracing v0.1.37
[INFO] [stderr]    Compiling httparse v1.8.0
[INFO] [stderr]    Compiling rustls v0.21.2
[INFO] [stderr]    Compiling hashbrown v0.12.3
[INFO] [stderr]    Compiling futures-io v0.3.28
[INFO] [stderr]    Compiling sec1 v0.7.2
[INFO] [stderr]    Compiling tinyvec v1.6.0
[INFO] [stderr]    Compiling group v0.13.0
[INFO] [stderr]    Compiling hkdf v0.12.3
[INFO] [stderr]    Compiling crypto-bigint v0.5.2
[INFO] [stderr]    Compiling num-integer v0.1.45
[INFO] [stderr]    Compiling percent-encoding v2.3.0
[INFO] [stderr]    Compiling strsim v0.10.0
[INFO] [stderr]    Compiling log v0.4.19
[INFO] [stderr]    Compiling ident_case v1.0.1
[INFO] [stderr]    Compiling try-lock v0.2.4
[INFO] [stderr]    Compiling want v0.3.1
[INFO] [stderr]    Compiling darling_core v0.20.1
[INFO] [stderr]    Compiling form_urlencoded v1.2.0
[INFO] [stderr]    Compiling unicode-normalization v0.1.22
[INFO] [stderr]    Compiling rand_chacha v0.3.1
[INFO] [stderr]    Compiling elliptic-curve v0.13.5
[INFO] [stderr]    Compiling http-body v0.4.5
[INFO] [stderr]    Compiling signature v2.1.0
[INFO] [stderr]    Compiling rustls-webpki v0.100.1
[INFO] [stderr]    Compiling sct v0.7.0
[INFO] [stderr]    Compiling num-iter v0.1.43
[INFO] [stderr]    Compiling cpufeatures v0.2.8
[INFO] [stderr]    Compiling unicode-bidi v0.3.13
[INFO] [stderr]    Compiling tower-service v0.3.2
[INFO] [stderr]    Compiling ryu v1.0.13
[INFO] [stderr]    Compiling tokio-util v0.7.8
[INFO] [stderr]    Compiling httpdate v1.0.2
[INFO] [stderr]    Compiling idna v0.4.0
[INFO] [stderr]    Compiling sha2 v0.10.7
[INFO] [stderr]    Compiling h2 v0.3.19
[INFO] [stderr]    Compiling webpki v0.22.0
[INFO] [stderr]    Compiling serde_derive v1.0.164
[INFO] [stderr]    Compiling darling_macro v0.20.1
[INFO] [stderr]    Compiling rand v0.8.5
[INFO] [stderr]    Compiling rfc6979 v0.4.0
[INFO] [stderr]    Compiling base64 v0.21.2
[INFO] [stderr]    Compiling thiserror v1.0.40
[INFO] [stderr]    Compiling serde_json v1.0.97
[INFO] [stderr]    Compiling num-bigint-dig v0.8.2
[INFO] [stderr]    Compiling darling v0.20.1
[INFO] [stderr]    Compiling rustls-pemfile v1.0.2
[INFO] [stderr]    Compiling tokio-rustls v0.24.1
[INFO] [stderr]    Compiling ecdsa v0.16.7
[INFO] [stderr]    Compiling thiserror-impl v1.0.40
[INFO] [stderr]    Compiling webpki-roots v0.22.6
[INFO] [stderr]    Compiling primeorder v0.13.2
[INFO] [stderr]    Compiling lazy_static v1.4.0
[INFO] [stderr]    Compiling encoding_rs v0.8.32
[INFO] [stderr]    Compiling iana-time-zone v0.1.57
[INFO] [stderr]    Compiling mime v0.3.17
[INFO] [stderr]    Compiling byteorder v1.4.3
[INFO] [stderr]    Compiling ipnet v2.7.2
[INFO] [stderr]    Compiling smallvec v1.10.0
[INFO] [stderr]    Compiling serde_with_macros v3.0.0
[INFO] [stderr]    Compiling hyper v0.14.26
[INFO] [stderr]    Compiling ordered-float v2.10.0
[INFO] [stderr]    Compiling pkcs1 v0.7.5
[INFO] [stderr]    Compiling base64 v0.13.1
[INFO] [stderr]    Compiling either v1.8.1
[INFO] [stderr]    Compiling itertools v0.10.5
[INFO] [stderr]    Compiling rsa v0.9.2
[INFO] [stderr]    Compiling p384 v0.13.0
[INFO] [stderr]    Compiling p256 v0.13.2
[INFO] [stderr]    Compiling dyn-clone v1.0.11
[INFO] [stderr]    Compiling hyper-rustls v0.24.0
[INFO] [stderr]    Compiling serde_urlencoded v0.7.1
[INFO] [stderr]    Compiling url v2.4.0
[INFO] [stderr]    Compiling serde_path_to_error v0.1.11
[INFO] [stderr]    Compiling chrono v0.4.26
[INFO] [stderr]    Compiling serde_plain v1.0.1
[INFO] [stderr]    Compiling serde-value v0.7.0
[INFO] [stderr]    Compiling serde_with v3.0.0
[INFO] [stderr]    Compiling reqwest v0.11.18
[INFO] [stderr]    Compiling oauth2 v4.4.1
[INFO] [stderr]    Compiling openidconnect-lax v3.2.1 (/opt/rustwide/workdir)
[INFO] [stderr]     Finished dev [unoptimized + debuginfo] target(s) in 53.03s
[INFO] running `Command { std: "docker" "inspect" "a779e6a73fd041745e0c59dea60053ccc2f803473ba4601505b383f5569e9a52", kill_on_drop: false }`
[INFO] running `Command { std: "docker" "rm" "-f" "a779e6a73fd041745e0c59dea60053ccc2f803473ba4601505b383f5569e9a52", kill_on_drop: false }`
[INFO] [stdout] a779e6a73fd041745e0c59dea60053ccc2f803473ba4601505b383f5569e9a52
[INFO] running `Command { std: "docker" "create" "-v" "/var/lib/crater-agent-workspace/builds/worker-1-tc2/target:/opt/rustwide/target:rw,Z" "-v" "/var/lib/crater-agent-workspace/builds/worker-1-tc2/source:/opt/rustwide/workdir:ro,Z" "-v" "/var/lib/crater-agent-workspace/cargo-home:/opt/rustwide/cargo-home:ro,Z" "-v" "/var/lib/crater-agent-workspace/rustup-home:/opt/rustwide/rustup-home:ro,Z" "-e" "SOURCE_DIR=/opt/rustwide/workdir" "-e" "CARGO_TARGET_DIR=/opt/rustwide/target" "-e" "CARGO_INCREMENTAL=0" "-e" "RUST_BACKTRACE=full" "-e" "RUSTFLAGS=--cap-lints=warn" "-e" "RUSTDOCFLAGS=--cap-lints=warn" "-e" "CARGO_HOME=/opt/rustwide/cargo-home" "-e" "RUSTUP_HOME=/opt/rustwide/rustup-home" "-w" "/opt/rustwide/workdir" "-m" "1610612736" "--user" "0:0" "--network" "none" "ghcr.io/rust-lang/crates-build-env/linux@sha256:2788e3201cd34a07e3172128adcd8b3090168a8e3bcc40d7c032b9dda1df7d1c" "/opt/rustwide/cargo-home/bin/cargo" "+beta-2023-12-22" "test" "--frozen" "--no-run" "--message-format=json", kill_on_drop: false }`
[INFO] [stdout] 588713c22c840ff8ea9654707b1b8b6dba732e8aebe523fc7b9ab4ff6f9568e3
[INFO] running `Command { std: "docker" "start" "-a" "588713c22c840ff8ea9654707b1b8b6dba732e8aebe523fc7b9ab4ff6f9568e3", kill_on_drop: false }`
[INFO] [stderr]    Compiling log v0.4.19
[INFO] [stderr]    Compiling backtrace v0.3.67
[INFO] [stderr]    Compiling gimli v0.27.3
[INFO] [stderr]    Compiling adler v1.0.2
[INFO] [stderr]    Compiling object v0.30.4
[INFO] [stderr]    Compiling aho-corasick v1.0.2
[INFO] [stderr]    Compiling atty v0.2.14
[INFO] [stderr]    Compiling anyhow v1.0.71
[INFO] [stderr]    Compiling miniz_oxide v0.6.2
[INFO] [stderr]    Compiling regex-syntax v0.7.2
[INFO] [stderr]    Compiling rustls v0.21.2
[INFO] [stderr]    Compiling rustc-demangle v0.1.23
[INFO] [stderr]    Compiling termcolor v1.2.0
[INFO] [stderr]    Compiling yansi v0.5.1
[INFO] [stderr]    Compiling humantime v2.1.0
[INFO] [stderr]    Compiling diff v0.1.13
[INFO] [stderr]    Compiling pretty_assertions v1.3.0
[INFO] [stderr]    Compiling retry v1.3.1
[INFO] [stderr]    Compiling regex v1.8.4
[INFO] [stderr]    Compiling addr2line v0.19.0
[INFO] [stderr]    Compiling tokio-rustls v0.24.1
[INFO] [stderr]    Compiling env_logger v0.9.3
[INFO] [stderr]    Compiling hyper-rustls v0.24.0
[INFO] [stderr]    Compiling reqwest v0.11.18
[INFO] [stderr]    Compiling color-backtrace v0.5.1
[INFO] [stderr]    Compiling oauth2 v4.4.1
[INFO] [stderr]    Compiling openidconnect-lax v3.2.1 (/opt/rustwide/workdir)
[INFO] [stdout] error[E0433]: failed to resolve: use of undeclared crate or module `openidconnect`
[INFO] [stdout]   --> examples/okta_device_grant.rs:18:5
[INFO] [stdout]    |
[INFO] [stdout] 18 | use openidconnect::core::{
[INFO] [stdout]    |     ^^^^^^^^^^^^^ use of undeclared crate or module `openidconnect`
[INFO] [stdout]    |
[INFO] [stdout] help: there is a crate or module with a similar name
[INFO] [stdout]    |
[INFO] [stdout] 18 | use openidconnect_lax::core::{
[INFO] [stdout]    |     ~~~~~~~~~~~~~~~~~
[INFO] [stdout] 
[INFO] [stdout] 
[INFO] [stdout] error[E0433]: failed to resolve: use of undeclared crate or module `openidconnect`
[INFO] [stdout]   --> examples/gitlab.rs:26:5
[INFO] [stdout]    |
[INFO] [stdout] 26 | use openidconnect::core::{
[INFO] [stdout]    |     ^^^^^^^^^^^^^ use of undeclared crate or module `openidconnect`
[INFO] [stdout]    |
[INFO] [stdout] help: there is a crate or module with a similar name
[INFO] [stdout]    |
[INFO] [stdout] 26 | use openidconnect_lax::core::{
[INFO] [stdout]    |     ~~~~~~~~~~~~~~~~~
[INFO] [stdout] 
[INFO] [stdout] 
[INFO] [stdout] error[E0433]: failed to resolve: use of undeclared crate or module `openidconnect`
[INFO] [stdout]   --> examples/gitlab.rs:31:5
[INFO] [stdout]    |
[INFO] [stdout] 31 | use openidconnect::reqwest::http_client;
[INFO] [stdout]    |     ^^^^^^^^^^^^^ use of undeclared crate or module `openidconnect`
[INFO] [stdout]    |
[INFO] [stdout] help: there is a crate or module with a similar name
[INFO] [stdout]    |
[INFO] [stdout] 31 | use openidconnect_lax::reqwest::http_client;
[INFO] [stdout]    |     ~~~~~~~~~~~~~~~~~
[INFO] [stdout] 
[INFO] [stdout] 
[INFO] [stdout] error[E0463]: can't find crate for `openidconnect`
[INFO] [stdout]  --> tests/rp_certification_dynamic.rs:5:1
[INFO] [stdout]   |
[INFO] [stdout] 5 | extern crate openidconnect;
[INFO] [stdout]   | ^^^^^^^^^^^^^^^^^^^^^^^^^^^ can't find crate
[INFO] [stdout] 
[INFO] [stdout] 
[INFO] [stdout] error[E0433]: failed to resolve: use of undeclared crate or module `openidconnect`
[INFO] [stdout]   --> examples/google.rs:25:5
[INFO] [stdout]    |
[INFO] [stdout] 25 | use openidconnect::core::{
[INFO] [stdout]    |     ^^^^^^^^^^^^^ use of undeclared crate or module `openidconnect`
[INFO] [stdout]    |
[INFO] [stdout] help: there is a crate or module with a similar name
[INFO] [stdout]    |
[INFO] [stdout] 25 | use openidconnect_lax::core::{
[INFO] [stdout]    |     ~~~~~~~~~~~~~~~~~
[INFO] [stdout] 
[INFO] [stdout] 
[INFO] [stdout] error[E0433]: failed to resolve: use of undeclared crate or module `openidconnect`
[INFO] [stdout]   --> examples/google.rs:31:5
[INFO] [stdout]    |
[INFO] [stdout] 31 | use openidconnect::reqwest::http_client;
[INFO] [stdout]    |     ^^^^^^^^^^^^^ use of undeclared crate or module `openidconnect`
[INFO] [stdout]    |
[INFO] [stdout] help: there is a crate or module with a similar name
[INFO] [stdout]    |
[INFO] [stdout] 31 | use openidconnect_lax::reqwest::http_client;
[INFO] [stdout]    |     ~~~~~~~~~~~~~~~~~
[INFO] [stdout] 
[INFO] [stdout] 
[INFO] [stdout] error[E0433]: failed to resolve: use of undeclared crate or module `openidconnect`
[INFO] [stdout]   --> examples/okta_device_grant.rs:32:5
[INFO] [stdout]    |
[INFO] [stdout] 32 | use openidconnect::reqwest::http_client;
[INFO] [stdout]    |     ^^^^^^^^^^^^^ use of undeclared crate or module `openidconnect`
[INFO] [stdout]    |
[INFO] [stdout] help: there is a crate or module with a similar name
[INFO] [stdout]    |
[INFO] [stdout] 32 | use openidconnect_lax::reqwest::http_client;
[INFO] [stdout]    |     ~~~~~~~~~~~~~~~~~
[INFO] [stdout] 
[INFO] [stdout] 
[INFO] [stdout] error[E0432]: unresolved import `openidconnect`
[INFO] [stdout]   --> examples/okta_device_grant.rs:24:5
[INFO] [stdout]    |
[INFO] [stdout] 24 | use openidconnect::{
[INFO] [stdout]    |     ^^^^^^^^^^^^^ use of undeclared crate or module `openidconnect`
[INFO] [stdout]    |
[INFO] [stdout] help: there is a crate or module with a similar name
[INFO] [stdout]    |
[INFO] [stdout] 24 | use openidconnect_lax::{
[INFO] [stdout]    |     ~~~~~~~~~~~~~~~~~
[INFO] [stdout] 
[INFO] [stdout] 
[INFO] [stdout] error[E0463]: can't find crate for `openidconnect`
[INFO] [stdout]  --> tests/rp_certification_code.rs:6:1
[INFO] [stdout]   |
[INFO] [stdout] 6 | extern crate openidconnect;
[INFO] [stdout]   | ^^^^^^^^^^^^^^^^^^^^^^^^^^^ can't find crate
[INFO] [stdout] 
[INFO] [stdout] 
[INFO] [stdout] error: aborting due to 3 previous errors
[INFO] [stdout] 
[INFO] [stdout] 
[INFO] [stdout] Some errors have detailed explanations: E0432, E0433.
[INFO] [stdout] 
[INFO] [stdout] For more information about an error, try `rustc --explain E0432`.
[INFO] [stdout] 
[INFO] [stderr] error: could not compile `openidconnect-lax` (example "okta_device_grant") due to 4 previous errors
[INFO] [stderr] warning: build failed, waiting for other jobs to finish...
[INFO] [stdout] error[E0432]: unresolved import `openidconnect`
[INFO] [stdout]   --> examples/google.rs:32:5
[INFO] [stdout]    |
[INFO] [stdout] 32 | use openidconnect::{
[INFO] [stdout]    |     ^^^^^^^^^^^^^ use of undeclared crate or module `openidconnect`
[INFO] [stdout]    |
[INFO] [stdout] help: there is a crate or module with a similar name
[INFO] [stdout]    |
[INFO] [stdout] 32 | use openidconnect_lax::{
[INFO] [stdout]    |     ~~~~~~~~~~~~~~~~~
[INFO] [stdout] 
[INFO] [stdout] 
[INFO] [stdout] error[E0432]: unresolved import `openidconnect`
[INFO] [stdout]   --> examples/gitlab.rs:32:5
[INFO] [stdout]    |
[INFO] [stdout] 32 | use openidconnect::{AdditionalClaims, UserInfoClaims};
[INFO] [stdout]    |     ^^^^^^^^^^^^^ use of undeclared crate or module `openidconnect`
[INFO] [stdout]    |
[INFO] [stdout] help: there is a crate or module with a similar name
[INFO] [stdout]    |
[INFO] [stdout] 32 | use openidconnect_lax::{AdditionalClaims, UserInfoClaims};
[INFO] [stdout]    |     ~~~~~~~~~~~~~~~~~
[INFO] [stdout] 
[INFO] [stdout] 
[INFO] [stdout] error[E0432]: unresolved import `openidconnect`
[INFO] [stdout]   --> examples/gitlab.rs:33:5
[INFO] [stdout]    |
[INFO] [stdout] 33 | use openidconnect::{
[INFO] [stdout]    |     ^^^^^^^^^^^^^ use of undeclared crate or module `openidconnect`
[INFO] [stdout]    |
[INFO] [stdout] help: there is a crate or module with a similar name
[INFO] [stdout]    |
[INFO] [stdout] 33 | use openidconnect_lax::{
[INFO] [stdout]    |     ~~~~~~~~~~~~~~~~~
[INFO] [stdout] 
[INFO] [stdout] 
[INFO] [stdout] error: aborting due to 3 previous errors
[INFO] [stdout] 
[INFO] [stdout] 
[INFO] [stdout] Some errors have detailed explanations: E0432, E0433.
[INFO] [stdout] 
[INFO] [stdout] For more information about an error, try `rustc --explain E0432`.
[INFO] [stdout] 
[INFO] [stdout] error: aborting due to 4 previous errors
[INFO] [stdout] 
[INFO] [stdout] 
[INFO] [stdout] Some errors have detailed explanations: E0432, E0433.
[INFO] [stdout] 
[INFO] [stdout] For more information about an error, try `rustc --explain E0432`.
[INFO] [stdout] 
[INFO] [stderr] error: could not compile `openidconnect-lax` (example "gitlab") due to 5 previous errors
[INFO] [stderr] error: could not compile `openidconnect-lax` (example "google") due to 4 previous errors
[INFO] [stdout] error: aborting due to 1 previous error
[INFO] [stdout] 
[INFO] [stdout] 
[INFO] [stdout] error: aborting due to 1 previous error
[INFO] [stdout] 
[INFO] [stdout] 
[INFO] [stdout] For more information about this error, try `rustc --explain E0463`.
[INFO] [stdout] 
[INFO] [stdout] For more information about this error, try `rustc --explain E0463`.
[INFO] [stdout] 
[INFO] [stderr] error: could not compile `openidconnect-lax` (test "rp_certification_code") due to 2 previous errors
[INFO] [stderr] error: could not compile `openidconnect-lax` (test "rp_certification_dynamic") due to 2 previous errors
[INFO] running `Command { std: "docker" "inspect" "588713c22c840ff8ea9654707b1b8b6dba732e8aebe523fc7b9ab4ff6f9568e3", kill_on_drop: false }`
[INFO] running `Command { std: "docker" "rm" "-f" "588713c22c840ff8ea9654707b1b8b6dba732e8aebe523fc7b9ab4ff6f9568e3", kill_on_drop: false }`
[INFO] [stdout] 588713c22c840ff8ea9654707b1b8b6dba732e8aebe523fc7b9ab4ff6f9568e3
