[INFO] fetching crate openbrush_lang_macro 3.2.0...
[INFO] testing openbrush_lang_macro-3.2.0 against 1.75.0 for beta-1.76-1
[INFO] extracting crate openbrush_lang_macro 3.2.0 into /workspace/builds/worker-2-tc1/source
[INFO] validating manifest of crates.io crate openbrush_lang_macro 3.2.0 on toolchain 1.75.0
[INFO] running `Command { std: CARGO_HOME="/workspace/cargo-home" RUSTUP_HOME="/workspace/rustup-home" "/workspace/cargo-home/bin/cargo" "+1.75.0" "metadata" "--manifest-path" "Cargo.toml" "--no-deps", kill_on_drop: false }`
[INFO] started tweaking crates.io crate openbrush_lang_macro 3.2.0
[INFO] finished tweaking crates.io crate openbrush_lang_macro 3.2.0
[INFO] tweaked toml for crates.io crate openbrush_lang_macro 3.2.0 written to /workspace/builds/worker-2-tc1/source/Cargo.toml
[INFO] running `Command { std: CARGO_HOME="/workspace/cargo-home" RUSTUP_HOME="/workspace/rustup-home" "/workspace/cargo-home/bin/cargo" "+1.75.0" "generate-lockfile" "--manifest-path" "Cargo.toml", kill_on_drop: false }`
[INFO] [stderr]     Updating crates.io index
[INFO] running `Command { std: CARGO_HOME="/workspace/cargo-home" RUSTUP_HOME="/workspace/rustup-home" "/workspace/cargo-home/bin/cargo" "+1.75.0" "fetch" "--manifest-path" "Cargo.toml", kill_on_drop: false }`
[INFO] [stderr]  Downloading crates ...
[INFO] [stderr]   Downloaded ink_primitives v4.3.0
[INFO] [stderr]   Downloaded ink_allocator v4.3.0
[INFO] [stderr]   Downloaded cargo_metadata v0.13.1
[INFO] [stderr]   Downloaded scale-decode-derive v0.9.0
[INFO] [stderr]   Downloaded scale-encode-derive v0.5.0
[INFO] [stderr]   Downloaded ink_storage_traits v4.3.0
[INFO] [stderr]   Downloaded ink_env v4.3.0
[INFO] [stderr]   Downloaded ink_prelude v4.3.0
[INFO] [stderr]   Downloaded scale-encode v0.5.0
[INFO] [stderr]   Downloaded ink_macro v4.3.0
[INFO] [stderr]   Downloaded ink_codegen v4.3.0
[INFO] [stderr]   Downloaded ink v4.3.0
[INFO] [stderr]   Downloaded scale-bits v0.4.0
[INFO] [stderr]   Downloaded scale-decode v0.9.0
[INFO] [stderr]   Downloaded rlibc v1.0.0
[INFO] [stderr]   Downloaded ink_storage v4.3.0
[INFO] [stderr]   Downloaded ink_ir v4.3.0
[INFO] [stderr]   Downloaded openbrush_lang_codegen v3.2.0
[INFO] running `Command { std: "docker" "create" "-v" "/var/lib/crater-agent-workspace/builds/worker-2-tc1/target:/opt/rustwide/target:rw,Z" "-v" "/var/lib/crater-agent-workspace/builds/worker-2-tc1/source:/opt/rustwide/workdir:ro,Z" "-v" "/var/lib/crater-agent-workspace/cargo-home:/opt/rustwide/cargo-home:ro,Z" "-v" "/var/lib/crater-agent-workspace/rustup-home:/opt/rustwide/rustup-home:ro,Z" "-e" "SOURCE_DIR=/opt/rustwide/workdir" "-e" "CARGO_TARGET_DIR=/opt/rustwide/target" "-e" "CARGO_HOME=/opt/rustwide/cargo-home" "-e" "RUSTUP_HOME=/opt/rustwide/rustup-home" "-w" "/opt/rustwide/workdir" "-m" "1610612736" "--user" "0:0" "--network" "none" "ghcr.io/rust-lang/crates-build-env/linux@sha256:2788e3201cd34a07e3172128adcd8b3090168a8e3bcc40d7c032b9dda1df7d1c" "/opt/rustwide/cargo-home/bin/cargo" "+1.75.0" "metadata" "--no-deps" "--format-version=1", kill_on_drop: false }`
[INFO] [stdout] 96dd1c800e5dfe23cff067f2fad6c3edea451a8bf5af2606eb3e898493d68b6a
[INFO] running `Command { std: "docker" "start" "-a" "96dd1c800e5dfe23cff067f2fad6c3edea451a8bf5af2606eb3e898493d68b6a", kill_on_drop: false }`
[INFO] running `Command { std: "docker" "inspect" "96dd1c800e5dfe23cff067f2fad6c3edea451a8bf5af2606eb3e898493d68b6a", kill_on_drop: false }`
[INFO] running `Command { std: "docker" "rm" "-f" "96dd1c800e5dfe23cff067f2fad6c3edea451a8bf5af2606eb3e898493d68b6a", kill_on_drop: false }`
[INFO] [stdout] 96dd1c800e5dfe23cff067f2fad6c3edea451a8bf5af2606eb3e898493d68b6a
[INFO] running `Command { std: "docker" "create" "-v" "/var/lib/crater-agent-workspace/builds/worker-2-tc1/target:/opt/rustwide/target:rw,Z" "-v" "/var/lib/crater-agent-workspace/builds/worker-2-tc1/source:/opt/rustwide/workdir:ro,Z" "-v" "/var/lib/crater-agent-workspace/cargo-home:/opt/rustwide/cargo-home:ro,Z" "-v" "/var/lib/crater-agent-workspace/rustup-home:/opt/rustwide/rustup-home:ro,Z" "-e" "SOURCE_DIR=/opt/rustwide/workdir" "-e" "CARGO_TARGET_DIR=/opt/rustwide/target" "-e" "CARGO_INCREMENTAL=0" "-e" "RUST_BACKTRACE=full" "-e" "RUSTFLAGS=--cap-lints=warn" "-e" "RUSTDOCFLAGS=--cap-lints=warn" "-e" "CARGO_HOME=/opt/rustwide/cargo-home" "-e" "RUSTUP_HOME=/opt/rustwide/rustup-home" "-w" "/opt/rustwide/workdir" "-m" "1610612736" "--user" "0:0" "--network" "none" "ghcr.io/rust-lang/crates-build-env/linux@sha256:2788e3201cd34a07e3172128adcd8b3090168a8e3bcc40d7c032b9dda1df7d1c" "/opt/rustwide/cargo-home/bin/cargo" "+1.75.0" "build" "--frozen" "--message-format=json", kill_on_drop: false }`
[INFO] [stdout] 89ab6fb62262efacea65d2f36f328d191e145f4fd7ee6354e344c554859317c8
[INFO] running `Command { std: "docker" "start" "-a" "89ab6fb62262efacea65d2f36f328d191e145f4fd7ee6354e344c554859317c8", kill_on_drop: false }`
[INFO] [stderr]    Compiling syn v1.0.109
[INFO] [stderr]    Compiling once_cell v1.19.0
[INFO] [stderr]    Compiling strsim v0.10.0
[INFO] [stderr]    Compiling fnv v1.0.7
[INFO] [stderr]    Compiling radium v0.7.0
[INFO] [stderr]    Compiling tap v1.0.1
[INFO] [stderr]    Compiling serde v1.0.194
[INFO] [stderr]    Compiling typenum v1.17.0
[INFO] [stderr]    Compiling funty v2.0.0
[INFO] [stderr]    Compiling arrayvec v0.7.4
[INFO] [stderr]    Compiling byte-slice-cast v1.2.2
[INFO] [stderr]    Compiling generic-array v0.14.7
[INFO] [stderr]    Compiling toml_edit v0.19.15
[INFO] [stderr]    Compiling thiserror v1.0.56
[INFO] [stderr]    Compiling syn v2.0.48
[INFO] [stderr]    Compiling subtle v2.5.0
[INFO] [stderr]    Compiling ucd-trie v0.1.6
[INFO] [stderr]    Compiling memchr v2.7.1
[INFO] [stderr]    Compiling serde_json v1.0.111
[INFO] [stderr]    Compiling camino v1.1.6
[INFO] [stderr]    Compiling wyz v0.5.1
[INFO] [stderr]    Compiling smallvec v1.11.2
[INFO] [stderr]    Compiling libc v0.2.151
[INFO] [stderr]    Compiling ryu v1.0.16
[INFO] [stderr]    Compiling itoa v1.0.10
[INFO] [stderr]    Compiling either v1.9.0
[INFO] [stderr]    Compiling ink_prelude v4.3.0
[INFO] [stderr]    Compiling opaque-debug v0.3.0
[INFO] [stderr]    Compiling xxhash-rust v0.8.8
[INFO] [stderr]    Compiling unicode-xid v0.2.4
[INFO] [stderr]    Compiling unwrap v1.2.1
[INFO] [stderr]    Compiling itertools v0.10.5
[INFO] [stderr]    Compiling bitvec v1.0.1
[INFO] [stderr]    Compiling crypto-common v0.1.6
[INFO] [stderr]    Compiling block-buffer v0.10.4
[INFO] [stderr]    Compiling digest v0.9.0
[INFO] [stderr]    Compiling crypto-mac v0.8.0
[INFO] [stderr]    Compiling digest v0.10.7
[INFO] [stderr]    Compiling blake2 v0.9.2
[INFO] [stderr]    Compiling proc-macro-crate v1.3.1
[INFO] [stderr]    Compiling blake2 v0.10.6
[INFO] [stderr]    Compiling fs2 v0.4.3
[INFO] [stderr]    Compiling ink_ir v4.3.0
[INFO] [stderr]    Compiling serde_derive v1.0.194
[INFO] [stderr]    Compiling thiserror-impl v1.0.56
[INFO] [stderr]    Compiling darling_core v0.14.4
[INFO] [stderr]    Compiling synstructure v0.12.6
[INFO] [stderr]    Compiling impl-trait-for-tuples v0.2.2
[INFO] [stderr]    Compiling parity-scale-codec-derive v3.6.9
[INFO] [stderr]    Compiling scale-info-derive v2.10.0
[INFO] [stderr]    Compiling derive_more v0.99.17
[INFO] [stderr]    Compiling pest v2.7.6
[INFO] [stderr]    Compiling darling_macro v0.14.4
[INFO] [stderr]    Compiling semver-parser v0.10.2
[INFO] [stderr]    Compiling darling v0.14.4
[INFO] [stderr]    Compiling scale-encode-derive v0.5.0
[INFO] [stderr]    Compiling scale-decode-derive v0.9.0
[INFO] [stderr]    Compiling parity-scale-codec v3.6.9
[INFO] [stderr]    Compiling semver v0.11.0
[INFO] [stderr]    Compiling cargo-platform v0.1.6
[INFO] [stderr]    Compiling scale-info v2.10.0
[INFO] [stderr]    Compiling cargo_metadata v0.13.1
[INFO] [stderr]    Compiling scale-bits v0.4.0
[INFO] [stderr]    Compiling scale-encode v0.5.0
[INFO] [stderr]    Compiling scale-decode v0.9.0
[INFO] [stderr]    Compiling ink_primitives v4.3.0
[INFO] [stderr]    Compiling openbrush_lang_codegen v3.2.0
[INFO] [stderr]    Compiling openbrush_lang_macro v3.2.0 (/opt/rustwide/workdir)
[INFO] [stderr]     Finished dev [unoptimized + debuginfo] target(s) in 19.21s
[INFO] running `Command { std: "docker" "inspect" "89ab6fb62262efacea65d2f36f328d191e145f4fd7ee6354e344c554859317c8", kill_on_drop: false }`
[INFO] running `Command { std: "docker" "rm" "-f" "89ab6fb62262efacea65d2f36f328d191e145f4fd7ee6354e344c554859317c8", kill_on_drop: false }`
[INFO] [stdout] 89ab6fb62262efacea65d2f36f328d191e145f4fd7ee6354e344c554859317c8
[INFO] running `Command { std: "docker" "create" "-v" "/var/lib/crater-agent-workspace/builds/worker-2-tc1/target:/opt/rustwide/target:rw,Z" "-v" "/var/lib/crater-agent-workspace/builds/worker-2-tc1/source:/opt/rustwide/workdir:ro,Z" "-v" "/var/lib/crater-agent-workspace/cargo-home:/opt/rustwide/cargo-home:ro,Z" "-v" "/var/lib/crater-agent-workspace/rustup-home:/opt/rustwide/rustup-home:ro,Z" "-e" "SOURCE_DIR=/opt/rustwide/workdir" "-e" "CARGO_TARGET_DIR=/opt/rustwide/target" "-e" "CARGO_INCREMENTAL=0" "-e" "RUST_BACKTRACE=full" "-e" "RUSTFLAGS=--cap-lints=warn" "-e" "RUSTDOCFLAGS=--cap-lints=warn" "-e" "CARGO_HOME=/opt/rustwide/cargo-home" "-e" "RUSTUP_HOME=/opt/rustwide/rustup-home" "-w" "/opt/rustwide/workdir" "-m" "1610612736" "--user" "0:0" "--network" "none" "ghcr.io/rust-lang/crates-build-env/linux@sha256:2788e3201cd34a07e3172128adcd8b3090168a8e3bcc40d7c032b9dda1df7d1c" "/opt/rustwide/cargo-home/bin/cargo" "+1.75.0" "test" "--frozen" "--no-run" "--message-format=json", kill_on_drop: false }`
[INFO] [stdout] ab8b660d1f461302066f89b06176adc597219457a1dfdd2e60c6ccf51836df9c
[INFO] running `Command { std: "docker" "start" "-a" "ab8b660d1f461302066f89b06176adc597219457a1dfdd2e60c6ccf51836df9c", kill_on_drop: false }`
[INFO] [stderr]    Compiling aho-corasick v1.1.2
[INFO] [stderr]    Compiling rustix v0.38.28
[INFO] [stderr]    Compiling regex-syntax v0.8.2
[INFO] [stderr]    Compiling num-traits v0.2.17
[INFO] [stderr]    Compiling humantime v2.1.0
[INFO] [stderr]    Compiling ink_allocator v4.3.0
[INFO] [stderr]    Compiling impl-serde v0.4.0
[INFO] [stderr]    Compiling arrayref v0.3.7
[INFO] [stderr]    Compiling static_assertions v1.1.0
[INFO] [stderr]    Compiling synstructure v0.13.0
[INFO] [stderr]    Compiling array-init v2.1.0
[INFO] [stderr]    Compiling ink_storage_traits v4.3.0
[INFO] [stderr]    Compiling openbrush_lang_macro v3.2.0 (/opt/rustwide/workdir)
[INFO] [stdout] error: ink! only supports wasm32 and riscv32
[INFO] [stdout]    --> /opt/rustwide/cargo-home/registry/src/index.crates.io-6f17d22bba15001f/ink_allocator-4.3.0/src/bump.rs:147:13
[INFO] [stdout]     |
[INFO] [stdout] 147 |             core::compile_error!("ink! only supports wasm32 and riscv32");
[INFO] [stdout]     |             ^^^^^^^^^^^^^^^^^^^^^^^^^^^^^^^^^^^^^^^^^^^^^^^^^^^^^^^^^^^^^
[INFO] [stdout] 
[INFO] [stdout] 
[INFO] [stdout] error[E0599]: no function or associated item named `heap_start` found for struct `InnerAlloc` in the current scope
[INFO] [stdout]   --> /opt/rustwide/cargo-home/registry/src/index.crates.io-6f17d22bba15001f/ink_allocator-4.3.0/src/bump.rs:71:25
[INFO] [stdout]    |
[INFO] [stdout] 60 | struct InnerAlloc {
[INFO] [stdout]    | ----------------- function or associated item `heap_start` not found for this struct
[INFO] [stdout] ...
[INFO] [stdout] 71 |             next: Self::heap_start(),
[INFO] [stdout]    |                         ^^^^^^^^^^ function or associated item not found in `InnerAlloc`
[INFO] [stdout]    |
[INFO] [stdout] note: if you're trying to build a new `InnerAlloc`, consider using `InnerAlloc::new` which returns `InnerAlloc`
[INFO] [stdout]   --> /opt/rustwide/cargo-home/registry/src/index.crates.io-6f17d22bba15001f/ink_allocator-4.3.0/src/bump.rs:69:5
[INFO] [stdout]    |
[INFO] [stdout] 69 |     const fn new() -> Self {
[INFO] [stdout]    |     ^^^^^^^^^^^^^^^^^^^^^^
[INFO] [stdout] 
[INFO] [stdout] 
[INFO] [stdout] error[E0599]: no function or associated item named `heap_end` found for struct `InnerAlloc` in the current scope
[INFO] [stdout]   --> /opt/rustwide/cargo-home/registry/src/index.crates.io-6f17d22bba15001f/ink_allocator-4.3.0/src/bump.rs:72:32
[INFO] [stdout]    |
[INFO] [stdout] 60 | struct InnerAlloc {
[INFO] [stdout]    | ----------------- function or associated item `heap_end` not found for this struct
[INFO] [stdout] ...
[INFO] [stdout] 72 |             upper_limit: Self::heap_end(),
[INFO] [stdout]    |                                ^^^^^^^^ function or associated item not found in `InnerAlloc`
[INFO] [stdout]    |
[INFO] [stdout] note: if you're trying to build a new `InnerAlloc`, consider using `InnerAlloc::new` which returns `InnerAlloc`
[INFO] [stdout]   --> /opt/rustwide/cargo-home/registry/src/index.crates.io-6f17d22bba15001f/ink_allocator-4.3.0/src/bump.rs:69:5
[INFO] [stdout]    |
[INFO] [stdout] 69 |     const fn new() -> Self {
[INFO] [stdout]    |     ^^^^^^^^^^^^^^^^^^^^^^
[INFO] [stdout] 
[INFO] [stdout] 
[INFO] [stdout] error[E0599]: no method named `request_pages` found for mutable reference `&mut InnerAlloc` in the current scope
[INFO] [stdout]    --> /opt/rustwide/cargo-home/registry/src/index.crates.io-6f17d22bba15001f/ink_allocator-4.3.0/src/bump.rs:164:35
[INFO] [stdout]     |
[INFO] [stdout] 164 |             let page_start = self.request_pages(required_pages)?;
[INFO] [stdout]     |                                   ^^^^^^^^^^^^^ method not found in `&mut InnerAlloc`
[INFO] [stdout] 
[INFO] [stdout] 
[INFO] [stdout] error: aborting due to 4 previous errors
[INFO] [stdout] 
[INFO] [stdout] 
[INFO] [stdout] For more information about this error, try `rustc --explain E0599`.
[INFO] [stdout] 
[INFO] [stderr] error: could not compile `ink_allocator` (lib) due to 5 previous errors
[INFO] [stderr] warning: build failed, waiting for other jobs to finish...
[INFO] running `Command { std: "docker" "inspect" "ab8b660d1f461302066f89b06176adc597219457a1dfdd2e60c6ccf51836df9c", kill_on_drop: false }`
[INFO] running `Command { std: "docker" "rm" "-f" "ab8b660d1f461302066f89b06176adc597219457a1dfdd2e60c6ccf51836df9c", kill_on_drop: false }`
[INFO] [stdout] ab8b660d1f461302066f89b06176adc597219457a1dfdd2e60c6ccf51836df9c
