[INFO] fetching crate openapi_rocketapi 0.1.5...
[INFO] testing openapi_rocketapi-0.1.5 against 1.75.0 for beta-1.76-1
[INFO] extracting crate openapi_rocketapi 0.1.5 into /workspace/builds/worker-5-tc1/source
[INFO] validating manifest of crates.io crate openapi_rocketapi 0.1.5 on toolchain 1.75.0
[INFO] running `Command { std: CARGO_HOME="/workspace/cargo-home" RUSTUP_HOME="/workspace/rustup-home" "/workspace/cargo-home/bin/cargo" "+1.75.0" "metadata" "--manifest-path" "Cargo.toml" "--no-deps", kill_on_drop: false }`
[INFO] started tweaking crates.io crate openapi_rocketapi 0.1.5
[INFO] finished tweaking crates.io crate openapi_rocketapi 0.1.5
[INFO] tweaked toml for crates.io crate openapi_rocketapi 0.1.5 written to /workspace/builds/worker-5-tc1/source/Cargo.toml
[INFO] crate crates.io crate openapi_rocketapi 0.1.5 already has a lockfile, it will not be regenerated
[INFO] running `Command { std: CARGO_HOME="/workspace/cargo-home" RUSTUP_HOME="/workspace/rustup-home" "/workspace/cargo-home/bin/cargo" "+1.75.0" "fetch" "--manifest-path" "Cargo.toml", kill_on_drop: false }`
[INFO] [stderr]  Downloading crates ...
[INFO] [stderr]   Downloaded proc-macro2 v1.0.1
[INFO] [stderr]   Downloaded serde_derive v1.0.99
[INFO] [stderr]   Downloaded backtrace v0.3.35
[INFO] [stderr]   Downloaded serde v1.0.99
[INFO] running `Command { std: "docker" "create" "-v" "/var/lib/crater-agent-workspace/builds/worker-5-tc1/target:/opt/rustwide/target:rw,Z" "-v" "/var/lib/crater-agent-workspace/builds/worker-5-tc1/source:/opt/rustwide/workdir:ro,Z" "-v" "/var/lib/crater-agent-workspace/cargo-home:/opt/rustwide/cargo-home:ro,Z" "-v" "/var/lib/crater-agent-workspace/rustup-home:/opt/rustwide/rustup-home:ro,Z" "-e" "SOURCE_DIR=/opt/rustwide/workdir" "-e" "CARGO_TARGET_DIR=/opt/rustwide/target" "-e" "CARGO_HOME=/opt/rustwide/cargo-home" "-e" "RUSTUP_HOME=/opt/rustwide/rustup-home" "-w" "/opt/rustwide/workdir" "-m" "1610612736" "--user" "0:0" "--network" "none" "ghcr.io/rust-lang/crates-build-env/linux@sha256:2788e3201cd34a07e3172128adcd8b3090168a8e3bcc40d7c032b9dda1df7d1c" "/opt/rustwide/cargo-home/bin/cargo" "+1.75.0" "metadata" "--no-deps" "--format-version=1", kill_on_drop: false }`
[INFO] [stdout] dac83add814e559d47af8b03c39789828b57439aacd5f679d1853bf5d7abcac2
[INFO] running `Command { std: "docker" "start" "-a" "dac83add814e559d47af8b03c39789828b57439aacd5f679d1853bf5d7abcac2", kill_on_drop: false }`
[INFO] running `Command { std: "docker" "inspect" "dac83add814e559d47af8b03c39789828b57439aacd5f679d1853bf5d7abcac2", kill_on_drop: false }`
[INFO] running `Command { std: "docker" "rm" "-f" "dac83add814e559d47af8b03c39789828b57439aacd5f679d1853bf5d7abcac2", kill_on_drop: false }`
[INFO] [stdout] dac83add814e559d47af8b03c39789828b57439aacd5f679d1853bf5d7abcac2
[INFO] running `Command { std: "docker" "create" "-v" "/var/lib/crater-agent-workspace/builds/worker-5-tc1/target:/opt/rustwide/target:rw,Z" "-v" "/var/lib/crater-agent-workspace/builds/worker-5-tc1/source:/opt/rustwide/workdir:ro,Z" "-v" "/var/lib/crater-agent-workspace/cargo-home:/opt/rustwide/cargo-home:ro,Z" "-v" "/var/lib/crater-agent-workspace/rustup-home:/opt/rustwide/rustup-home:ro,Z" "-e" "SOURCE_DIR=/opt/rustwide/workdir" "-e" "CARGO_TARGET_DIR=/opt/rustwide/target" "-e" "CARGO_INCREMENTAL=0" "-e" "RUST_BACKTRACE=full" "-e" "RUSTFLAGS=--cap-lints=warn" "-e" "RUSTDOCFLAGS=--cap-lints=warn" "-e" "CARGO_HOME=/opt/rustwide/cargo-home" "-e" "RUSTUP_HOME=/opt/rustwide/rustup-home" "-w" "/opt/rustwide/workdir" "-m" "1610612736" "--user" "0:0" "--network" "none" "ghcr.io/rust-lang/crates-build-env/linux@sha256:2788e3201cd34a07e3172128adcd8b3090168a8e3bcc40d7c032b9dda1df7d1c" "/opt/rustwide/cargo-home/bin/cargo" "+1.75.0" "build" "--frozen" "--message-format=json", kill_on_drop: false }`
[INFO] [stdout] 4745dd0ead1ef1d51bdb1291016ed018703df9546515c3a24ff78f719fdf8e30
[INFO] running `Command { std: "docker" "start" "-a" "4745dd0ead1ef1d51bdb1291016ed018703df9546515c3a24ff78f719fdf8e30", kill_on_drop: false }`
[INFO] [stderr]    Compiling proc-macro2 v1.0.1
[INFO] [stderr]    Compiling unicode-xid v0.2.0
[INFO] [stderr]    Compiling syn v1.0.5
[INFO] [stderr]    Compiling proc-macro2 v0.4.30
[INFO] [stderr]    Compiling unicode-xid v0.1.0
[INFO] [stderr]    Compiling cc v1.0.41
[INFO] [stderr]    Compiling libc v0.2.62
[INFO] [stderr]    Compiling serde v1.0.99
[INFO] [stderr]    Compiling syn v0.15.44
[INFO] [stderr]    Compiling smallvec v0.6.10
[INFO] [stderr]    Compiling matches v0.1.8
[INFO] [stderr]    Compiling ryu v1.0.0
[INFO] [stderr]    Compiling cfg-if v0.1.9
[INFO] [stderr]    Compiling failure_derive v0.1.5
[INFO] [stderr]    Compiling rustc-demangle v0.1.16
[INFO] [stderr]    Compiling linked-hash-map v0.5.2
[INFO] [stderr]    Compiling unicode-bidi v0.3.4
[INFO] [stderr]    Compiling percent-encoding v1.0.1
[INFO] [stderr]    Compiling dtoa v0.4.4
[INFO] [stderr]    Compiling semver-parser v0.7.0
[INFO] [stderr]    Compiling unicode-normalization v0.1.8
[INFO] [stderr]    Compiling yaml-rust v0.4.3
[INFO] [stderr]    Compiling itoa v0.4.4
[INFO] [stderr]    Compiling semver v0.9.0
[INFO] [stderr]    Compiling quote v1.0.2
[INFO] [stderr]    Compiling backtrace-sys v0.1.31
[INFO] [stderr]    Compiling quote v0.6.13
[INFO] [stderr]    Compiling idna v0.1.5
[INFO] [stderr]    Compiling backtrace v0.3.35
[INFO] [stderr]    Compiling url v1.7.2
[INFO] [stderr]    Compiling error-chain v0.10.0
[INFO] [stderr]    Compiling serde_derive v1.0.99
[INFO] [stderr]    Compiling synstructure v0.10.2
[INFO] [stderr]    Compiling failure v0.1.5
[INFO] [stderr]    Compiling url_serde v0.2.0
[INFO] [stderr]    Compiling serde_yaml v0.8.9
[INFO] [stderr]    Compiling serde_json v1.0.40
[INFO] [stderr]    Compiling openapi_rocketapi v0.1.5 (/opt/rustwide/workdir)
[INFO] [stderr]     Finished dev [unoptimized + debuginfo] target(s) in 11.08s
[INFO] running `Command { std: "docker" "inspect" "4745dd0ead1ef1d51bdb1291016ed018703df9546515c3a24ff78f719fdf8e30", kill_on_drop: false }`
[INFO] running `Command { std: "docker" "rm" "-f" "4745dd0ead1ef1d51bdb1291016ed018703df9546515c3a24ff78f719fdf8e30", kill_on_drop: false }`
[INFO] [stdout] 4745dd0ead1ef1d51bdb1291016ed018703df9546515c3a24ff78f719fdf8e30
[INFO] running `Command { std: "docker" "create" "-v" "/var/lib/crater-agent-workspace/builds/worker-5-tc1/target:/opt/rustwide/target:rw,Z" "-v" "/var/lib/crater-agent-workspace/builds/worker-5-tc1/source:/opt/rustwide/workdir:ro,Z" "-v" "/var/lib/crater-agent-workspace/cargo-home:/opt/rustwide/cargo-home:ro,Z" "-v" "/var/lib/crater-agent-workspace/rustup-home:/opt/rustwide/rustup-home:ro,Z" "-e" "SOURCE_DIR=/opt/rustwide/workdir" "-e" "CARGO_TARGET_DIR=/opt/rustwide/target" "-e" "CARGO_INCREMENTAL=0" "-e" "RUST_BACKTRACE=full" "-e" "RUSTFLAGS=--cap-lints=warn" "-e" "RUSTDOCFLAGS=--cap-lints=warn" "-e" "CARGO_HOME=/opt/rustwide/cargo-home" "-e" "RUSTUP_HOME=/opt/rustwide/rustup-home" "-w" "/opt/rustwide/workdir" "-m" "1610612736" "--user" "0:0" "--network" "none" "ghcr.io/rust-lang/crates-build-env/linux@sha256:2788e3201cd34a07e3172128adcd8b3090168a8e3bcc40d7c032b9dda1df7d1c" "/opt/rustwide/cargo-home/bin/cargo" "+1.75.0" "test" "--frozen" "--no-run" "--message-format=json", kill_on_drop: false }`
[INFO] [stdout] 81b6cd583b5d50f085c945078c9efdbca71e83a297468a804f5014d29043c00b
[INFO] running `Command { std: "docker" "start" "-a" "81b6cd583b5d50f085c945078c9efdbca71e83a297468a804f5014d29043c00b", kill_on_drop: false }`
[INFO] [stderr]    Compiling difference v2.0.0
[INFO] [stderr]    Compiling ansi_term v0.11.0
[INFO] [stderr]    Compiling pretty_assertions v0.5.1
[INFO] [stderr]    Compiling openapi_rocketapi v0.1.5 (/opt/rustwide/workdir)
[INFO] [stdout] error[E0433]: failed to resolve: use of undeclared crate or module `openapi`
[INFO] [stdout]  --> examples/printer.rs:6:15
[INFO] [stdout]   |
[INFO] [stdout] 6 |         match openapi::from_path(path) {
[INFO] [stdout]   |               ^^^^^^^ use of undeclared crate or module `openapi`
[INFO] [stdout] 
[INFO] [stdout] 
[INFO] [stdout] error[E0433]: failed to resolve: use of undeclared crate or module `openapi`
[INFO] [stdout]   --> examples/printer.rs:16:32
[INFO] [stdout]    |
[INFO] [stdout] 16 |                 println!("{}", openapi::to_json(&spec).unwrap());
[INFO] [stdout]    |                                ^^^^^^^ use of undeclared crate or module `openapi`
[INFO] [stdout] 
[INFO] [stdout] 
[INFO] [stdout] warning: trait objects without an explicit `dyn` are deprecated
[INFO] [stdout]   --> examples/printer.rs:23:30
[INFO] [stdout]    |
[INFO] [stdout] 23 |                 for cause in Fail::iter_chain(&e) {
[INFO] [stdout]    |                              ^^^^
[INFO] [stdout]    |
[INFO] [stdout]    = warning: this is accepted in the current edition (Rust 2018) but is a hard error in Rust 2021!
[INFO] [stdout]    = note: for more information, see <https://doc.rust-lang.org/nightly/edition-guide/rust-2021/warnings-promoted-to-error.html>
[INFO] [stdout]    = note: `#[warn(bare_trait_objects)]` on by default
[INFO] [stdout] help: use `dyn`
[INFO] [stdout]    |
[INFO] [stdout] 23 |                 for cause in <dyn Fail>::iter_chain(&e) {
[INFO] [stdout]    |                              ++++     +
[INFO] [stdout] 
[INFO] [stdout] 
[INFO] [stdout] error: aborting due to 2 previous errors; 1 warning emitted
[INFO] [stdout] 
[INFO] [stdout] 
[INFO] [stdout] For more information about this error, try `rustc --explain E0433`.
[INFO] [stdout] 
[INFO] [stderr] error: could not compile `openapi_rocketapi` (example "printer") due to 3 previous errors; 1 warning emitted
[INFO] [stderr] warning: build failed, waiting for other jobs to finish...
[INFO] running `Command { std: "docker" "inspect" "81b6cd583b5d50f085c945078c9efdbca71e83a297468a804f5014d29043c00b", kill_on_drop: false }`
[INFO] running `Command { std: "docker" "rm" "-f" "81b6cd583b5d50f085c945078c9efdbca71e83a297468a804f5014d29043c00b", kill_on_drop: false }`
[INFO] [stdout] 81b6cd583b5d50f085c945078c9efdbca71e83a297468a804f5014d29043c00b
[INFO] testing openapi_rocketapi-0.1.5 against beta-2023-12-22 for beta-1.76-1
[INFO] extracting crate openapi_rocketapi 0.1.5 into /workspace/builds/worker-5-tc2/source
[INFO] validating manifest of crates.io crate openapi_rocketapi 0.1.5 on toolchain beta-2023-12-22
[INFO] running `Command { std: CARGO_HOME="/workspace/cargo-home" RUSTUP_HOME="/workspace/rustup-home" "/workspace/cargo-home/bin/cargo" "+beta-2023-12-22" "metadata" "--manifest-path" "Cargo.toml" "--no-deps", kill_on_drop: false }`
[INFO] started tweaking crates.io crate openapi_rocketapi 0.1.5
[INFO] finished tweaking crates.io crate openapi_rocketapi 0.1.5
[INFO] tweaked toml for crates.io crate openapi_rocketapi 0.1.5 written to /workspace/builds/worker-5-tc2/source/Cargo.toml
[INFO] crate crates.io crate openapi_rocketapi 0.1.5 already has a lockfile, it will not be regenerated
[INFO] running `Command { std: CARGO_HOME="/workspace/cargo-home" RUSTUP_HOME="/workspace/rustup-home" "/workspace/cargo-home/bin/cargo" "+beta-2023-12-22" "fetch" "--manifest-path" "Cargo.toml", kill_on_drop: false }`
[INFO] running `Command { std: "docker" "create" "-v" "/var/lib/crater-agent-workspace/builds/worker-5-tc2/target:/opt/rustwide/target:rw,Z" "-v" "/var/lib/crater-agent-workspace/builds/worker-5-tc2/source:/opt/rustwide/workdir:ro,Z" "-v" "/var/lib/crater-agent-workspace/cargo-home:/opt/rustwide/cargo-home:ro,Z" "-v" "/var/lib/crater-agent-workspace/rustup-home:/opt/rustwide/rustup-home:ro,Z" "-e" "SOURCE_DIR=/opt/rustwide/workdir" "-e" "CARGO_TARGET_DIR=/opt/rustwide/target" "-e" "CARGO_HOME=/opt/rustwide/cargo-home" "-e" "RUSTUP_HOME=/opt/rustwide/rustup-home" "-w" "/opt/rustwide/workdir" "-m" "1610612736" "--user" "0:0" "--network" "none" "ghcr.io/rust-lang/crates-build-env/linux@sha256:2788e3201cd34a07e3172128adcd8b3090168a8e3bcc40d7c032b9dda1df7d1c" "/opt/rustwide/cargo-home/bin/cargo" "+beta-2023-12-22" "metadata" "--no-deps" "--format-version=1", kill_on_drop: false }`
[INFO] [stdout] 7aea8d02f74b908e992da431f5ae9d5f7d34a8b2455441535ff86ec57e352daf
[INFO] running `Command { std: "docker" "start" "-a" "7aea8d02f74b908e992da431f5ae9d5f7d34a8b2455441535ff86ec57e352daf", kill_on_drop: false }`
[INFO] running `Command { std: "docker" "inspect" "7aea8d02f74b908e992da431f5ae9d5f7d34a8b2455441535ff86ec57e352daf", kill_on_drop: false }`
[INFO] running `Command { std: "docker" "rm" "-f" "7aea8d02f74b908e992da431f5ae9d5f7d34a8b2455441535ff86ec57e352daf", kill_on_drop: false }`
[INFO] [stdout] 7aea8d02f74b908e992da431f5ae9d5f7d34a8b2455441535ff86ec57e352daf
[INFO] running `Command { std: "docker" "create" "-v" "/var/lib/crater-agent-workspace/builds/worker-5-tc2/target:/opt/rustwide/target:rw,Z" "-v" "/var/lib/crater-agent-workspace/builds/worker-5-tc2/source:/opt/rustwide/workdir:ro,Z" "-v" "/var/lib/crater-agent-workspace/cargo-home:/opt/rustwide/cargo-home:ro,Z" "-v" "/var/lib/crater-agent-workspace/rustup-home:/opt/rustwide/rustup-home:ro,Z" "-e" "SOURCE_DIR=/opt/rustwide/workdir" "-e" "CARGO_TARGET_DIR=/opt/rustwide/target" "-e" "CARGO_INCREMENTAL=0" "-e" "RUST_BACKTRACE=full" "-e" "RUSTFLAGS=--cap-lints=warn" "-e" "RUSTDOCFLAGS=--cap-lints=warn" "-e" "CARGO_HOME=/opt/rustwide/cargo-home" "-e" "RUSTUP_HOME=/opt/rustwide/rustup-home" "-w" "/opt/rustwide/workdir" "-m" "1610612736" "--user" "0:0" "--network" "none" "ghcr.io/rust-lang/crates-build-env/linux@sha256:2788e3201cd34a07e3172128adcd8b3090168a8e3bcc40d7c032b9dda1df7d1c" "/opt/rustwide/cargo-home/bin/cargo" "+beta-2023-12-22" "build" "--frozen" "--message-format=json", kill_on_drop: false }`
[INFO] [stdout] 08c36b06b855f56eb6badfb5d3e7f3bc2a658338db189846d4c077665fc40456
[INFO] running `Command { std: "docker" "start" "-a" "08c36b06b855f56eb6badfb5d3e7f3bc2a658338db189846d4c077665fc40456", kill_on_drop: false }`
[INFO] [stderr]    Compiling proc-macro2 v1.0.1
[INFO] [stderr]    Compiling unicode-xid v0.2.0
[INFO] [stderr]    Compiling proc-macro2 v0.4.30
[INFO] [stderr]    Compiling syn v1.0.5
[INFO] [stderr]    Compiling libc v0.2.62
[INFO] [stderr]    Compiling unicode-xid v0.1.0
[INFO] [stderr]    Compiling cc v1.0.41
[INFO] [stderr]    Compiling serde v1.0.99
[INFO] [stderr]    Compiling syn v0.15.44
[INFO] [stderr]    Compiling matches v0.1.8
[INFO] [stderr]    Compiling smallvec v0.6.10
[INFO] [stderr]    Compiling ryu v1.0.0
[INFO] [stderr]    Compiling rustc-demangle v0.1.16
[INFO] [stderr]    Compiling failure_derive v0.1.5
[INFO] [stderr]    Compiling cfg-if v0.1.9
[INFO] [stderr]    Compiling linked-hash-map v0.5.2
[INFO] [stderr]    Compiling unicode-bidi v0.3.4
[INFO] [stderr]    Compiling percent-encoding v1.0.1
[INFO] [stderr]    Compiling semver-parser v0.7.0
[INFO] [stderr]    Compiling itoa v0.4.4
[INFO] [stderr]    Compiling unicode-normalization v0.1.8
[INFO] [stderr]    Compiling yaml-rust v0.4.3
[INFO] [stderr]    Compiling dtoa v0.4.4
[INFO] [stderr]    Compiling semver v0.9.0
[INFO] [stderr]    Compiling backtrace-sys v0.1.31
[INFO] [stderr]    Compiling quote v0.6.13
[INFO] [stderr]    Compiling quote v1.0.2
[INFO] [stderr]    Compiling idna v0.1.5
[INFO] [stderr]    Compiling url v1.7.2
[INFO] [stderr]    Compiling backtrace v0.3.35
[INFO] [stderr]    Compiling error-chain v0.10.0
[INFO] [stderr]    Compiling synstructure v0.10.2
[INFO] [stderr]    Compiling serde_derive v1.0.99
[INFO] [stderr]    Compiling failure v0.1.5
[INFO] [stderr]    Compiling url_serde v0.2.0
[INFO] [stderr]    Compiling serde_json v1.0.40
[INFO] [stderr]    Compiling serde_yaml v0.8.9
[INFO] [stderr]    Compiling openapi_rocketapi v0.1.5 (/opt/rustwide/workdir)
[INFO] [stderr]     Finished dev [unoptimized + debuginfo] target(s) in 13.89s
[INFO] running `Command { std: "docker" "inspect" "08c36b06b855f56eb6badfb5d3e7f3bc2a658338db189846d4c077665fc40456", kill_on_drop: false }`
[INFO] running `Command { std: "docker" "rm" "-f" "08c36b06b855f56eb6badfb5d3e7f3bc2a658338db189846d4c077665fc40456", kill_on_drop: false }`
[INFO] [stdout] 08c36b06b855f56eb6badfb5d3e7f3bc2a658338db189846d4c077665fc40456
[INFO] running `Command { std: "docker" "create" "-v" "/var/lib/crater-agent-workspace/builds/worker-5-tc2/target:/opt/rustwide/target:rw,Z" "-v" "/var/lib/crater-agent-workspace/builds/worker-5-tc2/source:/opt/rustwide/workdir:ro,Z" "-v" "/var/lib/crater-agent-workspace/cargo-home:/opt/rustwide/cargo-home:ro,Z" "-v" "/var/lib/crater-agent-workspace/rustup-home:/opt/rustwide/rustup-home:ro,Z" "-e" "SOURCE_DIR=/opt/rustwide/workdir" "-e" "CARGO_TARGET_DIR=/opt/rustwide/target" "-e" "CARGO_INCREMENTAL=0" "-e" "RUST_BACKTRACE=full" "-e" "RUSTFLAGS=--cap-lints=warn" "-e" "RUSTDOCFLAGS=--cap-lints=warn" "-e" "CARGO_HOME=/opt/rustwide/cargo-home" "-e" "RUSTUP_HOME=/opt/rustwide/rustup-home" "-w" "/opt/rustwide/workdir" "-m" "1610612736" "--user" "0:0" "--network" "none" "ghcr.io/rust-lang/crates-build-env/linux@sha256:2788e3201cd34a07e3172128adcd8b3090168a8e3bcc40d7c032b9dda1df7d1c" "/opt/rustwide/cargo-home/bin/cargo" "+beta-2023-12-22" "test" "--frozen" "--no-run" "--message-format=json", kill_on_drop: false }`
[INFO] [stdout] c2ea7e6eaa66b119a607864fd43350033c90d2f614de81a3a23c1adf03f5226b
[INFO] running `Command { std: "docker" "start" "-a" "c2ea7e6eaa66b119a607864fd43350033c90d2f614de81a3a23c1adf03f5226b", kill_on_drop: false }`
[INFO] [stderr]    Compiling difference v2.0.0
[INFO] [stderr]    Compiling ansi_term v0.11.0
[INFO] [stderr]    Compiling pretty_assertions v0.5.1
[INFO] [stderr]    Compiling openapi_rocketapi v0.1.5 (/opt/rustwide/workdir)
[INFO] [stdout] error[E0433]: failed to resolve: use of undeclared crate or module `openapi`
[INFO] [stdout]  --> examples/printer.rs:6:15
[INFO] [stdout]   |
[INFO] [stdout] 6 |         match openapi::from_path(path) {
[INFO] [stdout]   |               ^^^^^^^ use of undeclared crate or module `openapi`
[INFO] [stdout] 
[INFO] [stdout] 
[INFO] [stdout] error[E0433]: failed to resolve: use of undeclared crate or module `openapi`
[INFO] [stdout]   --> examples/printer.rs:16:32
[INFO] [stdout]    |
[INFO] [stdout] 16 |                 println!("{}", openapi::to_json(&spec).unwrap());
[INFO] [stdout]    |                                ^^^^^^^ use of undeclared crate or module `openapi`
[INFO] [stdout] 
[INFO] [stdout] 
[INFO] [stdout] warning: trait objects without an explicit `dyn` are deprecated
[INFO] [stdout]   --> examples/printer.rs:23:30
[INFO] [stdout]    |
[INFO] [stdout] 23 |                 for cause in Fail::iter_chain(&e) {
[INFO] [stdout]    |                              ^^^^
[INFO] [stdout]    |
[INFO] [stdout]    = warning: this is accepted in the current edition (Rust 2018) but is a hard error in Rust 2021!
[INFO] [stdout]    = note: for more information, see <https://doc.rust-lang.org/nightly/edition-guide/rust-2021/warnings-promoted-to-error.html>
[INFO] [stdout]    = note: `#[warn(bare_trait_objects)]` on by default
[INFO] [stdout] help: use `dyn`
[INFO] [stdout]    |
[INFO] [stdout] 23 |                 for cause in <dyn Fail>::iter_chain(&e) {
[INFO] [stdout]    |                              ++++     +
[INFO] [stdout] 
[INFO] [stdout] 
[INFO] [stdout] error: aborting due to 2 previous errors; 1 warning emitted
[INFO] [stdout] 
[INFO] [stdout] 
[INFO] [stdout] For more information about this error, try `rustc --explain E0433`.
[INFO] [stdout] 
[INFO] [stderr] error: could not compile `openapi_rocketapi` (example "printer") due to 3 previous errors; 1 warning emitted
[INFO] [stderr] warning: build failed, waiting for other jobs to finish...
[INFO] running `Command { std: "docker" "inspect" "c2ea7e6eaa66b119a607864fd43350033c90d2f614de81a3a23c1adf03f5226b", kill_on_drop: false }`
[INFO] running `Command { std: "docker" "rm" "-f" "c2ea7e6eaa66b119a607864fd43350033c90d2f614de81a3a23c1adf03f5226b", kill_on_drop: false }`
[INFO] [stdout] c2ea7e6eaa66b119a607864fd43350033c90d2f614de81a3a23c1adf03f5226b
