[INFO] fetching crate opcua 0.11.0...
[INFO] testing opcua-0.11.0 against 1.75.0 for beta-1.76-1
[INFO] extracting crate opcua 0.11.0 into /workspace/builds/worker-3-tc1/source
[INFO] validating manifest of crates.io crate opcua 0.11.0 on toolchain 1.75.0
[INFO] running `Command { std: CARGO_HOME="/workspace/cargo-home" RUSTUP_HOME="/workspace/rustup-home" "/workspace/cargo-home/bin/cargo" "+1.75.0" "metadata" "--manifest-path" "Cargo.toml" "--no-deps", kill_on_drop: false }`
[INFO] started tweaking crates.io crate opcua 0.11.0
[INFO] finished tweaking crates.io crate opcua 0.11.0
[INFO] tweaked toml for crates.io crate opcua 0.11.0 written to /workspace/builds/worker-3-tc1/source/Cargo.toml
[INFO] running `Command { std: CARGO_HOME="/workspace/cargo-home" RUSTUP_HOME="/workspace/rustup-home" "/workspace/cargo-home/bin/cargo" "+1.75.0" "generate-lockfile" "--manifest-path" "Cargo.toml", kill_on_drop: false }`
[INFO] [stderr]     Updating crates.io index
[INFO] running `Command { std: CARGO_HOME="/workspace/cargo-home" RUSTUP_HOME="/workspace/rustup-home" "/workspace/cargo-home/bin/cargo" "+1.75.0" "fetch" "--manifest-path" "Cargo.toml", kill_on_drop: false }`
[INFO] [stderr]  Downloading crates ...
[INFO] [stderr]   Downloaded tower-service v0.1.0
[INFO] [stderr]   Downloaded v_escape_derive v0.5.6
[INFO] [stderr]   Downloaded v_htmlescape v0.4.5
[INFO] [stderr]   Downloaded actix-net v0.2.6
[INFO] [stderr]   Downloaded actix_derive v0.3.2
[INFO] [stderr]   Downloaded v_escape v0.7.4
[INFO] [stderr]   Downloaded tokio-signal v0.2.9
[INFO] [stderr]   Downloaded actix v0.7.9
[INFO] [stderr]   Downloaded trust-dns-proto v0.5.0
[INFO] [stderr]   Downloaded actix-web v0.7.19
[INFO] running `Command { std: "docker" "create" "-v" "/var/lib/crater-agent-workspace/builds/worker-3-tc1/target:/opt/rustwide/target:rw,Z" "-v" "/var/lib/crater-agent-workspace/builds/worker-3-tc1/source:/opt/rustwide/workdir:ro,Z" "-v" "/var/lib/crater-agent-workspace/cargo-home:/opt/rustwide/cargo-home:ro,Z" "-v" "/var/lib/crater-agent-workspace/rustup-home:/opt/rustwide/rustup-home:ro,Z" "-e" "SOURCE_DIR=/opt/rustwide/workdir" "-e" "CARGO_TARGET_DIR=/opt/rustwide/target" "-e" "CARGO_HOME=/opt/rustwide/cargo-home" "-e" "RUSTUP_HOME=/opt/rustwide/rustup-home" "-w" "/opt/rustwide/workdir" "-m" "1610612736" "--user" "0:0" "--network" "none" "ghcr.io/rust-lang/crates-build-env/linux@sha256:2788e3201cd34a07e3172128adcd8b3090168a8e3bcc40d7c032b9dda1df7d1c" "/opt/rustwide/cargo-home/bin/cargo" "+1.75.0" "metadata" "--no-deps" "--format-version=1", kill_on_drop: false }`
[INFO] [stdout] bb6b6a88f2a788bed05d320d0212df5c87979bd74d8ed11fc0fa2b575bea8db8
[INFO] running `Command { std: "docker" "start" "-a" "bb6b6a88f2a788bed05d320d0212df5c87979bd74d8ed11fc0fa2b575bea8db8", kill_on_drop: false }`
[INFO] running `Command { std: "docker" "inspect" "bb6b6a88f2a788bed05d320d0212df5c87979bd74d8ed11fc0fa2b575bea8db8", kill_on_drop: false }`
[INFO] running `Command { std: "docker" "rm" "-f" "bb6b6a88f2a788bed05d320d0212df5c87979bd74d8ed11fc0fa2b575bea8db8", kill_on_drop: false }`
[INFO] [stdout] bb6b6a88f2a788bed05d320d0212df5c87979bd74d8ed11fc0fa2b575bea8db8
[INFO] running `Command { std: "docker" "create" "-v" "/var/lib/crater-agent-workspace/builds/worker-3-tc1/target:/opt/rustwide/target:rw,Z" "-v" "/var/lib/crater-agent-workspace/builds/worker-3-tc1/source:/opt/rustwide/workdir:ro,Z" "-v" "/var/lib/crater-agent-workspace/cargo-home:/opt/rustwide/cargo-home:ro,Z" "-v" "/var/lib/crater-agent-workspace/rustup-home:/opt/rustwide/rustup-home:ro,Z" "-e" "SOURCE_DIR=/opt/rustwide/workdir" "-e" "CARGO_TARGET_DIR=/opt/rustwide/target" "-e" "CARGO_INCREMENTAL=0" "-e" "RUST_BACKTRACE=full" "-e" "RUSTFLAGS=--cap-lints=warn" "-e" "RUSTDOCFLAGS=--cap-lints=warn" "-e" "CARGO_HOME=/opt/rustwide/cargo-home" "-e" "RUSTUP_HOME=/opt/rustwide/rustup-home" "-w" "/opt/rustwide/workdir" "-m" "1610612736" "--user" "0:0" "--network" "none" "ghcr.io/rust-lang/crates-build-env/linux@sha256:2788e3201cd34a07e3172128adcd8b3090168a8e3bcc40d7c032b9dda1df7d1c" "/opt/rustwide/cargo-home/bin/cargo" "+1.75.0" "build" "--frozen" "--message-format=json", kill_on_drop: false }`
[INFO] [stdout] 94e94a6a281f7407fa0bf812bd43857a91ab18472e477c1dc57f6c5f3c0d349d
[INFO] running `Command { std: "docker" "start" "-a" "94e94a6a281f7407fa0bf812bd43857a91ab18472e477c1dc57f6c5f3c0d349d", kill_on_drop: false }`
[INFO] [stderr]    Compiling memchr v2.7.1
[INFO] [stderr]    Compiling lock_api v0.4.11
[INFO] [stderr]    Compiling slab v0.4.9
[INFO] [stderr]    Compiling vcpkg v0.2.15
[INFO] [stderr]    Compiling pkg-config v0.3.28
[INFO] [stderr]    Compiling pin-project-lite v0.2.13
[INFO] [stderr]    Compiling futures-core v0.3.30
[INFO] [stderr]    Compiling proc-macro2 v0.4.30
[INFO] [stderr]    Compiling futures-sink v0.3.30
[INFO] [stderr]    Compiling parking_lot_core v0.9.9
[INFO] [stderr]    Compiling smallvec v1.11.2
[INFO] [stderr]    Compiling scopeguard v1.2.0
[INFO] [stderr]    Compiling unicode-xid v0.1.0
[INFO] [stderr]    Compiling cc v1.0.83
[INFO] [stderr]    Compiling tinyvec_macros v0.1.1
[INFO] [stderr]    Compiling syn v2.0.48
[INFO] [stderr]    Compiling tinyvec v1.6.0
[INFO] [stderr]    Compiling indexmap v1.9.3
[INFO] [stderr]    Compiling num-traits v0.2.17
[INFO] [stderr]    Compiling syn v0.15.44
[INFO] [stderr]    Compiling futures-task v0.3.30
[INFO] [stderr]    Compiling futures-channel v0.3.30
[INFO] [stderr]    Compiling pin-utils v0.1.0
[INFO] [stderr]    Compiling futures-io v0.3.30
[INFO] [stderr]    Compiling num_cpus v1.16.0
[INFO] [stderr]    Compiling signal-hook-registry v1.4.1
[INFO] [stderr]    Compiling socket2 v0.5.5
[INFO] [stderr]    Compiling mio v0.8.10
[INFO] [stderr]    Compiling regex-syntax v0.8.2
[INFO] [stderr]    Compiling bytes v1.5.0
[INFO] [stderr]    Compiling aho-corasick v1.1.2
[INFO] [stderr]    Compiling parking_lot v0.12.1
[INFO] [stderr]    Compiling quote v0.6.13
[INFO] [stderr]    Compiling linked-hash-map v0.5.6
[INFO] [stderr]    Compiling foreign-types-shared v0.1.1
[INFO] [stderr]    Compiling hashbrown v0.12.3
[INFO] [stderr]    Compiling unicode-normalization v0.1.22
[INFO] [stderr]    Compiling openssl v0.10.62
[INFO] [stderr]    Compiling matches v0.1.10
[INFO] [stderr]    Compiling unicode-bidi v0.3.14
[INFO] [stderr]    Compiling yaml-rust v0.4.5
[INFO] [stderr]    Compiling foreign-types v0.3.2
[INFO] [stderr]    Compiling getrandom v0.2.11
[INFO] [stderr]    Compiling percent-encoding v1.0.1
[INFO] [stderr]    Compiling bitflags v2.4.1
[INFO] [stderr]    Compiling log v0.4.20
[INFO] [stderr]    Compiling iana-time-zone v0.1.59
[INFO] [stderr]    Compiling once_cell v1.19.0
[INFO] [stderr]    Compiling uuid v0.8.2
[INFO] [stderr]    Compiling time v0.1.45
[INFO] [stderr]    Compiling gethostname v0.2.3
[INFO] [stderr]    Compiling openssl-sys v0.9.98
[INFO] [stderr]    Compiling base64 v0.12.3
[INFO] [stderr]    Compiling idna v0.1.5
[INFO] [stderr]    Compiling chrono v0.4.31
[INFO] [stderr]    Compiling serde_yaml v0.8.26
[INFO] [stderr]    Compiling url v1.7.2
[INFO] [stderr]    Compiling regex-automata v0.4.3
[INFO] [stderr]    Compiling derivative v1.0.4
[INFO] [stderr]    Compiling futures-macro v0.3.30
[INFO] [stderr]    Compiling tokio-macros v2.2.0
[INFO] [stderr]    Compiling openssl-macros v0.1.1
[INFO] [stderr]    Compiling serde_derive v1.0.194
[INFO] [stderr]    Compiling tokio v1.35.1
[INFO] [stderr]    Compiling futures-util v0.3.30
[INFO] [stderr]    Compiling regex v1.10.2
[INFO] [stderr]    Compiling futures-executor v0.3.30
[INFO] [stderr]    Compiling futures v0.3.30
[INFO] [stderr]    Compiling tokio-util v0.6.10
[INFO] [stderr]    Compiling opcua v0.11.0 (/opt/rustwide/workdir)
[INFO] [stdout] warning: ambiguous glob re-exports
[INFO] [stdout]    --> src/client/mod.rs:150:13
[INFO] [stdout]     |
[INFO] [stdout] 145 |           core::prelude::*,
[INFO] [stdout]     |           ---------------- but the name `DecodingOptions` in the type namespace is also re-exported here
[INFO] [stdout] ...
[INFO] [stdout] 150 |       pub use crate::client::{
[INFO] [stdout]     |  _____________^
[INFO] [stdout] 151 | |         builder::*,
[INFO] [stdout] 152 | |         callbacks::*,
[INFO] [stdout] 153 | |         client::*,
[INFO] [stdout] ...   |
[INFO] [stdout] 156 | |         subscription::MonitoredItem,
[INFO] [stdout] 157 | |     };
[INFO] [stdout]     | |_____^ the name `DecodingOptions` in the type namespace is first re-exported here
[INFO] [stdout]     |
[INFO] [stdout]     = note: `#[warn(ambiguous_glob_reexports)]` on by default
[INFO] [stdout] 
[INFO] [stdout] 
[INFO] [stdout] warning: ambiguous glob re-exports
[INFO] [stdout]   --> src/server/mod.rs:72:13
[INFO] [stdout]    |
[INFO] [stdout] 72 |       pub use crate::server::{
[INFO] [stdout]    |  _____________^
[INFO] [stdout] 73 | |         address_space::types::*,
[INFO] [stdout]    | |         ----------------------- but the name `Method` in the type namespace is also re-exported here
[INFO] [stdout] 74 | |         address_space::{AccessLevel, EventNotifier, UserAccessLevel},
[INFO] [stdout] 75 | |         builder::*,
[INFO] [stdout] ...  |
[INFO] [stdout] 82 | |         util::*,
[INFO] [stdout] 83 | |     };
[INFO] [stdout]    | |_____^ the name `Method` in the type namespace is first re-exported here
[INFO] [stdout] 
[INFO] [stdout] 
[INFO] [stdout] warning: unused import: `crate::types::*`
[INFO] [stdout]   --> src/server/mod.rs:86:13
[INFO] [stdout]    |
[INFO] [stdout] 86 |     pub use crate::types::*;
[INFO] [stdout]    |             ^^^^^^^^^^^^^^^
[INFO] [stdout]    |
[INFO] [stdout]    = note: `#[warn(unused_imports)]` on by default
[INFO] [stdout] 
[INFO] [stdout] 
[INFO] [stdout] warning: ambiguous glob re-exports
[INFO] [stdout]    --> src/types/mod.rs:221:9
[INFO] [stdout]     |
[INFO] [stdout] 221 |   pub use crate::types::{
[INFO] [stdout]     |  _________^
[INFO] [stdout] 222 | |     argument::*, array::*, attribute::*, basic_types::*, byte_string::*, data_types::*,
[INFO] [stdout] 223 | |     data_value::*, date_time::*, diagnostic_info::*, encoding::*, extension_object::*, guid::*,
[INFO] [stdout] 224 | |     localized_text::*, node_id::*, node_ids::*, numeric_range::*, operand::*, qualified_name::*,
[INFO] [stdout] 225 | |     request_header::*, response_header::*, service_types::*, status_code::*, string::*, variant::*,
[INFO] [stdout]     | |                                            ---------------- but the name `Argument` in the type namespace is also re-exported here
[INFO] [stdout] 226 | | };
[INFO] [stdout]     | |_^ the name `Argument` in the type namespace is first re-exported here
[INFO] [stdout] 
[INFO] [stdout] 
[INFO] [stdout] warning: unused imports: `argument::*`, `basic_types::*`
[INFO] [stdout]    --> src/types/mod.rs:222:5
[INFO] [stdout]     |
[INFO] [stdout] 222 |     argument::*, array::*, attribute::*, basic_types::*, byte_string::*, data_types::*,
[INFO] [stdout]     |     ^^^^^^^^^^^                          ^^^^^^^^^^^^^^
[INFO] [stdout] 
[INFO] [stdout] 
[INFO] [stdout] warning: unused import: `crate::client::prelude::*`
[INFO] [stdout]   --> src/lib.rs:80:13
[INFO] [stdout]    |
[INFO] [stdout] 80 |     pub use crate::client::prelude::*;
[INFO] [stdout]    |             ^^^^^^^^^^^^^^^^^^^^^^^^^
[INFO] [stdout] 
[INFO] [stdout] 
[INFO] [stdout] warning: unused import: `crate::core::prelude::*`
[INFO] [stdout]   --> src/lib.rs:81:13
[INFO] [stdout]    |
[INFO] [stdout] 81 |     pub use crate::core::prelude::*;
[INFO] [stdout]    |             ^^^^^^^^^^^^^^^^^^^^^^^
[INFO] [stdout] 
[INFO] [stdout] 
[INFO] [stdout] warning: use of deprecated method `chrono::TimeZone::datetime_from_str`: use `DateTime::parse_from_str` instead
[INFO] [stdout]    --> src/crypto/x509.rs:596:13
[INFO] [stdout]     |
[INFO] [stdout] 596 |         Utc.datetime_from_str(date, "%b %d %H:%M:%S %Y")
[INFO] [stdout]     |             ^^^^^^^^^^^^^^^^^
[INFO] [stdout]     |
[INFO] [stdout]     = note: `#[warn(deprecated)]` on by default
[INFO] [stdout] 
[INFO] [stdout] 
[INFO] [stdout] error[E0308]: mismatched types
[INFO] [stdout]    --> src/server/subscriptions/monitored_item.rs:263:28
[INFO] [stdout]     |
[INFO] [stdout] 263 |                 elapsed >= sampling_interval
[INFO] [stdout]     |                 -------    ^^^^^^^^^^^^^^^^^ expected `chrono::Duration`, found `time::Duration`
[INFO] [stdout]     |                 |
[INFO] [stdout]     |                 expected because this is `chrono::Duration`
[INFO] [stdout]     |
[INFO] [stdout]     = note: `time::Duration` and `chrono::Duration` have similar names, but are actually distinct types
[INFO] [stdout] note: `time::Duration` is defined in crate `time`
[INFO] [stdout]    --> /opt/rustwide/cargo-home/registry/src/index.crates.io-6f17d22bba15001f/time-0.1.45/src/duration.rs:45:1
[INFO] [stdout]     |
[INFO] [stdout] 45  | pub struct Duration {
[INFO] [stdout]     | ^^^^^^^^^^^^^^^^^^^
[INFO] [stdout] note: `chrono::Duration` is defined in crate `chrono`
[INFO] [stdout]    --> /opt/rustwide/cargo-home/registry/src/index.crates.io-6f17d22bba15001f/chrono-0.4.31/src/duration.rs:55:1
[INFO] [stdout]     |
[INFO] [stdout] 55  | pub struct Duration {
[INFO] [stdout]     | ^^^^^^^^^^^^^^^^^^^
[INFO] [stdout] 
[INFO] [stdout] 
[INFO] [stdout] error[E0308]: mismatched types
[INFO] [stdout]    --> src/server/subscriptions/subscription.rs:410:23
[INFO] [stdout]     |
[INFO] [stdout] 410 |         if elapsed >= publishing_interval {
[INFO] [stdout]     |            -------    ^^^^^^^^^^^^^^^^^^^ expected `chrono::Duration`, found `time::Duration`
[INFO] [stdout]     |            |
[INFO] [stdout]     |            expected because this is `chrono::Duration`
[INFO] [stdout]     |
[INFO] [stdout]     = note: `time::Duration` and `chrono::Duration` have similar names, but are actually distinct types
[INFO] [stdout] note: `time::Duration` is defined in crate `time`
[INFO] [stdout]    --> /opt/rustwide/cargo-home/registry/src/index.crates.io-6f17d22bba15001f/time-0.1.45/src/duration.rs:45:1
[INFO] [stdout]     |
[INFO] [stdout] 45  | pub struct Duration {
[INFO] [stdout]     | ^^^^^^^^^^^^^^^^^^^
[INFO] [stdout] note: `chrono::Duration` is defined in crate `chrono`
[INFO] [stdout]    --> /opt/rustwide/cargo-home/registry/src/index.crates.io-6f17d22bba15001f/chrono-0.4.31/src/duration.rs:55:1
[INFO] [stdout]     |
[INFO] [stdout] 55  | pub struct Duration {
[INFO] [stdout]     | ^^^^^^^^^^^^^^^^^^^
[INFO] [stdout] 
[INFO] [stdout] 
[INFO] [stdout] error[E0308]: mismatched types
[INFO] [stdout]    --> src/server/subscriptions/subscriptions.rs:321:63
[INFO] [stdout]     |
[INFO] [stdout] 321 |             if now.signed_duration_since(request_timestamp) > publish_request_timeout {
[INFO] [stdout]     |                --------------------------------------------   ^^^^^^^^^^^^^^^^^^^^^^^ expected `chrono::Duration`, found `time::Duration`
[INFO] [stdout]     |                |
[INFO] [stdout]     |                expected because this is `chrono::Duration`
[INFO] [stdout]     |
[INFO] [stdout]     = note: `time::Duration` and `chrono::Duration` have similar names, but are actually distinct types
[INFO] [stdout] note: `time::Duration` is defined in crate `time`
[INFO] [stdout]    --> /opt/rustwide/cargo-home/registry/src/index.crates.io-6f17d22bba15001f/time-0.1.45/src/duration.rs:45:1
[INFO] [stdout]     |
[INFO] [stdout] 45  | pub struct Duration {
[INFO] [stdout]     | ^^^^^^^^^^^^^^^^^^^
[INFO] [stdout] note: `chrono::Duration` is defined in crate `chrono`
[INFO] [stdout]    --> /opt/rustwide/cargo-home/registry/src/index.crates.io-6f17d22bba15001f/chrono-0.4.31/src/duration.rs:55:1
[INFO] [stdout]     |
[INFO] [stdout] 55  | pub struct Duration {
[INFO] [stdout]     | ^^^^^^^^^^^^^^^^^^^
[INFO] [stdout] 
[INFO] [stdout] 
[INFO] [stdout] warning: use of deprecated method `chrono::TimeZone::ymd`: use `with_ymd_and_hms()` instead
[INFO] [stdout]    --> src/types/date_time.rs:142:22
[INFO] [stdout]     |
[INFO] [stdout] 142 |         let dt = Utc.ymd(year as i32, month as u32, day as u32).and_hms_nano(
[INFO] [stdout]     |                      ^^^
[INFO] [stdout] 
[INFO] [stdout] 
[INFO] [stdout] warning: use of deprecated method `chrono::Date::<Tz>::and_hms_nano`: Use and_hms_nano_opt() instead
[INFO] [stdout]    --> src/types/date_time.rs:142:65
[INFO] [stdout]     |
[INFO] [stdout] 142 |         let dt = Utc.ymd(year as i32, month as u32, day as u32).and_hms_nano(
[INFO] [stdout]     |                                                                 ^^^^^^^^^^^^
[INFO] [stdout] 
[INFO] [stdout] 
[INFO] [stdout] warning: use of deprecated method `chrono::TimeZone::ymd`: use `with_ymd_and_hms()` instead
[INFO] [stdout]    --> src/types/date_time.rs:163:14
[INFO] [stdout]     |
[INFO] [stdout] 163 |             .ymd(year, month, day)
[INFO] [stdout]     |              ^^^
[INFO] [stdout] 
[INFO] [stdout] 
[INFO] [stdout] warning: use of deprecated method `chrono::Date::<Tz>::and_hms_nano`: Use and_hms_nano_opt() instead
[INFO] [stdout]    --> src/types/date_time.rs:164:14
[INFO] [stdout]     |
[INFO] [stdout] 164 |             .and_hms_nano(hour, minute, second, nanos);
[INFO] [stdout]     |              ^^^^^^^^^^^^
[INFO] [stdout] 
[INFO] [stdout] 
[INFO] [stdout] warning: use of deprecated method `chrono::TimeZone::ymd`: use `with_ymd_and_hms()` instead
[INFO] [stdout]    --> src/types/date_time.rs:303:13
[INFO] [stdout]     |
[INFO] [stdout] 303 |         Utc.ymd(MIN_YEAR as i32, 1, 1).and_hms(0, 0, 0)
[INFO] [stdout]     |             ^^^
[INFO] [stdout] 
[INFO] [stdout] 
[INFO] [stdout] warning: use of deprecated method `chrono::Date::<Tz>::and_hms`: Use and_hms_opt() instead
[INFO] [stdout]    --> src/types/date_time.rs:303:40
[INFO] [stdout]     |
[INFO] [stdout] 303 |         Utc.ymd(MIN_YEAR as i32, 1, 1).and_hms(0, 0, 0)
[INFO] [stdout]     |                                        ^^^^^^^
[INFO] [stdout] 
[INFO] [stdout] 
[INFO] [stdout] warning: use of deprecated method `chrono::TimeZone::ymd`: use `with_ymd_and_hms()` instead
[INFO] [stdout]    --> src/types/date_time.rs:309:13
[INFO] [stdout]     |
[INFO] [stdout] 309 |         Utc.ymd(MAX_YEAR as i32, 12, 31).and_hms(23, 59, 59)
[INFO] [stdout]     |             ^^^
[INFO] [stdout] 
[INFO] [stdout] 
[INFO] [stdout] warning: use of deprecated method `chrono::Date::<Tz>::and_hms`: Use and_hms_opt() instead
[INFO] [stdout]    --> src/types/date_time.rs:309:42
[INFO] [stdout]     |
[INFO] [stdout] 309 |         Utc.ymd(MAX_YEAR as i32, 12, 31).and_hms(23, 59, 59)
[INFO] [stdout]     |                                          ^^^^^^^
[INFO] [stdout] 
[INFO] [stdout] 
[INFO] [stdout] error: aborting due to 3 previous errors; 16 warnings emitted
[INFO] [stdout] 
[INFO] [stdout] 
[INFO] [stdout] For more information about this error, try `rustc --explain E0308`.
[INFO] [stdout] 
[INFO] [stderr] error: could not compile `opcua` (lib) due to 4 previous errors; 16 warnings emitted
[INFO] running `Command { std: "docker" "inspect" "94e94a6a281f7407fa0bf812bd43857a91ab18472e477c1dc57f6c5f3c0d349d", kill_on_drop: false }`
[INFO] running `Command { std: "docker" "rm" "-f" "94e94a6a281f7407fa0bf812bd43857a91ab18472e477c1dc57f6c5f3c0d349d", kill_on_drop: false }`
[INFO] [stdout] 94e94a6a281f7407fa0bf812bd43857a91ab18472e477c1dc57f6c5f3c0d349d
