[INFO] fetching crate opaquebind 0.2.1...
[INFO] testing opaquebind-0.2.1 against 1.75.0 for beta-1.76-1
[INFO] extracting crate opaquebind 0.2.1 into /workspace/builds/worker-2-tc1/source
[INFO] validating manifest of crates.io crate opaquebind 0.2.1 on toolchain 1.75.0
[INFO] running `Command { std: CARGO_HOME="/workspace/cargo-home" RUSTUP_HOME="/workspace/rustup-home" "/workspace/cargo-home/bin/cargo" "+1.75.0" "metadata" "--manifest-path" "Cargo.toml" "--no-deps", kill_on_drop: false }`
[INFO] started tweaking crates.io crate opaquebind 0.2.1
[INFO] finished tweaking crates.io crate opaquebind 0.2.1
[INFO] tweaked toml for crates.io crate opaquebind 0.2.1 written to /workspace/builds/worker-2-tc1/source/Cargo.toml
[INFO] running `Command { std: CARGO_HOME="/workspace/cargo-home" RUSTUP_HOME="/workspace/rustup-home" "/workspace/cargo-home/bin/cargo" "+1.75.0" "generate-lockfile" "--manifest-path" "Cargo.toml", kill_on_drop: false }`
[INFO] [stderr]     Updating crates.io index
[INFO] running `Command { std: CARGO_HOME="/workspace/cargo-home" RUSTUP_HOME="/workspace/rustup-home" "/workspace/cargo-home/bin/cargo" "+1.75.0" "fetch" "--manifest-path" "Cargo.toml", kill_on_drop: false }`
[INFO] [stderr]  Downloading crates ...
[INFO] [stderr]   Downloaded password-hash v0.3.2
[INFO] [stderr]   Downloaded argon2 v0.3.4
[INFO] [stderr]   Downloaded base64ct v1.0.1
[INFO] [stderr]   Downloaded scrypt v0.5.0
[INFO] [stderr]   Downloaded pbkdf2 v0.6.0
[INFO] [stderr]   Downloaded hkdf v0.11.0
[INFO] [stderr]   Downloaded opaque-ke v1.3.0
[INFO] running `Command { std: "docker" "create" "-v" "/var/lib/crater-agent-workspace/builds/worker-2-tc1/target:/opt/rustwide/target:rw,Z" "-v" "/var/lib/crater-agent-workspace/builds/worker-2-tc1/source:/opt/rustwide/workdir:ro,Z" "-v" "/var/lib/crater-agent-workspace/cargo-home:/opt/rustwide/cargo-home:ro,Z" "-v" "/var/lib/crater-agent-workspace/rustup-home:/opt/rustwide/rustup-home:ro,Z" "-e" "SOURCE_DIR=/opt/rustwide/workdir" "-e" "CARGO_TARGET_DIR=/opt/rustwide/target" "-e" "CARGO_HOME=/opt/rustwide/cargo-home" "-e" "RUSTUP_HOME=/opt/rustwide/rustup-home" "-w" "/opt/rustwide/workdir" "-m" "1610612736" "--user" "0:0" "--network" "none" "ghcr.io/rust-lang/crates-build-env/linux@sha256:2788e3201cd34a07e3172128adcd8b3090168a8e3bcc40d7c032b9dda1df7d1c" "/opt/rustwide/cargo-home/bin/cargo" "+1.75.0" "metadata" "--no-deps" "--format-version=1", kill_on_drop: false }`
[INFO] [stdout] 41b55da900836a89c48aaa8f75de68a203a64f02a9e2144601d15543bf8e905b
[INFO] running `Command { std: "docker" "start" "-a" "41b55da900836a89c48aaa8f75de68a203a64f02a9e2144601d15543bf8e905b", kill_on_drop: false }`
[INFO] running `Command { std: "docker" "inspect" "41b55da900836a89c48aaa8f75de68a203a64f02a9e2144601d15543bf8e905b", kill_on_drop: false }`
[INFO] running `Command { std: "docker" "rm" "-f" "41b55da900836a89c48aaa8f75de68a203a64f02a9e2144601d15543bf8e905b", kill_on_drop: false }`
[INFO] [stdout] 41b55da900836a89c48aaa8f75de68a203a64f02a9e2144601d15543bf8e905b
[INFO] running `Command { std: "docker" "create" "-v" "/var/lib/crater-agent-workspace/builds/worker-2-tc1/target:/opt/rustwide/target:rw,Z" "-v" "/var/lib/crater-agent-workspace/builds/worker-2-tc1/source:/opt/rustwide/workdir:ro,Z" "-v" "/var/lib/crater-agent-workspace/cargo-home:/opt/rustwide/cargo-home:ro,Z" "-v" "/var/lib/crater-agent-workspace/rustup-home:/opt/rustwide/rustup-home:ro,Z" "-e" "SOURCE_DIR=/opt/rustwide/workdir" "-e" "CARGO_TARGET_DIR=/opt/rustwide/target" "-e" "CARGO_INCREMENTAL=0" "-e" "RUST_BACKTRACE=full" "-e" "RUSTFLAGS=--cap-lints=warn" "-e" "RUSTDOCFLAGS=--cap-lints=warn" "-e" "CARGO_HOME=/opt/rustwide/cargo-home" "-e" "RUSTUP_HOME=/opt/rustwide/rustup-home" "-w" "/opt/rustwide/workdir" "-m" "1610612736" "--user" "0:0" "--network" "none" "ghcr.io/rust-lang/crates-build-env/linux@sha256:2788e3201cd34a07e3172128adcd8b3090168a8e3bcc40d7c032b9dda1df7d1c" "/opt/rustwide/cargo-home/bin/cargo" "+1.75.0" "build" "--frozen" "--message-format=json", kill_on_drop: false }`
[INFO] [stdout] e54f29322bdc2519bfc89e74de20386debe161f211a970773f084a53df43cd50
[INFO] running `Command { std: "docker" "start" "-a" "e54f29322bdc2519bfc89e74de20386debe161f211a970773f084a53df43cd50", kill_on_drop: false }`
[INFO] [stderr]    Compiling generic-array v0.14.7
[INFO] [stderr]    Compiling libc v0.2.151
[INFO] [stderr]    Compiling base64ct v1.0.1
[INFO] [stderr]    Compiling byteorder v1.5.0
[INFO] [stderr]    Compiling rand_core v0.5.1
[INFO] [stderr]    Compiling constant_time_eq v0.1.5
[INFO] [stderr]    Compiling syn v2.0.48
[INFO] [stderr]    Compiling digest v0.9.0
[INFO] [stderr]    Compiling crypto-mac v0.10.1
[INFO] [stderr]    Compiling cipher v0.2.5
[INFO] [stderr]    Compiling block-buffer v0.9.0
[INFO] [stderr]    Compiling crypto-mac v0.11.1
[INFO] [stderr]    Compiling block-buffer v0.10.4
[INFO] [stderr]    Compiling getrandom v0.2.11
[INFO] [stderr]    Compiling crypto-common v0.1.6
[INFO] [stderr]    Compiling sha2 v0.9.9
[INFO] [stderr]    Compiling salsa20 v0.7.2
[INFO] [stderr]    Compiling hmac v0.11.0
[INFO] [stderr]    Compiling hmac v0.10.1
[INFO] [stderr]    Compiling pbkdf2 v0.6.0
[INFO] [stderr]    Compiling digest v0.10.7
[INFO] [stderr]    Compiling rand_core v0.6.4
[INFO] [stderr]    Compiling hkdf v0.11.0
[INFO] [stderr]    Compiling password-hash v0.3.2
[INFO] [stderr]    Compiling rand v0.8.5
[INFO] [stderr]    Compiling blake2 v0.10.6
[INFO] [stderr]    Compiling scrypt v0.5.0
[INFO] [stderr]    Compiling argon2 v0.3.4
[INFO] [stderr]    Compiling zeroize_derive v1.4.2
[INFO] [stderr]    Compiling displaydoc v0.2.4
[INFO] [stderr]    Compiling zeroize v1.3.0
[INFO] [stderr]    Compiling curve25519-dalek v3.2.1
[INFO] [stderr]    Compiling opaque-ke v1.3.0
[INFO] [stderr]    Compiling opaquebind v0.2.1 (/opt/rustwide/workdir)
[INFO] [stdout] warning: unused import: `Pointer`
[INFO] [stdout]  --> src/lib.rs:4:43
[INFO] [stdout]   |
[INFO] [stdout] 4 | use std::fmt::{Debug, Display, Formatter, Pointer};
[INFO] [stdout]   |                                           ^^^^^^^
[INFO] [stdout]   |
[INFO] [stdout]   = note: `#[warn(unused_imports)]` on by default
[INFO] [stdout] 
[INFO] [stdout] 
[INFO] [stdout] warning: 1 warning emitted
[INFO] [stdout] 
[INFO] [stdout] 
[INFO] [stderr]     Finished dev [unoptimized + debuginfo] target(s) in 9.32s
[INFO] running `Command { std: "docker" "inspect" "e54f29322bdc2519bfc89e74de20386debe161f211a970773f084a53df43cd50", kill_on_drop: false }`
[INFO] running `Command { std: "docker" "rm" "-f" "e54f29322bdc2519bfc89e74de20386debe161f211a970773f084a53df43cd50", kill_on_drop: false }`
[INFO] [stdout] e54f29322bdc2519bfc89e74de20386debe161f211a970773f084a53df43cd50
[INFO] running `Command { std: "docker" "create" "-v" "/var/lib/crater-agent-workspace/builds/worker-2-tc1/target:/opt/rustwide/target:rw,Z" "-v" "/var/lib/crater-agent-workspace/builds/worker-2-tc1/source:/opt/rustwide/workdir:ro,Z" "-v" "/var/lib/crater-agent-workspace/cargo-home:/opt/rustwide/cargo-home:ro,Z" "-v" "/var/lib/crater-agent-workspace/rustup-home:/opt/rustwide/rustup-home:ro,Z" "-e" "SOURCE_DIR=/opt/rustwide/workdir" "-e" "CARGO_TARGET_DIR=/opt/rustwide/target" "-e" "CARGO_INCREMENTAL=0" "-e" "RUST_BACKTRACE=full" "-e" "RUSTFLAGS=--cap-lints=warn" "-e" "RUSTDOCFLAGS=--cap-lints=warn" "-e" "CARGO_HOME=/opt/rustwide/cargo-home" "-e" "RUSTUP_HOME=/opt/rustwide/rustup-home" "-w" "/opt/rustwide/workdir" "-m" "1610612736" "--user" "0:0" "--network" "none" "ghcr.io/rust-lang/crates-build-env/linux@sha256:2788e3201cd34a07e3172128adcd8b3090168a8e3bcc40d7c032b9dda1df7d1c" "/opt/rustwide/cargo-home/bin/cargo" "+1.75.0" "test" "--frozen" "--no-run" "--message-format=json", kill_on_drop: false }`
[INFO] [stdout] 72c4aa7558524b62d0ac69669e2e743c0fca2cfe858cd9ade2e651f15a5c69f2
[INFO] running `Command { std: "docker" "start" "-a" "72c4aa7558524b62d0ac69669e2e743c0fca2cfe858cd9ade2e651f15a5c69f2", kill_on_drop: false }`
[INFO] [stderr]    Compiling opaquebind v0.2.1 (/opt/rustwide/workdir)
[INFO] [stdout] warning: unused import: `Pointer`
[INFO] [stdout]  --> src/lib.rs:4:43
[INFO] [stdout]   |
[INFO] [stdout] 4 | use std::fmt::{Debug, Display, Formatter, Pointer};
[INFO] [stdout]   |                                           ^^^^^^^
[INFO] [stdout]   |
[INFO] [stdout]   = note: `#[warn(unused_imports)]` on by default
[INFO] [stdout] 
[INFO] [stdout] 
[INFO] [stdout] warning: 1 warning emitted
[INFO] [stdout] 
[INFO] [stdout] 
[INFO] [stdout] warning: unused import: `super::*`
[INFO] [stdout]    --> src/server.rs:122:9
[INFO] [stdout]     |
[INFO] [stdout] 122 |     use super::*;
[INFO] [stdout]     |         ^^^^^^^^
[INFO] [stdout]     |
[INFO] [stdout]     = note: `#[warn(unused_imports)]` on by default
[INFO] [stdout] 
[INFO] [stdout] 
[INFO] [stdout] warning: unused import: `Pointer`
[INFO] [stdout]  --> src/lib.rs:4:43
[INFO] [stdout]   |
[INFO] [stdout] 4 | use std::fmt::{Debug, Display, Formatter, Pointer};
[INFO] [stdout]   |                                           ^^^^^^^
[INFO] [stdout] 
[INFO] [stdout] 
[INFO] [stdout] error[E0425]: cannot find function `register_server_py` in this scope
[INFO] [stdout]    --> src/server.rs:130:33
[INFO] [stdout]     |
[INFO] [stdout] 13  | pub fn register_server(client_request: String, public_key: String) -> Result<(String, String), Error> {
[INFO] [stdout]     | ----------------------------------------------------------------------------------------------------- similarly named function `register_server` defined here
[INFO] [stdout] ...
[INFO] [stdout] 130 |         let (response, state) = register_server_py(message, pub_string).unwrap();
[INFO] [stdout]     |                                 ^^^^^^^^^^^^^^^^^^ help: a function with a similar name exists: `register_server`
[INFO] [stdout] 
[INFO] [stdout] 
[INFO] [stdout] error[E0425]: cannot find function `register_server_finish_py` in this scope
[INFO] [stdout]    --> src/server.rs:139:29
[INFO] [stdout]     |
[INFO] [stdout] 30  | pub fn register_server_finish(client_request_finish: String, registration_state: String) -> Result<String, Error> {
[INFO] [stdout]     | ----------------------------------------------------------------------------------------------------------------- similarly named function `register_server_finish` defined here
[INFO] [stdout] ...
[INFO] [stdout] 139 |         let password_file = register_server_finish_py(client_message, server_state).unwrap();
[INFO] [stdout]     |                             ^^^^^^^^^^^^^^^^^^^^^^^^^ help: a function with a similar name exists: `register_server_finish`
[INFO] [stdout] 
[INFO] [stdout] 
[INFO] [stdout] error[E0425]: cannot find function `login_server_py` in this scope
[INFO] [stdout]    --> src/server.rs:153:33
[INFO] [stdout]     |
[INFO] [stdout] 46  | pub fn login_server(password_file: String, client_request: String, private_key: String) -> Result<(String, String), Error> {
[INFO] [stdout]     | -------------------------------------------------------------------------------------------------------------------------- similarly named function `login_server` defined here
[INFO] [stdout] ...
[INFO] [stdout] 153 |         let (response, state) = login_server_py(password_file, client_message, private_key).unwrap();
[INFO] [stdout]     |                                 ^^^^^^^^^^^^^^^ help: a function with a similar name exists: `login_server`
[INFO] [stdout] 
[INFO] [stdout] 
[INFO] [stdout] error[E0425]: cannot find function `login_server_finish_py` in this scope
[INFO] [stdout]    --> src/server.rs:165:23
[INFO] [stdout]     |
[INFO] [stdout] 67  | pub fn login_server_finish(client_request_finish: String, login_state: String) -> Result<String, Error> {
[INFO] [stdout]     | ------------------------------------------------------------------------------------------------------- similarly named function `login_server_finish` defined here
[INFO] [stdout] ...
[INFO] [stdout] 165 |         let session = login_server_finish_py(client_message, state).unwrap();
[INFO] [stdout]     |                       ^^^^^^^^^^^^^^^^^^^^^^ help: a function with a similar name exists: `login_server_finish`
[INFO] [stdout] 
[INFO] [stdout] 
[INFO] [stdout] error: aborting due to 4 previous errors; 2 warnings emitted
[INFO] [stdout] 
[INFO] [stdout] 
[INFO] [stdout] For more information about this error, try `rustc --explain E0425`.
[INFO] [stdout] 
[INFO] [stderr] error: could not compile `opaquebind` (lib test) due to 5 previous errors; 2 warnings emitted
[INFO] running `Command { std: "docker" "inspect" "72c4aa7558524b62d0ac69669e2e743c0fca2cfe858cd9ade2e651f15a5c69f2", kill_on_drop: false }`
[INFO] running `Command { std: "docker" "rm" "-f" "72c4aa7558524b62d0ac69669e2e743c0fca2cfe858cd9ade2e651f15a5c69f2", kill_on_drop: false }`
[INFO] [stdout] 72c4aa7558524b62d0ac69669e2e743c0fca2cfe858cd9ade2e651f15a5c69f2
