[INFO] fetching crate oma-apt 0.1.2...
[INFO] testing oma-apt-0.1.2 against 1.75.0 for beta-1.76-1
[INFO] extracting crate oma-apt 0.1.2 into /workspace/builds/worker-7-tc1/source
[INFO] validating manifest of crates.io crate oma-apt 0.1.2 on toolchain 1.75.0
[INFO] running `Command { std: CARGO_HOME="/workspace/cargo-home" RUSTUP_HOME="/workspace/rustup-home" "/workspace/cargo-home/bin/cargo" "+1.75.0" "metadata" "--manifest-path" "Cargo.toml" "--no-deps", kill_on_drop: false }`
[INFO] started tweaking crates.io crate oma-apt 0.1.2
[INFO] finished tweaking crates.io crate oma-apt 0.1.2
[INFO] tweaked toml for crates.io crate oma-apt 0.1.2 written to /workspace/builds/worker-7-tc1/source/Cargo.toml
[INFO] running `Command { std: CARGO_HOME="/workspace/cargo-home" RUSTUP_HOME="/workspace/rustup-home" "/workspace/cargo-home/bin/cargo" "+1.75.0" "generate-lockfile" "--manifest-path" "Cargo.toml", kill_on_drop: false }`
[INFO] [stderr]     Updating crates.io index
[INFO] running `Command { std: CARGO_HOME="/workspace/cargo-home" RUSTUP_HOME="/workspace/rustup-home" "/workspace/cargo-home/bin/cargo" "+1.75.0" "fetch" "--manifest-path" "Cargo.toml", kill_on_drop: false }`
[INFO] running `Command { std: "docker" "create" "-v" "/var/lib/crater-agent-workspace/builds/worker-7-tc1/target:/opt/rustwide/target:rw,Z" "-v" "/var/lib/crater-agent-workspace/builds/worker-7-tc1/source:/opt/rustwide/workdir:ro,Z" "-v" "/var/lib/crater-agent-workspace/cargo-home:/opt/rustwide/cargo-home:ro,Z" "-v" "/var/lib/crater-agent-workspace/rustup-home:/opt/rustwide/rustup-home:ro,Z" "-e" "SOURCE_DIR=/opt/rustwide/workdir" "-e" "CARGO_TARGET_DIR=/opt/rustwide/target" "-e" "CARGO_HOME=/opt/rustwide/cargo-home" "-e" "RUSTUP_HOME=/opt/rustwide/rustup-home" "-w" "/opt/rustwide/workdir" "-m" "1610612736" "--user" "0:0" "--network" "none" "ghcr.io/rust-lang/crates-build-env/linux@sha256:2788e3201cd34a07e3172128adcd8b3090168a8e3bcc40d7c032b9dda1df7d1c" "/opt/rustwide/cargo-home/bin/cargo" "+1.75.0" "metadata" "--no-deps" "--format-version=1", kill_on_drop: false }`
[INFO] [stdout] 6a5b9f3bb6d0bd483375a67fa41e45a806ae773cd1b4d88b84e86e976e1472bf
[INFO] running `Command { std: "docker" "start" "-a" "6a5b9f3bb6d0bd483375a67fa41e45a806ae773cd1b4d88b84e86e976e1472bf", kill_on_drop: false }`
[INFO] running `Command { std: "docker" "inspect" "6a5b9f3bb6d0bd483375a67fa41e45a806ae773cd1b4d88b84e86e976e1472bf", kill_on_drop: false }`
[INFO] running `Command { std: "docker" "rm" "-f" "6a5b9f3bb6d0bd483375a67fa41e45a806ae773cd1b4d88b84e86e976e1472bf", kill_on_drop: false }`
[INFO] [stdout] 6a5b9f3bb6d0bd483375a67fa41e45a806ae773cd1b4d88b84e86e976e1472bf
[INFO] running `Command { std: "docker" "create" "-v" "/var/lib/crater-agent-workspace/builds/worker-7-tc1/target:/opt/rustwide/target:rw,Z" "-v" "/var/lib/crater-agent-workspace/builds/worker-7-tc1/source:/opt/rustwide/workdir:ro,Z" "-v" "/var/lib/crater-agent-workspace/cargo-home:/opt/rustwide/cargo-home:ro,Z" "-v" "/var/lib/crater-agent-workspace/rustup-home:/opt/rustwide/rustup-home:ro,Z" "-e" "SOURCE_DIR=/opt/rustwide/workdir" "-e" "CARGO_TARGET_DIR=/opt/rustwide/target" "-e" "CARGO_INCREMENTAL=0" "-e" "RUST_BACKTRACE=full" "-e" "RUSTFLAGS=--cap-lints=warn" "-e" "RUSTDOCFLAGS=--cap-lints=warn" "-e" "CARGO_HOME=/opt/rustwide/cargo-home" "-e" "RUSTUP_HOME=/opt/rustwide/rustup-home" "-w" "/opt/rustwide/workdir" "-m" "1610612736" "--user" "0:0" "--network" "none" "ghcr.io/rust-lang/crates-build-env/linux@sha256:2788e3201cd34a07e3172128adcd8b3090168a8e3bcc40d7c032b9dda1df7d1c" "/opt/rustwide/cargo-home/bin/cargo" "+1.75.0" "build" "--frozen" "--message-format=json", kill_on_drop: false }`
[INFO] [stdout] bbf28b879f6601cf3ced32e4132696d0c88649311d2d2065d2a7cb6e2371eff6
[INFO] running `Command { std: "docker" "start" "-a" "bbf28b879f6601cf3ced32e4132696d0c88649311d2d2065d2a7cb6e2371eff6", kill_on_drop: false }`
[INFO] [stderr]    Compiling libc v0.2.151
[INFO] [stderr]    Compiling proc-macro2 v1.0.75
[INFO] [stderr]    Compiling scratch v1.0.7
[INFO] [stderr]    Compiling io-lifetimes v1.0.11
[INFO] [stderr]    Compiling unicode-width v0.1.11
[INFO] [stderr]    Compiling cxxbridge-flags v1.0.114
[INFO] [stderr]    Compiling termcolor v1.4.0
[INFO] [stderr]    Compiling rustix v0.37.27
[INFO] [stderr]    Compiling once_cell v1.19.0
[INFO] [stderr]    Compiling codespan-reporting v0.11.1
[INFO] [stderr]    Compiling linux-raw-sys v0.3.8
[INFO] [stderr]    Compiling quote v1.0.35
[INFO] [stderr]    Compiling syn v2.0.48
[INFO] [stderr]    Compiling cc v1.0.83
[INFO] [stderr]    Compiling link-cplusplus v1.0.9
[INFO] [stderr]    Compiling cxx v1.0.114
[INFO] [stderr]    Compiling terminal_size v0.2.6
[INFO] [stderr]    Compiling cxx-build v1.0.114
[INFO] [stderr]    Compiling cxxbridge-macro v1.0.114
[INFO] [stderr]    Compiling oma-apt v0.1.2 (/opt/rustwide/workdir)
[INFO] [stderr]     Finished dev [unoptimized + debuginfo] target(s) in 27.63s
[INFO] running `Command { std: "docker" "inspect" "bbf28b879f6601cf3ced32e4132696d0c88649311d2d2065d2a7cb6e2371eff6", kill_on_drop: false }`
[INFO] running `Command { std: "docker" "rm" "-f" "bbf28b879f6601cf3ced32e4132696d0c88649311d2d2065d2a7cb6e2371eff6", kill_on_drop: false }`
[INFO] [stdout] bbf28b879f6601cf3ced32e4132696d0c88649311d2d2065d2a7cb6e2371eff6
[INFO] running `Command { std: "docker" "create" "-v" "/var/lib/crater-agent-workspace/builds/worker-7-tc1/target:/opt/rustwide/target:rw,Z" "-v" "/var/lib/crater-agent-workspace/builds/worker-7-tc1/source:/opt/rustwide/workdir:ro,Z" "-v" "/var/lib/crater-agent-workspace/cargo-home:/opt/rustwide/cargo-home:ro,Z" "-v" "/var/lib/crater-agent-workspace/rustup-home:/opt/rustwide/rustup-home:ro,Z" "-e" "SOURCE_DIR=/opt/rustwide/workdir" "-e" "CARGO_TARGET_DIR=/opt/rustwide/target" "-e" "CARGO_INCREMENTAL=0" "-e" "RUST_BACKTRACE=full" "-e" "RUSTFLAGS=--cap-lints=warn" "-e" "RUSTDOCFLAGS=--cap-lints=warn" "-e" "CARGO_HOME=/opt/rustwide/cargo-home" "-e" "RUSTUP_HOME=/opt/rustwide/rustup-home" "-w" "/opt/rustwide/workdir" "-m" "1610612736" "--user" "0:0" "--network" "none" "ghcr.io/rust-lang/crates-build-env/linux@sha256:2788e3201cd34a07e3172128adcd8b3090168a8e3bcc40d7c032b9dda1df7d1c" "/opt/rustwide/cargo-home/bin/cargo" "+1.75.0" "test" "--frozen" "--no-run" "--message-format=json", kill_on_drop: false }`
[INFO] [stdout] f35767385d08c37c555c3c43fe017b6da526a209cecd21bbfbe3f8249c76cfd7
[INFO] running `Command { std: "docker" "start" "-a" "f35767385d08c37c555c3c43fe017b6da526a209cecd21bbfbe3f8249c76cfd7", kill_on_drop: false }`
[INFO] [stderr]    Compiling oma-apt v0.1.2 (/opt/rustwide/workdir)
[INFO] [stdout] error[E0433]: failed to resolve: use of undeclared crate or module `rust_apt`
[INFO] [stdout]  --> tests/records.rs:3:6
[INFO] [stdout]   |
[INFO] [stdout] 3 |     use rust_apt::records::RecordField;
[INFO] [stdout]   |         ^^^^^^^^ use of undeclared crate or module `rust_apt`
[INFO] [stdout] 
[INFO] [stdout] 
[INFO] [stdout] error[E0432]: unresolved import `rust_apt`
[INFO] [stdout]  --> tests/records.rs:2:6
[INFO] [stdout]   |
[INFO] [stdout] 2 |     use rust_apt::new_cache;
[INFO] [stdout]   |         ^^^^^^^^ use of undeclared crate or module `rust_apt`
[INFO] [stdout] 
[INFO] [stdout] 
[INFO] [stdout] error: cannot determine resolution for the macro `new_cache`
[INFO] [stdout]  --> tests/records.rs:7:15
[INFO] [stdout]   |
[INFO] [stdout] 7 |         let cache = new_cache!().unwrap();
[INFO] [stdout]   |                     ^^^^^^^^^
[INFO] [stdout]   |
[INFO] [stdout]   = note: import resolution is stuck, try simplifying macro imports
[INFO] [stdout] 
[INFO] [stdout] 
[INFO] [stdout] error[E0433]: failed to resolve: use of undeclared crate or module `rust_apt`
[INFO] [stdout]  --> tests/root.rs:4:6
[INFO] [stdout]   |
[INFO] [stdout] 4 |     use rust_apt::util::*;
[INFO] [stdout]   |         ^^^^^^^^ use of undeclared crate or module `rust_apt`
[INFO] [stdout] 
[INFO] [stdout] 
[INFO] [stdout] error[E0433]: failed to resolve: use of undeclared crate or module `rust_apt`
[INFO] [stdout]  --> tests/sort.rs:2:6
[INFO] [stdout]   |
[INFO] [stdout] 2 |     use rust_apt::cache::*;
[INFO] [stdout]   |         ^^^^^^^^ use of undeclared crate or module `rust_apt`
[INFO] [stdout] 
[INFO] [stdout] 
[INFO] [stdout] error[E0433]: failed to resolve: use of undeclared crate or module `rust_apt`
[INFO] [stdout]  --> tests/root.rs:3:6
[INFO] [stdout]   |
[INFO] [stdout] 3 |     use rust_apt::raw::progress::{raw, AcquireProgress, AptAcquireProgress, AptInstallProgress};
[INFO] [stdout]   |         ^^^^^^^^ use of undeclared crate or module `rust_apt`
[INFO] [stdout] 
[INFO] [stdout] 
[INFO] [stdout] error[E0432]: unresolved import `rust_apt`
[INFO] [stdout]  --> tests/root.rs:2:6
[INFO] [stdout]   |
[INFO] [stdout] 2 |     use rust_apt::new_cache;
[INFO] [stdout]   |         ^^^^^^^^ use of undeclared crate or module `rust_apt`
[INFO] [stdout] 
[INFO] [stdout] 
[INFO] [stdout] error[E0433]: failed to resolve: use of undeclared crate or module `rust_apt`
[INFO] [stdout]  --> tests/depcache.rs:2:6
[INFO] [stdout]   |
[INFO] [stdout] 2 |     use rust_apt::cache::Upgrade;
[INFO] [stdout]   |         ^^^^^^^^ use of undeclared crate or module `rust_apt`
[INFO] [stdout] 
[INFO] [stdout] 
[INFO] [stdout] error[E0433]: failed to resolve: use of undeclared crate or module `rust_apt`
[INFO] [stdout]  --> tests/config.rs:2:6
[INFO] [stdout]   |
[INFO] [stdout] 2 |     use rust_apt::config::Config;
[INFO] [stdout]   |         ^^^^^^^^ use of undeclared crate or module `rust_apt`
[INFO] [stdout] 
[INFO] [stdout] 
[INFO] [stdout] error[E0432]: unresolved import `rust_apt`
[INFO] [stdout]  --> tests/sort.rs:3:6
[INFO] [stdout]   |
[INFO] [stdout] 3 |     use rust_apt::new_cache;
[INFO] [stdout]   |         ^^^^^^^^ use of undeclared crate or module `rust_apt`
[INFO] [stdout] 
[INFO] [stdout] 
[INFO] [stdout] error: aborting due to 3 previous errors
[INFO] [stdout] 
[INFO] [stdout] 
[INFO] [stdout] Some errors have detailed explanations: E0432, E0433.
[INFO] [stdout] 
[INFO] [stdout] For more information about an error, try `rustc --explain E0432`.
[INFO] [stdout] 
[INFO] [stdout] error[E0432]: unresolved import `rust_apt`
[INFO] [stdout]  --> tests/depcache.rs:3:6
[INFO] [stdout]   |
[INFO] [stdout] 3 |     use rust_apt::new_cache;
[INFO] [stdout]   |         ^^^^^^^^ use of undeclared crate or module `rust_apt`
[INFO] [stdout] 
[INFO] [stdout] 
[INFO] [stdout] error: cannot determine resolution for the macro `new_cache`
[INFO] [stdout]   --> tests/root.rs:91:15
[INFO] [stdout]    |
[INFO] [stdout] 91 |         let cache = new_cache!().unwrap();
[INFO] [stdout]    |                     ^^^^^^^^^
[INFO] [stdout]    |
[INFO] [stdout]    = note: import resolution is stuck, try simplifying macro imports
[INFO] [stdout] 
[INFO] [stdout] 
[INFO] [stdout] error: cannot determine resolution for the macro `new_cache`
[INFO] [stdout]   --> tests/root.rs:97:15
[INFO] [stdout]    |
[INFO] [stdout] 97 |         let cache = new_cache!().unwrap();
[INFO] [stdout]    |                     ^^^^^^^^^
[INFO] [stdout]    |
[INFO] [stdout]    = note: import resolution is stuck, try simplifying macro imports
[INFO] [stdout] 
[INFO] [stdout] 
[INFO] [stdout] error: cannot determine resolution for the macro `new_cache`
[INFO] [stdout]    --> tests/root.rs:106:15
[INFO] [stdout]     |
[INFO] [stdout] 106 |         let cache = new_cache!().unwrap();
[INFO] [stdout]     |                     ^^^^^^^^^
[INFO] [stdout]     |
[INFO] [stdout]     = note: import resolution is stuck, try simplifying macro imports
[INFO] [stdout] 
[INFO] [stdout] 
[INFO] [stdout] error: cannot determine resolution for the macro `new_cache`
[INFO] [stdout]    --> tests/root.rs:120:15
[INFO] [stdout]     |
[INFO] [stdout] 120 |         let cache = new_cache!().unwrap();
[INFO] [stdout]     |                     ^^^^^^^^^
[INFO] [stdout]     |
[INFO] [stdout]     = note: import resolution is stuck, try simplifying macro imports
[INFO] [stdout] 
[INFO] [stdout] 
[INFO] [stdout] error: cannot determine resolution for the macro `new_cache`
[INFO] [stdout]    --> tests/root.rs:136:15
[INFO] [stdout]     |
[INFO] [stdout] 136 |         let cache = new_cache!(&debs).unwrap();
[INFO] [stdout]     |                     ^^^^^^^^^
[INFO] [stdout]     |
[INFO] [stdout]     = note: import resolution is stuck, try simplifying macro imports
[INFO] [stdout] 
[INFO] [stdout] 
[INFO] [stdout] error: cannot determine resolution for the macro `new_cache`
[INFO] [stdout]    --> tests/root.rs:150:15
[INFO] [stdout]     |
[INFO] [stdout] 150 |         let cache = new_cache!(&debs).unwrap();
[INFO] [stdout]     |                     ^^^^^^^^^
[INFO] [stdout]     |
[INFO] [stdout]     = note: import resolution is stuck, try simplifying macro imports
[INFO] [stdout] 
[INFO] [stdout] 
[INFO] [stderr] error: could not compile `oma-apt` (test "records") due to 4 previous errors
[INFO] [stderr] warning: build failed, waiting for other jobs to finish...
[INFO] [stdout] error: cannot determine resolution for the macro `new_cache`
[INFO] [stdout]  --> tests/sort.rs:7:15
[INFO] [stdout]   |
[INFO] [stdout] 7 |         let cache = new_cache!().unwrap();
[INFO] [stdout]   |                     ^^^^^^^^^
[INFO] [stdout]   |
[INFO] [stdout]   = note: import resolution is stuck, try simplifying macro imports
[INFO] [stdout] 
[INFO] [stdout] 
[INFO] [stdout] error: cannot determine resolution for the macro `new_cache`
[INFO] [stdout]   --> tests/sort.rs:40:15
[INFO] [stdout]    |
[INFO] [stdout] 40 |         let cache = new_cache!().unwrap();
[INFO] [stdout]    |                     ^^^^^^^^^
[INFO] [stdout]    |
[INFO] [stdout]    = note: import resolution is stuck, try simplifying macro imports
[INFO] [stdout] 
[INFO] [stdout] 
[INFO] [stdout] error: cannot determine resolution for the macro `new_cache`
[INFO] [stdout]   --> tests/sort.rs:61:15
[INFO] [stdout]    |
[INFO] [stdout] 61 |         let cache = new_cache!().unwrap();
[INFO] [stdout]    |                     ^^^^^^^^^
[INFO] [stdout]    |
[INFO] [stdout]    = note: import resolution is stuck, try simplifying macro imports
[INFO] [stdout] 
[INFO] [stdout] 
[INFO] [stdout] error: cannot determine resolution for the macro `new_cache`
[INFO] [stdout]   --> tests/sort.rs:82:15
[INFO] [stdout]    |
[INFO] [stdout] 82 |         let cache = new_cache!().unwrap();
[INFO] [stdout]    |                     ^^^^^^^^^
[INFO] [stdout]    |
[INFO] [stdout]    = note: import resolution is stuck, try simplifying macro imports
[INFO] [stdout] 
[INFO] [stdout] 
[INFO] [stdout] error: cannot determine resolution for the macro `new_cache`
[INFO] [stdout]   --> tests/sort.rs:97:15
[INFO] [stdout]    |
[INFO] [stdout] 97 |         let cache = new_cache!().unwrap();
[INFO] [stdout]    |                     ^^^^^^^^^
[INFO] [stdout]    |
[INFO] [stdout]    = note: import resolution is stuck, try simplifying macro imports
[INFO] [stdout] 
[INFO] [stdout] 
[INFO] [stdout] error: cannot determine resolution for the macro `new_cache`
[INFO] [stdout]    --> tests/sort.rs:112:15
[INFO] [stdout]     |
[INFO] [stdout] 112 |         let cache = new_cache!().unwrap();
[INFO] [stdout]     |                     ^^^^^^^^^
[INFO] [stdout]     |
[INFO] [stdout]     = note: import resolution is stuck, try simplifying macro imports
[INFO] [stdout] 
[INFO] [stdout] 
[INFO] [stdout] error: cannot determine resolution for the macro `new_cache`
[INFO] [stdout]    --> tests/sort.rs:128:15
[INFO] [stdout]     |
[INFO] [stdout] 128 |         let cache = new_cache!().unwrap();
[INFO] [stdout]     |                     ^^^^^^^^^
[INFO] [stdout]     |
[INFO] [stdout]     = note: import resolution is stuck, try simplifying macro imports
[INFO] [stdout] 
[INFO] [stdout] 
[INFO] [stdout] error: cannot determine resolution for the macro `new_cache`
[INFO] [stdout]  --> tests/depcache.rs:8:15
[INFO] [stdout]   |
[INFO] [stdout] 8 |         let cache = new_cache!().unwrap();
[INFO] [stdout]   |                     ^^^^^^^^^
[INFO] [stdout]   |
[INFO] [stdout]   = note: import resolution is stuck, try simplifying macro imports
[INFO] [stdout] 
[INFO] [stdout] 
[INFO] [stdout] error: cannot determine resolution for the macro `new_cache`
[INFO] [stdout]   --> tests/depcache.rs:18:15
[INFO] [stdout]    |
[INFO] [stdout] 18 |         let cache = new_cache!().unwrap();
[INFO] [stdout]    |                     ^^^^^^^^^
[INFO] [stdout]    |
[INFO] [stdout]    = note: import resolution is stuck, try simplifying macro imports
[INFO] [stdout] 
[INFO] [stdout] 
[INFO] [stdout] error: cannot determine resolution for the macro `new_cache`
[INFO] [stdout]   --> tests/depcache.rs:51:15
[INFO] [stdout]    |
[INFO] [stdout] 51 |         let cache = new_cache!().unwrap();
[INFO] [stdout]    |                     ^^^^^^^^^
[INFO] [stdout]    |
[INFO] [stdout]    = note: import resolution is stuck, try simplifying macro imports
[INFO] [stdout] 
[INFO] [stdout] 
[INFO] [stdout] error: aborting due to previous error
[INFO] [stdout] 
[INFO] [stdout] 
[INFO] [stdout] error[E0433]: failed to resolve: use of undeclared crate or module `rust_apt`
[INFO] [stdout]  --> tests/cache.rs:5:6
[INFO] [stdout]   |
[INFO] [stdout] 5 |     use rust_apt::cache::*;
[INFO] [stdout]   |         ^^^^^^^^ use of undeclared crate or module `rust_apt`
[INFO] [stdout] 
[INFO] [stdout] 
[INFO] [stdout] error[E0433]: failed to resolve: use of undeclared crate or module `rust_apt`
[INFO] [stdout]  --> tests/cache.rs:7:6
[INFO] [stdout]   |
[INFO] [stdout] 7 |     use rust_apt::package::DepType;
[INFO] [stdout]   |         ^^^^^^^^ use of undeclared crate or module `rust_apt`
[INFO] [stdout] 
[INFO] [stdout] 
[INFO] [stdout] error[E0433]: failed to resolve: use of undeclared crate or module `rust_apt`
[INFO] [stdout]  --> tests/cache.rs:8:6
[INFO] [stdout]   |
[INFO] [stdout] 8 |     use rust_apt::util::*;
[INFO] [stdout]   |         ^^^^^^^^ use of undeclared crate or module `rust_apt`
[INFO] [stdout] 
[INFO] [stdout] 
[INFO] [stdout] error[E0432]: unresolved import `rust_apt`
[INFO] [stdout]  --> tests/cache.rs:6:6
[INFO] [stdout]   |
[INFO] [stdout] 6 |     use rust_apt::new_cache;
[INFO] [stdout]   |         ^^^^^^^^ use of undeclared crate or module `rust_apt`
[INFO] [stdout] 
[INFO] [stdout] 
[INFO] [stdout] For more information about this error, try `rustc --explain E0433`.
[INFO] [stdout] 
[INFO] [stderr] error: could not compile `oma-apt` (test "config") due to 2 previous errors
[INFO] [stdout] error[E0433]: failed to resolve: use of undeclared crate or module `rust_apt`
[INFO] [stdout]  --> tests/tagfile.rs:2:6
[INFO] [stdout]   |
[INFO] [stdout] 2 |     use rust_apt::tagfile::{self, TagSection};
[INFO] [stdout]   |         ^^^^^^^^ use of undeclared crate or module `rust_apt`
[INFO] [stdout] 
[INFO] [stdout] 
[INFO] [stdout] error[E0432]: unresolved import `rust_apt`
[INFO] [stdout]  --> tests/tagfile.rs:2:6
[INFO] [stdout]   |
[INFO] [stdout] 2 |     use rust_apt::tagfile::{self, TagSection};
[INFO] [stdout]   |         ^^^^^^^^ use of undeclared crate or module `rust_apt`
[INFO] [stdout] 
[INFO] [stdout] 
[INFO] [stdout] error: cannot determine resolution for the macro `new_cache`
[INFO] [stdout]   --> tests/cache.rs:12:15
[INFO] [stdout]    |
[INFO] [stdout] 12 |         let cache = new_cache!().unwrap();
[INFO] [stdout]    |                     ^^^^^^^^^
[INFO] [stdout]    |
[INFO] [stdout]    = note: import resolution is stuck, try simplifying macro imports
[INFO] [stdout] 
[INFO] [stdout] 
[INFO] [stdout] error: cannot determine resolution for the macro `new_cache`
[INFO] [stdout]   --> tests/cache.rs:44:15
[INFO] [stdout]    |
[INFO] [stdout] 44 |         let cache = new_cache!(&[
[INFO] [stdout]    |                     ^^^^^^^^^
[INFO] [stdout]    |
[INFO] [stdout]    = note: import resolution is stuck, try simplifying macro imports
[INFO] [stdout] 
[INFO] [stdout] 
[INFO] [stdout] error: cannot determine resolution for the macro `new_cache`
[INFO] [stdout]   --> tests/cache.rs:53:11
[INFO] [stdout]    |
[INFO] [stdout] 53 |         assert!(new_cache!(&["tests/files/this-file-doesnt-exist.deb"]).is_err());
[INFO] [stdout]    |                 ^^^^^^^^^
[INFO] [stdout]    |
[INFO] [stdout]    = note: import resolution is stuck, try simplifying macro imports
[INFO] [stdout] 
[INFO] [stdout] 
[INFO] [stdout] error: cannot determine resolution for the macro `new_cache`
[INFO] [stdout]   --> tests/cache.rs:57:11
[INFO] [stdout]    |
[INFO] [stdout] 57 |         assert!(new_cache!(&["tests/files/cache/pkg.deb",]).is_err());
[INFO] [stdout]    |                 ^^^^^^^^^
[INFO] [stdout]    |
[INFO] [stdout]    = note: import resolution is stuck, try simplifying macro imports
[INFO] [stdout] 
[INFO] [stdout] 
[INFO] [stdout] error: cannot determine resolution for the macro `new_cache`
[INFO] [stdout]   --> tests/cache.rs:63:15
[INFO] [stdout]    |
[INFO] [stdout] 63 |         let cache = new_cache!().unwrap();
[INFO] [stdout]    |                     ^^^^^^^^^
[INFO] [stdout]    |
[INFO] [stdout]    = note: import resolution is stuck, try simplifying macro imports
[INFO] [stdout] 
[INFO] [stdout] 
[INFO] [stdout] error: cannot determine resolution for the macro `new_cache`
[INFO] [stdout]   --> tests/cache.rs:77:15
[INFO] [stdout]    |
[INFO] [stdout] 77 |         let cache = new_cache!().unwrap();
[INFO] [stdout]    |                     ^^^^^^^^^
[INFO] [stdout]    |
[INFO] [stdout]    = note: import resolution is stuck, try simplifying macro imports
[INFO] [stdout] 
[INFO] [stdout] 
[INFO] [stdout] error: cannot determine resolution for the macro `new_cache`
[INFO] [stdout]   --> tests/cache.rs:86:15
[INFO] [stdout]    |
[INFO] [stdout] 86 |         let cache = new_cache!().unwrap();
[INFO] [stdout]    |                     ^^^^^^^^^
[INFO] [stdout]    |
[INFO] [stdout]    = note: import resolution is stuck, try simplifying macro imports
[INFO] [stdout] 
[INFO] [stdout] 
[INFO] [stdout] error: cannot determine resolution for the macro `new_cache`
[INFO] [stdout]   --> tests/cache.rs:99:15
[INFO] [stdout]    |
[INFO] [stdout] 99 |         let cache = new_cache!().unwrap();
[INFO] [stdout]    |                     ^^^^^^^^^
[INFO] [stdout]    |
[INFO] [stdout]    = note: import resolution is stuck, try simplifying macro imports
[INFO] [stdout] 
[INFO] [stdout] 
[INFO] [stdout] error: cannot determine resolution for the macro `new_cache`
[INFO] [stdout]    --> tests/cache.rs:113:15
[INFO] [stdout]     |
[INFO] [stdout] 113 |         let cache = new_cache!().unwrap();
[INFO] [stdout]     |                     ^^^^^^^^^
[INFO] [stdout]     |
[INFO] [stdout]     = note: import resolution is stuck, try simplifying macro imports
[INFO] [stdout] 
[INFO] [stdout] 
[INFO] [stdout] error: cannot determine resolution for the macro `new_cache`
[INFO] [stdout]    --> tests/cache.rs:140:15
[INFO] [stdout]     |
[INFO] [stdout] 140 |         let cache = new_cache!().unwrap();
[INFO] [stdout]     |                     ^^^^^^^^^
[INFO] [stdout]     |
[INFO] [stdout]     = note: import resolution is stuck, try simplifying macro imports
[INFO] [stdout] 
[INFO] [stdout] 
[INFO] [stdout] error: aborting due to 5 previous errors
[INFO] [stdout] 
[INFO] [stdout] 
[INFO] [stdout] Some errors have detailed explanations: E0432, E0433.
[INFO] [stdout] 
[INFO] [stdout] For more information about an error, try `rustc --explain E0432`.
[INFO] [stdout] 
[INFO] [stdout] error[E0433]: failed to resolve: use of undeclared type `PackageSort`
[INFO] [stdout]   --> tests/sort.rs:16:14
[INFO] [stdout]    |
[INFO] [stdout] 16 |         let sort = PackageSort::default();
[INFO] [stdout]    |                    ^^^^^^^^^^^ use of undeclared type `PackageSort`
[INFO] [stdout]    |
[INFO] [stdout] help: consider importing this struct
[INFO] [stdout]    |
[INFO] [stdout] 2  +     use oma_apt::cache::PackageSort;
[INFO] [stdout]    |
[INFO] [stdout] 
[INFO] [stdout] 
[INFO] [stdout] error: cannot determine resolution for the macro `new_cache`
[INFO] [stdout]    --> tests/cache.rs:151:15
[INFO] [stdout]     |
[INFO] [stdout] 151 |         let cache = new_cache!().unwrap();
[INFO] [stdout]     |                     ^^^^^^^^^
[INFO] [stdout]     |
[INFO] [stdout]     = note: import resolution is stuck, try simplifying macro imports
[INFO] [stdout] 
[INFO] [stdout] 
[INFO] [stdout] error: cannot determine resolution for the macro `new_cache`
[INFO] [stdout]    --> tests/cache.rs:165:15
[INFO] [stdout]     |
[INFO] [stdout] 165 |         let cache = new_cache!().unwrap();
[INFO] [stdout]     |                     ^^^^^^^^^
[INFO] [stdout]     |
[INFO] [stdout]     = note: import resolution is stuck, try simplifying macro imports
[INFO] [stdout] 
[INFO] [stdout] 
[INFO] [stdout] error: cannot determine resolution for the macro `new_cache`
[INFO] [stdout]    --> tests/cache.rs:179:15
[INFO] [stdout]     |
[INFO] [stdout] 179 |         let cache = new_cache!().unwrap();
[INFO] [stdout]     |                     ^^^^^^^^^
[INFO] [stdout]     |
[INFO] [stdout]     = note: import resolution is stuck, try simplifying macro imports
[INFO] [stdout] 
[INFO] [stdout] 
[INFO] [stdout] error: cannot determine resolution for the macro `new_cache`
[INFO] [stdout]    --> tests/cache.rs:188:15
[INFO] [stdout]     |
[INFO] [stdout] 188 |         let cache = new_cache!().unwrap();
[INFO] [stdout]     |                     ^^^^^^^^^
[INFO] [stdout]     |
[INFO] [stdout]     = note: import resolution is stuck, try simplifying macro imports
[INFO] [stdout] 
[INFO] [stdout] 
[INFO] [stdout] error: cannot determine resolution for the macro `new_cache`
[INFO] [stdout]    --> tests/cache.rs:244:15
[INFO] [stdout]     |
[INFO] [stdout] 244 |         let cache = new_cache!().unwrap();
[INFO] [stdout]     |                     ^^^^^^^^^
[INFO] [stdout]     |
[INFO] [stdout]     = note: import resolution is stuck, try simplifying macro imports
[INFO] [stdout] 
[INFO] [stdout] 
[INFO] [stdout] error: cannot determine resolution for the macro `new_cache`
[INFO] [stdout]    --> tests/cache.rs:277:15
[INFO] [stdout]     |
[INFO] [stdout] 277 |         let cache = new_cache!().unwrap();
[INFO] [stdout]     |                     ^^^^^^^^^
[INFO] [stdout]     |
[INFO] [stdout]     = note: import resolution is stuck, try simplifying macro imports
[INFO] [stdout] 
[INFO] [stdout] 
[INFO] [stdout] error: cannot determine resolution for the macro `new_cache`
[INFO] [stdout]    --> tests/cache.rs:307:15
[INFO] [stdout]     |
[INFO] [stdout] 307 |         let cache = new_cache!().unwrap();
[INFO] [stdout]     |                     ^^^^^^^^^
[INFO] [stdout]     |
[INFO] [stdout]     = note: import resolution is stuck, try simplifying macro imports
[INFO] [stdout] 
[INFO] [stdout] 
[INFO] [stdout] error: cannot determine resolution for the macro `new_cache`
[INFO] [stdout]    --> tests/cache.rs:354:15
[INFO] [stdout]     |
[INFO] [stdout] 354 |         let cache = new_cache!().unwrap();
[INFO] [stdout]     |                     ^^^^^^^^^
[INFO] [stdout]     |
[INFO] [stdout]     = note: import resolution is stuck, try simplifying macro imports
[INFO] [stdout] 
[INFO] [stdout] 
[INFO] [stdout] error: cannot determine resolution for the macro `new_cache`
[INFO] [stdout]    --> tests/cache.rs:408:15
[INFO] [stdout]     |
[INFO] [stdout] 408 |         let cache = new_cache!().unwrap();
[INFO] [stdout]     |                     ^^^^^^^^^
[INFO] [stdout]     |
[INFO] [stdout]     = note: import resolution is stuck, try simplifying macro imports
[INFO] [stdout] 
[INFO] [stdout] 
[INFO] [stdout] error: cannot determine resolution for the macro `new_cache`
[INFO] [stdout]    --> tests/cache.rs:415:15
[INFO] [stdout]     |
[INFO] [stdout] 415 |         let cache = new_cache!().unwrap();
[INFO] [stdout]     |                     ^^^^^^^^^
[INFO] [stdout]     |
[INFO] [stdout]     = note: import resolution is stuck, try simplifying macro imports
[INFO] [stdout] 
[INFO] [stdout] 
[INFO] [stdout] error: cannot determine resolution for the macro `new_cache`
[INFO] [stdout]    --> tests/cache.rs:446:15
[INFO] [stdout]     |
[INFO] [stdout] 446 |         let cache = new_cache!().unwrap();
[INFO] [stdout]     |                     ^^^^^^^^^
[INFO] [stdout]     |
[INFO] [stdout]     = note: import resolution is stuck, try simplifying macro imports
[INFO] [stdout] 
[INFO] [stdout] 
[INFO] [stderr] error: could not compile `oma-apt` (test "depcache") due to 6 previous errors
[INFO] [stdout] error: cannot determine resolution for the macro `new_cache`
[INFO] [stdout]    --> tests/cache.rs:461:15
[INFO] [stdout]     |
[INFO] [stdout] 461 |         let cache = new_cache!().unwrap();
[INFO] [stdout]     |                     ^^^^^^^^^
[INFO] [stdout]     |
[INFO] [stdout]     = note: import resolution is stuck, try simplifying macro imports
[INFO] [stdout] 
[INFO] [stdout] 
[INFO] [stdout] error: cannot determine resolution for the macro `new_cache`
[INFO] [stdout]    --> tests/cache.rs:477:15
[INFO] [stdout]     |
[INFO] [stdout] 477 |         let cache = new_cache!().unwrap();
[INFO] [stdout]     |                     ^^^^^^^^^
[INFO] [stdout]     |
[INFO] [stdout]     = note: import resolution is stuck, try simplifying macro imports
[INFO] [stdout] 
[INFO] [stdout] 
[INFO] [stdout] error: cannot determine resolution for the macro `new_cache`
[INFO] [stdout]    --> tests/cache.rs:489:15
[INFO] [stdout]     |
[INFO] [stdout] 489 |         let cache = new_cache!().unwrap();
[INFO] [stdout]     |                     ^^^^^^^^^
[INFO] [stdout]     |
[INFO] [stdout]     = note: import resolution is stuck, try simplifying macro imports
[INFO] [stdout] 
[INFO] [stdout] 
[INFO] [stdout] error: cannot determine resolution for the macro `new_cache`
[INFO] [stdout]    --> tests/cache.rs:502:15
[INFO] [stdout]     |
[INFO] [stdout] 502 |         let cache = new_cache!().unwrap();
[INFO] [stdout]     |                     ^^^^^^^^^
[INFO] [stdout]     |
[INFO] [stdout]     = note: import resolution is stuck, try simplifying macro imports
[INFO] [stdout] 
[INFO] [stdout] 
[INFO] [stdout] error[E0433]: failed to resolve: use of undeclared type `PackageSort`
[INFO] [stdout]   --> tests/sort.rs:46:14
[INFO] [stdout]    |
[INFO] [stdout] 46 |         let sort = PackageSort::default().include_virtual().names();
[INFO] [stdout]    |                    ^^^^^^^^^^^ use of undeclared type `PackageSort`
[INFO] [stdout]    |
[INFO] [stdout] help: consider importing this struct
[INFO] [stdout]    |
[INFO] [stdout] 2  +     use oma_apt::cache::PackageSort;
[INFO] [stdout]    |
[INFO] [stdout] 
[INFO] [stdout] 
[INFO] [stdout] error[E0433]: failed to resolve: use of undeclared type `PackageSort`
[INFO] [stdout]   --> tests/sort.rs:67:14
[INFO] [stdout]    |
[INFO] [stdout] 67 |         let sort = PackageSort::default().only_virtual();
[INFO] [stdout]    |                    ^^^^^^^^^^^ use of undeclared type `PackageSort`
[INFO] [stdout]    |
[INFO] [stdout] help: consider importing this struct
[INFO] [stdout]    |
[INFO] [stdout] 2  +     use oma_apt::cache::PackageSort;
[INFO] [stdout]    |
[INFO] [stdout] 
[INFO] [stdout] 
[INFO] [stdout] error[E0433]: failed to resolve: use of undeclared type `PackageSort`
[INFO] [stdout]   --> tests/sort.rs:84:14
[INFO] [stdout]    |
[INFO] [stdout] 84 |         let sort = PackageSort::default().upgradable();
[INFO] [stdout]    |                    ^^^^^^^^^^^ use of undeclared type `PackageSort`
[INFO] [stdout]    |
[INFO] [stdout] help: consider importing this struct
[INFO] [stdout]    |
[INFO] [stdout] 2  +     use oma_apt::cache::PackageSort;
[INFO] [stdout]    |
[INFO] [stdout] 
[INFO] [stdout] 
[INFO] [stdout] error[E0433]: failed to resolve: use of undeclared type `PackageSort`
[INFO] [stdout]   --> tests/sort.rs:89:14
[INFO] [stdout]    |
[INFO] [stdout] 89 |         let sort = PackageSort::default().not_upgradable();
[INFO] [stdout]    |                    ^^^^^^^^^^^ use of undeclared type `PackageSort`
[INFO] [stdout]    |
[INFO] [stdout] help: consider importing this struct
[INFO] [stdout]    |
[INFO] [stdout] 2  +     use oma_apt::cache::PackageSort;
[INFO] [stdout]    |
[INFO] [stdout] 
[INFO] [stdout] 
[INFO] [stdout] error[E0433]: failed to resolve: use of undeclared type `PackageSort`
[INFO] [stdout]   --> tests/sort.rs:99:14
[INFO] [stdout]    |
[INFO] [stdout] 99 |         let sort = PackageSort::default().installed();
[INFO] [stdout]    |                    ^^^^^^^^^^^ use of undeclared type `PackageSort`
[INFO] [stdout]    |
[INFO] [stdout] help: consider importing this struct
[INFO] [stdout]    |
[INFO] [stdout] 2  +     use oma_apt::cache::PackageSort;
[INFO] [stdout]    |
[INFO] [stdout] 
[INFO] [stdout] 
[INFO] [stdout] error[E0433]: failed to resolve: use of undeclared type `PackageSort`
[INFO] [stdout]    --> tests/sort.rs:104:14
[INFO] [stdout]     |
[INFO] [stdout] 104 |         let sort = PackageSort::default().not_installed();
[INFO] [stdout]     |                    ^^^^^^^^^^^ use of undeclared type `PackageSort`
[INFO] [stdout]     |
[INFO] [stdout] help: consider importing this struct
[INFO] [stdout]     |
[INFO] [stdout] 2   +     use oma_apt::cache::PackageSort;
[INFO] [stdout]     |
[INFO] [stdout] 
[INFO] [stdout] 
[INFO] [stdout] error[E0433]: failed to resolve: use of undeclared type `PackageSort`
[INFO] [stdout]    --> tests/sort.rs:114:14
[INFO] [stdout]     |
[INFO] [stdout] 114 |         let sort = PackageSort::default().auto_installed();
[INFO] [stdout]     |                    ^^^^^^^^^^^ use of undeclared type `PackageSort`
[INFO] [stdout]     |
[INFO] [stdout] help: consider importing this struct
[INFO] [stdout]     |
[INFO] [stdout] 2   +     use oma_apt::cache::PackageSort;
[INFO] [stdout]     |
[INFO] [stdout] 
[INFO] [stdout] 
[INFO] [stdout] error[E0433]: failed to resolve: use of undeclared type `PackageSort`
[INFO] [stdout]    --> tests/sort.rs:120:14
[INFO] [stdout]     |
[INFO] [stdout] 120 |         let sort = PackageSort::default().manually_installed();
[INFO] [stdout]     |                    ^^^^^^^^^^^ use of undeclared type `PackageSort`
[INFO] [stdout]     |
[INFO] [stdout] help: consider importing this struct
[INFO] [stdout]     |
[INFO] [stdout] 2   +     use oma_apt::cache::PackageSort;
[INFO] [stdout]     |
[INFO] [stdout] 
[INFO] [stdout] 
[INFO] [stdout] error[E0433]: failed to resolve: use of undeclared type `PackageSort`
[INFO] [stdout]    --> tests/sort.rs:130:14
[INFO] [stdout]     |
[INFO] [stdout] 130 |         let sort = PackageSort::default().auto_removable();
[INFO] [stdout]     |                    ^^^^^^^^^^^ use of undeclared type `PackageSort`
[INFO] [stdout]     |
[INFO] [stdout] help: consider importing this struct
[INFO] [stdout]     |
[INFO] [stdout] 2   +     use oma_apt::cache::PackageSort;
[INFO] [stdout]     |
[INFO] [stdout] 
[INFO] [stdout] 
[INFO] [stdout] error[E0433]: failed to resolve: use of undeclared type `PackageSort`
[INFO] [stdout]    --> tests/sort.rs:135:14
[INFO] [stdout]     |
[INFO] [stdout] 135 |         let sort = PackageSort::default().not_auto_removable();
[INFO] [stdout]     |                    ^^^^^^^^^^^ use of undeclared type `PackageSort`
[INFO] [stdout]     |
[INFO] [stdout] help: consider importing this struct
[INFO] [stdout]     |
[INFO] [stdout] 2   +     use oma_apt::cache::PackageSort;
[INFO] [stdout]     |
[INFO] [stdout] 
[INFO] [stdout] 
[INFO] [stdout] error[E0425]: cannot find function `apt_lock` in this scope
[INFO] [stdout]  --> tests/root.rs:8:3
[INFO] [stdout]   |
[INFO] [stdout] 8 |         apt_lock().unwrap();
[INFO] [stdout]   |         ^^^^^^^^ not found in this scope
[INFO] [stdout]   |
[INFO] [stdout] help: consider importing one of these items
[INFO] [stdout]   |
[INFO] [stdout] 2 +     use oma_apt::raw::util::raw::apt_lock;
[INFO] [stdout]   |
[INFO] [stdout] 2 +     use oma_apt::util::apt_lock;
[INFO] [stdout]   |
[INFO] [stdout] 
[INFO] [stdout] 
[INFO] [stdout] error[E0425]: cannot find function `apt_lock` in this scope
[INFO] [stdout]  --> tests/root.rs:9:3
[INFO] [stdout]   |
[INFO] [stdout] 9 |         apt_lock().unwrap();
[INFO] [stdout]   |         ^^^^^^^^ not found in this scope
[INFO] [stdout]   |
[INFO] [stdout] help: consider importing one of these items
[INFO] [stdout]   |
[INFO] [stdout] 2 +     use oma_apt::raw::util::raw::apt_lock;
[INFO] [stdout]   |
[INFO] [stdout] 2 +     use oma_apt::util::apt_lock;
[INFO] [stdout]   |
[INFO] [stdout] 
[INFO] [stdout] 
[INFO] [stdout] error[E0425]: cannot find function `apt_is_locked` in this scope
[INFO] [stdout]   --> tests/root.rs:10:11
[INFO] [stdout]    |
[INFO] [stdout] 10 |         assert!(apt_is_locked());
[INFO] [stdout]    |                 ^^^^^^^^^^^^^ not found in this scope
[INFO] [stdout]    |
[INFO] [stdout] help: consider importing one of these items
[INFO] [stdout]    |
[INFO] [stdout] 2  +     use oma_apt::raw::util::raw::apt_is_locked;
[INFO] [stdout]    |
[INFO] [stdout] 2  +     use oma_apt::util::apt_is_locked;
[INFO] [stdout]    |
[INFO] [stdout] 
[INFO] [stdout] 
[INFO] [stdout] error[E0425]: cannot find function `apt_unlock` in this scope
[INFO] [stdout]   --> tests/root.rs:12:3
[INFO] [stdout]    |
[INFO] [stdout] 12 |         apt_unlock();
[INFO] [stdout]    |         ^^^^^^^^^^ not found in this scope
[INFO] [stdout]    |
[INFO] [stdout] help: consider importing one of these items
[INFO] [stdout]    |
[INFO] [stdout] 2  +     use oma_apt::raw::util::raw::apt_unlock;
[INFO] [stdout]    |
[INFO] [stdout] 2  +     use oma_apt::util::apt_unlock;
[INFO] [stdout]    |
[INFO] [stdout] 
[INFO] [stdout] 
[INFO] [stdout] error[E0425]: cannot find function `apt_is_locked` in this scope
[INFO] [stdout]   --> tests/root.rs:13:11
[INFO] [stdout]    |
[INFO] [stdout] 13 |         assert!(apt_is_locked());
[INFO] [stdout]    |                 ^^^^^^^^^^^^^ not found in this scope
[INFO] [stdout]    |
[INFO] [stdout] help: consider importing one of these items
[INFO] [stdout]    |
[INFO] [stdout] 2  +     use oma_apt::raw::util::raw::apt_is_locked;
[INFO] [stdout]    |
[INFO] [stdout] 2  +     use oma_apt::util::apt_is_locked;
[INFO] [stdout]    |
[INFO] [stdout] 
[INFO] [stdout] 
[INFO] [stdout] error[E0425]: cannot find function `apt_unlock` in this scope
[INFO] [stdout]   --> tests/root.rs:15:3
[INFO] [stdout]    |
[INFO] [stdout] 15 |         apt_unlock();
[INFO] [stdout]    |         ^^^^^^^^^^ not found in this scope
[INFO] [stdout]    |
[INFO] [stdout] help: consider importing one of these items
[INFO] [stdout]    |
[INFO] [stdout] 2  +     use oma_apt::raw::util::raw::apt_unlock;
[INFO] [stdout]    |
[INFO] [stdout] 2  +     use oma_apt::util::apt_unlock;
[INFO] [stdout]    |
[INFO] [stdout] 
[INFO] [stdout] 
[INFO] [stdout] error[E0425]: cannot find function `apt_is_locked` in this scope
[INFO] [stdout]   --> tests/root.rs:16:12
[INFO] [stdout]    |
[INFO] [stdout] 16 |         assert!(!apt_is_locked());
[INFO] [stdout]    |                  ^^^^^^^^^^^^^ not found in this scope
[INFO] [stdout]    |
[INFO] [stdout] help: consider importing one of these items
[INFO] [stdout]    |
[INFO] [stdout] 2  +     use oma_apt::raw::util::raw::apt_is_locked;
[INFO] [stdout]    |
[INFO] [stdout] 2  +     use oma_apt::util::apt_is_locked;
[INFO] [stdout]    |
[INFO] [stdout] 
[INFO] [stdout] 
[INFO] [stdout] error[E0425]: cannot find function `unit_str` in this scope
[INFO] [stdout]   --> tests/root.rs:34:7
[INFO] [stdout]    |
[INFO] [stdout] 34 |                         unit_str(file_size, NumSys::Decimal)
[INFO] [stdout]    |                         ^^^^^^^^ not found in this scope
[INFO] [stdout]    |
[INFO] [stdout] help: consider importing this function
[INFO] [stdout]    |
[INFO] [stdout] 2  +     use oma_apt::util::unit_str;
[INFO] [stdout]    |
[INFO] [stdout] 
[INFO] [stdout] 
[INFO] [stdout] error[E0433]: failed to resolve: use of undeclared type `NumSys`
[INFO] [stdout]   --> tests/root.rs:34:27
[INFO] [stdout]    |
[INFO] [stdout] 34 |                         unit_str(file_size, NumSys::Decimal)
[INFO] [stdout]    |                                             ^^^^^^ use of undeclared type `NumSys`
[INFO] [stdout]    |
[INFO] [stdout] help: consider importing this enum
[INFO] [stdout]    |
[INFO] [stdout] 2  +     use oma_apt::util::NumSys;
[INFO] [stdout]    |
[INFO] [stdout] 
[INFO] [stdout] 
[INFO] [stdout] error[E0425]: cannot find function `unit_str` in this scope
[INFO] [stdout]   --> tests/root.rs:55:7
[INFO] [stdout]    |
[INFO] [stdout] 55 |                         unit_str(fetched_bytes, NumSys::Decimal),
[INFO] [stdout]    |                         ^^^^^^^^ not found in this scope
[INFO] [stdout]    |
[INFO] [stdout] help: consider importing this function
[INFO] [stdout]    |
[INFO] [stdout] 2  +     use oma_apt::util::unit_str;
[INFO] [stdout]    |
[INFO] [stdout] 
[INFO] [stdout] 
[INFO] [stdout] error[E0433]: failed to resolve: use of undeclared type `NumSys`
[INFO] [stdout]   --> tests/root.rs:55:31
[INFO] [stdout]    |
[INFO] [stdout] 55 |                         unit_str(fetched_bytes, NumSys::Decimal),
[INFO] [stdout]    |                                                 ^^^^^^ use of undeclared type `NumSys`
[INFO] [stdout]    |
[INFO] [stdout] help: consider importing this enum
[INFO] [stdout]    |
[INFO] [stdout] 2  +     use oma_apt::util::NumSys;
[INFO] [stdout]    |
[INFO] [stdout] 
[INFO] [stdout] 
[INFO] [stdout] error[E0425]: cannot find function `time_str` in this scope
[INFO] [stdout]   --> tests/root.rs:56:7
[INFO] [stdout]    |
[INFO] [stdout] 56 |                         time_str(elapsed_time),
[INFO] [stdout]    |                         ^^^^^^^^ not found in this scope
[INFO] [stdout]    |
[INFO] [stdout] help: consider importing this function
[INFO] [stdout]    |
[INFO] [stdout] 2  +     use oma_apt::util::time_str;
[INFO] [stdout]    |
[INFO] [stdout] 
[INFO] [stdout] 
[INFO] [stdout] error[E0425]: cannot find function `unit_str` in this scope
[INFO] [stdout]   --> tests/root.rs:57:7
[INFO] [stdout]    |
[INFO] [stdout] 57 |                         unit_str(current_cps, NumSys::Decimal)
[INFO] [stdout]    |                         ^^^^^^^^ not found in this scope
[INFO] [stdout]    |
[INFO] [stdout] help: consider importing this function
[INFO] [stdout]    |
[INFO] [stdout] 2  +     use oma_apt::util::unit_str;
[INFO] [stdout]    |
[INFO] [stdout] 
[INFO] [stdout] 
[INFO] [stdout] error[E0433]: failed to resolve: use of undeclared type `NumSys`
[INFO] [stdout]   --> tests/root.rs:57:29
[INFO] [stdout]    |
[INFO] [stdout] 57 |                         unit_str(current_cps, NumSys::Decimal)
[INFO] [stdout]    |                                               ^^^^^^ use of undeclared type `NumSys`
[INFO] [stdout]    |
[INFO] [stdout] help: consider importing this enum
[INFO] [stdout]    |
[INFO] [stdout] 2  +     use oma_apt::util::NumSys;
[INFO] [stdout]    |
[INFO] [stdout] 
[INFO] [stdout] 
[INFO] [stdout] error: aborting due to 23 previous errors
[INFO] [stdout] 
[INFO] [stdout] 
[INFO] [stdout] error[E0433]: failed to resolve: use of undeclared type `PackageSort`
[INFO] [stdout]   --> tests/cache.rs:64:14
[INFO] [stdout]    |
[INFO] [stdout] 64 |         let sort = PackageSort::default();
[INFO] [stdout]    |                    ^^^^^^^^^^^ use of undeclared type `PackageSort`
[INFO] [stdout]    |
[INFO] [stdout] help: consider importing this struct
[INFO] [stdout]    |
[INFO] [stdout] 2  +     use oma_apt::cache::PackageSort;
[INFO] [stdout]    |
[INFO] [stdout] 
[INFO] [stdout] 
[INFO] [stdout] error[E0433]: failed to resolve: use of undeclared type `PackageSort`
[INFO] [stdout]    --> tests/cache.rs:100:14
[INFO] [stdout]     |
[INFO] [stdout] 100 |         let sort = PackageSort::default();
[INFO] [stdout]     |                    ^^^^^^^^^^^ use of undeclared type `PackageSort`
[INFO] [stdout]     |
[INFO] [stdout] help: consider importing this struct
[INFO] [stdout]     |
[INFO] [stdout] 2   +     use oma_apt::cache::PackageSort;
[INFO] [stdout]     |
[INFO] [stdout] 
[INFO] [stdout] 
[INFO] [stdout] error[E0433]: failed to resolve: use of undeclared type `PackageSort`
[INFO] [stdout]    --> tests/cache.rs:180:14
[INFO] [stdout]     |
[INFO] [stdout] 180 |         let sort = PackageSort::default();
[INFO] [stdout]     |                    ^^^^^^^^^^^ use of undeclared type `PackageSort`
[INFO] [stdout]     |
[INFO] [stdout] help: consider importing this struct
[INFO] [stdout]     |
[INFO] [stdout] 2   +     use oma_apt::cache::PackageSort;
[INFO] [stdout]     |
[INFO] [stdout] 
[INFO] [stdout] 
[INFO] [stdout] error[E0433]: failed to resolve: use of undeclared type `PackageSort`
[INFO] [stdout]    --> tests/cache.rs:256:14
[INFO] [stdout]     |
[INFO] [stdout] 256 |         let sort = PackageSort::default();
[INFO] [stdout]     |                    ^^^^^^^^^^^ use of undeclared type `PackageSort`
[INFO] [stdout]     |
[INFO] [stdout] help: consider importing this struct
[INFO] [stdout]     |
[INFO] [stdout] 2   +     use oma_apt::cache::PackageSort;
[INFO] [stdout]     |
[INFO] [stdout] 
[INFO] [stdout] 
[INFO] [stdout] error[E0433]: failed to resolve: use of undeclared type `PackageSort`
[INFO] [stdout]    --> tests/cache.rs:278:14
[INFO] [stdout]     |
[INFO] [stdout] 278 |         let sort = PackageSort::default();
[INFO] [stdout]     |                    ^^^^^^^^^^^ use of undeclared type `PackageSort`
[INFO] [stdout]     |
[INFO] [stdout] help: consider importing this struct
[INFO] [stdout]     |
[INFO] [stdout] 2   +     use oma_apt::cache::PackageSort;
[INFO] [stdout]     |
[INFO] [stdout] 
[INFO] [stdout] 
[INFO] [stdout] error[E0433]: failed to resolve: use of undeclared type `DiskSpace`
[INFO] [stdout]    --> tests/cache.rs:417:4
[INFO] [stdout]     |
[INFO] [stdout] 417 |             DiskSpace::Require(num) => {
[INFO] [stdout]     |             ^^^^^^^^^ use of undeclared type `DiskSpace`
[INFO] [stdout]     |
[INFO] [stdout] help: consider importing this enum
[INFO] [stdout]     |
[INFO] [stdout] 2   +     use oma_apt::util::DiskSpace;
[INFO] [stdout]     |
[INFO] [stdout] 
[INFO] [stdout] 
[INFO] [stdout] error[E0433]: failed to resolve: use of undeclared type `DiskSpace`
[INFO] [stdout]    --> tests/cache.rs:420:4
[INFO] [stdout]     |
[INFO] [stdout] 420 |             DiskSpace::Free(num) => {
[INFO] [stdout]     |             ^^^^^^^^^ use of undeclared type `DiskSpace`
[INFO] [stdout]     |
[INFO] [stdout] help: consider importing this enum
[INFO] [stdout]     |
[INFO] [stdout] 2   +     use oma_apt::util::DiskSpace;
[INFO] [stdout]     |
[INFO] [stdout] 
[INFO] [stdout] 
[INFO] [stdout] error[E0425]: cannot find function `unit_str` in this scope
[INFO] [stdout]    --> tests/cache.rs:438:23
[INFO] [stdout]     |
[INFO] [stdout] 438 |             assert_eq!(binary, unit_str(num, NumSys::Binary));
[INFO] [stdout]     |                                ^^^^^^^^ not found in this scope
[INFO] [stdout]     |
[INFO] [stdout] help: consider importing this function
[INFO] [stdout]     |
[INFO] [stdout] 2   +     use oma_apt::util::unit_str;
[INFO] [stdout]     |
[INFO] [stdout] 
[INFO] [stdout] 
[INFO] [stdout] error[E0433]: failed to resolve: use of undeclared type `NumSys`
[INFO] [stdout]    --> tests/cache.rs:438:37
[INFO] [stdout]     |
[INFO] [stdout] 438 |             assert_eq!(binary, unit_str(num, NumSys::Binary));
[INFO] [stdout]     |                                              ^^^^^^ use of undeclared type `NumSys`
[INFO] [stdout]     |
[INFO] [stdout] help: consider importing this enum
[INFO] [stdout]     |
[INFO] [stdout] 2   +     use oma_apt::util::NumSys;
[INFO] [stdout]     |
[INFO] [stdout] 
[INFO] [stdout] 
[INFO] [stdout] error[E0425]: cannot find function `unit_str` in this scope
[INFO] [stdout]    --> tests/cache.rs:439:24
[INFO] [stdout]     |
[INFO] [stdout] 439 |             assert_eq!(decimal, unit_str(num, NumSys::Decimal));
[INFO] [stdout]     |                                 ^^^^^^^^ not found in this scope
[INFO] [stdout]     |
[INFO] [stdout] help: consider importing this function
[INFO] [stdout]     |
[INFO] [stdout] 2   +     use oma_apt::util::unit_str;
[INFO] [stdout]     |
[INFO] [stdout] 
[INFO] [stdout] 
[INFO] [stdout] error[E0433]: failed to resolve: use of undeclared type `NumSys`
[INFO] [stdout]    --> tests/cache.rs:439:38
[INFO] [stdout]     |
[INFO] [stdout] 439 |             assert_eq!(decimal, unit_str(num, NumSys::Decimal));
[INFO] [stdout]     |                                               ^^^^^^ use of undeclared type `NumSys`
[INFO] [stdout]     |
[INFO] [stdout] help: consider importing this enum
[INFO] [stdout]     |
[INFO] [stdout] 2   +     use oma_apt::util::NumSys;
[INFO] [stdout]     |
[INFO] [stdout] 
[INFO] [stdout] 
[INFO] [stdout] Some errors have detailed explanations: E0425, E0432, E0433.
[INFO] [stdout] 
[INFO] [stdout] For more information about an error, try `rustc --explain E0425`.
[INFO] [stdout] 
[INFO] [stderr] error: could not compile `oma-apt` (test "root") due to 24 previous errors
[INFO] [stdout] error: aborting due to 20 previous errors
[INFO] [stdout] 
[INFO] [stdout] 
[INFO] [stdout] Some errors have detailed explanations: E0432, E0433.
[INFO] [stdout] 
[INFO] [stdout] For more information about an error, try `rustc --explain E0432`.
[INFO] [stdout] 
[INFO] [stderr] error: could not compile `oma-apt` (test "sort") due to 21 previous errors
[INFO] [stdout] error: aborting due to 2 previous errors
[INFO] [stdout] 
[INFO] [stdout] 
[INFO] [stdout] Some errors have detailed explanations: E0432, E0433.
[INFO] [stdout] 
[INFO] [stdout] For more information about an error, try `rustc --explain E0432`.
[INFO] [stdout] 
[INFO] [stderr] error: could not compile `oma-apt` (test "tagfile") due to 3 previous errors
[INFO] [stdout] error: aborting due to 40 previous errors
[INFO] [stdout] 
[INFO] [stdout] 
[INFO] [stdout] Some errors have detailed explanations: E0425, E0432, E0433.
[INFO] [stdout] 
[INFO] [stdout] For more information about an error, try `rustc --explain E0425`.
[INFO] [stdout] 
[INFO] [stderr] error: could not compile `oma-apt` (test "cache") due to 41 previous errors
[INFO] running `Command { std: "docker" "inspect" "f35767385d08c37c555c3c43fe017b6da526a209cecd21bbfbe3f8249c76cfd7", kill_on_drop: false }`
[INFO] running `Command { std: "docker" "rm" "-f" "f35767385d08c37c555c3c43fe017b6da526a209cecd21bbfbe3f8249c76cfd7", kill_on_drop: false }`
[INFO] [stdout] f35767385d08c37c555c3c43fe017b6da526a209cecd21bbfbe3f8249c76cfd7
