[INFO] fetching crate om-fork-distance-field 0.1.8...
[INFO] testing om-fork-distance-field-0.1.8 against 1.75.0 for beta-1.76-1
[INFO] extracting crate om-fork-distance-field 0.1.8 into /workspace/builds/worker-2-tc1/source
[INFO] validating manifest of crates.io crate om-fork-distance-field 0.1.8 on toolchain 1.75.0
[INFO] running `Command { std: CARGO_HOME="/workspace/cargo-home" RUSTUP_HOME="/workspace/rustup-home" "/workspace/cargo-home/bin/cargo" "+1.75.0" "metadata" "--manifest-path" "Cargo.toml" "--no-deps", kill_on_drop: false }`
[INFO] started tweaking crates.io crate om-fork-distance-field 0.1.8
[INFO] removed 0 missing examples
[INFO] finished tweaking crates.io crate om-fork-distance-field 0.1.8
[INFO] tweaked toml for crates.io crate om-fork-distance-field 0.1.8 written to /workspace/builds/worker-2-tc1/source/Cargo.toml
[INFO] crate crates.io crate om-fork-distance-field 0.1.8 already has a lockfile, it will not be regenerated
[INFO] running `Command { std: CARGO_HOME="/workspace/cargo-home" RUSTUP_HOME="/workspace/rustup-home" "/workspace/cargo-home/bin/cargo" "+1.75.0" "fetch" "--manifest-path" "Cargo.toml", kill_on_drop: false }`
[INFO] [stderr]  Downloading crates ...
[INFO] [stderr]   Downloaded serde_derive v1.0.144
[INFO] [stderr]   Downloaded image v0.24.3
[INFO] [stderr]   Downloaded spiral v0.1.9
[INFO] [stderr]   Downloaded exr v1.5.0
[INFO] running `Command { std: "docker" "create" "-v" "/var/lib/crater-agent-workspace/builds/worker-2-tc1/target:/opt/rustwide/target:rw,Z" "-v" "/var/lib/crater-agent-workspace/builds/worker-2-tc1/source:/opt/rustwide/workdir:ro,Z" "-v" "/var/lib/crater-agent-workspace/cargo-home:/opt/rustwide/cargo-home:ro,Z" "-v" "/var/lib/crater-agent-workspace/rustup-home:/opt/rustwide/rustup-home:ro,Z" "-e" "SOURCE_DIR=/opt/rustwide/workdir" "-e" "CARGO_TARGET_DIR=/opt/rustwide/target" "-e" "CARGO_HOME=/opt/rustwide/cargo-home" "-e" "RUSTUP_HOME=/opt/rustwide/rustup-home" "-w" "/opt/rustwide/workdir" "-m" "1610612736" "--user" "0:0" "--network" "none" "ghcr.io/rust-lang/crates-build-env/linux@sha256:2788e3201cd34a07e3172128adcd8b3090168a8e3bcc40d7c032b9dda1df7d1c" "/opt/rustwide/cargo-home/bin/cargo" "+1.75.0" "metadata" "--no-deps" "--format-version=1", kill_on_drop: false }`
[INFO] [stdout] 92b0f9fd72da8c1f77fc7482c06c205b04fe02b90a92dc5ab58eca8e4b6bcee7
[INFO] running `Command { std: "docker" "start" "-a" "92b0f9fd72da8c1f77fc7482c06c205b04fe02b90a92dc5ab58eca8e4b6bcee7", kill_on_drop: false }`
[INFO] running `Command { std: "docker" "inspect" "92b0f9fd72da8c1f77fc7482c06c205b04fe02b90a92dc5ab58eca8e4b6bcee7", kill_on_drop: false }`
[INFO] running `Command { std: "docker" "rm" "-f" "92b0f9fd72da8c1f77fc7482c06c205b04fe02b90a92dc5ab58eca8e4b6bcee7", kill_on_drop: false }`
[INFO] [stdout] 92b0f9fd72da8c1f77fc7482c06c205b04fe02b90a92dc5ab58eca8e4b6bcee7
[INFO] running `Command { std: "docker" "create" "-v" "/var/lib/crater-agent-workspace/builds/worker-2-tc1/target:/opt/rustwide/target:rw,Z" "-v" "/var/lib/crater-agent-workspace/builds/worker-2-tc1/source:/opt/rustwide/workdir:ro,Z" "-v" "/var/lib/crater-agent-workspace/cargo-home:/opt/rustwide/cargo-home:ro,Z" "-v" "/var/lib/crater-agent-workspace/rustup-home:/opt/rustwide/rustup-home:ro,Z" "-e" "SOURCE_DIR=/opt/rustwide/workdir" "-e" "CARGO_TARGET_DIR=/opt/rustwide/target" "-e" "CARGO_INCREMENTAL=0" "-e" "RUST_BACKTRACE=full" "-e" "RUSTFLAGS=--cap-lints=warn" "-e" "RUSTDOCFLAGS=--cap-lints=warn" "-e" "CARGO_HOME=/opt/rustwide/cargo-home" "-e" "RUSTUP_HOME=/opt/rustwide/rustup-home" "-w" "/opt/rustwide/workdir" "-m" "1610612736" "--user" "0:0" "--network" "none" "ghcr.io/rust-lang/crates-build-env/linux@sha256:2788e3201cd34a07e3172128adcd8b3090168a8e3bcc40d7c032b9dda1df7d1c" "/opt/rustwide/cargo-home/bin/cargo" "+1.75.0" "build" "--frozen" "--message-format=json", kill_on_drop: false }`
[INFO] [stdout] a2118fb62755e466c42d57fe8364f1e19145ef4076582d7f63c9c4b795867e6a
[INFO] running `Command { std: "docker" "start" "-a" "a2118fb62755e466c42d57fe8364f1e19145ef4076582d7f63c9c4b795867e6a", kill_on_drop: false }`
[INFO] [stderr]    Compiling autocfg v1.1.0
[INFO] [stderr]    Compiling cfg-if v1.0.0
[INFO] [stderr]    Compiling libc v0.2.132
[INFO] [stderr]    Compiling scopeguard v1.1.0
[INFO] [stderr]    Compiling crossbeam-utils v0.8.11
[INFO] [stderr]    Compiling once_cell v1.13.1
[INFO] [stderr]    Compiling proc-macro2 v1.0.43
[INFO] [stderr]    Compiling unicode-ident v1.0.3
[INFO] [stderr]    Compiling quote v1.0.21
[INFO] [stderr]    Compiling syn v1.0.99
[INFO] [stderr]    Compiling rayon-core v1.9.3
[INFO] [stderr]    Compiling crc32fast v1.3.2
[INFO] [stderr]    Compiling adler v1.0.2
[INFO] [stderr]    Compiling futures-core v0.3.23
[INFO] [stderr]    Compiling either v1.8.0
[INFO] [stderr]    Compiling weezl v0.1.7
[INFO] [stderr]    Compiling adler32 v1.2.0
[INFO] [stderr]    Compiling futures-sink v0.3.23
[INFO] [stderr]    Compiling bitflags v1.3.2
[INFO] [stderr]    Compiling miniz_oxide v0.5.3
[INFO] [stderr]    Compiling lebe v0.5.2
[INFO] [stderr]    Compiling deflate v1.0.0
[INFO] [stderr]    Compiling bit_field v0.10.1
[INFO] [stderr]    Compiling color_quant v1.1.0
[INFO] [stderr]    Compiling smallvec v1.9.0
[INFO] [stderr]    Compiling half v1.8.2
[INFO] [stderr]    Compiling gif v0.11.4
[INFO] [stderr]    Compiling memoffset v0.6.5
[INFO] [stderr]    Compiling crossbeam-epoch v0.9.10
[INFO] [stderr]    Compiling lock_api v0.4.7
[INFO] [stderr]    Compiling rayon v1.5.3
[INFO] [stderr]    Compiling num-traits v0.2.15
[INFO] [stderr]    Compiling num-integer v0.1.45
[INFO] [stderr]    Compiling num-rational v0.4.1
[INFO] [stderr]    Compiling byteorder v1.4.3
[INFO] [stderr]    Compiling crossbeam-channel v0.5.6
[INFO] [stderr]    Compiling bytemuck v1.12.1
[INFO] [stderr]    Compiling scoped_threadpool v0.1.9
[INFO] [stderr]    Compiling spiral v0.1.9
[INFO] [stderr]    Compiling flate2 v1.0.24
[INFO] [stderr]    Compiling png v0.17.5
[INFO] [stderr]    Compiling spin v0.9.4
[INFO] [stderr]    Compiling num_cpus v1.13.1
[INFO] [stderr]    Compiling crossbeam-deque v0.8.2
[INFO] [stderr]    Compiling getrandom v0.2.7
[INFO] [stderr]    Compiling threadpool v1.8.1
[INFO] [stderr]    Compiling nanorand v0.7.0
[INFO] [stderr]    Compiling jpeg-decoder v0.2.6
[INFO] [stderr]    Compiling tiff v0.7.3
[INFO] [stderr]    Compiling pin-project-internal v1.0.12
[INFO] [stderr]    Compiling pin-project v1.0.12
[INFO] [stderr]    Compiling flume v0.10.14
[INFO] [stderr]    Compiling exr v1.5.0
[INFO] [stderr]    Compiling image v0.24.3
[INFO] [stderr]    Compiling om-fork-distance-field v0.1.8 (/opt/rustwide/workdir)
[INFO] [stderr]     Finished dev [unoptimized + debuginfo] target(s) in 13.45s
[INFO] running `Command { std: "docker" "inspect" "a2118fb62755e466c42d57fe8364f1e19145ef4076582d7f63c9c4b795867e6a", kill_on_drop: false }`
[INFO] running `Command { std: "docker" "rm" "-f" "a2118fb62755e466c42d57fe8364f1e19145ef4076582d7f63c9c4b795867e6a", kill_on_drop: false }`
[INFO] [stdout] a2118fb62755e466c42d57fe8364f1e19145ef4076582d7f63c9c4b795867e6a
[INFO] running `Command { std: "docker" "create" "-v" "/var/lib/crater-agent-workspace/builds/worker-2-tc1/target:/opt/rustwide/target:rw,Z" "-v" "/var/lib/crater-agent-workspace/builds/worker-2-tc1/source:/opt/rustwide/workdir:ro,Z" "-v" "/var/lib/crater-agent-workspace/cargo-home:/opt/rustwide/cargo-home:ro,Z" "-v" "/var/lib/crater-agent-workspace/rustup-home:/opt/rustwide/rustup-home:ro,Z" "-e" "SOURCE_DIR=/opt/rustwide/workdir" "-e" "CARGO_TARGET_DIR=/opt/rustwide/target" "-e" "CARGO_INCREMENTAL=0" "-e" "RUST_BACKTRACE=full" "-e" "RUSTFLAGS=--cap-lints=warn" "-e" "RUSTDOCFLAGS=--cap-lints=warn" "-e" "CARGO_HOME=/opt/rustwide/cargo-home" "-e" "RUSTUP_HOME=/opt/rustwide/rustup-home" "-w" "/opt/rustwide/workdir" "-m" "1610612736" "--user" "0:0" "--network" "none" "ghcr.io/rust-lang/crates-build-env/linux@sha256:2788e3201cd34a07e3172128adcd8b3090168a8e3bcc40d7c032b9dda1df7d1c" "/opt/rustwide/cargo-home/bin/cargo" "+1.75.0" "test" "--frozen" "--no-run" "--message-format=json", kill_on_drop: false }`
[INFO] [stdout] 7149286f2d1cffc5c93241d8c41ab8abf85a4a83c8a1b59295278f818ea1cf85
[INFO] running `Command { std: "docker" "start" "-a" "7149286f2d1cffc5c93241d8c41ab8abf85a4a83c8a1b59295278f818ea1cf85", kill_on_drop: false }`
[INFO] [stderr]    Compiling serde_derive v1.0.144
[INFO] [stderr]    Compiling serde v1.0.144
[INFO] [stderr]    Compiling regex-syntax v0.6.27
[INFO] [stderr]    Compiling lazy_static v1.4.0
[INFO] [stderr]    Compiling strsim v0.10.0
[INFO] [stderr]    Compiling regex v1.6.0
[INFO] [stderr]    Compiling docopt v1.1.1
[INFO] [stderr]    Compiling om-fork-distance-field v0.1.8 (/opt/rustwide/workdir)
[INFO] [stdout] error[E0463]: can't find crate for `distance_field`
[INFO] [stdout]  --> examples/generator.rs:1:1
[INFO] [stdout]   |
[INFO] [stdout] 1 | extern crate distance_field;
[INFO] [stdout]   | ^^^^^^^^^^^^^^^^^^^^^^^^^^^^ can't find crate
[INFO] [stdout] 
[INFO] [stdout] 
[INFO] [stdout] error[E0599]: no method named `distance_field` found for enum `DynamicImage` in the current scope
[INFO] [stdout]   --> examples/generator.rs:34:34
[INFO] [stdout]    |
[INFO] [stdout] 34 |     let outbuf = img.grayscale().distance_field(distance_field::Options {
[INFO] [stdout]    |                  ----------------^^^^^^^^^^^^^^ method not found in `DynamicImage`
[INFO] [stdout] 
[INFO] [stdout] 
[INFO] [stdout] error: aborting due to 2 previous errors
[INFO] [stdout] 
[INFO] [stdout] 
[INFO] [stdout] Some errors have detailed explanations: E0463, E0599.
[INFO] [stdout] 
[INFO] [stdout] For more information about an error, try `rustc --explain E0463`.
[INFO] [stdout] 
[INFO] [stderr] error: could not compile `om-fork-distance-field` (example "generator") due to 3 previous errors
[INFO] [stderr] warning: build failed, waiting for other jobs to finish...
[INFO] running `Command { std: "docker" "inspect" "7149286f2d1cffc5c93241d8c41ab8abf85a4a83c8a1b59295278f818ea1cf85", kill_on_drop: false }`
[INFO] running `Command { std: "docker" "rm" "-f" "7149286f2d1cffc5c93241d8c41ab8abf85a4a83c8a1b59295278f818ea1cf85", kill_on_drop: false }`
[INFO] [stdout] 7149286f2d1cffc5c93241d8c41ab8abf85a4a83c8a1b59295278f818ea1cf85
[INFO] testing om-fork-distance-field-0.1.8 against beta-2023-12-22 for beta-1.76-1
[INFO] extracting crate om-fork-distance-field 0.1.8 into /workspace/builds/worker-2-tc2/source
[INFO] validating manifest of crates.io crate om-fork-distance-field 0.1.8 on toolchain beta-2023-12-22
[INFO] running `Command { std: CARGO_HOME="/workspace/cargo-home" RUSTUP_HOME="/workspace/rustup-home" "/workspace/cargo-home/bin/cargo" "+beta-2023-12-22" "metadata" "--manifest-path" "Cargo.toml" "--no-deps", kill_on_drop: false }`
[INFO] started tweaking crates.io crate om-fork-distance-field 0.1.8
[INFO] removed 0 missing examples
[INFO] finished tweaking crates.io crate om-fork-distance-field 0.1.8
[INFO] tweaked toml for crates.io crate om-fork-distance-field 0.1.8 written to /workspace/builds/worker-2-tc2/source/Cargo.toml
[INFO] crate crates.io crate om-fork-distance-field 0.1.8 already has a lockfile, it will not be regenerated
[INFO] running `Command { std: CARGO_HOME="/workspace/cargo-home" RUSTUP_HOME="/workspace/rustup-home" "/workspace/cargo-home/bin/cargo" "+beta-2023-12-22" "fetch" "--manifest-path" "Cargo.toml", kill_on_drop: false }`
[INFO] running `Command { std: "docker" "create" "-v" "/var/lib/crater-agent-workspace/builds/worker-2-tc2/target:/opt/rustwide/target:rw,Z" "-v" "/var/lib/crater-agent-workspace/builds/worker-2-tc2/source:/opt/rustwide/workdir:ro,Z" "-v" "/var/lib/crater-agent-workspace/cargo-home:/opt/rustwide/cargo-home:ro,Z" "-v" "/var/lib/crater-agent-workspace/rustup-home:/opt/rustwide/rustup-home:ro,Z" "-e" "SOURCE_DIR=/opt/rustwide/workdir" "-e" "CARGO_TARGET_DIR=/opt/rustwide/target" "-e" "CARGO_HOME=/opt/rustwide/cargo-home" "-e" "RUSTUP_HOME=/opt/rustwide/rustup-home" "-w" "/opt/rustwide/workdir" "-m" "1610612736" "--user" "0:0" "--network" "none" "ghcr.io/rust-lang/crates-build-env/linux@sha256:2788e3201cd34a07e3172128adcd8b3090168a8e3bcc40d7c032b9dda1df7d1c" "/opt/rustwide/cargo-home/bin/cargo" "+beta-2023-12-22" "metadata" "--no-deps" "--format-version=1", kill_on_drop: false }`
[INFO] [stdout] e0661e4b87557d5fcdd74f69e4411189d9d14b6df161297dbdffd55f937673e8
[INFO] running `Command { std: "docker" "start" "-a" "e0661e4b87557d5fcdd74f69e4411189d9d14b6df161297dbdffd55f937673e8", kill_on_drop: false }`
[INFO] running `Command { std: "docker" "inspect" "e0661e4b87557d5fcdd74f69e4411189d9d14b6df161297dbdffd55f937673e8", kill_on_drop: false }`
[INFO] running `Command { std: "docker" "rm" "-f" "e0661e4b87557d5fcdd74f69e4411189d9d14b6df161297dbdffd55f937673e8", kill_on_drop: false }`
[INFO] [stdout] e0661e4b87557d5fcdd74f69e4411189d9d14b6df161297dbdffd55f937673e8
[INFO] running `Command { std: "docker" "create" "-v" "/var/lib/crater-agent-workspace/builds/worker-2-tc2/target:/opt/rustwide/target:rw,Z" "-v" "/var/lib/crater-agent-workspace/builds/worker-2-tc2/source:/opt/rustwide/workdir:ro,Z" "-v" "/var/lib/crater-agent-workspace/cargo-home:/opt/rustwide/cargo-home:ro,Z" "-v" "/var/lib/crater-agent-workspace/rustup-home:/opt/rustwide/rustup-home:ro,Z" "-e" "SOURCE_DIR=/opt/rustwide/workdir" "-e" "CARGO_TARGET_DIR=/opt/rustwide/target" "-e" "CARGO_INCREMENTAL=0" "-e" "RUST_BACKTRACE=full" "-e" "RUSTFLAGS=--cap-lints=warn" "-e" "RUSTDOCFLAGS=--cap-lints=warn" "-e" "CARGO_HOME=/opt/rustwide/cargo-home" "-e" "RUSTUP_HOME=/opt/rustwide/rustup-home" "-w" "/opt/rustwide/workdir" "-m" "1610612736" "--user" "0:0" "--network" "none" "ghcr.io/rust-lang/crates-build-env/linux@sha256:2788e3201cd34a07e3172128adcd8b3090168a8e3bcc40d7c032b9dda1df7d1c" "/opt/rustwide/cargo-home/bin/cargo" "+beta-2023-12-22" "build" "--frozen" "--message-format=json", kill_on_drop: false }`
[INFO] [stdout] 5e033f3eb26808181bb6652dac2901f241025c5ec7ddaddac34bb44a021e4d64
[INFO] running `Command { std: "docker" "start" "-a" "5e033f3eb26808181bb6652dac2901f241025c5ec7ddaddac34bb44a021e4d64", kill_on_drop: false }`
[INFO] [stderr]    Compiling autocfg v1.1.0
[INFO] [stderr]    Compiling cfg-if v1.0.0
[INFO] [stderr]    Compiling libc v0.2.132
[INFO] [stderr]    Compiling scopeguard v1.1.0
[INFO] [stderr]    Compiling crossbeam-utils v0.8.11
[INFO] [stderr]    Compiling proc-macro2 v1.0.43
[INFO] [stderr]    Compiling once_cell v1.13.1
[INFO] [stderr]    Compiling quote v1.0.21
[INFO] [stderr]    Compiling unicode-ident v1.0.3
[INFO] [stderr]    Compiling syn v1.0.99
[INFO] [stderr]    Compiling rayon-core v1.9.3
[INFO] [stderr]    Compiling crc32fast v1.3.2
[INFO] [stderr]    Compiling adler v1.0.2
[INFO] [stderr]    Compiling futures-core v0.3.23
[INFO] [stderr]    Compiling either v1.8.0
[INFO] [stderr]    Compiling futures-sink v0.3.23
[INFO] [stderr]    Compiling weezl v0.1.7
[INFO] [stderr]    Compiling adler32 v1.2.0
[INFO] [stderr]    Compiling bit_field v0.10.1
[INFO] [stderr]    Compiling miniz_oxide v0.5.3
[INFO] [stderr]    Compiling smallvec v1.9.0
[INFO] [stderr]    Compiling deflate v1.0.0
[INFO] [stderr]    Compiling bitflags v1.3.2
[INFO] [stderr]    Compiling half v1.8.2
[INFO] [stderr]    Compiling color_quant v1.1.0
[INFO] [stderr]    Compiling lebe v0.5.2
[INFO] [stderr]    Compiling scoped_threadpool v0.1.9
[INFO] [stderr]    Compiling gif v0.11.4
[INFO] [stderr]    Compiling bytemuck v1.12.1
[INFO] [stderr]    Compiling byteorder v1.4.3
[INFO] [stderr]    Compiling memoffset v0.6.5
[INFO] [stderr]    Compiling crossbeam-epoch v0.9.10
[INFO] [stderr]    Compiling lock_api v0.4.7
[INFO] [stderr]    Compiling rayon v1.5.3
[INFO] [stderr]    Compiling num-traits v0.2.15
[INFO] [stderr]    Compiling num-integer v0.1.45
[INFO] [stderr]    Compiling num-rational v0.4.1
[INFO] [stderr]    Compiling crossbeam-channel v0.5.6
[INFO] [stderr]    Compiling flate2 v1.0.24
[INFO] [stderr]    Compiling png v0.17.5
[INFO] [stderr]    Compiling spiral v0.1.9
[INFO] [stderr]    Compiling spin v0.9.4
[INFO] [stderr]    Compiling num_cpus v1.13.1
[INFO] [stderr]    Compiling crossbeam-deque v0.8.2
[INFO] [stderr]    Compiling getrandom v0.2.7
[INFO] [stderr]    Compiling threadpool v1.8.1
[INFO] [stderr]    Compiling nanorand v0.7.0
[INFO] [stderr]    Compiling jpeg-decoder v0.2.6
[INFO] [stderr]    Compiling tiff v0.7.3
[INFO] [stderr]    Compiling pin-project-internal v1.0.12
[INFO] [stderr]    Compiling pin-project v1.0.12
[INFO] [stderr]    Compiling flume v0.10.14
[INFO] [stderr]    Compiling exr v1.5.0
[INFO] [stderr]    Compiling image v0.24.3
[INFO] [stderr]    Compiling om-fork-distance-field v0.1.8 (/opt/rustwide/workdir)
[INFO] [stderr]     Finished dev [unoptimized + debuginfo] target(s) in 13.05s
[INFO] running `Command { std: "docker" "inspect" "5e033f3eb26808181bb6652dac2901f241025c5ec7ddaddac34bb44a021e4d64", kill_on_drop: false }`
[INFO] running `Command { std: "docker" "rm" "-f" "5e033f3eb26808181bb6652dac2901f241025c5ec7ddaddac34bb44a021e4d64", kill_on_drop: false }`
[INFO] [stdout] 5e033f3eb26808181bb6652dac2901f241025c5ec7ddaddac34bb44a021e4d64
[INFO] running `Command { std: "docker" "create" "-v" "/var/lib/crater-agent-workspace/builds/worker-2-tc2/target:/opt/rustwide/target:rw,Z" "-v" "/var/lib/crater-agent-workspace/builds/worker-2-tc2/source:/opt/rustwide/workdir:ro,Z" "-v" "/var/lib/crater-agent-workspace/cargo-home:/opt/rustwide/cargo-home:ro,Z" "-v" "/var/lib/crater-agent-workspace/rustup-home:/opt/rustwide/rustup-home:ro,Z" "-e" "SOURCE_DIR=/opt/rustwide/workdir" "-e" "CARGO_TARGET_DIR=/opt/rustwide/target" "-e" "CARGO_INCREMENTAL=0" "-e" "RUST_BACKTRACE=full" "-e" "RUSTFLAGS=--cap-lints=warn" "-e" "RUSTDOCFLAGS=--cap-lints=warn" "-e" "CARGO_HOME=/opt/rustwide/cargo-home" "-e" "RUSTUP_HOME=/opt/rustwide/rustup-home" "-w" "/opt/rustwide/workdir" "-m" "1610612736" "--user" "0:0" "--network" "none" "ghcr.io/rust-lang/crates-build-env/linux@sha256:2788e3201cd34a07e3172128adcd8b3090168a8e3bcc40d7c032b9dda1df7d1c" "/opt/rustwide/cargo-home/bin/cargo" "+beta-2023-12-22" "test" "--frozen" "--no-run" "--message-format=json", kill_on_drop: false }`
[INFO] [stdout] aa570d3ee5cb208159703c283312a0be27c108de5e609e847fe81ab8eda9978f
[INFO] running `Command { std: "docker" "start" "-a" "aa570d3ee5cb208159703c283312a0be27c108de5e609e847fe81ab8eda9978f", kill_on_drop: false }`
[INFO] [stderr]    Compiling serde_derive v1.0.144
[INFO] [stderr]    Compiling serde v1.0.144
[INFO] [stderr]    Compiling regex-syntax v0.6.27
[INFO] [stderr]    Compiling strsim v0.10.0
[INFO] [stderr]    Compiling lazy_static v1.4.0
[INFO] [stderr]    Compiling regex v1.6.0
[INFO] [stderr]    Compiling docopt v1.1.1
[INFO] [stderr]    Compiling om-fork-distance-field v0.1.8 (/opt/rustwide/workdir)
[INFO] [stdout] error[E0463]: can't find crate for `distance_field`
[INFO] [stdout]  --> examples/generator.rs:1:1
[INFO] [stdout]   |
[INFO] [stdout] 1 | extern crate distance_field;
[INFO] [stdout]   | ^^^^^^^^^^^^^^^^^^^^^^^^^^^^ can't find crate
[INFO] [stdout] 
[INFO] [stdout] 
[INFO] [stdout] error[E0599]: no method named `distance_field` found for enum `DynamicImage` in the current scope
[INFO] [stdout]   --> examples/generator.rs:34:34
[INFO] [stdout]    |
[INFO] [stdout] 34 |     let outbuf = img.grayscale().distance_field(distance_field::Options {
[INFO] [stdout]    |                  ----------------^^^^^^^^^^^^^^ method not found in `DynamicImage`
[INFO] [stdout] 
[INFO] [stdout] 
[INFO] [stdout] error: aborting due to 2 previous errors
[INFO] [stdout] 
[INFO] [stdout] 
[INFO] [stdout] Some errors have detailed explanations: E0463, E0599.
[INFO] [stdout] 
[INFO] [stdout] For more information about an error, try `rustc --explain E0463`.
[INFO] [stdout] 
[INFO] [stderr] error: could not compile `om-fork-distance-field` (example "generator") due to 3 previous errors
[INFO] [stderr] warning: build failed, waiting for other jobs to finish...
[INFO] running `Command { std: "docker" "inspect" "aa570d3ee5cb208159703c283312a0be27c108de5e609e847fe81ab8eda9978f", kill_on_drop: false }`
[INFO] running `Command { std: "docker" "rm" "-f" "aa570d3ee5cb208159703c283312a0be27c108de5e609e847fe81ab8eda9978f", kill_on_drop: false }`
[INFO] [stdout] aa570d3ee5cb208159703c283312a0be27c108de5e609e847fe81ab8eda9978f
