[INFO] fetching crate ofw 0.3.1...
[INFO] testing ofw-0.3.1 against 1.75.0 for beta-1.76-1
[INFO] extracting crate ofw 0.3.1 into /workspace/builds/worker-7-tc1/source
[INFO] validating manifest of crates.io crate ofw 0.3.1 on toolchain 1.75.0
[INFO] running `Command { std: CARGO_HOME="/workspace/cargo-home" RUSTUP_HOME="/workspace/rustup-home" "/workspace/cargo-home/bin/cargo" "+1.75.0" "metadata" "--manifest-path" "Cargo.toml" "--no-deps", kill_on_drop: false }`
[INFO] started tweaking crates.io crate ofw 0.3.1
[INFO] finished tweaking crates.io crate ofw 0.3.1
[INFO] tweaked toml for crates.io crate ofw 0.3.1 written to /workspace/builds/worker-7-tc1/source/Cargo.toml
[INFO] crate crates.io crate ofw 0.3.1 already has a lockfile, it will not be regenerated
[INFO] running `Command { std: CARGO_HOME="/workspace/cargo-home" RUSTUP_HOME="/workspace/rustup-home" "/workspace/cargo-home/bin/cargo" "+1.75.0" "fetch" "--manifest-path" "Cargo.toml", kill_on_drop: false }`
[INFO] running `Command { std: "docker" "create" "-v" "/var/lib/crater-agent-workspace/builds/worker-7-tc1/target:/opt/rustwide/target:rw,Z" "-v" "/var/lib/crater-agent-workspace/builds/worker-7-tc1/source:/opt/rustwide/workdir:ro,Z" "-v" "/var/lib/crater-agent-workspace/cargo-home:/opt/rustwide/cargo-home:ro,Z" "-v" "/var/lib/crater-agent-workspace/rustup-home:/opt/rustwide/rustup-home:ro,Z" "-e" "SOURCE_DIR=/opt/rustwide/workdir" "-e" "CARGO_TARGET_DIR=/opt/rustwide/target" "-e" "CARGO_HOME=/opt/rustwide/cargo-home" "-e" "RUSTUP_HOME=/opt/rustwide/rustup-home" "-w" "/opt/rustwide/workdir" "-m" "1610612736" "--user" "0:0" "--network" "none" "ghcr.io/rust-lang/crates-build-env/linux@sha256:2788e3201cd34a07e3172128adcd8b3090168a8e3bcc40d7c032b9dda1df7d1c" "/opt/rustwide/cargo-home/bin/cargo" "+1.75.0" "metadata" "--no-deps" "--format-version=1", kill_on_drop: false }`
[INFO] [stdout] 4c26ce0c12f396bd40bd596e05e0e5ceced5e8933f870209c900eb223236291a
[INFO] running `Command { std: "docker" "start" "-a" "4c26ce0c12f396bd40bd596e05e0e5ceced5e8933f870209c900eb223236291a", kill_on_drop: false }`
[INFO] running `Command { std: "docker" "inspect" "4c26ce0c12f396bd40bd596e05e0e5ceced5e8933f870209c900eb223236291a", kill_on_drop: false }`
[INFO] running `Command { std: "docker" "rm" "-f" "4c26ce0c12f396bd40bd596e05e0e5ceced5e8933f870209c900eb223236291a", kill_on_drop: false }`
[INFO] [stdout] 4c26ce0c12f396bd40bd596e05e0e5ceced5e8933f870209c900eb223236291a
[INFO] running `Command { std: "docker" "create" "-v" "/var/lib/crater-agent-workspace/builds/worker-7-tc1/target:/opt/rustwide/target:rw,Z" "-v" "/var/lib/crater-agent-workspace/builds/worker-7-tc1/source:/opt/rustwide/workdir:ro,Z" "-v" "/var/lib/crater-agent-workspace/cargo-home:/opt/rustwide/cargo-home:ro,Z" "-v" "/var/lib/crater-agent-workspace/rustup-home:/opt/rustwide/rustup-home:ro,Z" "-e" "SOURCE_DIR=/opt/rustwide/workdir" "-e" "CARGO_TARGET_DIR=/opt/rustwide/target" "-e" "CARGO_INCREMENTAL=0" "-e" "RUST_BACKTRACE=full" "-e" "RUSTFLAGS=--cap-lints=warn" "-e" "RUSTDOCFLAGS=--cap-lints=warn" "-e" "CARGO_HOME=/opt/rustwide/cargo-home" "-e" "RUSTUP_HOME=/opt/rustwide/rustup-home" "-w" "/opt/rustwide/workdir" "-m" "1610612736" "--user" "0:0" "--network" "none" "ghcr.io/rust-lang/crates-build-env/linux@sha256:2788e3201cd34a07e3172128adcd8b3090168a8e3bcc40d7c032b9dda1df7d1c" "/opt/rustwide/cargo-home/bin/cargo" "+1.75.0" "build" "--frozen" "--message-format=json", kill_on_drop: false }`
[INFO] [stdout] 44db1137bec6ea9b04aa6dde4835c6bfd136494968d086f989b2a19f58107675
[INFO] running `Command { std: "docker" "start" "-a" "44db1137bec6ea9b04aa6dde4835c6bfd136494968d086f989b2a19f58107675", kill_on_drop: false }`
[INFO] [stderr]    Compiling ofw v0.3.1 (/opt/rustwide/workdir)
[INFO] [stderr]     Finished dev [unoptimized + debuginfo] target(s) in 0.12s
[INFO] running `Command { std: "docker" "inspect" "44db1137bec6ea9b04aa6dde4835c6bfd136494968d086f989b2a19f58107675", kill_on_drop: false }`
[INFO] running `Command { std: "docker" "rm" "-f" "44db1137bec6ea9b04aa6dde4835c6bfd136494968d086f989b2a19f58107675", kill_on_drop: false }`
[INFO] [stdout] 44db1137bec6ea9b04aa6dde4835c6bfd136494968d086f989b2a19f58107675
[INFO] running `Command { std: "docker" "create" "-v" "/var/lib/crater-agent-workspace/builds/worker-7-tc1/target:/opt/rustwide/target:rw,Z" "-v" "/var/lib/crater-agent-workspace/builds/worker-7-tc1/source:/opt/rustwide/workdir:ro,Z" "-v" "/var/lib/crater-agent-workspace/cargo-home:/opt/rustwide/cargo-home:ro,Z" "-v" "/var/lib/crater-agent-workspace/rustup-home:/opt/rustwide/rustup-home:ro,Z" "-e" "SOURCE_DIR=/opt/rustwide/workdir" "-e" "CARGO_TARGET_DIR=/opt/rustwide/target" "-e" "CARGO_INCREMENTAL=0" "-e" "RUST_BACKTRACE=full" "-e" "RUSTFLAGS=--cap-lints=warn" "-e" "RUSTDOCFLAGS=--cap-lints=warn" "-e" "CARGO_HOME=/opt/rustwide/cargo-home" "-e" "RUSTUP_HOME=/opt/rustwide/rustup-home" "-w" "/opt/rustwide/workdir" "-m" "1610612736" "--user" "0:0" "--network" "none" "ghcr.io/rust-lang/crates-build-env/linux@sha256:2788e3201cd34a07e3172128adcd8b3090168a8e3bcc40d7c032b9dda1df7d1c" "/opt/rustwide/cargo-home/bin/cargo" "+1.75.0" "test" "--frozen" "--no-run" "--message-format=json", kill_on_drop: false }`
[INFO] [stdout] 18ec4aeade0d451c7d295880fa095d9094d91fd76051de561195b04c0d19fdfe
[INFO] running `Command { std: "docker" "start" "-a" "18ec4aeade0d451c7d295880fa095d9094d91fd76051de561195b04c0d19fdfe", kill_on_drop: false }`
[INFO] [stderr]    Compiling ofw v0.3.1 (/opt/rustwide/workdir)
[INFO] [stdout] error[E0432]: unresolved import `ofw::service_result`
[INFO] [stdout]  --> examples/client_ppc.rs:5:17
[INFO] [stdout]   |
[INFO] [stdout] 5 | use ofw::{call, service_result, ntstr, OFW_TRUE};
[INFO] [stdout]   |                 ^^^^^^^^^^^^^^ no `service_result` in the root
[INFO] [stdout] 
[INFO] [stdout] 
[INFO] [stdout] error: cannot determine resolution for the macro `service_result`
[INFO] [stdout]   --> examples/client_ppc.rs:10:23
[INFO] [stdout]    |
[INFO] [stdout] 10 |     let mut results = service_result!(1,1);
[INFO] [stdout]    |                       ^^^^^^^^^^^^^^
[INFO] [stdout]    |
[INFO] [stdout]    = note: import resolution is stuck, try simplifying macro imports
[INFO] [stdout] 
[INFO] [stdout] 
[INFO] [stdout] error: `#[panic_handler]` function required, but not found
[INFO] [stdout] 
[INFO] [stdout] 
[INFO] [stdout] error: language item required, but not found: `eh_personality`
[INFO] [stdout]   |
[INFO] [stdout]   = note: this can occur when a binary crate with `#![no_std]` is compiled for a target where `eh_personality` is defined in the standard library
[INFO] [stdout]   = help: you may be able to compile for a target that doesn't need `eh_personality`, specify a target with `--target` or in `.cargo/config`
[INFO] [stdout] 
[INFO] [stdout] 
[INFO] [stdout] error: aborting due to 4 previous errors
[INFO] [stdout] 
[INFO] [stdout] 
[INFO] [stdout] For more information about this error, try `rustc --explain E0432`.
[INFO] [stdout] 
[INFO] [stderr] error: could not compile `ofw` (example "client_ppc") due to 5 previous errors
[INFO] [stderr] warning: build failed, waiting for other jobs to finish...
[INFO] running `Command { std: "docker" "inspect" "18ec4aeade0d451c7d295880fa095d9094d91fd76051de561195b04c0d19fdfe", kill_on_drop: false }`
[INFO] running `Command { std: "docker" "rm" "-f" "18ec4aeade0d451c7d295880fa095d9094d91fd76051de561195b04c0d19fdfe", kill_on_drop: false }`
[INFO] [stdout] 18ec4aeade0d451c7d295880fa095d9094d91fd76051de561195b04c0d19fdfe
[INFO] testing ofw-0.3.1 against beta-2023-12-22 for beta-1.76-1
[INFO] extracting crate ofw 0.3.1 into /workspace/builds/worker-7-tc2/source
[INFO] validating manifest of crates.io crate ofw 0.3.1 on toolchain beta-2023-12-22
[INFO] running `Command { std: CARGO_HOME="/workspace/cargo-home" RUSTUP_HOME="/workspace/rustup-home" "/workspace/cargo-home/bin/cargo" "+beta-2023-12-22" "metadata" "--manifest-path" "Cargo.toml" "--no-deps", kill_on_drop: false }`
[INFO] started tweaking crates.io crate ofw 0.3.1
[INFO] finished tweaking crates.io crate ofw 0.3.1
[INFO] tweaked toml for crates.io crate ofw 0.3.1 written to /workspace/builds/worker-7-tc2/source/Cargo.toml
[INFO] crate crates.io crate ofw 0.3.1 already has a lockfile, it will not be regenerated
[INFO] running `Command { std: CARGO_HOME="/workspace/cargo-home" RUSTUP_HOME="/workspace/rustup-home" "/workspace/cargo-home/bin/cargo" "+beta-2023-12-22" "fetch" "--manifest-path" "Cargo.toml", kill_on_drop: false }`
[INFO] running `Command { std: "docker" "create" "-v" "/var/lib/crater-agent-workspace/builds/worker-7-tc2/target:/opt/rustwide/target:rw,Z" "-v" "/var/lib/crater-agent-workspace/builds/worker-7-tc2/source:/opt/rustwide/workdir:ro,Z" "-v" "/var/lib/crater-agent-workspace/cargo-home:/opt/rustwide/cargo-home:ro,Z" "-v" "/var/lib/crater-agent-workspace/rustup-home:/opt/rustwide/rustup-home:ro,Z" "-e" "SOURCE_DIR=/opt/rustwide/workdir" "-e" "CARGO_TARGET_DIR=/opt/rustwide/target" "-e" "CARGO_HOME=/opt/rustwide/cargo-home" "-e" "RUSTUP_HOME=/opt/rustwide/rustup-home" "-w" "/opt/rustwide/workdir" "-m" "1610612736" "--user" "0:0" "--network" "none" "ghcr.io/rust-lang/crates-build-env/linux@sha256:2788e3201cd34a07e3172128adcd8b3090168a8e3bcc40d7c032b9dda1df7d1c" "/opt/rustwide/cargo-home/bin/cargo" "+beta-2023-12-22" "metadata" "--no-deps" "--format-version=1", kill_on_drop: false }`
[INFO] [stdout] 3c5a093b1851ab99e7a817e29b2ce8b83303bd6db0545d46f3d804aa88579a0c
[INFO] running `Command { std: "docker" "start" "-a" "3c5a093b1851ab99e7a817e29b2ce8b83303bd6db0545d46f3d804aa88579a0c", kill_on_drop: false }`
[INFO] running `Command { std: "docker" "inspect" "3c5a093b1851ab99e7a817e29b2ce8b83303bd6db0545d46f3d804aa88579a0c", kill_on_drop: false }`
[INFO] running `Command { std: "docker" "rm" "-f" "3c5a093b1851ab99e7a817e29b2ce8b83303bd6db0545d46f3d804aa88579a0c", kill_on_drop: false }`
[INFO] [stdout] 3c5a093b1851ab99e7a817e29b2ce8b83303bd6db0545d46f3d804aa88579a0c
[INFO] running `Command { std: "docker" "create" "-v" "/var/lib/crater-agent-workspace/builds/worker-7-tc2/target:/opt/rustwide/target:rw,Z" "-v" "/var/lib/crater-agent-workspace/builds/worker-7-tc2/source:/opt/rustwide/workdir:ro,Z" "-v" "/var/lib/crater-agent-workspace/cargo-home:/opt/rustwide/cargo-home:ro,Z" "-v" "/var/lib/crater-agent-workspace/rustup-home:/opt/rustwide/rustup-home:ro,Z" "-e" "SOURCE_DIR=/opt/rustwide/workdir" "-e" "CARGO_TARGET_DIR=/opt/rustwide/target" "-e" "CARGO_INCREMENTAL=0" "-e" "RUST_BACKTRACE=full" "-e" "RUSTFLAGS=--cap-lints=warn" "-e" "RUSTDOCFLAGS=--cap-lints=warn" "-e" "CARGO_HOME=/opt/rustwide/cargo-home" "-e" "RUSTUP_HOME=/opt/rustwide/rustup-home" "-w" "/opt/rustwide/workdir" "-m" "1610612736" "--user" "0:0" "--network" "none" "ghcr.io/rust-lang/crates-build-env/linux@sha256:2788e3201cd34a07e3172128adcd8b3090168a8e3bcc40d7c032b9dda1df7d1c" "/opt/rustwide/cargo-home/bin/cargo" "+beta-2023-12-22" "build" "--frozen" "--message-format=json", kill_on_drop: false }`
[INFO] [stdout] 6dd48e5cba5812c2f3ccf14141e8bec220a7d007b854d0d365029ff4722d2c81
[INFO] running `Command { std: "docker" "start" "-a" "6dd48e5cba5812c2f3ccf14141e8bec220a7d007b854d0d365029ff4722d2c81", kill_on_drop: false }`
[INFO] [stderr]    Compiling ofw v0.3.1 (/opt/rustwide/workdir)
[INFO] [stderr]     Finished dev [unoptimized + debuginfo] target(s) in 0.08s
[INFO] running `Command { std: "docker" "inspect" "6dd48e5cba5812c2f3ccf14141e8bec220a7d007b854d0d365029ff4722d2c81", kill_on_drop: false }`
[INFO] running `Command { std: "docker" "rm" "-f" "6dd48e5cba5812c2f3ccf14141e8bec220a7d007b854d0d365029ff4722d2c81", kill_on_drop: false }`
[INFO] [stdout] 6dd48e5cba5812c2f3ccf14141e8bec220a7d007b854d0d365029ff4722d2c81
[INFO] running `Command { std: "docker" "create" "-v" "/var/lib/crater-agent-workspace/builds/worker-7-tc2/target:/opt/rustwide/target:rw,Z" "-v" "/var/lib/crater-agent-workspace/builds/worker-7-tc2/source:/opt/rustwide/workdir:ro,Z" "-v" "/var/lib/crater-agent-workspace/cargo-home:/opt/rustwide/cargo-home:ro,Z" "-v" "/var/lib/crater-agent-workspace/rustup-home:/opt/rustwide/rustup-home:ro,Z" "-e" "SOURCE_DIR=/opt/rustwide/workdir" "-e" "CARGO_TARGET_DIR=/opt/rustwide/target" "-e" "CARGO_INCREMENTAL=0" "-e" "RUST_BACKTRACE=full" "-e" "RUSTFLAGS=--cap-lints=warn" "-e" "RUSTDOCFLAGS=--cap-lints=warn" "-e" "CARGO_HOME=/opt/rustwide/cargo-home" "-e" "RUSTUP_HOME=/opt/rustwide/rustup-home" "-w" "/opt/rustwide/workdir" "-m" "1610612736" "--user" "0:0" "--network" "none" "ghcr.io/rust-lang/crates-build-env/linux@sha256:2788e3201cd34a07e3172128adcd8b3090168a8e3bcc40d7c032b9dda1df7d1c" "/opt/rustwide/cargo-home/bin/cargo" "+beta-2023-12-22" "test" "--frozen" "--no-run" "--message-format=json", kill_on_drop: false }`
[INFO] [stdout] 3af9920aa91a3bfd53ba9f0069f05e1c2318b1f1bc1010b1ef3bbab880688e97
[INFO] running `Command { std: "docker" "start" "-a" "3af9920aa91a3bfd53ba9f0069f05e1c2318b1f1bc1010b1ef3bbab880688e97", kill_on_drop: false }`
[INFO] [stderr]    Compiling ofw v0.3.1 (/opt/rustwide/workdir)
[INFO] [stdout] error[E0432]: unresolved import `ofw::service_result`
[INFO] [stdout]  --> examples/client_ppc.rs:5:17
[INFO] [stdout]   |
[INFO] [stdout] 5 | use ofw::{call, service_result, ntstr, OFW_TRUE};
[INFO] [stdout]   |                 ^^^^^^^^^^^^^^ no `service_result` in the root
[INFO] [stdout] 
[INFO] [stdout] 
[INFO] [stdout] error: cannot determine resolution for the macro `service_result`
[INFO] [stdout]   --> examples/client_ppc.rs:10:23
[INFO] [stdout]    |
[INFO] [stdout] 10 |     let mut results = service_result!(1,1);
[INFO] [stdout]    |                       ^^^^^^^^^^^^^^
[INFO] [stdout]    |
[INFO] [stdout]    = note: import resolution is stuck, try simplifying macro imports
[INFO] [stdout] 
[INFO] [stdout] 
[INFO] [stdout] error: `#[panic_handler]` function required, but not found
[INFO] [stdout] 
[INFO] [stdout] 
[INFO] [stdout] error: language item required, but not found: `eh_personality`
[INFO] [stdout]   |
[INFO] [stdout]   = note: this can occur when a binary crate with `#![no_std]` is compiled for a target where `eh_personality` is defined in the standard library
[INFO] [stdout]   = help: you may be able to compile for a target that doesn't need `eh_personality`, specify a target with `--target` or in `.cargo/config`
[INFO] [stdout] 
[INFO] [stdout] 
[INFO] [stdout] error[E0605]: non-primitive cast: `NTSTR` as `usize`
[INFO] [stdout]   --> examples/client_ppc.rs:11:5
[INFO] [stdout]    |
[INFO] [stdout] 11 |     call!(entry, results, ntstr!("test"), 1, 1, ntstr!("test"));
[INFO] [stdout]    |     ^^^^^^^^^^^^^^^^^^^^^^^^^^^^^^^^^^^^^^^^^^^^^^^^^^^^^^^^^^^ an `as` expression can only be used to convert between primitive types or to coerce to a specific trait object
[INFO] [stdout]    |
[INFO] [stdout]    = note: this error originates in the macro `call` (in Nightly builds, run with -Z macro-backtrace for more info)
[INFO] [stdout] 
[INFO] [stdout] 
[INFO] [stdout] error[E0605]: non-primitive cast: `NTSTR` as `usize`
[INFO] [stdout]   --> examples/client_ppc.rs:11:5
[INFO] [stdout]    |
[INFO] [stdout] 11 |     call!(entry, results, ntstr!("test"), 1, 1, ntstr!("test"));
[INFO] [stdout]    |     ^^^^^^^^^^^^^^^^^^^^^^^^^^^^^^^^^^^^^^^^^^^^^^^^^^^^^^^^^^^ an `as` expression can only be used to convert between primitive types or to coerce to a specific trait object
[INFO] [stdout]    |
[INFO] [stdout]    = note: this error originates in the macro `call` (in Nightly builds, run with -Z macro-backtrace for more info)
[INFO] [stdout] 
[INFO] [stdout] 
[INFO] [stdout] error[E0605]: non-primitive cast: `NTSTR` as `usize`
[INFO] [stdout]   --> examples/client_ppc.rs:11:5
[INFO] [stdout]    |
[INFO] [stdout] 11 |     call!(entry, results, ntstr!("test"), 1, 1, ntstr!("test"));
[INFO] [stdout]    |     ^^^^^^^^^^^^^^^^^^^^^^^^^^^^^^^^^^^^^^^^^^^^^^^^^^^^^^^^^^^ an `as` expression can only be used to convert between primitive types or to coerce to a specific trait object
[INFO] [stdout]    |
[INFO] [stdout]    = note: this error originates in the macro `call` (in Nightly builds, run with -Z macro-backtrace for more info)
[INFO] [stdout] 
[INFO] [stdout] 
[INFO] [stdout] error[E0308]: mismatched types
[INFO] [stdout]    --> examples/client_ppc.rs:11:27
[INFO] [stdout]     |
[INFO] [stdout] 11  |     call!(entry, results, ntstr!("test"), 1, 1, ntstr!("test"));
[INFO] [stdout]     |     ----------------------^^^^^^^^^^^^^^-----------------------
[INFO] [stdout]     |     |                     |
[INFO] [stdout]     |     |                     expected `i32`, found `NTSTR`
[INFO] [stdout]     |     arguments to this function are incorrect
[INFO] [stdout]     |
[INFO] [stdout] note: function defined here
[INFO] [stdout]    --> /opt/rustwide/workdir/src/lib.rs:157:8
[INFO] [stdout]     |
[INFO] [stdout] 157 | pub fn ofw_call<T: Sized>(entry_fn: EntryFunction, service: NTSTR, num_args: i32, num_rets: i32, args_and_rets: T) -> (bool, T) {
[INFO] [stdout]     |        ^^^^^^^^
[INFO] [stdout]     = note: this error originates in the macro `ntstr` (in Nightly builds, run with -Z macro-backtrace for more info)
[INFO] [stdout] help: call `Into::into` on this expression to convert `NTSTR` into `i32`
[INFO] [stdout]     |
[INFO] [stdout] 11  |     call!(entry, results, ntstr!("test").into(), 1, 1, ntstr!("test"));
[INFO] [stdout]     |                                         +++++++
[INFO] [stdout] 
[INFO] [stdout] 
[INFO] [stdout] error[E0605]: non-primitive cast: `NTSTR` as `usize`
[INFO] [stdout]   --> examples/client_ppc.rs:11:5
[INFO] [stdout]    |
[INFO] [stdout] 11 |     call!(entry, results, ntstr!("test"), 1, 1, ntstr!("test"));
[INFO] [stdout]    |     ^^^^^^^^^^^^^^^^^^^^^^^^^^^^^^^^^^^^^^^^^^^^^^^^^^^^^^^^^^^ an `as` expression can only be used to convert between primitive types or to coerce to a specific trait object
[INFO] [stdout]    |
[INFO] [stdout]    = note: this error originates in the macro `call` (in Nightly builds, run with -Z macro-backtrace for more info)
[INFO] [stdout] 
[INFO] [stdout] 
[INFO] [stdout] error: aborting due to 9 previous errors
[INFO] [stdout] 
[INFO] [stdout] 
[INFO] [stdout] Some errors have detailed explanations: E0308, E0432, E0605.
[INFO] [stdout] 
[INFO] [stdout] For more information about an error, try `rustc --explain E0308`.
[INFO] [stdout] 
[INFO] [stderr] error: could not compile `ofw` (example "client_ppc") due to 10 previous errors
[INFO] [stderr] warning: build failed, waiting for other jobs to finish...
[INFO] running `Command { std: "docker" "inspect" "3af9920aa91a3bfd53ba9f0069f05e1c2318b1f1bc1010b1ef3bbab880688e97", kill_on_drop: false }`
[INFO] running `Command { std: "docker" "rm" "-f" "3af9920aa91a3bfd53ba9f0069f05e1c2318b1f1bc1010b1ef3bbab880688e97", kill_on_drop: false }`
[INFO] [stdout] 3af9920aa91a3bfd53ba9f0069f05e1c2318b1f1bc1010b1ef3bbab880688e97
