[INFO] fetching crate ockam_multiaddr 0.37.0...
[INFO] testing ockam_multiaddr-0.37.0 against 1.75.0 for beta-1.76-1
[INFO] extracting crate ockam_multiaddr 0.37.0 into /workspace/builds/worker-1-tc1/source
[INFO] validating manifest of crates.io crate ockam_multiaddr 0.37.0 on toolchain 1.75.0
[INFO] running `Command { std: CARGO_HOME="/workspace/cargo-home" RUSTUP_HOME="/workspace/rustup-home" "/workspace/cargo-home/bin/cargo" "+1.75.0" "metadata" "--manifest-path" "Cargo.toml" "--no-deps", kill_on_drop: false }`
[INFO] started tweaking crates.io crate ockam_multiaddr 0.37.0
[INFO] finished tweaking crates.io crate ockam_multiaddr 0.37.0
[INFO] tweaked toml for crates.io crate ockam_multiaddr 0.37.0 written to /workspace/builds/worker-1-tc1/source/Cargo.toml
[INFO] running `Command { std: CARGO_HOME="/workspace/cargo-home" RUSTUP_HOME="/workspace/rustup-home" "/workspace/cargo-home/bin/cargo" "+1.75.0" "generate-lockfile" "--manifest-path" "Cargo.toml", kill_on_drop: false }`
[INFO] [stderr]     Blocking waiting for file lock on package cache
[INFO] [stderr]     Updating crates.io index
[INFO] running `Command { std: CARGO_HOME="/workspace/cargo-home" RUSTUP_HOME="/workspace/rustup-home" "/workspace/cargo-home/bin/cargo" "+1.75.0" "fetch" "--manifest-path" "Cargo.toml", kill_on_drop: false }`
[INFO] running `Command { std: "docker" "create" "-v" "/var/lib/crater-agent-workspace/builds/worker-1-tc1/target:/opt/rustwide/target:rw,Z" "-v" "/var/lib/crater-agent-workspace/builds/worker-1-tc1/source:/opt/rustwide/workdir:ro,Z" "-v" "/var/lib/crater-agent-workspace/cargo-home:/opt/rustwide/cargo-home:ro,Z" "-v" "/var/lib/crater-agent-workspace/rustup-home:/opt/rustwide/rustup-home:ro,Z" "-e" "SOURCE_DIR=/opt/rustwide/workdir" "-e" "CARGO_TARGET_DIR=/opt/rustwide/target" "-e" "CARGO_HOME=/opt/rustwide/cargo-home" "-e" "RUSTUP_HOME=/opt/rustwide/rustup-home" "-w" "/opt/rustwide/workdir" "-m" "1610612736" "--user" "0:0" "--network" "none" "ghcr.io/rust-lang/crates-build-env/linux@sha256:2788e3201cd34a07e3172128adcd8b3090168a8e3bcc40d7c032b9dda1df7d1c" "/opt/rustwide/cargo-home/bin/cargo" "+1.75.0" "metadata" "--no-deps" "--format-version=1", kill_on_drop: false }`
[INFO] [stdout] 7ba17bacfb14ed47ea7c9102ba3f1c41592279a51d2e441d28db721cef0b71d1
[INFO] running `Command { std: "docker" "start" "-a" "7ba17bacfb14ed47ea7c9102ba3f1c41592279a51d2e441d28db721cef0b71d1", kill_on_drop: false }`
[INFO] running `Command { std: "docker" "inspect" "7ba17bacfb14ed47ea7c9102ba3f1c41592279a51d2e441d28db721cef0b71d1", kill_on_drop: false }`
[INFO] running `Command { std: "docker" "rm" "-f" "7ba17bacfb14ed47ea7c9102ba3f1c41592279a51d2e441d28db721cef0b71d1", kill_on_drop: false }`
[INFO] [stdout] 7ba17bacfb14ed47ea7c9102ba3f1c41592279a51d2e441d28db721cef0b71d1
[INFO] running `Command { std: "docker" "create" "-v" "/var/lib/crater-agent-workspace/builds/worker-1-tc1/target:/opt/rustwide/target:rw,Z" "-v" "/var/lib/crater-agent-workspace/builds/worker-1-tc1/source:/opt/rustwide/workdir:ro,Z" "-v" "/var/lib/crater-agent-workspace/cargo-home:/opt/rustwide/cargo-home:ro,Z" "-v" "/var/lib/crater-agent-workspace/rustup-home:/opt/rustwide/rustup-home:ro,Z" "-e" "SOURCE_DIR=/opt/rustwide/workdir" "-e" "CARGO_TARGET_DIR=/opt/rustwide/target" "-e" "CARGO_INCREMENTAL=0" "-e" "RUST_BACKTRACE=full" "-e" "RUSTFLAGS=--cap-lints=warn" "-e" "RUSTDOCFLAGS=--cap-lints=warn" "-e" "CARGO_HOME=/opt/rustwide/cargo-home" "-e" "RUSTUP_HOME=/opt/rustwide/rustup-home" "-w" "/opt/rustwide/workdir" "-m" "1610612736" "--user" "0:0" "--network" "none" "ghcr.io/rust-lang/crates-build-env/linux@sha256:2788e3201cd34a07e3172128adcd8b3090168a8e3bcc40d7c032b9dda1df7d1c" "/opt/rustwide/cargo-home/bin/cargo" "+1.75.0" "build" "--frozen" "--message-format=json", kill_on_drop: false }`
[INFO] [stdout] ac629e8c6bda9ea3cc7fa4f7460e70ccea6f9d9ccbbabbf35fa7b84779bc823f
[INFO] running `Command { std: "docker" "start" "-a" "ac629e8c6bda9ea3cc7fa4f7460e70ccea6f9d9ccbbabbf35fa7b84779bc823f", kill_on_drop: false }`
[INFO] [stderr]    Compiling serde v1.0.194
[INFO] [stderr]    Compiling syn v1.0.109
[INFO] [stderr]    Compiling zerocopy v0.7.32
[INFO] [stderr]    Compiling minicbor v0.20.0
[INFO] [stderr]    Compiling once_cell v1.19.0
[INFO] [stderr]    Compiling byteorder v1.5.0
[INFO] [stderr]    Compiling ahash v0.8.7
[INFO] [stderr]    Compiling futures-sink v0.3.30
[INFO] [stderr]    Compiling futures-core v0.3.30
[INFO] [stderr]    Compiling tracing-core v0.1.32
[INFO] [stderr]    Compiling heapless v0.7.17
[INFO] [stderr]    Compiling futures-macro v0.3.30
[INFO] [stderr]    Compiling zeroize_derive v1.4.2
[INFO] [stderr]    Compiling spin v0.9.8
[INFO] [stderr]    Compiling rand v0.8.5
[INFO] [stderr]    Compiling rand_pcg v0.3.1
[INFO] [stderr]    Compiling ockam_macros v0.32.0
[INFO] [stderr]    Compiling tinyvec v1.6.0
[INFO] [stderr]    Compiling core2 v0.4.0
[INFO] [stderr]    Compiling hash32 v0.2.1
[INFO] [stderr]    Compiling subtle v2.5.0
[INFO] [stderr]    Compiling hex v0.4.3
[INFO] [stderr]    Compiling unsigned-varint v0.7.2
[INFO] [stderr]    Compiling tracing v0.1.40
[INFO] [stderr]    Compiling zeroize v1.7.0
[INFO] [stderr]    Compiling futures-util v0.3.30
[INFO] [stderr]    Compiling minicbor-derive v0.13.0
[INFO] [stderr]    Compiling hashbrown v0.14.3
[INFO] [stderr]    Compiling serde_bare v0.5.0
[INFO] [stderr]    Compiling ockam_core v0.93.0
[INFO] [stderr]    Compiling ockam_multiaddr v0.37.0 (/opt/rustwide/workdir)
[INFO] [stderr]     Finished dev [unoptimized + debuginfo] target(s) in 9.24s
[INFO] running `Command { std: "docker" "inspect" "ac629e8c6bda9ea3cc7fa4f7460e70ccea6f9d9ccbbabbf35fa7b84779bc823f", kill_on_drop: false }`
[INFO] running `Command { std: "docker" "rm" "-f" "ac629e8c6bda9ea3cc7fa4f7460e70ccea6f9d9ccbbabbf35fa7b84779bc823f", kill_on_drop: false }`
[INFO] [stdout] ac629e8c6bda9ea3cc7fa4f7460e70ccea6f9d9ccbbabbf35fa7b84779bc823f
[INFO] running `Command { std: "docker" "create" "-v" "/var/lib/crater-agent-workspace/builds/worker-1-tc1/target:/opt/rustwide/target:rw,Z" "-v" "/var/lib/crater-agent-workspace/builds/worker-1-tc1/source:/opt/rustwide/workdir:ro,Z" "-v" "/var/lib/crater-agent-workspace/cargo-home:/opt/rustwide/cargo-home:ro,Z" "-v" "/var/lib/crater-agent-workspace/rustup-home:/opt/rustwide/rustup-home:ro,Z" "-e" "SOURCE_DIR=/opt/rustwide/workdir" "-e" "CARGO_TARGET_DIR=/opt/rustwide/target" "-e" "CARGO_INCREMENTAL=0" "-e" "RUST_BACKTRACE=full" "-e" "RUSTFLAGS=--cap-lints=warn" "-e" "RUSTDOCFLAGS=--cap-lints=warn" "-e" "CARGO_HOME=/opt/rustwide/cargo-home" "-e" "RUSTUP_HOME=/opt/rustwide/rustup-home" "-w" "/opt/rustwide/workdir" "-m" "1610612736" "--user" "0:0" "--network" "none" "ghcr.io/rust-lang/crates-build-env/linux@sha256:2788e3201cd34a07e3172128adcd8b3090168a8e3bcc40d7c032b9dda1df7d1c" "/opt/rustwide/cargo-home/bin/cargo" "+1.75.0" "test" "--frozen" "--no-run" "--message-format=json", kill_on_drop: false }`
[INFO] [stdout] 9634a23004aa4b0d030e78658742c6c9612e033505fa43f96a865861359e1b56
[INFO] running `Command { std: "docker" "start" "-a" "9634a23004aa4b0d030e78658742c6c9612e033505fa43f96a865861359e1b56", kill_on_drop: false }`
[INFO] [stderr]    Compiling typenum v1.17.0
[INFO] [stderr]    Compiling serde v1.0.194
[INFO] [stderr]    Compiling generic-array v0.14.7
[INFO] [stderr]    Compiling core2 v0.4.0
[INFO] [stderr]    Compiling data-encoding v2.5.0
[INFO] [stderr]    Compiling unicode-normalization v0.1.22
[INFO] [stderr]    Compiling regex-automata v0.4.3
[INFO] [stderr]    Compiling ahash v0.8.7
[INFO] [stderr]    Compiling thiserror-impl v1.0.56
[INFO] [stderr]    Compiling hash32 v0.2.1
[INFO] [stderr]    Compiling cpufeatures v0.2.12
[INFO] [stderr]    Compiling rand v0.8.5
[INFO] [stderr]    Compiling quick-protobuf v0.8.1
[INFO] [stderr]    Compiling bs58 v0.5.0
[INFO] [stderr]    Compiling base-x v0.2.11
[INFO] [stderr]    Compiling log v0.4.20
[INFO] [stderr]    Compiling heapless v0.7.17
[INFO] [stderr]    Compiling multihash v0.19.1
[INFO] [stderr]    Compiling arrayref v0.3.7
[INFO] [stderr]    Compiling idna v0.5.0
[INFO] [stderr]    Compiling url v2.5.0
[INFO] [stderr]    Compiling data-encoding-macro-internal v0.1.12
[INFO] [stderr]    Compiling data-encoding-macro v0.1.14
[INFO] [stderr]    Compiling multibase v0.9.1
[INFO] [stderr]    Compiling thiserror v1.0.56
[INFO] [stderr]    Compiling crypto-common v0.1.6
[INFO] [stderr]    Compiling block-buffer v0.10.4
[INFO] [stderr]    Compiling digest v0.10.7
[INFO] [stderr]    Compiling hmac v0.12.1
[INFO] [stderr]    Compiling sha2 v0.10.8
[INFO] [stderr]    Compiling hkdf v0.12.4
[INFO] [stderr]    Compiling libp2p-identity v0.2.8
[INFO] [stderr]    Compiling regex v1.10.2
[INFO] [stderr]    Compiling env_logger v0.8.4
[INFO] [stderr]    Compiling quickcheck v1.0.3
[INFO] [stderr]    Compiling serde_bare v0.5.0
[INFO] [stderr]    Compiling hashbrown v0.14.3
[INFO] [stderr]    Compiling serde_json v1.0.111
[INFO] [stderr]    Compiling bincode v1.3.3
[INFO] [stderr]    Compiling multiaddr v0.18.1
[INFO] [stderr]    Compiling ockam_core v0.93.0
[INFO] [stderr]    Compiling ockam_multiaddr v0.37.0 (/opt/rustwide/workdir)
[INFO] [stdout] error[E0277]: the trait bound `MultiAddr: serde::ser::Serialize` is not satisfied
[INFO] [stdout]     --> tests/id.rs:31:42
[INFO] [stdout]      |
[INFO] [stdout] 31   |         let json = serde_json::to_string(&a.0).unwrap();
[INFO] [stdout]      |                    --------------------- ^^^^ the trait `serde::ser::Serialize` is not implemented for `MultiAddr`
[INFO] [stdout]      |                    |
[INFO] [stdout]      |                    required by a bound introduced by this call
[INFO] [stdout]      |
[INFO] [stdout]      = help: the following other types implement trait `serde::ser::Serialize`:
[INFO] [stdout]                bool
[INFO] [stdout]                char
[INFO] [stdout]                isize
[INFO] [stdout]                i8
[INFO] [stdout]                i16
[INFO] [stdout]                i32
[INFO] [stdout]                i64
[INFO] [stdout]                i128
[INFO] [stdout]              and 151 others
[INFO] [stdout] note: required by a bound in `serde_json::to_string`
[INFO] [stdout]     --> /opt/rustwide/cargo-home/registry/src/index.crates.io-6f17d22bba15001f/serde_json-1.0.111/src/ser.rs:2209:17
[INFO] [stdout]      |
[INFO] [stdout] 2207 | pub fn to_string<T>(value: &T) -> Result<String>
[INFO] [stdout]      |        --------- required by a bound in this function
[INFO] [stdout] 2208 | where
[INFO] [stdout] 2209 |     T: ?Sized + Serialize,
[INFO] [stdout]      |                 ^^^^^^^^^ required by this bound in `to_string`
[INFO] [stdout] 
[INFO] [stdout] 
[INFO] [stdout] error[E0277]: the trait bound `MultiAddr: serde::de::Deserialize<'_>` is not satisfied
[INFO] [stdout]     --> tests/id.rs:32:20
[INFO] [stdout]      |
[INFO] [stdout] 32   |         let addr = serde_json::from_str(&json).unwrap();
[INFO] [stdout]      |                    ^^^^^^^^^^^^^^^^^^^^ the trait `serde::de::Deserialize<'_>` is not implemented for `MultiAddr`
[INFO] [stdout]      |
[INFO] [stdout]      = help: the following other types implement trait `serde::de::Deserialize<'de>`:
[INFO] [stdout]                bool
[INFO] [stdout]                char
[INFO] [stdout]                isize
[INFO] [stdout]                i8
[INFO] [stdout]                i16
[INFO] [stdout]                i32
[INFO] [stdout]                i64
[INFO] [stdout]                i128
[INFO] [stdout]              and 150 others
[INFO] [stdout] note: required by a bound in `serde_json::from_str`
[INFO] [stdout]     --> /opt/rustwide/cargo-home/registry/src/index.crates.io-6f17d22bba15001f/serde_json-1.0.111/src/de.rs:2676:8
[INFO] [stdout]      |
[INFO] [stdout] 2674 | pub fn from_str<'a, T>(s: &'a str) -> Result<T>
[INFO] [stdout]      |        -------- required by a bound in this function
[INFO] [stdout] 2675 | where
[INFO] [stdout] 2676 |     T: de::Deserialize<'a>,
[INFO] [stdout]      |        ^^^^^^^^^^^^^^^^^^^ required by this bound in `from_str`
[INFO] [stdout] 
[INFO] [stdout] 
[INFO] [stdout] error[E0277]: the trait bound `MultiAddr: serde::ser::Serialize` is not satisfied
[INFO] [stdout]    --> tests/id.rs:37:39
[INFO] [stdout]     |
[INFO] [stdout] 37  |         let byts = bincode::serialize(&a.0).unwrap();
[INFO] [stdout]     |                    ------------------ ^^^^ the trait `serde::ser::Serialize` is not implemented for `MultiAddr`
[INFO] [stdout]     |                    |
[INFO] [stdout]     |                    required by a bound introduced by this call
[INFO] [stdout]     |
[INFO] [stdout]     = help: the following other types implement trait `serde::ser::Serialize`:
[INFO] [stdout]               bool
[INFO] [stdout]               char
[INFO] [stdout]               isize
[INFO] [stdout]               i8
[INFO] [stdout]               i16
[INFO] [stdout]               i32
[INFO] [stdout]               i64
[INFO] [stdout]               i128
[INFO] [stdout]             and 151 others
[INFO] [stdout] note: required by a bound in `bincode::serialize`
[INFO] [stdout]    --> /opt/rustwide/cargo-home/registry/src/index.crates.io-6f17d22bba15001f/bincode-1.3.3/src/lib.rs:108:8
[INFO] [stdout]     |
[INFO] [stdout] 106 | pub fn serialize<T: ?Sized>(value: &T) -> Result<Vec<u8>>
[INFO] [stdout]     |        --------- required by a bound in this function
[INFO] [stdout] 107 | where
[INFO] [stdout] 108 |     T: serde::Serialize,
[INFO] [stdout]     |        ^^^^^^^^^^^^^^^^ required by this bound in `serialize`
[INFO] [stdout] 
[INFO] [stdout] 
[INFO] [stdout] error[E0277]: the trait bound `MultiAddr: serde::de::Deserialize<'_>` is not satisfied
[INFO] [stdout]    --> tests/id.rs:38:20
[INFO] [stdout]     |
[INFO] [stdout] 38  |         let addr = bincode::deserialize(&byts).unwrap();
[INFO] [stdout]     |                    ^^^^^^^^^^^^^^^^^^^^ the trait `serde::de::Deserialize<'_>` is not implemented for `MultiAddr`
[INFO] [stdout]     |
[INFO] [stdout]     = help: the following other types implement trait `serde::de::Deserialize<'de>`:
[INFO] [stdout]               bool
[INFO] [stdout]               char
[INFO] [stdout]               isize
[INFO] [stdout]               i8
[INFO] [stdout]               i16
[INFO] [stdout]               i32
[INFO] [stdout]               i64
[INFO] [stdout]               i128
[INFO] [stdout]             and 150 others
[INFO] [stdout] note: required by a bound in `bincode::deserialize`
[INFO] [stdout]    --> /opt/rustwide/cargo-home/registry/src/index.crates.io-6f17d22bba15001f/bincode-1.3.3/src/lib.rs:179:8
[INFO] [stdout]     |
[INFO] [stdout] 177 | pub fn deserialize<'a, T>(bytes: &'a [u8]) -> Result<T>
[INFO] [stdout]     |        ----------- required by a bound in this function
[INFO] [stdout] 178 | where
[INFO] [stdout] 179 |     T: serde::de::Deserialize<'a>,
[INFO] [stdout]     |        ^^^^^^^^^^^^^^^^^^^^^^^^^^ required by this bound in `deserialize`
[INFO] [stdout] 
[INFO] [stdout] 
[INFO] [stdout] error[E0433]: failed to resolve: use of undeclared crate or module `minicbor`
[INFO] [stdout]   --> tests/id.rs:43:20
[INFO] [stdout]    |
[INFO] [stdout] 43 |         let byts = minicbor::to_vec(&a.0).unwrap();
[INFO] [stdout]    |                    ^^^^^^^^ use of undeclared crate or module `minicbor`
[INFO] [stdout] 
[INFO] [stdout] 
[INFO] [stdout] error[E0433]: failed to resolve: use of undeclared crate or module `minicbor`
[INFO] [stdout]   --> tests/id.rs:44:20
[INFO] [stdout]    |
[INFO] [stdout] 44 |         let addr = minicbor::decode(&byts).unwrap();
[INFO] [stdout]    |                    ^^^^^^^^ use of undeclared crate or module `minicbor`
[INFO] [stdout] 
[INFO] [stdout] 
[INFO] [stdout] error: aborting due to 6 previous errors
[INFO] [stdout] 
[INFO] [stdout] 
[INFO] [stdout] Some errors have detailed explanations: E0277, E0433.
[INFO] [stdout] 
[INFO] [stdout] For more information about an error, try `rustc --explain E0277`.
[INFO] [stdout] 
[INFO] [stderr] error: could not compile `ockam_multiaddr` (test "id") due to 7 previous errors
[INFO] [stderr] warning: build failed, waiting for other jobs to finish...
[INFO] running `Command { std: "docker" "inspect" "9634a23004aa4b0d030e78658742c6c9612e033505fa43f96a865861359e1b56", kill_on_drop: false }`
[INFO] running `Command { std: "docker" "rm" "-f" "9634a23004aa4b0d030e78658742c6c9612e033505fa43f96a865861359e1b56", kill_on_drop: false }`
[INFO] [stdout] 9634a23004aa4b0d030e78658742c6c9612e033505fa43f96a865861359e1b56
