[INFO] fetching crate oc-wasm-cassette 0.3.0...
[INFO] testing oc-wasm-cassette-0.3.0 against 1.75.0 for beta-1.76-1
[INFO] extracting crate oc-wasm-cassette 0.3.0 into /workspace/builds/worker-5-tc1/source
[INFO] validating manifest of crates.io crate oc-wasm-cassette 0.3.0 on toolchain 1.75.0
[INFO] running `Command { std: CARGO_HOME="/workspace/cargo-home" RUSTUP_HOME="/workspace/rustup-home" "/workspace/cargo-home/bin/cargo" "+1.75.0" "metadata" "--manifest-path" "Cargo.toml" "--no-deps", kill_on_drop: false }`
[INFO] removed /workspace/builds/worker-5-tc1/source/.cargo/config.toml
[INFO] started tweaking crates.io crate oc-wasm-cassette 0.3.0
[INFO] finished tweaking crates.io crate oc-wasm-cassette 0.3.0
[INFO] tweaked toml for crates.io crate oc-wasm-cassette 0.3.0 written to /workspace/builds/worker-5-tc1/source/Cargo.toml
[INFO] running `Command { std: CARGO_HOME="/workspace/cargo-home" RUSTUP_HOME="/workspace/rustup-home" "/workspace/cargo-home/bin/cargo" "+1.75.0" "generate-lockfile" "--manifest-path" "Cargo.toml", kill_on_drop: false }`
[INFO] [stderr]     Updating crates.io index
[INFO] running `Command { std: CARGO_HOME="/workspace/cargo-home" RUSTUP_HOME="/workspace/rustup-home" "/workspace/cargo-home/bin/cargo" "+1.75.0" "fetch" "--manifest-path" "Cargo.toml", kill_on_drop: false }`
[INFO] [stderr]  Downloading crates ...
[INFO] [stderr]   Downloaded sync-unsafe-cell v0.1.1
[INFO] [stderr]   Downloaded oc-wasm-safe v0.4.0
[INFO] [stderr]   Downloaded oc-wasm-futures v0.6.1
[INFO] [stderr]   Downloaded oc-wasm-sys v0.2.1
[INFO] [stderr]   Downloaded cassette v0.2.4
[INFO] running `Command { std: "docker" "create" "-v" "/var/lib/crater-agent-workspace/builds/worker-5-tc1/target:/opt/rustwide/target:rw,Z" "-v" "/var/lib/crater-agent-workspace/builds/worker-5-tc1/source:/opt/rustwide/workdir:ro,Z" "-v" "/var/lib/crater-agent-workspace/cargo-home:/opt/rustwide/cargo-home:ro,Z" "-v" "/var/lib/crater-agent-workspace/rustup-home:/opt/rustwide/rustup-home:ro,Z" "-e" "SOURCE_DIR=/opt/rustwide/workdir" "-e" "CARGO_TARGET_DIR=/opt/rustwide/target" "-e" "CARGO_HOME=/opt/rustwide/cargo-home" "-e" "RUSTUP_HOME=/opt/rustwide/rustup-home" "-w" "/opt/rustwide/workdir" "-m" "1610612736" "--user" "0:0" "--network" "none" "ghcr.io/rust-lang/crates-build-env/linux@sha256:2788e3201cd34a07e3172128adcd8b3090168a8e3bcc40d7c032b9dda1df7d1c" "/opt/rustwide/cargo-home/bin/cargo" "+1.75.0" "metadata" "--no-deps" "--format-version=1", kill_on_drop: false }`
[INFO] [stdout] 613bc4a24fbc3ffc5966c9680a6aecff19a684ca453176a17061b4102c14bfa8
[INFO] running `Command { std: "docker" "start" "-a" "613bc4a24fbc3ffc5966c9680a6aecff19a684ca453176a17061b4102c14bfa8", kill_on_drop: false }`
[INFO] running `Command { std: "docker" "inspect" "613bc4a24fbc3ffc5966c9680a6aecff19a684ca453176a17061b4102c14bfa8", kill_on_drop: false }`
[INFO] running `Command { std: "docker" "rm" "-f" "613bc4a24fbc3ffc5966c9680a6aecff19a684ca453176a17061b4102c14bfa8", kill_on_drop: false }`
[INFO] [stdout] 613bc4a24fbc3ffc5966c9680a6aecff19a684ca453176a17061b4102c14bfa8
[INFO] running `Command { std: "docker" "create" "-v" "/var/lib/crater-agent-workspace/builds/worker-5-tc1/target:/opt/rustwide/target:rw,Z" "-v" "/var/lib/crater-agent-workspace/builds/worker-5-tc1/source:/opt/rustwide/workdir:ro,Z" "-v" "/var/lib/crater-agent-workspace/cargo-home:/opt/rustwide/cargo-home:ro,Z" "-v" "/var/lib/crater-agent-workspace/rustup-home:/opt/rustwide/rustup-home:ro,Z" "-e" "SOURCE_DIR=/opt/rustwide/workdir" "-e" "CARGO_TARGET_DIR=/opt/rustwide/target" "-e" "CARGO_INCREMENTAL=0" "-e" "RUST_BACKTRACE=full" "-e" "RUSTFLAGS=--cap-lints=warn" "-e" "RUSTDOCFLAGS=--cap-lints=warn" "-e" "CARGO_HOME=/opt/rustwide/cargo-home" "-e" "RUSTUP_HOME=/opt/rustwide/rustup-home" "-w" "/opt/rustwide/workdir" "-m" "1610612736" "--user" "0:0" "--network" "none" "ghcr.io/rust-lang/crates-build-env/linux@sha256:2788e3201cd34a07e3172128adcd8b3090168a8e3bcc40d7c032b9dda1df7d1c" "/opt/rustwide/cargo-home/bin/cargo" "+1.75.0" "build" "--frozen" "--message-format=json", kill_on_drop: false }`
[INFO] [stdout] 901e330fed7b7a099321648a95b4fdf1c12fde9feb8781146aedb10af5dbcc20
[INFO] running `Command { std: "docker" "start" "-a" "901e330fed7b7a099321648a95b4fdf1c12fde9feb8781146aedb10af5dbcc20", kill_on_drop: false }`
[INFO] [stderr]    Compiling num-traits v0.2.17
[INFO] [stderr]    Compiling minicbor v0.19.1
[INFO] [stderr]    Compiling uuid v1.6.1
[INFO] [stderr]    Compiling sync-unsafe-cell v0.1.1
[INFO] [stderr]    Compiling cassette v0.2.4
[INFO] [stderr]    Compiling ordered-float v3.9.2
[INFO] [stderr]    Compiling oc-wasm-sys v0.2.1
[INFO] [stderr]    Compiling oc-wasm-safe v0.4.0
[INFO] [stdout] error[E0433]: failed to resolve: could not find `wasm32` in `arch`
[INFO] [stdout]    --> /opt/rustwide/cargo-home/registry/src/index.crates.io-6f17d22bba15001f/oc-wasm-safe-0.4.0/src/lib.rs:161:15
[INFO] [stdout]     |
[INFO] [stdout] 161 |         core::arch::wasm32::unreachable()
[INFO] [stdout]     |                     ^^^^^^ could not find `wasm32` in `arch`
[INFO] [stdout]     |
[INFO] [stdout]    ::: /opt/rustwide/cargo-home/registry/src/index.crates.io-6f17d22bba15001f/oc-wasm-safe-0.4.0/src/component.rs:80:29
[INFO] [stdout]     |
[INFO] [stdout] 80  |         result.unwrap_or_else(|_| panic_or_trap!("unreachable"));
[INFO] [stdout]     |                                   ----------------------------- in this macro invocation
[INFO] [stdout]     |
[INFO] [stdout]     = note: this error originates in the macro `panic_or_trap` (in Nightly builds, run with -Z macro-backtrace for more info)
[INFO] [stdout] 
[INFO] [stdout] 
[INFO] [stdout] error[E0433]: failed to resolve: could not find `wasm32` in `arch`
[INFO] [stdout]    --> /opt/rustwide/cargo-home/registry/src/index.crates.io-6f17d22bba15001f/oc-wasm-safe-0.4.0/src/lib.rs:161:15
[INFO] [stdout]     |
[INFO] [stdout] 161 |         core::arch::wasm32::unreachable()
[INFO] [stdout]     |                     ^^^^^^ could not find `wasm32` in `arch`
[INFO] [stdout]     |
[INFO] [stdout]    ::: /opt/rustwide/cargo-home/registry/src/index.crates.io-6f17d22bba15001f/oc-wasm-safe-0.4.0/src/component.rs:152:24
[INFO] [stdout]     |
[INFO] [stdout] 152 |             .unwrap_or_else(|_| panic_or_trap!("unreachable"));
[INFO] [stdout]     |                                 ----------------------------- in this macro invocation
[INFO] [stdout]     |
[INFO] [stdout]     = note: this error originates in the macro `panic_or_trap` (in Nightly builds, run with -Z macro-backtrace for more info)
[INFO] [stdout] 
[INFO] [stdout] 
[INFO] [stdout] error[E0433]: failed to resolve: could not find `wasm32` in `arch`
[INFO] [stdout]    --> /opt/rustwide/cargo-home/registry/src/index.crates.io-6f17d22bba15001f/oc-wasm-safe-0.4.0/src/lib.rs:161:15
[INFO] [stdout]     |
[INFO] [stdout] 161 |         core::arch::wasm32::unreachable()
[INFO] [stdout]     |                     ^^^^^^ could not find `wasm32` in `arch`
[INFO] [stdout]     |
[INFO] [stdout]    ::: /opt/rustwide/cargo-home/registry/src/index.crates.io-6f17d22bba15001f/oc-wasm-safe-0.4.0/src/component.rs:358:47
[INFO] [stdout]     |
[INFO] [stdout] 358 |         NonZeroUsize::new(result.unwrap_or_else(|_| panic_or_trap!("unreachable")))
[INFO] [stdout]     |                                                     ----------------------------- in this macro invocation
[INFO] [stdout]     |
[INFO] [stdout]     = note: this error originates in the macro `panic_or_trap` (in Nightly builds, run with -Z macro-backtrace for more info)
[INFO] [stdout] 
[INFO] [stdout] 
[INFO] [stdout] error[E0433]: failed to resolve: could not find `wasm32` in `arch`
[INFO] [stdout]    --> /opt/rustwide/cargo-home/registry/src/index.crates.io-6f17d22bba15001f/oc-wasm-safe-0.4.0/src/lib.rs:161:15
[INFO] [stdout]     |
[INFO] [stdout] 161 |         core::arch::wasm32::unreachable()
[INFO] [stdout]     |                     ^^^^^^ could not find `wasm32` in `arch`
[INFO] [stdout]     |
[INFO] [stdout]    ::: /opt/rustwide/cargo-home/registry/src/index.crates.io-6f17d22bba15001f/oc-wasm-safe-0.4.0/src/component.rs:915:29
[INFO] [stdout]     |
[INFO] [stdout] 915 |         result.unwrap_or_else(|_| panic_or_trap!("unreachable"))
[INFO] [stdout]     |                                   ----------------------------- in this macro invocation
[INFO] [stdout]     |
[INFO] [stdout]     = note: this error originates in the macro `panic_or_trap` (in Nightly builds, run with -Z macro-backtrace for more info)
[INFO] [stdout] 
[INFO] [stdout] 
[INFO] [stdout] error[E0433]: failed to resolve: could not find `wasm32` in `arch`
[INFO] [stdout]    --> /opt/rustwide/cargo-home/registry/src/index.crates.io-6f17d22bba15001f/oc-wasm-safe-0.4.0/src/lib.rs:161:15
[INFO] [stdout]     |
[INFO] [stdout] 161 |         core::arch::wasm32::unreachable()
[INFO] [stdout]     |                     ^^^^^^ could not find `wasm32` in `arch`
[INFO] [stdout]     |
[INFO] [stdout]    ::: /opt/rustwide/cargo-home/registry/src/index.crates.io-6f17d22bba15001f/oc-wasm-safe-0.4.0/src/component.rs:938:14
[INFO] [stdout]     |
[INFO] [stdout] 938 |             Err(_) => panic_or_trap!("unreachable"),
[INFO] [stdout]     |                       ----------------------------- in this macro invocation
[INFO] [stdout]     |
[INFO] [stdout]     = note: this error originates in the macro `panic_or_trap` (in Nightly builds, run with -Z macro-backtrace for more info)
[INFO] [stdout] 
[INFO] [stdout] 
[INFO] [stdout] error[E0433]: failed to resolve: could not find `wasm32` in `arch`
[INFO] [stdout]    --> /opt/rustwide/cargo-home/registry/src/index.crates.io-6f17d22bba15001f/oc-wasm-safe-0.4.0/src/lib.rs:161:15
[INFO] [stdout]     |
[INFO] [stdout] 161 |         core::arch::wasm32::unreachable()
[INFO] [stdout]     |                     ^^^^^^ could not find `wasm32` in `arch`
[INFO] [stdout]     |
[INFO] [stdout]    ::: /opt/rustwide/cargo-home/registry/src/index.crates.io-6f17d22bba15001f/oc-wasm-safe-0.4.0/src/component.rs:956:29
[INFO] [stdout]     |
[INFO] [stdout] 956 |         result.unwrap_or_else(|_| panic_or_trap!("unreachable")) != 0
[INFO] [stdout]     |                                   ----------------------------- in this macro invocation
[INFO] [stdout]     |
[INFO] [stdout]     = note: this error originates in the macro `panic_or_trap` (in Nightly builds, run with -Z macro-backtrace for more info)
[INFO] [stdout] 
[INFO] [stdout] 
[INFO] [stdout] error[E0433]: failed to resolve: could not find `wasm32` in `arch`
[INFO] [stdout]     --> /opt/rustwide/cargo-home/registry/src/index.crates.io-6f17d22bba15001f/oc-wasm-safe-0.4.0/src/lib.rs:161:15
[INFO] [stdout]      |
[INFO] [stdout] 161  |         core::arch::wasm32::unreachable()
[INFO] [stdout]      |                     ^^^^^^ could not find `wasm32` in `arch`
[INFO] [stdout]      |
[INFO] [stdout]     ::: /opt/rustwide/cargo-home/registry/src/index.crates.io-6f17d22bba15001f/oc-wasm-safe-0.4.0/src/component.rs:1001:10
[INFO] [stdout]      |
[INFO] [stdout] 1001 |             -1 => panic_or_trap!("Memory fault"), // Impossible due to memory safety
[INFO] [stdout]      |                   ------------------------------ in this macro invocation
[INFO] [stdout]      |
[INFO] [stdout]      = note: this error originates in the macro `panic_or_trap` (in Nightly builds, run with -Z macro-backtrace for more info)
[INFO] [stdout] 
[INFO] [stdout] 
[INFO] [stdout] error[E0433]: failed to resolve: could not find `wasm32` in `arch`
[INFO] [stdout]     --> /opt/rustwide/cargo-home/registry/src/index.crates.io-6f17d22bba15001f/oc-wasm-safe-0.4.0/src/lib.rs:161:15
[INFO] [stdout]      |
[INFO] [stdout] 161  |         core::arch::wasm32::unreachable()
[INFO] [stdout]      |                     ^^^^^^ could not find `wasm32` in `arch`
[INFO] [stdout]      |
[INFO] [stdout]     ::: /opt/rustwide/cargo-home/registry/src/index.crates.io-6f17d22bba15001f/oc-wasm-safe-0.4.0/src/component.rs:1003:10
[INFO] [stdout]      |
[INFO] [stdout] 1003 |             -3 => panic_or_trap!("String decode error"), // Impossible due to type safety of &str
[INFO] [stdout]      |                   ------------------------------------- in this macro invocation
[INFO] [stdout]      |
[INFO] [stdout]      = note: this error originates in the macro `panic_or_trap` (in Nightly builds, run with -Z macro-backtrace for more info)
[INFO] [stdout] 
[INFO] [stdout] 
[INFO] [stdout] error[E0433]: failed to resolve: could not find `wasm32` in `arch`
[INFO] [stdout]    --> /opt/rustwide/cargo-home/registry/src/index.crates.io-6f17d22bba15001f/oc-wasm-safe-0.4.0/src/lib.rs:161:15
[INFO] [stdout]     |
[INFO] [stdout] 161 |         core::arch::wasm32::unreachable()
[INFO] [stdout]     |                     ^^^^^^ could not find `wasm32` in `arch`
[INFO] [stdout]     |
[INFO] [stdout]    ::: /opt/rustwide/cargo-home/registry/src/index.crates.io-6f17d22bba15001f/oc-wasm-safe-0.4.0/src/computer.rs:94:35
[INFO] [stdout]     |
[INFO] [stdout] 94  |     let len = len.unwrap_or_else(|_| panic_or_trap!("unreachable"));
[INFO] [stdout]     |                                      ----------------------------- in this macro invocation
[INFO] [stdout]     |
[INFO] [stdout]     = note: this error originates in the macro `panic_or_trap` (in Nightly builds, run with -Z macro-backtrace for more info)
[INFO] [stdout] 
[INFO] [stdout] 
[INFO] [stdout] error[E0433]: failed to resolve: could not find `wasm32` in `arch`
[INFO] [stdout]    --> /opt/rustwide/cargo-home/registry/src/index.crates.io-6f17d22bba15001f/oc-wasm-safe-0.4.0/src/lib.rs:161:15
[INFO] [stdout]     |
[INFO] [stdout] 161 |         core::arch::wasm32::unreachable()
[INFO] [stdout]     |                     ^^^^^^ could not find `wasm32` in `arch`
[INFO] [stdout]     |
[INFO] [stdout]    ::: /opt/rustwide/cargo-home/registry/src/index.crates.io-6f17d22bba15001f/oc-wasm-safe-0.4.0/src/computer.rs:141:35
[INFO] [stdout]     |
[INFO] [stdout] 141 |     let len = len.unwrap_or_else(|_| panic_or_trap!("unreachable"));
[INFO] [stdout]     |                                      ----------------------------- in this macro invocation
[INFO] [stdout]     |
[INFO] [stdout]     = note: this error originates in the macro `panic_or_trap` (in Nightly builds, run with -Z macro-backtrace for more info)
[INFO] [stdout] 
[INFO] [stdout] 
[INFO] [stdout] error[E0433]: failed to resolve: could not find `wasm32` in `arch`
[INFO] [stdout]    --> /opt/rustwide/cargo-home/registry/src/index.crates.io-6f17d22bba15001f/oc-wasm-safe-0.4.0/src/lib.rs:161:15
[INFO] [stdout]     |
[INFO] [stdout] 161 |         core::arch::wasm32::unreachable()
[INFO] [stdout]     |                     ^^^^^^ could not find `wasm32` in `arch`
[INFO] [stdout]     |
[INFO] [stdout]    ::: /opt/rustwide/cargo-home/registry/src/index.crates.io-6f17d22bba15001f/oc-wasm-safe-0.4.0/src/computer.rs:236:28
[INFO] [stdout]     |
[INFO] [stdout] 236 |     result.unwrap_or_else(|_| panic_or_trap!("unreachable"));
[INFO] [stdout]     |                               ----------------------------- in this macro invocation
[INFO] [stdout]     |
[INFO] [stdout]     = note: this error originates in the macro `panic_or_trap` (in Nightly builds, run with -Z macro-backtrace for more info)
[INFO] [stdout] 
[INFO] [stdout] 
[INFO] [stdout] error[E0433]: failed to resolve: could not find `wasm32` in `arch`
[INFO] [stdout]    --> /opt/rustwide/cargo-home/registry/src/index.crates.io-6f17d22bba15001f/oc-wasm-safe-0.4.0/src/lib.rs:161:15
[INFO] [stdout]     |
[INFO] [stdout] 161 |         core::arch::wasm32::unreachable()
[INFO] [stdout]     |                     ^^^^^^ could not find `wasm32` in `arch`
[INFO] [stdout]     |
[INFO] [stdout]    ::: /opt/rustwide/cargo-home/registry/src/index.crates.io-6f17d22bba15001f/oc-wasm-safe-0.4.0/src/computer.rs:264:28
[INFO] [stdout]     |
[INFO] [stdout] 264 |     result.unwrap_or_else(|_| panic_or_trap!("unreachable"));
[INFO] [stdout]     |                               ----------------------------- in this macro invocation
[INFO] [stdout]     |
[INFO] [stdout]     = note: this error originates in the macro `panic_or_trap` (in Nightly builds, run with -Z macro-backtrace for more info)
[INFO] [stdout] 
[INFO] [stdout] 
[INFO] [stdout] error[E0433]: failed to resolve: could not find `wasm32` in `arch`
[INFO] [stdout]    --> /opt/rustwide/cargo-home/registry/src/index.crates.io-6f17d22bba15001f/oc-wasm-safe-0.4.0/src/lib.rs:161:15
[INFO] [stdout]     |
[INFO] [stdout] 161 |         core::arch::wasm32::unreachable()
[INFO] [stdout]     |                     ^^^^^^ could not find `wasm32` in `arch`
[INFO] [stdout]     |
[INFO] [stdout]    ::: /opt/rustwide/cargo-home/registry/src/index.crates.io-6f17d22bba15001f/oc-wasm-safe-0.4.0/src/error.rs:87:10
[INFO] [stdout]     |
[INFO] [stdout] 87  |             -1 => panic_or_trap!("Memory fault"), // Impossible due to memory safety
[INFO] [stdout]     |                   ------------------------------ in this macro invocation
[INFO] [stdout]     |
[INFO] [stdout]     = note: this error originates in the macro `panic_or_trap` (in Nightly builds, run with -Z macro-backtrace for more info)
[INFO] [stdout] 
[INFO] [stdout] 
[INFO] [stdout] error[E0433]: failed to resolve: could not find `wasm32` in `arch`
[INFO] [stdout]    --> /opt/rustwide/cargo-home/registry/src/index.crates.io-6f17d22bba15001f/oc-wasm-safe-0.4.0/src/lib.rs:161:15
[INFO] [stdout]     |
[INFO] [stdout] 161 |         core::arch::wasm32::unreachable()
[INFO] [stdout]     |                     ^^^^^^ could not find `wasm32` in `arch`
[INFO] [stdout]     |
[INFO] [stdout]    ::: /opt/rustwide/cargo-home/registry/src/index.crates.io-6f17d22bba15001f/oc-wasm-safe-0.4.0/src/error.rs:89:10
[INFO] [stdout]     |
[INFO] [stdout] 89  |             -3 => panic_or_trap!("String decode error"), // Impossible due to type safety of &str
[INFO] [stdout]     |                   ------------------------------------- in this macro invocation
[INFO] [stdout]     |
[INFO] [stdout]     = note: this error originates in the macro `panic_or_trap` (in Nightly builds, run with -Z macro-backtrace for more info)
[INFO] [stdout] 
[INFO] [stdout] 
[INFO] [stdout] error: aborting due to 14 previous errors
[INFO] [stdout] 
[INFO] [stdout] 
[INFO] [stdout] For more information about this error, try `rustc --explain E0433`.
[INFO] [stdout] 
[INFO] [stderr] error: could not compile `oc-wasm-safe` (lib) due to 15 previous errors
[INFO] running `Command { std: "docker" "inspect" "901e330fed7b7a099321648a95b4fdf1c12fde9feb8781146aedb10af5dbcc20", kill_on_drop: false }`
[INFO] running `Command { std: "docker" "rm" "-f" "901e330fed7b7a099321648a95b4fdf1c12fde9feb8781146aedb10af5dbcc20", kill_on_drop: false }`
[INFO] [stdout] 901e330fed7b7a099321648a95b4fdf1c12fde9feb8781146aedb10af5dbcc20
[INFO] testing oc-wasm-cassette-0.3.0 against beta-2023-12-22 for beta-1.76-1
[INFO] extracting crate oc-wasm-cassette 0.3.0 into /workspace/builds/worker-5-tc2/source
[INFO] validating manifest of crates.io crate oc-wasm-cassette 0.3.0 on toolchain beta-2023-12-22
[INFO] running `Command { std: CARGO_HOME="/workspace/cargo-home" RUSTUP_HOME="/workspace/rustup-home" "/workspace/cargo-home/bin/cargo" "+beta-2023-12-22" "metadata" "--manifest-path" "Cargo.toml" "--no-deps", kill_on_drop: false }`
[INFO] removed /workspace/builds/worker-5-tc2/source/.cargo/config.toml
[INFO] started tweaking crates.io crate oc-wasm-cassette 0.3.0
[INFO] finished tweaking crates.io crate oc-wasm-cassette 0.3.0
[INFO] tweaked toml for crates.io crate oc-wasm-cassette 0.3.0 written to /workspace/builds/worker-5-tc2/source/Cargo.toml
[INFO] running `Command { std: CARGO_HOME="/workspace/cargo-home" RUSTUP_HOME="/workspace/rustup-home" "/workspace/cargo-home/bin/cargo" "+beta-2023-12-22" "generate-lockfile" "--manifest-path" "Cargo.toml", kill_on_drop: false }`
[INFO] [stderr]     Updating crates.io index
[INFO] running `Command { std: CARGO_HOME="/workspace/cargo-home" RUSTUP_HOME="/workspace/rustup-home" "/workspace/cargo-home/bin/cargo" "+beta-2023-12-22" "fetch" "--manifest-path" "Cargo.toml", kill_on_drop: false }`
[INFO] running `Command { std: "docker" "create" "-v" "/var/lib/crater-agent-workspace/builds/worker-5-tc2/target:/opt/rustwide/target:rw,Z" "-v" "/var/lib/crater-agent-workspace/builds/worker-5-tc2/source:/opt/rustwide/workdir:ro,Z" "-v" "/var/lib/crater-agent-workspace/cargo-home:/opt/rustwide/cargo-home:ro,Z" "-v" "/var/lib/crater-agent-workspace/rustup-home:/opt/rustwide/rustup-home:ro,Z" "-e" "SOURCE_DIR=/opt/rustwide/workdir" "-e" "CARGO_TARGET_DIR=/opt/rustwide/target" "-e" "CARGO_HOME=/opt/rustwide/cargo-home" "-e" "RUSTUP_HOME=/opt/rustwide/rustup-home" "-w" "/opt/rustwide/workdir" "-m" "1610612736" "--user" "0:0" "--network" "none" "ghcr.io/rust-lang/crates-build-env/linux@sha256:2788e3201cd34a07e3172128adcd8b3090168a8e3bcc40d7c032b9dda1df7d1c" "/opt/rustwide/cargo-home/bin/cargo" "+beta-2023-12-22" "metadata" "--no-deps" "--format-version=1", kill_on_drop: false }`
[INFO] [stdout] 214e07d3a7477324590a32b8ca3828a66b653abe8b7865da40d59dc2c2135178
[INFO] running `Command { std: "docker" "start" "-a" "214e07d3a7477324590a32b8ca3828a66b653abe8b7865da40d59dc2c2135178", kill_on_drop: false }`
[INFO] running `Command { std: "docker" "inspect" "214e07d3a7477324590a32b8ca3828a66b653abe8b7865da40d59dc2c2135178", kill_on_drop: false }`
[INFO] running `Command { std: "docker" "rm" "-f" "214e07d3a7477324590a32b8ca3828a66b653abe8b7865da40d59dc2c2135178", kill_on_drop: false }`
[INFO] [stdout] 214e07d3a7477324590a32b8ca3828a66b653abe8b7865da40d59dc2c2135178
[INFO] running `Command { std: "docker" "create" "-v" "/var/lib/crater-agent-workspace/builds/worker-5-tc2/target:/opt/rustwide/target:rw,Z" "-v" "/var/lib/crater-agent-workspace/builds/worker-5-tc2/source:/opt/rustwide/workdir:ro,Z" "-v" "/var/lib/crater-agent-workspace/cargo-home:/opt/rustwide/cargo-home:ro,Z" "-v" "/var/lib/crater-agent-workspace/rustup-home:/opt/rustwide/rustup-home:ro,Z" "-e" "SOURCE_DIR=/opt/rustwide/workdir" "-e" "CARGO_TARGET_DIR=/opt/rustwide/target" "-e" "CARGO_INCREMENTAL=0" "-e" "RUST_BACKTRACE=full" "-e" "RUSTFLAGS=--cap-lints=warn" "-e" "RUSTDOCFLAGS=--cap-lints=warn" "-e" "CARGO_HOME=/opt/rustwide/cargo-home" "-e" "RUSTUP_HOME=/opt/rustwide/rustup-home" "-w" "/opt/rustwide/workdir" "-m" "1610612736" "--user" "0:0" "--network" "none" "ghcr.io/rust-lang/crates-build-env/linux@sha256:2788e3201cd34a07e3172128adcd8b3090168a8e3bcc40d7c032b9dda1df7d1c" "/opt/rustwide/cargo-home/bin/cargo" "+beta-2023-12-22" "build" "--frozen" "--message-format=json", kill_on_drop: false }`
[INFO] [stdout] 5e09dac1d800520a85a2f1f45e0dd4e62431043a9f78147d08356582b4c27a3c
[INFO] running `Command { std: "docker" "start" "-a" "5e09dac1d800520a85a2f1f45e0dd4e62431043a9f78147d08356582b4c27a3c", kill_on_drop: false }`
[INFO] [stderr]    Compiling num-traits v0.2.17
[INFO] [stderr]    Compiling minicbor v0.19.1
[INFO] [stderr]    Compiling uuid v1.6.1
[INFO] [stderr]    Compiling sync-unsafe-cell v0.1.1
[INFO] [stderr]    Compiling cassette v0.2.4
[INFO] [stderr]    Compiling ordered-float v3.9.2
[INFO] [stderr]    Compiling oc-wasm-sys v0.2.1
[INFO] [stderr]    Compiling oc-wasm-safe v0.4.0
[INFO] [stdout] error[E0433]: failed to resolve: could not find `wasm32` in `arch`
[INFO] [stdout]    --> /opt/rustwide/cargo-home/registry/src/index.crates.io-6f17d22bba15001f/oc-wasm-safe-0.4.0/src/lib.rs:161:15
[INFO] [stdout]     |
[INFO] [stdout] 161 |         core::arch::wasm32::unreachable()
[INFO] [stdout]     |                     ^^^^^^ could not find `wasm32` in `arch`
[INFO] [stdout]     |
[INFO] [stdout]    ::: /opt/rustwide/cargo-home/registry/src/index.crates.io-6f17d22bba15001f/oc-wasm-safe-0.4.0/src/component.rs:80:29
[INFO] [stdout]     |
[INFO] [stdout] 80  |         result.unwrap_or_else(|_| panic_or_trap!("unreachable"));
[INFO] [stdout]     |                                   ----------------------------- in this macro invocation
[INFO] [stdout]     |
[INFO] [stdout]     = note: this error originates in the macro `panic_or_trap` (in Nightly builds, run with -Z macro-backtrace for more info)
[INFO] [stdout] 
[INFO] [stdout] 
[INFO] [stdout] error[E0433]: failed to resolve: could not find `wasm32` in `arch`
[INFO] [stdout]    --> /opt/rustwide/cargo-home/registry/src/index.crates.io-6f17d22bba15001f/oc-wasm-safe-0.4.0/src/lib.rs:161:15
[INFO] [stdout]     |
[INFO] [stdout] 161 |         core::arch::wasm32::unreachable()
[INFO] [stdout]     |                     ^^^^^^ could not find `wasm32` in `arch`
[INFO] [stdout]     |
[INFO] [stdout]    ::: /opt/rustwide/cargo-home/registry/src/index.crates.io-6f17d22bba15001f/oc-wasm-safe-0.4.0/src/component.rs:152:24
[INFO] [stdout]     |
[INFO] [stdout] 152 |             .unwrap_or_else(|_| panic_or_trap!("unreachable"));
[INFO] [stdout]     |                                 ----------------------------- in this macro invocation
[INFO] [stdout]     |
[INFO] [stdout]     = note: this error originates in the macro `panic_or_trap` (in Nightly builds, run with -Z macro-backtrace for more info)
[INFO] [stdout] 
[INFO] [stdout] 
[INFO] [stdout] error[E0433]: failed to resolve: could not find `wasm32` in `arch`
[INFO] [stdout]    --> /opt/rustwide/cargo-home/registry/src/index.crates.io-6f17d22bba15001f/oc-wasm-safe-0.4.0/src/lib.rs:161:15
[INFO] [stdout]     |
[INFO] [stdout] 161 |         core::arch::wasm32::unreachable()
[INFO] [stdout]     |                     ^^^^^^ could not find `wasm32` in `arch`
[INFO] [stdout]     |
[INFO] [stdout]    ::: /opt/rustwide/cargo-home/registry/src/index.crates.io-6f17d22bba15001f/oc-wasm-safe-0.4.0/src/component.rs:358:47
[INFO] [stdout]     |
[INFO] [stdout] 358 |         NonZeroUsize::new(result.unwrap_or_else(|_| panic_or_trap!("unreachable")))
[INFO] [stdout]     |                                                     ----------------------------- in this macro invocation
[INFO] [stdout]     |
[INFO] [stdout]     = note: this error originates in the macro `panic_or_trap` (in Nightly builds, run with -Z macro-backtrace for more info)
[INFO] [stdout] 
[INFO] [stdout] 
[INFO] [stdout] error[E0433]: failed to resolve: could not find `wasm32` in `arch`
[INFO] [stdout]    --> /opt/rustwide/cargo-home/registry/src/index.crates.io-6f17d22bba15001f/oc-wasm-safe-0.4.0/src/lib.rs:161:15
[INFO] [stdout]     |
[INFO] [stdout] 161 |         core::arch::wasm32::unreachable()
[INFO] [stdout]     |                     ^^^^^^ could not find `wasm32` in `arch`
[INFO] [stdout]     |
[INFO] [stdout]    ::: /opt/rustwide/cargo-home/registry/src/index.crates.io-6f17d22bba15001f/oc-wasm-safe-0.4.0/src/component.rs:915:29
[INFO] [stdout]     |
[INFO] [stdout] 915 |         result.unwrap_or_else(|_| panic_or_trap!("unreachable"))
[INFO] [stdout]     |                                   ----------------------------- in this macro invocation
[INFO] [stdout]     |
[INFO] [stdout]     = note: this error originates in the macro `panic_or_trap` (in Nightly builds, run with -Z macro-backtrace for more info)
[INFO] [stdout] 
[INFO] [stdout] 
[INFO] [stdout] error[E0433]: failed to resolve: could not find `wasm32` in `arch`
[INFO] [stdout]    --> /opt/rustwide/cargo-home/registry/src/index.crates.io-6f17d22bba15001f/oc-wasm-safe-0.4.0/src/lib.rs:161:15
[INFO] [stdout]     |
[INFO] [stdout] 161 |         core::arch::wasm32::unreachable()
[INFO] [stdout]     |                     ^^^^^^ could not find `wasm32` in `arch`
[INFO] [stdout]     |
[INFO] [stdout]    ::: /opt/rustwide/cargo-home/registry/src/index.crates.io-6f17d22bba15001f/oc-wasm-safe-0.4.0/src/component.rs:938:14
[INFO] [stdout]     |
[INFO] [stdout] 938 |             Err(_) => panic_or_trap!("unreachable"),
[INFO] [stdout]     |                       ----------------------------- in this macro invocation
[INFO] [stdout]     |
[INFO] [stdout]     = note: this error originates in the macro `panic_or_trap` (in Nightly builds, run with -Z macro-backtrace for more info)
[INFO] [stdout] 
[INFO] [stdout] 
[INFO] [stdout] error[E0433]: failed to resolve: could not find `wasm32` in `arch`
[INFO] [stdout]    --> /opt/rustwide/cargo-home/registry/src/index.crates.io-6f17d22bba15001f/oc-wasm-safe-0.4.0/src/lib.rs:161:15
[INFO] [stdout]     |
[INFO] [stdout] 161 |         core::arch::wasm32::unreachable()
[INFO] [stdout]     |                     ^^^^^^ could not find `wasm32` in `arch`
[INFO] [stdout]     |
[INFO] [stdout]    ::: /opt/rustwide/cargo-home/registry/src/index.crates.io-6f17d22bba15001f/oc-wasm-safe-0.4.0/src/component.rs:956:29
[INFO] [stdout]     |
[INFO] [stdout] 956 |         result.unwrap_or_else(|_| panic_or_trap!("unreachable")) != 0
[INFO] [stdout]     |                                   ----------------------------- in this macro invocation
[INFO] [stdout]     |
[INFO] [stdout]     = note: this error originates in the macro `panic_or_trap` (in Nightly builds, run with -Z macro-backtrace for more info)
[INFO] [stdout] 
[INFO] [stdout] 
[INFO] [stdout] error[E0433]: failed to resolve: could not find `wasm32` in `arch`
[INFO] [stdout]     --> /opt/rustwide/cargo-home/registry/src/index.crates.io-6f17d22bba15001f/oc-wasm-safe-0.4.0/src/lib.rs:161:15
[INFO] [stdout]      |
[INFO] [stdout] 161  |         core::arch::wasm32::unreachable()
[INFO] [stdout]      |                     ^^^^^^ could not find `wasm32` in `arch`
[INFO] [stdout]      |
[INFO] [stdout]     ::: /opt/rustwide/cargo-home/registry/src/index.crates.io-6f17d22bba15001f/oc-wasm-safe-0.4.0/src/component.rs:1001:10
[INFO] [stdout]      |
[INFO] [stdout] 1001 |             -1 => panic_or_trap!("Memory fault"), // Impossible due to memory safety
[INFO] [stdout]      |                   ------------------------------ in this macro invocation
[INFO] [stdout]      |
[INFO] [stdout]      = note: this error originates in the macro `panic_or_trap` (in Nightly builds, run with -Z macro-backtrace for more info)
[INFO] [stdout] 
[INFO] [stdout] 
[INFO] [stdout] error[E0433]: failed to resolve: could not find `wasm32` in `arch`
[INFO] [stdout]     --> /opt/rustwide/cargo-home/registry/src/index.crates.io-6f17d22bba15001f/oc-wasm-safe-0.4.0/src/lib.rs:161:15
[INFO] [stdout]      |
[INFO] [stdout] 161  |         core::arch::wasm32::unreachable()
[INFO] [stdout]      |                     ^^^^^^ could not find `wasm32` in `arch`
[INFO] [stdout]      |
[INFO] [stdout]     ::: /opt/rustwide/cargo-home/registry/src/index.crates.io-6f17d22bba15001f/oc-wasm-safe-0.4.0/src/component.rs:1003:10
[INFO] [stdout]      |
[INFO] [stdout] 1003 |             -3 => panic_or_trap!("String decode error"), // Impossible due to type safety of &str
[INFO] [stdout]      |                   ------------------------------------- in this macro invocation
[INFO] [stdout]      |
[INFO] [stdout]      = note: this error originates in the macro `panic_or_trap` (in Nightly builds, run with -Z macro-backtrace for more info)
[INFO] [stdout] 
[INFO] [stdout] 
[INFO] [stdout] error[E0433]: failed to resolve: could not find `wasm32` in `arch`
[INFO] [stdout]    --> /opt/rustwide/cargo-home/registry/src/index.crates.io-6f17d22bba15001f/oc-wasm-safe-0.4.0/src/lib.rs:161:15
[INFO] [stdout]     |
[INFO] [stdout] 161 |         core::arch::wasm32::unreachable()
[INFO] [stdout]     |                     ^^^^^^ could not find `wasm32` in `arch`
[INFO] [stdout]     |
[INFO] [stdout]    ::: /opt/rustwide/cargo-home/registry/src/index.crates.io-6f17d22bba15001f/oc-wasm-safe-0.4.0/src/computer.rs:94:35
[INFO] [stdout]     |
[INFO] [stdout] 94  |     let len = len.unwrap_or_else(|_| panic_or_trap!("unreachable"));
[INFO] [stdout]     |                                      ----------------------------- in this macro invocation
[INFO] [stdout]     |
[INFO] [stdout]     = note: this error originates in the macro `panic_or_trap` (in Nightly builds, run with -Z macro-backtrace for more info)
[INFO] [stdout] 
[INFO] [stdout] 
[INFO] [stdout] error[E0433]: failed to resolve: could not find `wasm32` in `arch`
[INFO] [stdout]    --> /opt/rustwide/cargo-home/registry/src/index.crates.io-6f17d22bba15001f/oc-wasm-safe-0.4.0/src/lib.rs:161:15
[INFO] [stdout]     |
[INFO] [stdout] 161 |         core::arch::wasm32::unreachable()
[INFO] [stdout]     |                     ^^^^^^ could not find `wasm32` in `arch`
[INFO] [stdout]     |
[INFO] [stdout]    ::: /opt/rustwide/cargo-home/registry/src/index.crates.io-6f17d22bba15001f/oc-wasm-safe-0.4.0/src/computer.rs:141:35
[INFO] [stdout]     |
[INFO] [stdout] 141 |     let len = len.unwrap_or_else(|_| panic_or_trap!("unreachable"));
[INFO] [stdout]     |                                      ----------------------------- in this macro invocation
[INFO] [stdout]     |
[INFO] [stdout]     = note: this error originates in the macro `panic_or_trap` (in Nightly builds, run with -Z macro-backtrace for more info)
[INFO] [stdout] 
[INFO] [stdout] 
[INFO] [stdout] error[E0433]: failed to resolve: could not find `wasm32` in `arch`
[INFO] [stdout]    --> /opt/rustwide/cargo-home/registry/src/index.crates.io-6f17d22bba15001f/oc-wasm-safe-0.4.0/src/lib.rs:161:15
[INFO] [stdout]     |
[INFO] [stdout] 161 |         core::arch::wasm32::unreachable()
[INFO] [stdout]     |                     ^^^^^^ could not find `wasm32` in `arch`
[INFO] [stdout]     |
[INFO] [stdout]    ::: /opt/rustwide/cargo-home/registry/src/index.crates.io-6f17d22bba15001f/oc-wasm-safe-0.4.0/src/computer.rs:236:28
[INFO] [stdout]     |
[INFO] [stdout] 236 |     result.unwrap_or_else(|_| panic_or_trap!("unreachable"));
[INFO] [stdout]     |                               ----------------------------- in this macro invocation
[INFO] [stdout]     |
[INFO] [stdout]     = note: this error originates in the macro `panic_or_trap` (in Nightly builds, run with -Z macro-backtrace for more info)
[INFO] [stdout] 
[INFO] [stdout] 
[INFO] [stdout] error[E0433]: failed to resolve: could not find `wasm32` in `arch`
[INFO] [stdout]    --> /opt/rustwide/cargo-home/registry/src/index.crates.io-6f17d22bba15001f/oc-wasm-safe-0.4.0/src/lib.rs:161:15
[INFO] [stdout]     |
[INFO] [stdout] 161 |         core::arch::wasm32::unreachable()
[INFO] [stdout]     |                     ^^^^^^ could not find `wasm32` in `arch`
[INFO] [stdout]     |
[INFO] [stdout]    ::: /opt/rustwide/cargo-home/registry/src/index.crates.io-6f17d22bba15001f/oc-wasm-safe-0.4.0/src/computer.rs:264:28
[INFO] [stdout]     |
[INFO] [stdout] 264 |     result.unwrap_or_else(|_| panic_or_trap!("unreachable"));
[INFO] [stdout]     |                               ----------------------------- in this macro invocation
[INFO] [stdout]     |
[INFO] [stdout]     = note: this error originates in the macro `panic_or_trap` (in Nightly builds, run with -Z macro-backtrace for more info)
[INFO] [stdout] 
[INFO] [stdout] 
[INFO] [stdout] error[E0433]: failed to resolve: could not find `wasm32` in `arch`
[INFO] [stdout]    --> /opt/rustwide/cargo-home/registry/src/index.crates.io-6f17d22bba15001f/oc-wasm-safe-0.4.0/src/lib.rs:161:15
[INFO] [stdout]     |
[INFO] [stdout] 161 |         core::arch::wasm32::unreachable()
[INFO] [stdout]     |                     ^^^^^^ could not find `wasm32` in `arch`
[INFO] [stdout]     |
[INFO] [stdout]    ::: /opt/rustwide/cargo-home/registry/src/index.crates.io-6f17d22bba15001f/oc-wasm-safe-0.4.0/src/error.rs:87:10
[INFO] [stdout]     |
[INFO] [stdout] 87  |             -1 => panic_or_trap!("Memory fault"), // Impossible due to memory safety
[INFO] [stdout]     |                   ------------------------------ in this macro invocation
[INFO] [stdout]     |
[INFO] [stdout]     = note: this error originates in the macro `panic_or_trap` (in Nightly builds, run with -Z macro-backtrace for more info)
[INFO] [stdout] 
[INFO] [stdout] 
[INFO] [stdout] error[E0433]: failed to resolve: could not find `wasm32` in `arch`
[INFO] [stdout]    --> /opt/rustwide/cargo-home/registry/src/index.crates.io-6f17d22bba15001f/oc-wasm-safe-0.4.0/src/lib.rs:161:15
[INFO] [stdout]     |
[INFO] [stdout] 161 |         core::arch::wasm32::unreachable()
[INFO] [stdout]     |                     ^^^^^^ could not find `wasm32` in `arch`
[INFO] [stdout]     |
[INFO] [stdout]    ::: /opt/rustwide/cargo-home/registry/src/index.crates.io-6f17d22bba15001f/oc-wasm-safe-0.4.0/src/error.rs:89:10
[INFO] [stdout]     |
[INFO] [stdout] 89  |             -3 => panic_or_trap!("String decode error"), // Impossible due to type safety of &str
[INFO] [stdout]     |                   ------------------------------------- in this macro invocation
[INFO] [stdout]     |
[INFO] [stdout]     = note: this error originates in the macro `panic_or_trap` (in Nightly builds, run with -Z macro-backtrace for more info)
[INFO] [stdout] 
[INFO] [stdout] 
[INFO] [stdout] error: aborting due to 14 previous errors
[INFO] [stdout] 
[INFO] [stdout] 
[INFO] [stdout] For more information about this error, try `rustc --explain E0433`.
[INFO] [stdout] 
[INFO] [stderr] error: could not compile `oc-wasm-safe` (lib) due to 15 previous errors
[INFO] running `Command { std: "docker" "inspect" "5e09dac1d800520a85a2f1f45e0dd4e62431043a9f78147d08356582b4c27a3c", kill_on_drop: false }`
[INFO] running `Command { std: "docker" "rm" "-f" "5e09dac1d800520a85a2f1f45e0dd4e62431043a9f78147d08356582b4c27a3c", kill_on_drop: false }`
[INFO] [stdout] 5e09dac1d800520a85a2f1f45e0dd4e62431043a9f78147d08356582b4c27a3c
