[INFO] fetching crate oblivious_transfer_protocols 0.5.0...
[INFO] testing oblivious_transfer_protocols-0.5.0 against 1.75.0 for beta-1.76-1
[INFO] extracting crate oblivious_transfer_protocols 0.5.0 into /workspace/builds/worker-1-tc1/source
[INFO] validating manifest of crates.io crate oblivious_transfer_protocols 0.5.0 on toolchain 1.75.0
[INFO] running `Command { std: CARGO_HOME="/workspace/cargo-home" RUSTUP_HOME="/workspace/rustup-home" "/workspace/cargo-home/bin/cargo" "+1.75.0" "metadata" "--manifest-path" "Cargo.toml" "--no-deps", kill_on_drop: false }`
[INFO] started tweaking crates.io crate oblivious_transfer_protocols 0.5.0
[INFO] finished tweaking crates.io crate oblivious_transfer_protocols 0.5.0
[INFO] tweaked toml for crates.io crate oblivious_transfer_protocols 0.5.0 written to /workspace/builds/worker-1-tc1/source/Cargo.toml
[INFO] running `Command { std: CARGO_HOME="/workspace/cargo-home" RUSTUP_HOME="/workspace/rustup-home" "/workspace/cargo-home/bin/cargo" "+1.75.0" "generate-lockfile" "--manifest-path" "Cargo.toml", kill_on_drop: false }`
[INFO] [stderr]     Updating crates.io index
[INFO] running `Command { std: CARGO_HOME="/workspace/cargo-home" RUSTUP_HOME="/workspace/rustup-home" "/workspace/cargo-home/bin/cargo" "+1.75.0" "fetch" "--manifest-path" "Cargo.toml", kill_on_drop: false }`
[INFO] [stderr]  Downloading crates ...
[INFO] [stderr]   Downloaded dock_merlin v2.0.0
[INFO] [stderr]   Downloaded schnorr_pok v0.16.0
[INFO] [stderr]   Downloaded dock_crypto_utils v0.16.0
[INFO] [stderr]   Downloaded ark-bls12-381 v0.4.0
[INFO] running `Command { std: "docker" "create" "-v" "/var/lib/crater-agent-workspace/builds/worker-1-tc1/target:/opt/rustwide/target:rw,Z" "-v" "/var/lib/crater-agent-workspace/builds/worker-1-tc1/source:/opt/rustwide/workdir:ro,Z" "-v" "/var/lib/crater-agent-workspace/cargo-home:/opt/rustwide/cargo-home:ro,Z" "-v" "/var/lib/crater-agent-workspace/rustup-home:/opt/rustwide/rustup-home:ro,Z" "-e" "SOURCE_DIR=/opt/rustwide/workdir" "-e" "CARGO_TARGET_DIR=/opt/rustwide/target" "-e" "CARGO_HOME=/opt/rustwide/cargo-home" "-e" "RUSTUP_HOME=/opt/rustwide/rustup-home" "-w" "/opt/rustwide/workdir" "-m" "1610612736" "--user" "0:0" "--network" "none" "ghcr.io/rust-lang/crates-build-env/linux@sha256:2788e3201cd34a07e3172128adcd8b3090168a8e3bcc40d7c032b9dda1df7d1c" "/opt/rustwide/cargo-home/bin/cargo" "+1.75.0" "metadata" "--no-deps" "--format-version=1", kill_on_drop: false }`
[INFO] [stdout] 959e290a85b40a65d9afdcd0f8c50c7eb47cd9d9210cb93da465ff8429c0777d
[INFO] running `Command { std: "docker" "start" "-a" "959e290a85b40a65d9afdcd0f8c50c7eb47cd9d9210cb93da465ff8429c0777d", kill_on_drop: false }`
[INFO] running `Command { std: "docker" "inspect" "959e290a85b40a65d9afdcd0f8c50c7eb47cd9d9210cb93da465ff8429c0777d", kill_on_drop: false }`
[INFO] running `Command { std: "docker" "rm" "-f" "959e290a85b40a65d9afdcd0f8c50c7eb47cd9d9210cb93da465ff8429c0777d", kill_on_drop: false }`
[INFO] [stdout] 959e290a85b40a65d9afdcd0f8c50c7eb47cd9d9210cb93da465ff8429c0777d
[INFO] running `Command { std: "docker" "create" "-v" "/var/lib/crater-agent-workspace/builds/worker-1-tc1/target:/opt/rustwide/target:rw,Z" "-v" "/var/lib/crater-agent-workspace/builds/worker-1-tc1/source:/opt/rustwide/workdir:ro,Z" "-v" "/var/lib/crater-agent-workspace/cargo-home:/opt/rustwide/cargo-home:ro,Z" "-v" "/var/lib/crater-agent-workspace/rustup-home:/opt/rustwide/rustup-home:ro,Z" "-e" "SOURCE_DIR=/opt/rustwide/workdir" "-e" "CARGO_TARGET_DIR=/opt/rustwide/target" "-e" "CARGO_INCREMENTAL=0" "-e" "RUST_BACKTRACE=full" "-e" "RUSTFLAGS=--cap-lints=warn" "-e" "RUSTDOCFLAGS=--cap-lints=warn" "-e" "CARGO_HOME=/opt/rustwide/cargo-home" "-e" "RUSTUP_HOME=/opt/rustwide/rustup-home" "-w" "/opt/rustwide/workdir" "-m" "1610612736" "--user" "0:0" "--network" "none" "ghcr.io/rust-lang/crates-build-env/linux@sha256:2788e3201cd34a07e3172128adcd8b3090168a8e3bcc40d7c032b9dda1df7d1c" "/opt/rustwide/cargo-home/bin/cargo" "+1.75.0" "build" "--frozen" "--message-format=json", kill_on_drop: false }`
[INFO] [stdout] d2f455ced37182c9f40b0cdcb7e668648a966c5eb0ce9d9d5c591c588aa672a6
[INFO] running `Command { std: "docker" "start" "-a" "d2f455ced37182c9f40b0cdcb7e668648a966c5eb0ce9d9d5c591c588aa672a6", kill_on_drop: false }`
[INFO] [stderr]    Compiling num-traits v0.2.17
[INFO] [stderr]    Compiling generic-array v0.14.7
[INFO] [stderr]    Compiling num-integer v0.1.45
[INFO] [stderr]    Compiling crossbeam-utils v0.8.18
[INFO] [stderr]    Compiling rayon-core v1.12.0
[INFO] [stderr]    Compiling num-bigint v0.4.4
[INFO] [stderr]    Compiling rand_core v0.6.4
[INFO] [stderr]    Compiling syn v2.0.48
[INFO] [stderr]    Compiling ppv-lite86 v0.2.17
[INFO] [stderr]    Compiling ark-serialize-derive v0.4.2
[INFO] [stderr]    Compiling ahash v0.8.7
[INFO] [stderr]    Compiling fnv v1.0.7
[INFO] [stderr]    Compiling ident_case v1.0.1
[INFO] [stderr]    Compiling strsim v0.10.0
[INFO] [stderr]    Compiling rand_chacha v0.3.1
[INFO] [stderr]    Compiling zerocopy v0.7.32
[INFO] [stderr]    Compiling crossbeam-epoch v0.9.17
[INFO] [stderr]    Compiling crypto-common v0.1.6
[INFO] [stderr]    Compiling block-buffer v0.10.4
[INFO] [stderr]    Compiling rand v0.8.5
[INFO] [stderr]    Compiling digest v0.10.7
[INFO] [stderr]    Compiling crossbeam-deque v0.8.4
[INFO] [stderr]    Compiling darling_core v0.13.4
[INFO] [stderr]    Compiling serde v1.0.194
[INFO] [stderr]    Compiling once_cell v1.19.0
[INFO] [stderr]    Compiling ark-ff-asm v0.4.2
[INFO] [stderr]    Compiling derivative v2.2.0
[INFO] [stderr]    Compiling num-iter v0.1.43
[INFO] [stderr]    Compiling rayon v1.8.0
[INFO] [stderr]    Compiling num-rational v0.4.1
[INFO] [stderr]    Compiling hashbrown v0.13.2
[INFO] [stderr]    Compiling keccak v0.1.4
[INFO] [stderr]    Compiling num-complex v0.4.4
[INFO] [stderr]    Compiling byteorder v1.5.0
[INFO] [stderr]    Compiling inout v0.1.3
[INFO] [stderr]    Compiling cipher v0.4.4
[INFO] [stderr]    Compiling num v0.4.1
[INFO] [stderr]    Compiling oblivious_transfer_protocols v0.5.0 (/opt/rustwide/workdir)
[INFO] [stderr]    Compiling aes v0.8.3
[INFO] [stderr]    Compiling sha3 v0.10.8
[INFO] [stderr]    Compiling ark-ff-macros v0.4.2
[INFO] [stderr]    Compiling ark-std v0.4.0
[INFO] [stderr]    Compiling ark-serialize v0.4.2
[INFO] [stderr]    Compiling darling_macro v0.13.4
[INFO] [stderr]    Compiling zeroize_derive v1.4.2
[INFO] [stderr]    Compiling serde_derive v1.0.194
[INFO] [stderr]    Compiling darling v0.13.4
[INFO] [stderr]    Compiling serde_with_macros v1.5.2
[INFO] [stderr]    Compiling zeroize v1.7.0
[INFO] [stderr]    Compiling ark-ff v0.4.2
[INFO] [stderr]    Compiling serde_with v1.14.0
[INFO] [stderr]    Compiling dock_merlin v2.0.0
[INFO] [stderr]    Compiling ark-poly v0.4.2
[INFO] [stderr]    Compiling ark-ec v0.4.2
[INFO] [stderr]    Compiling dock_crypto_utils v0.16.0
[INFO] [stderr]    Compiling schnorr_pok v0.16.0
[INFO] [stdout] warning: function `transpose8` is never used
[INFO] [stdout]   --> src/util.rs:65:4
[INFO] [stdout]    |
[INFO] [stdout] 65 | fn transpose8(w: u64) -> u64 {
[INFO] [stdout]    |    ^^^^^^^^^^
[INFO] [stdout]    |
[INFO] [stdout]    = note: `#[warn(dead_code)]` on by default
[INFO] [stdout] 
[INFO] [stdout] 
[INFO] [stdout] warning: function `transpose_portable` is never used
[INFO] [stdout]   --> src/util.rs:93:4
[INFO] [stdout]    |
[INFO] [stdout] 93 | fn transpose_portable(input: &[u8], nrows: usize, ncols: usize) -> Vec<u8> {
[INFO] [stdout]    |    ^^^^^^^^^^^^^^^^^^
[INFO] [stdout] 
[INFO] [stdout] 
[INFO] [stdout] warning: 2 warnings emitted
[INFO] [stdout] 
[INFO] [stdout] 
[INFO] [stderr]     Finished dev [unoptimized + debuginfo] target(s) in 15.19s
[INFO] running `Command { std: "docker" "inspect" "d2f455ced37182c9f40b0cdcb7e668648a966c5eb0ce9d9d5c591c588aa672a6", kill_on_drop: false }`
[INFO] running `Command { std: "docker" "rm" "-f" "d2f455ced37182c9f40b0cdcb7e668648a966c5eb0ce9d9d5c591c588aa672a6", kill_on_drop: false }`
[INFO] [stdout] d2f455ced37182c9f40b0cdcb7e668648a966c5eb0ce9d9d5c591c588aa672a6
[INFO] running `Command { std: "docker" "create" "-v" "/var/lib/crater-agent-workspace/builds/worker-1-tc1/target:/opt/rustwide/target:rw,Z" "-v" "/var/lib/crater-agent-workspace/builds/worker-1-tc1/source:/opt/rustwide/workdir:ro,Z" "-v" "/var/lib/crater-agent-workspace/cargo-home:/opt/rustwide/cargo-home:ro,Z" "-v" "/var/lib/crater-agent-workspace/rustup-home:/opt/rustwide/rustup-home:ro,Z" "-e" "SOURCE_DIR=/opt/rustwide/workdir" "-e" "CARGO_TARGET_DIR=/opt/rustwide/target" "-e" "CARGO_INCREMENTAL=0" "-e" "RUST_BACKTRACE=full" "-e" "RUSTFLAGS=--cap-lints=warn" "-e" "RUSTDOCFLAGS=--cap-lints=warn" "-e" "CARGO_HOME=/opt/rustwide/cargo-home" "-e" "RUSTUP_HOME=/opt/rustwide/rustup-home" "-w" "/opt/rustwide/workdir" "-m" "1610612736" "--user" "0:0" "--network" "none" "ghcr.io/rust-lang/crates-build-env/linux@sha256:2788e3201cd34a07e3172128adcd8b3090168a8e3bcc40d7c032b9dda1df7d1c" "/opt/rustwide/cargo-home/bin/cargo" "+1.75.0" "test" "--frozen" "--no-run" "--message-format=json", kill_on_drop: false }`
[INFO] [stdout] d51aaf77c51f08382c809806ac8004597a565fc6371099b6cd105f80e664760c
[INFO] running `Command { std: "docker" "start" "-a" "d51aaf77c51f08382c809806ac8004597a565fc6371099b6cd105f80e664760c", kill_on_drop: false }`
[INFO] [stderr]    Compiling num-traits v0.2.17
[INFO] [stderr]    Compiling subtle v2.5.0
[INFO] [stderr]    Compiling serde_json v1.0.111
[INFO] [stderr]    Compiling digest v0.10.7
[INFO] [stderr]    Compiling sha3 v0.10.8
[INFO] [stderr]    Compiling blake2 v0.10.6
[INFO] [stderr]    Compiling num-integer v0.1.45
[INFO] [stderr]    Compiling ark-std v0.4.0
[INFO] [stderr]    Compiling num-complex v0.4.4
[INFO] [stderr]    Compiling rmp v0.8.12
[INFO] [stderr]    Compiling num-bigint v0.4.4
[INFO] [stderr]    Compiling num-rational v0.4.1
[INFO] [stderr]    Compiling num-iter v0.1.43
[INFO] [stderr]    Compiling rmp-serde v1.1.2
[INFO] [stderr]    Compiling num v0.4.1
[INFO] [stderr]    Compiling ark-serialize v0.4.2
[INFO] [stderr]    Compiling ark-ff-macros v0.4.2
[INFO] [stderr]    Compiling dock_merlin v2.0.0
[INFO] [stderr]    Compiling ark-ff v0.4.2
[INFO] [stderr]    Compiling ark-poly v0.4.2
[INFO] [stderr]    Compiling ark-ec v0.4.2
[INFO] [stderr]    Compiling dock_crypto_utils v0.16.0
[INFO] [stderr]    Compiling ark-bls12-381 v0.4.0
[INFO] [stderr]    Compiling schnorr_pok v0.16.0
[INFO] [stderr]    Compiling oblivious_transfer_protocols v0.5.0 (/opt/rustwide/workdir)
[INFO] [stdout] error[E0432]: unresolved import `test_utils`
[INFO] [stdout]    --> src/base_ot/simplest_ot.rs:524:9
[INFO] [stdout]     |
[INFO] [stdout] 524 |     use test_utils::{test_serialization, G1};
[INFO] [stdout]     |         ^^^^^^^^^^ use of undeclared crate or module `test_utils`
[INFO] [stdout] 
[INFO] [stdout] 
[INFO] [stdout] error[E0432]: unresolved import `test_utils`
[INFO] [stdout]    --> src/ot_based_multiplication/dkls18_mul_2p.rs:336:9
[INFO] [stdout]     |
[INFO] [stdout] 336 |     use test_utils::test_serialization;
[INFO] [stdout]     |         ^^^^^^^^^^ use of undeclared crate or module `test_utils`
[INFO] [stdout] 
[INFO] [stdout] 
[INFO] [stdout] error[E0432]: unresolved import `test_utils`
[INFO] [stdout]    --> src/ot_based_multiplication/dkls19_batch_mul_2p.rs:453:9
[INFO] [stdout]     |
[INFO] [stdout] 453 |     use test_utils::{test_serialization, G1};
[INFO] [stdout]     |         ^^^^^^^^^^ use of undeclared crate or module `test_utils`
[INFO] [stdout] 
[INFO] [stdout] 
[INFO] [stdout] error[E0432]: unresolved import `test_utils`
[INFO] [stdout]    --> src/ot_extensions/kos_ote.rs:394:9
[INFO] [stdout]     |
[INFO] [stdout] 394 |     use test_utils::{test_serialization, G1};
[INFO] [stdout]     |         ^^^^^^^^^^ use of undeclared crate or module `test_utils`
[INFO] [stdout] 
[INFO] [stdout] 
[INFO] [stdout] error: cannot determine resolution for the macro `test_serialization`
[INFO] [stdout]    --> src/base_ot/simplest_ot.rs:617:17
[INFO] [stdout]     |
[INFO] [stdout] 617 |                 test_serialization!(ROTSenderSetup<G1>, sender_setup);
[INFO] [stdout]     |                 ^^^^^^^^^^^^^^^^^^
[INFO] [stdout]     |
[INFO] [stdout]     = note: import resolution is stuck, try simplifying macro imports
[INFO] [stdout] 
[INFO] [stdout] 
[INFO] [stdout] error: cannot determine resolution for the macro `test_serialization`
[INFO] [stdout]    --> src/base_ot/simplest_ot.rs:618:17
[INFO] [stdout]     |
[INFO] [stdout] 618 |                 test_serialization!(SenderPubKey<G1>, S);
[INFO] [stdout]     |                 ^^^^^^^^^^^^^^^^^^
[INFO] [stdout]     |
[INFO] [stdout]     = note: import resolution is stuck, try simplifying macro imports
[INFO] [stdout] 
[INFO] [stdout] 
[INFO] [stdout] error: cannot determine resolution for the macro `test_serialization`
[INFO] [stdout]    --> src/base_ot/simplest_ot.rs:619:17
[INFO] [stdout]     |
[INFO] [stdout] 619 |                 test_serialization!(ROTReceiverKeys, receiver_keys);
[INFO] [stdout]     |                 ^^^^^^^^^^^^^^^^^^
[INFO] [stdout]     |
[INFO] [stdout]     = note: import resolution is stuck, try simplifying macro imports
[INFO] [stdout] 
[INFO] [stdout] 
[INFO] [stdout] error: cannot determine resolution for the macro `test_serialization`
[INFO] [stdout]    --> src/base_ot/simplest_ot.rs:620:17
[INFO] [stdout]     |
[INFO] [stdout] 620 |                 test_serialization!(ReceiverPubKeys<G1>, R);
[INFO] [stdout]     |                 ^^^^^^^^^^^^^^^^^^
[INFO] [stdout]     |
[INFO] [stdout]     = note: import resolution is stuck, try simplifying macro imports
[INFO] [stdout] 
[INFO] [stdout] 
[INFO] [stdout] error: cannot determine resolution for the macro `test_serialization`
[INFO] [stdout]    --> src/base_ot/simplest_ot.rs:621:17
[INFO] [stdout]     |
[INFO] [stdout] 621 |                 test_serialization!(ROTSenderKeys, sender_keys);
[INFO] [stdout]     |                 ^^^^^^^^^^^^^^^^^^
[INFO] [stdout]     |
[INFO] [stdout]     = note: import resolution is stuck, try simplifying macro imports
[INFO] [stdout] 
[INFO] [stdout] 
[INFO] [stdout] error: cannot determine resolution for the macro `test_serialization`
[INFO] [stdout]    --> src/base_ot/simplest_ot.rs:762:17
[INFO] [stdout]     |
[INFO] [stdout] 762 |                 test_serialization!(SecretKnowledgeProof<G1>, schnorr_proof);
[INFO] [stdout]     |                 ^^^^^^^^^^^^^^^^^^
[INFO] [stdout]     |
[INFO] [stdout]     = note: import resolution is stuck, try simplifying macro imports
[INFO] [stdout] 
[INFO] [stdout] 
[INFO] [stdout] error: cannot determine resolution for the macro `test_serialization`
[INFO] [stdout]    --> src/base_ot/simplest_ot.rs:763:17
[INFO] [stdout]     |
[INFO] [stdout] 763 |                 test_serialization!(OneOfTwoROTSenderKeys, sender_keys);
[INFO] [stdout]     |                 ^^^^^^^^^^^^^^^^^^
[INFO] [stdout]     |
[INFO] [stdout]     = note: import resolution is stuck, try simplifying macro imports
[INFO] [stdout] 
[INFO] [stdout] 
[INFO] [stdout] error: cannot determine resolution for the macro `test_serialization`
[INFO] [stdout]    --> src/base_ot/simplest_ot.rs:764:17
[INFO] [stdout]     |
[INFO] [stdout] 764 |                 test_serialization!(VSROTChallenger, sender_challenger);
[INFO] [stdout]     |                 ^^^^^^^^^^^^^^^^^^
[INFO] [stdout]     |
[INFO] [stdout]     = note: import resolution is stuck, try simplifying macro imports
[INFO] [stdout] 
[INFO] [stdout] 
[INFO] [stdout] error: cannot determine resolution for the macro `test_serialization`
[INFO] [stdout]    --> src/base_ot/simplest_ot.rs:765:17
[INFO] [stdout]     |
[INFO] [stdout] 765 |                 test_serialization!(Challenges, challenges);
[INFO] [stdout]     |                 ^^^^^^^^^^^^^^^^^^
[INFO] [stdout]     |
[INFO] [stdout]     = note: import resolution is stuck, try simplifying macro imports
[INFO] [stdout] 
[INFO] [stdout] 
[INFO] [stdout] error: cannot determine resolution for the macro `test_serialization`
[INFO] [stdout]    --> src/base_ot/simplest_ot.rs:766:17
[INFO] [stdout]     |
[INFO] [stdout] 766 |                 test_serialization!(VSROTResponder, receiver_responder);
[INFO] [stdout]     |                 ^^^^^^^^^^^^^^^^^^
[INFO] [stdout]     |
[INFO] [stdout]     = note: import resolution is stuck, try simplifying macro imports
[INFO] [stdout] 
[INFO] [stdout] 
[INFO] [stdout] error: cannot determine resolution for the macro `test_serialization`
[INFO] [stdout]    --> src/base_ot/simplest_ot.rs:767:17
[INFO] [stdout]     |
[INFO] [stdout] 767 |                 test_serialization!(Responses, responses);
[INFO] [stdout]     |                 ^^^^^^^^^^^^^^^^^^
[INFO] [stdout]     |
[INFO] [stdout]     = note: import resolution is stuck, try simplifying macro imports
[INFO] [stdout] 
[INFO] [stdout] 
[INFO] [stdout] error: cannot determine resolution for the macro `test_serialization`
[INFO] [stdout]    --> src/ot_based_multiplication/dkls18_mul_2p.rs:401:13
[INFO] [stdout]     |
[INFO] [stdout] 401 |             test_serialization!(Party1<Fr, KAPPA, SSP>, party1);
[INFO] [stdout]     |             ^^^^^^^^^^^^^^^^^^
[INFO] [stdout]     |
[INFO] [stdout]     = note: import resolution is stuck, try simplifying macro imports
[INFO] [stdout] 
[INFO] [stdout] 
[INFO] [stdout] error: cannot determine resolution for the macro `test_serialization`
[INFO] [stdout]    --> src/ot_based_multiplication/dkls18_mul_2p.rs:402:13
[INFO] [stdout]     |
[INFO] [stdout] 402 |             test_serialization!(Party2<Fr, KAPPA, SSP>, party2);
[INFO] [stdout]     |             ^^^^^^^^^^^^^^^^^^
[INFO] [stdout]     |
[INFO] [stdout]     = note: import resolution is stuck, try simplifying macro imports
[INFO] [stdout] 
[INFO] [stdout] 
[INFO] [stdout] error: cannot determine resolution for the macro `test_serialization`
[INFO] [stdout]    --> src/ot_based_multiplication/dkls18_mul_2p.rs:403:13
[INFO] [stdout]     |
[INFO] [stdout] 403 |             test_serialization!(CorrelationTag<Fr>, tau);
[INFO] [stdout]     |             ^^^^^^^^^^^^^^^^^^
[INFO] [stdout]     |
[INFO] [stdout]     = note: import resolution is stuck, try simplifying macro imports
[INFO] [stdout] 
[INFO] [stdout] 
[INFO] [stdout] error: cannot determine resolution for the macro `test_serialization`
[INFO] [stdout]    --> src/ot_based_multiplication/dkls18_mul_2p.rs:404:13
[INFO] [stdout]     |
[INFO] [stdout] 404 |             test_serialization!(RLC<Fr>, rlc);
[INFO] [stdout]     |             ^^^^^^^^^^^^^^^^^^
[INFO] [stdout]     |
[INFO] [stdout]     = note: import resolution is stuck, try simplifying macro imports
[INFO] [stdout] 
[INFO] [stdout] 
[INFO] [stdout] error: cannot determine resolution for the macro `test_serialization`
[INFO] [stdout]    --> src/ot_based_multiplication/dkls18_mul_2p.rs:416:9
[INFO] [stdout]     |
[INFO] [stdout] 416 |         test_serialization!(GadgetVector<Fr, KAPPA, SSP>, gadget_vector);
[INFO] [stdout]     |         ^^^^^^^^^^^^^^^^^^
[INFO] [stdout]     |
[INFO] [stdout]     = note: import resolution is stuck, try simplifying macro imports
[INFO] [stdout] 
[INFO] [stdout] 
[INFO] [stdout] error: cannot determine resolution for the macro `test_serialization`
[INFO] [stdout]    --> src/ot_based_multiplication/dkls19_batch_mul_2p.rs:551:17
[INFO] [stdout]     |
[INFO] [stdout] 551 |                 test_serialization!(Party1<Fr, KAPPA, SSP>, party1);
[INFO] [stdout]     |                 ^^^^^^^^^^^^^^^^^^
[INFO] [stdout]     |
[INFO] [stdout]     = note: import resolution is stuck, try simplifying macro imports
[INFO] [stdout] 
[INFO] [stdout] 
[INFO] [stdout] error: cannot determine resolution for the macro `test_serialization`
[INFO] [stdout]    --> src/ot_based_multiplication/dkls19_batch_mul_2p.rs:552:17
[INFO] [stdout]     |
[INFO] [stdout] 552 |                 test_serialization!(Party2<Fr, KAPPA, SSP>, party2);
[INFO] [stdout]     |                 ^^^^^^^^^^^^^^^^^^
[INFO] [stdout]     |
[INFO] [stdout]     = note: import resolution is stuck, try simplifying macro imports
[INFO] [stdout] 
[INFO] [stdout] 
[INFO] [stdout] error: cannot determine resolution for the macro `test_serialization`
[INFO] [stdout]    --> src/ot_based_multiplication/dkls19_batch_mul_2p.rs:553:17
[INFO] [stdout]     |
[INFO] [stdout] 553 |                 test_serialization!(MaskedInputs<Fr>, gamma_a);
[INFO] [stdout]     |                 ^^^^^^^^^^^^^^^^^^
[INFO] [stdout]     |
[INFO] [stdout]     = note: import resolution is stuck, try simplifying macro imports
[INFO] [stdout] 
[INFO] [stdout] 
[INFO] [stdout] error: cannot determine resolution for the macro `test_serialization`
[INFO] [stdout]    --> src/ot_based_multiplication/dkls19_batch_mul_2p.rs:554:17
[INFO] [stdout]     |
[INFO] [stdout] 554 |                 test_serialization!(MaskedInputs<Fr>, gamma_b);
[INFO] [stdout]     |                 ^^^^^^^^^^^^^^^^^^
[INFO] [stdout]     |
[INFO] [stdout]     = note: import resolution is stuck, try simplifying macro imports
[INFO] [stdout] 
[INFO] [stdout] 
[INFO] [stdout] error: cannot determine resolution for the macro `test_serialization`
[INFO] [stdout]    --> src/ot_based_multiplication/dkls19_batch_mul_2p.rs:555:17
[INFO] [stdout]     |
[INFO] [stdout] 555 |                 test_serialization!(Party1Shares<Fr>, shares_1);
[INFO] [stdout]     |                 ^^^^^^^^^^^^^^^^^^
[INFO] [stdout]     |
[INFO] [stdout]     = note: import resolution is stuck, try simplifying macro imports
[INFO] [stdout] 
[INFO] [stdout] 
[INFO] [stdout] error: cannot determine resolution for the macro `test_serialization`
[INFO] [stdout]    --> src/ot_based_multiplication/dkls19_batch_mul_2p.rs:556:17
[INFO] [stdout]     |
[INFO] [stdout] 556 |                 test_serialization!(Party2Shares<Fr>, shares_2);
[INFO] [stdout]     |                 ^^^^^^^^^^^^^^^^^^
[INFO] [stdout]     |
[INFO] [stdout]     = note: import resolution is stuck, try simplifying macro imports
[INFO] [stdout] 
[INFO] [stdout] 
[INFO] [stdout] error: cannot determine resolution for the macro `test_serialization`
[INFO] [stdout]    --> src/ot_based_multiplication/dkls19_batch_mul_2p.rs:565:9
[INFO] [stdout]     |
[INFO] [stdout] 565 |         test_serialization!(GadgetVector<Fr, KAPPA, SSP>, gadget_vector);
[INFO] [stdout]     |         ^^^^^^^^^^^^^^^^^^
[INFO] [stdout]     |
[INFO] [stdout]     = note: import resolution is stuck, try simplifying macro imports
[INFO] [stdout] 
[INFO] [stdout] 
[INFO] [stdout] error: cannot determine resolution for the macro `test_serialization`
[INFO] [stdout]    --> src/ot_extensions/kos_ote.rs:577:17
[INFO] [stdout]     |
[INFO] [stdout] 577 |                 test_serialization!(OTExtensionReceiverSetup, ext_receiver_setup);
[INFO] [stdout]     |                 ^^^^^^^^^^^^^^^^^^
[INFO] [stdout]     |
[INFO] [stdout]     = note: import resolution is stuck, try simplifying macro imports
[INFO] [stdout] 
[INFO] [stdout] 
[INFO] [stdout] error: cannot determine resolution for the macro `test_serialization`
[INFO] [stdout]    --> src/ot_extensions/kos_ote.rs:578:17
[INFO] [stdout]     |
[INFO] [stdout] 578 |                 test_serialization!(BitMatrix, U);
[INFO] [stdout]     |                 ^^^^^^^^^^^^^^^^^^
[INFO] [stdout]     |
[INFO] [stdout]     = note: import resolution is stuck, try simplifying macro imports
[INFO] [stdout] 
[INFO] [stdout] 
[INFO] [stdout] error: cannot determine resolution for the macro `test_serialization`
[INFO] [stdout]    --> src/ot_extensions/kos_ote.rs:579:17
[INFO] [stdout]     |
[INFO] [stdout] 579 |                 test_serialization!(RLC, rlc);
[INFO] [stdout]     |                 ^^^^^^^^^^^^^^^^^^
[INFO] [stdout]     |
[INFO] [stdout]     = note: import resolution is stuck, try simplifying macro imports
[INFO] [stdout] 
[INFO] [stdout] 
[INFO] [stdout] error: cannot determine resolution for the macro `test_serialization`
[INFO] [stdout]    --> src/ot_extensions/kos_ote.rs:580:17
[INFO] [stdout]     |
[INFO] [stdout] 580 |                 test_serialization!(OTExtensionSenderSetup, ext_sender_setup);
[INFO] [stdout]     |                 ^^^^^^^^^^^^^^^^^^
[INFO] [stdout]     |
[INFO] [stdout]     = note: import resolution is stuck, try simplifying macro imports
[INFO] [stdout] 
[INFO] [stdout] 
[INFO] [stdout] error: cannot determine resolution for the macro `test_serialization`
[INFO] [stdout]    --> src/ot_extensions/kos_ote.rs:581:17
[INFO] [stdout]     |
[INFO] [stdout] 581 |                 test_serialization!(SenderOutput<Fr>, t_A);
[INFO] [stdout]     |                 ^^^^^^^^^^^^^^^^^^
[INFO] [stdout]     |
[INFO] [stdout]     = note: import resolution is stuck, try simplifying macro imports
[INFO] [stdout] 
[INFO] [stdout] 
[INFO] [stdout] error: cannot determine resolution for the macro `test_serialization`
[INFO] [stdout]    --> src/ot_extensions/kos_ote.rs:582:17
[INFO] [stdout]     |
[INFO] [stdout] 582 |                 test_serialization!(CorrelationTag<Fr>, tau);
[INFO] [stdout]     |                 ^^^^^^^^^^^^^^^^^^
[INFO] [stdout]     |
[INFO] [stdout]     = note: import resolution is stuck, try simplifying macro imports
[INFO] [stdout] 
[INFO] [stdout] 
[INFO] [stdout] error: cannot determine resolution for the macro `test_serialization`
[INFO] [stdout]    --> src/ot_extensions/kos_ote.rs:583:17
[INFO] [stdout]     |
[INFO] [stdout] 583 |                 test_serialization!(ReceiverOutput<Fr>, t_B);
[INFO] [stdout]     |                 ^^^^^^^^^^^^^^^^^^
[INFO] [stdout]     |
[INFO] [stdout]     = note: import resolution is stuck, try simplifying macro imports
[INFO] [stdout] 
[INFO] [stdout] 
[INFO] [stdout] warning: function `transpose8` is never used
[INFO] [stdout]   --> src/util.rs:65:4
[INFO] [stdout]    |
[INFO] [stdout] 65 | fn transpose8(w: u64) -> u64 {
[INFO] [stdout]    |    ^^^^^^^^^^
[INFO] [stdout]    |
[INFO] [stdout]    = note: `#[warn(dead_code)]` on by default
[INFO] [stdout] 
[INFO] [stdout] 
[INFO] [stdout] warning: function `transpose_portable` is never used
[INFO] [stdout]   --> src/util.rs:93:4
[INFO] [stdout]    |
[INFO] [stdout] 93 | fn transpose_portable(input: &[u8], nrows: usize, ncols: usize) -> Vec<u8> {
[INFO] [stdout]    |    ^^^^^^^^^^^^^^^^^^
[INFO] [stdout] 
[INFO] [stdout] 
[INFO] [stdout] error: aborting due to 34 previous errors
[INFO] [stdout] 
[INFO] [stdout] 
[INFO] [stdout] For more information about this error, try `rustc --explain E0432`.
[INFO] [stdout] 
[INFO] [stderr] error: could not compile `oblivious_transfer_protocols` (lib test) due to 35 previous errors
[INFO] [stderr] warning: build failed, waiting for other jobs to finish...
[INFO] [stdout] warning: 2 warnings emitted
[INFO] [stdout] 
[INFO] [stdout] 
[INFO] running `Command { std: "docker" "inspect" "d51aaf77c51f08382c809806ac8004597a565fc6371099b6cd105f80e664760c", kill_on_drop: false }`
[INFO] running `Command { std: "docker" "rm" "-f" "d51aaf77c51f08382c809806ac8004597a565fc6371099b6cd105f80e664760c", kill_on_drop: false }`
[INFO] [stdout] d51aaf77c51f08382c809806ac8004597a565fc6371099b6cd105f80e664760c
