[INFO] fetching crate oberon 2.2.1...
[INFO] testing oberon-2.2.1 against 1.75.0 for beta-1.76-1
[INFO] extracting crate oberon 2.2.1 into /workspace/builds/worker-4-tc1/source
[INFO] validating manifest of crates.io crate oberon 2.2.1 on toolchain 1.75.0
[INFO] running `Command { std: CARGO_HOME="/workspace/cargo-home" RUSTUP_HOME="/workspace/rustup-home" "/workspace/cargo-home/bin/cargo" "+1.75.0" "metadata" "--manifest-path" "Cargo.toml" "--no-deps", kill_on_drop: false }`
[INFO] started tweaking crates.io crate oberon 2.2.1
[INFO] removed 0 missing examples
[INFO] finished tweaking crates.io crate oberon 2.2.1
[INFO] tweaked toml for crates.io crate oberon 2.2.1 written to /workspace/builds/worker-4-tc1/source/Cargo.toml
[INFO] crate crates.io crate oberon 2.2.1 already has a lockfile, it will not be regenerated
[INFO] running `Command { std: CARGO_HOME="/workspace/cargo-home" RUSTUP_HOME="/workspace/rustup-home" "/workspace/cargo-home/bin/cargo" "+1.75.0" "fetch" "--manifest-path" "Cargo.toml", kill_on_drop: false }`
[INFO] [stderr]     Updating crates.io index
[INFO] [stderr]  Downloading crates ...
[INFO] [stderr]   Downloaded pyo3-macros v0.19.0
[INFO] [stderr]   Downloaded serde_bare v0.5.0
[INFO] [stderr]   Downloaded random_tester v0.1.0
[INFO] [stderr]   Downloaded clap v4.3.2
[INFO] [stderr]   Downloaded target-lexicon v0.12.7
[INFO] [stderr]   Downloaded bitflags v2.3.1
[INFO] [stderr]   Downloaded kmeans v0.2.0
[INFO] [stderr]   Downloaded pyo3-build-config v0.19.0
[INFO] [stderr]   Downloaded pyo3-ffi v0.19.0
[INFO] [stderr]   Downloaded prettyplease v0.2.6
[INFO] [stderr]   Downloaded blst v0.3.10
[INFO] [stderr]   Downloaded pyo3 v0.19.0
[INFO] [stderr]   Downloaded libc v0.2.145
[INFO] [stderr]   Downloaded crypto-bigint v0.5.2
[INFO] [stderr]   Downloaded ureq v2.6.2
[INFO] [stderr]   Downloaded pyo3-macros-backend v0.19.0
[INFO] [stderr]   Downloaded ext-php-rs-derive v0.10.0
[INFO] [stderr]   Downloaded ffi-support v0.4.4
[INFO] [stderr]   Downloaded ext-php-rs v0.10.1
[INFO] [stderr]   Downloaded blstrs_plus v0.8.4
[INFO] [stderr]   Downloaded bls12_381_plus v0.8.4
[INFO] running `Command { std: "docker" "create" "-v" "/var/lib/crater-agent-workspace/builds/worker-4-tc1/target:/opt/rustwide/target:rw,Z" "-v" "/var/lib/crater-agent-workspace/builds/worker-4-tc1/source:/opt/rustwide/workdir:ro,Z" "-v" "/var/lib/crater-agent-workspace/cargo-home:/opt/rustwide/cargo-home:ro,Z" "-v" "/var/lib/crater-agent-workspace/rustup-home:/opt/rustwide/rustup-home:ro,Z" "-e" "SOURCE_DIR=/opt/rustwide/workdir" "-e" "CARGO_TARGET_DIR=/opt/rustwide/target" "-e" "CARGO_HOME=/opt/rustwide/cargo-home" "-e" "RUSTUP_HOME=/opt/rustwide/rustup-home" "-w" "/opt/rustwide/workdir" "-m" "1610612736" "--user" "0:0" "--network" "none" "ghcr.io/rust-lang/crates-build-env/linux@sha256:2788e3201cd34a07e3172128adcd8b3090168a8e3bcc40d7c032b9dda1df7d1c" "/opt/rustwide/cargo-home/bin/cargo" "+1.75.0" "metadata" "--no-deps" "--format-version=1", kill_on_drop: false }`
[INFO] [stdout] 8dcfbe4f1b183eec1046dae8394a75607203f5e09215fa405f1ec9568665d7e6
[INFO] running `Command { std: "docker" "start" "-a" "8dcfbe4f1b183eec1046dae8394a75607203f5e09215fa405f1ec9568665d7e6", kill_on_drop: false }`
[INFO] running `Command { std: "docker" "inspect" "8dcfbe4f1b183eec1046dae8394a75607203f5e09215fa405f1ec9568665d7e6", kill_on_drop: false }`
[INFO] running `Command { std: "docker" "rm" "-f" "8dcfbe4f1b183eec1046dae8394a75607203f5e09215fa405f1ec9568665d7e6", kill_on_drop: false }`
[INFO] [stdout] 8dcfbe4f1b183eec1046dae8394a75607203f5e09215fa405f1ec9568665d7e6
[INFO] running `Command { std: "docker" "create" "-v" "/var/lib/crater-agent-workspace/builds/worker-4-tc1/target:/opt/rustwide/target:rw,Z" "-v" "/var/lib/crater-agent-workspace/builds/worker-4-tc1/source:/opt/rustwide/workdir:ro,Z" "-v" "/var/lib/crater-agent-workspace/cargo-home:/opt/rustwide/cargo-home:ro,Z" "-v" "/var/lib/crater-agent-workspace/rustup-home:/opt/rustwide/rustup-home:ro,Z" "-e" "SOURCE_DIR=/opt/rustwide/workdir" "-e" "CARGO_TARGET_DIR=/opt/rustwide/target" "-e" "CARGO_INCREMENTAL=0" "-e" "RUST_BACKTRACE=full" "-e" "RUSTFLAGS=--cap-lints=warn" "-e" "RUSTDOCFLAGS=--cap-lints=warn" "-e" "CARGO_HOME=/opt/rustwide/cargo-home" "-e" "RUSTUP_HOME=/opt/rustwide/rustup-home" "-w" "/opt/rustwide/workdir" "-m" "1610612736" "--user" "0:0" "--network" "none" "ghcr.io/rust-lang/crates-build-env/linux@sha256:2788e3201cd34a07e3172128adcd8b3090168a8e3bcc40d7c032b9dda1df7d1c" "/opt/rustwide/cargo-home/bin/cargo" "+1.75.0" "build" "--frozen" "--message-format=json", kill_on_drop: false }`
[INFO] [stdout] 5c435e67c981c0e6eaa607f5e7f913fb356ef5a50d22f2efec8a9254830ae8c0
[INFO] running `Command { std: "docker" "start" "-a" "5c435e67c981c0e6eaa607f5e7f913fb356ef5a50d22f2efec8a9254830ae8c0", kill_on_drop: false }`
[INFO] [stderr]    Compiling proc-macro2 v1.0.59
[INFO] [stderr]    Compiling unicode-ident v1.0.9
[INFO] [stderr]    Compiling quote v1.0.28
[INFO] [stderr]    Compiling typenum v1.16.0
[INFO] [stderr]    Compiling radium v0.7.0
[INFO] [stderr]    Compiling tap v1.0.1
[INFO] [stderr]    Compiling subtle v2.5.0
[INFO] [stderr]    Compiling funty v2.0.0
[INFO] [stderr]    Compiling rand_core v0.6.4
[INFO] [stderr]    Compiling serde v1.0.163
[INFO] [stderr]    Compiling base16ct v0.2.0
[INFO] [stderr]    Compiling hex v0.4.3
[INFO] [stderr]    Compiling keccak v0.1.4
[INFO] [stderr]    Compiling arrayref v0.3.7
[INFO] [stderr]    Compiling generic-array v0.14.7
[INFO] [stderr]    Compiling cpufeatures v0.2.7
[INFO] [stderr]    Compiling wyz v0.5.1
[INFO] [stderr]    Compiling bitvec v1.0.1
[INFO] [stderr]    Compiling syn v2.0.18
[INFO] [stderr]    Compiling ff v0.13.0
[INFO] [stderr]    Compiling group v0.13.0
[INFO] [stderr]    Compiling pairing v0.23.0
[INFO] [stderr]    Compiling zeroize_derive v1.4.2
[INFO] [stderr]    Compiling serde_derive v1.0.163
[INFO] [stderr]    Compiling zeroize v1.6.0
[INFO] [stderr]    Compiling block-buffer v0.10.4
[INFO] [stderr]    Compiling crypto-common v0.1.6
[INFO] [stderr]    Compiling crypto-bigint v0.5.2
[INFO] [stderr]    Compiling digest v0.10.7
[INFO] [stderr]    Compiling sha3 v0.10.8
[INFO] [stderr]    Compiling sha2 v0.10.6
[INFO] [stderr]    Compiling elliptic-curve v0.13.5
[INFO] [stderr]    Compiling bls12_381_plus v0.8.4
[INFO] [stderr]    Compiling oberon v2.2.1 (/opt/rustwide/workdir)
[INFO] [stderr]     Finished dev [unoptimized + debuginfo] target(s) in 9.93s
[INFO] running `Command { std: "docker" "inspect" "5c435e67c981c0e6eaa607f5e7f913fb356ef5a50d22f2efec8a9254830ae8c0", kill_on_drop: false }`
[INFO] running `Command { std: "docker" "rm" "-f" "5c435e67c981c0e6eaa607f5e7f913fb356ef5a50d22f2efec8a9254830ae8c0", kill_on_drop: false }`
[INFO] [stdout] 5c435e67c981c0e6eaa607f5e7f913fb356ef5a50d22f2efec8a9254830ae8c0
[INFO] running `Command { std: "docker" "create" "-v" "/var/lib/crater-agent-workspace/builds/worker-4-tc1/target:/opt/rustwide/target:rw,Z" "-v" "/var/lib/crater-agent-workspace/builds/worker-4-tc1/source:/opt/rustwide/workdir:ro,Z" "-v" "/var/lib/crater-agent-workspace/cargo-home:/opt/rustwide/cargo-home:ro,Z" "-v" "/var/lib/crater-agent-workspace/rustup-home:/opt/rustwide/rustup-home:ro,Z" "-e" "SOURCE_DIR=/opt/rustwide/workdir" "-e" "CARGO_TARGET_DIR=/opt/rustwide/target" "-e" "CARGO_INCREMENTAL=0" "-e" "RUST_BACKTRACE=full" "-e" "RUSTFLAGS=--cap-lints=warn" "-e" "RUSTDOCFLAGS=--cap-lints=warn" "-e" "CARGO_HOME=/opt/rustwide/cargo-home" "-e" "RUSTUP_HOME=/opt/rustwide/rustup-home" "-w" "/opt/rustwide/workdir" "-m" "1610612736" "--user" "0:0" "--network" "none" "ghcr.io/rust-lang/crates-build-env/linux@sha256:2788e3201cd34a07e3172128adcd8b3090168a8e3bcc40d7c032b9dda1df7d1c" "/opt/rustwide/cargo-home/bin/cargo" "+1.75.0" "test" "--frozen" "--no-run" "--message-format=json", kill_on_drop: false }`
[INFO] [stdout] 72e0d884acd5738ef955ac14b032befa217edc05fe17260916e3e3657ffc7a34
[INFO] running `Command { std: "docker" "start" "-a" "72e0d884acd5738ef955ac14b032befa217edc05fe17260916e3e3657ffc7a34", kill_on_drop: false }`
[INFO] [stderr]    Compiling libc v0.2.145
[INFO] [stderr]    Compiling num-traits v0.2.15
[INFO] [stderr]    Compiling serde v1.0.163
[INFO] [stderr]    Compiling crossbeam-utils v0.8.15
[INFO] [stderr]    Compiling memoffset v0.8.0
[INFO] [stderr]    Compiling crossbeam-epoch v0.9.14
[INFO] [stderr]    Compiling num-integer v0.1.45
[INFO] [stderr]    Compiling scopeguard v1.1.0
[INFO] [stderr]    Compiling getrandom v0.1.16
[INFO] [stderr]    Compiling num-bigint v0.3.3
[INFO] [stderr]    Compiling either v1.8.1
[INFO] [stderr]    Compiling bitflags v1.3.2
[INFO] [stderr]    Compiling rayon-core v1.11.0
[INFO] [stderr]    Compiling io-lifetimes v1.0.11
[INFO] [stderr]    Compiling num-rational v0.3.2
[INFO] [stderr]    Compiling num-iter v0.1.43
[INFO] [stderr]    Compiling rustix v0.37.19
[INFO] [stderr]    Compiling half v1.8.2
[INFO] [stderr]    Compiling serde_json v1.0.96
[INFO] [stderr]    Compiling libm v0.1.4
[INFO] [stderr]    Compiling packed_simd_2 v0.3.8
[INFO] [stderr]    Compiling ciborium-io v0.2.1
[INFO] [stderr]    Compiling ryu v1.0.13
[INFO] [stderr]    Compiling itoa v1.0.6
[INFO] [stderr]    Compiling plotters-backend v0.3.4
[INFO] [stderr]    Compiling anstyle v1.0.0
[INFO] [stderr]    Compiling clap_lex v0.5.0
[INFO] [stderr]    Compiling linux-raw-sys v0.3.8
[INFO] [stderr]    Compiling ciborium-ll v0.2.1
[INFO] [stderr]    Compiling itertools v0.10.5
[INFO] [stderr]    Compiling cast v0.3.0
[INFO] [stderr]    Compiling regex-syntax v0.7.2
[INFO] [stderr]    Compiling same-file v1.0.6
[INFO] [stderr]    Compiling anes v0.1.6
[INFO] [stderr]    Compiling once_cell v1.18.0
[INFO] [stderr]    Compiling plotters-svg v0.3.3
[INFO] [stderr]    Compiling clap_builder v4.3.1
[INFO] [stderr]    Compiling crossbeam-channel v0.5.8
[INFO] [stderr]    Compiling walkdir v2.3.3
[INFO] [stderr]    Compiling oorandom v11.1.3
[INFO] [stderr]    Compiling random_tester v0.1.0
[INFO] [stderr]    Compiling crossbeam-deque v0.8.3
[INFO] [stderr]    Compiling num-complex v0.3.1
[INFO] [stderr]    Compiling plotters v0.3.4
[INFO] [stderr]    Compiling regex v1.8.4
[INFO] [stderr]    Compiling getrandom v0.2.9
[INFO] [stderr]    Compiling num_cpus v1.15.0
[INFO] [stderr]    Compiling rand_core v0.5.1
[INFO] [stderr]    Compiling rand_core v0.6.4
[INFO] [stderr]    Compiling rand_chacha v0.2.2
[INFO] [stderr]    Compiling criterion-plot v0.5.0
[INFO] [stderr]    Compiling ff v0.13.0
[INFO] [stderr]    Compiling crypto-bigint v0.5.2
[INFO] [stderr]    Compiling group v0.13.0
[INFO] [stderr]    Compiling rand_chacha v0.3.1
[INFO] [stderr]    Compiling rand v0.7.3
[INFO] [stderr]    Compiling pairing v0.23.0
[INFO] [stderr]    Compiling rand_xorshift v0.3.0
[INFO] [stderr]    Compiling rand v0.8.5
[INFO] [stdout] error[E0554]: `#![feature]` may not be used on the stable release channel
[INFO] [stdout]    --> /opt/rustwide/cargo-home/registry/src/index.crates.io-6f17d22bba15001f/packed_simd_2-0.3.8/src/lib.rs:214:1
[INFO] [stdout]     |
[INFO] [stdout] 214 | / #![feature(
[INFO] [stdout] 215 | |     adt_const_params,
[INFO] [stdout] 216 | |     repr_simd,
[INFO] [stdout] 217 | |     rustc_attrs,
[INFO] [stdout] ...   |
[INFO] [stdout] 224 | |     custom_inner_attributes,
[INFO] [stdout] 225 | | )]
[INFO] [stdout]     | |__^
[INFO] [stdout] 
[INFO] [stdout] 
[INFO] [stderr]    Compiling rayon v1.7.0
[INFO] [stderr]    Compiling clap v4.3.2
[INFO] [stderr]    Compiling elliptic-curve v0.13.5
[INFO] [stderr]    Compiling is-terminal v0.4.7
[INFO] [stdout] error[E0554]: `#![feature]` may not be used on the stable release channel
[INFO] [stdout]    --> /opt/rustwide/cargo-home/registry/src/index.crates.io-6f17d22bba15001f/packed_simd_2-0.3.8/src/lib.rs:219:5
[INFO] [stdout]     |
[INFO] [stdout] 219 |     stdsimd,
[INFO] [stdout]     |     ^^^^^^^
[INFO] [stdout] 
[INFO] [stdout] 
[INFO] [stdout] error[E0554]: `#![feature]` may not be used on the stable release channel
[INFO] [stdout]    --> /opt/rustwide/cargo-home/registry/src/index.crates.io-6f17d22bba15001f/packed_simd_2-0.3.8/src/lib.rs:222:5
[INFO] [stdout]     |
[INFO] [stdout] 222 |     core_intrinsics,
[INFO] [stdout]     |     ^^^^^^^^^^^^^^^
[INFO] [stdout] 
[INFO] [stdout] 
[INFO] [stderr]    Compiling num v0.3.1
[INFO] [stderr]    Compiling ciborium v0.2.1
[INFO] [stderr]    Compiling serde_cbor v0.11.2
[INFO] [stderr]    Compiling serde_bare v0.5.0
[INFO] [stderr]    Compiling bls12_381_plus v0.8.4
[INFO] [stdout] error: unrecognized platform-specific intrinsic function: `simd_shuffle2`
[INFO] [stdout]   --> /opt/rustwide/cargo-home/registry/src/index.crates.io-6f17d22bba15001f/packed_simd_2-0.3.8/src/codegen/llvm.rs:10:5
[INFO] [stdout]    |
[INFO] [stdout] 10 |     pub fn simd_shuffle2<T, U>(x: T, y: T, idx: [u32; 2]) -> U;
[INFO] [stdout]    |     ^^^^^^^^^^^^^^^^^^^^^^^^^^^^^^^^^^^^^^^^^^^^^^^^^^^^^^^^^^^
[INFO] [stdout] 
[INFO] [stdout] 
[INFO] [stdout] error: unrecognized platform-specific intrinsic function: `simd_shuffle4`
[INFO] [stdout]   --> /opt/rustwide/cargo-home/registry/src/index.crates.io-6f17d22bba15001f/packed_simd_2-0.3.8/src/codegen/llvm.rs:11:5
[INFO] [stdout]    |
[INFO] [stdout] 11 |     pub fn simd_shuffle4<T, U>(x: T, y: T, idx: [u32; 4]) -> U;
[INFO] [stdout]    |     ^^^^^^^^^^^^^^^^^^^^^^^^^^^^^^^^^^^^^^^^^^^^^^^^^^^^^^^^^^^
[INFO] [stdout] 
[INFO] [stdout] 
[INFO] [stdout] error: unrecognized platform-specific intrinsic function: `simd_shuffle8`
[INFO] [stdout]   --> /opt/rustwide/cargo-home/registry/src/index.crates.io-6f17d22bba15001f/packed_simd_2-0.3.8/src/codegen/llvm.rs:12:5
[INFO] [stdout]    |
[INFO] [stdout] 12 |     pub fn simd_shuffle8<T, U>(x: T, y: T, idx: [u32; 8]) -> U;
[INFO] [stdout]    |     ^^^^^^^^^^^^^^^^^^^^^^^^^^^^^^^^^^^^^^^^^^^^^^^^^^^^^^^^^^^
[INFO] [stdout] 
[INFO] [stdout] 
[INFO] [stdout] error: unrecognized platform-specific intrinsic function: `simd_shuffle16`
[INFO] [stdout]   --> /opt/rustwide/cargo-home/registry/src/index.crates.io-6f17d22bba15001f/packed_simd_2-0.3.8/src/codegen/llvm.rs:13:5
[INFO] [stdout]    |
[INFO] [stdout] 13 |     pub fn simd_shuffle16<T, U>(x: T, y: T, idx: [u32; 16]) -> U;
[INFO] [stdout]    |     ^^^^^^^^^^^^^^^^^^^^^^^^^^^^^^^^^^^^^^^^^^^^^^^^^^^^^^^^^^^^^
[INFO] [stdout] 
[INFO] [stdout] 
[INFO] [stdout] error: unrecognized platform-specific intrinsic function: `simd_shuffle32`
[INFO] [stdout]   --> /opt/rustwide/cargo-home/registry/src/index.crates.io-6f17d22bba15001f/packed_simd_2-0.3.8/src/codegen/llvm.rs:14:5
[INFO] [stdout]    |
[INFO] [stdout] 14 |     pub fn simd_shuffle32<T, U>(x: T, y: T, idx: [u32; 32]) -> U;
[INFO] [stdout]    |     ^^^^^^^^^^^^^^^^^^^^^^^^^^^^^^^^^^^^^^^^^^^^^^^^^^^^^^^^^^^^^
[INFO] [stdout] 
[INFO] [stdout] 
[INFO] [stdout] error: unrecognized platform-specific intrinsic function: `simd_shuffle64`
[INFO] [stdout]   --> /opt/rustwide/cargo-home/registry/src/index.crates.io-6f17d22bba15001f/packed_simd_2-0.3.8/src/codegen/llvm.rs:15:5
[INFO] [stdout]    |
[INFO] [stdout] 15 |     pub fn simd_shuffle64<T, U>(x: T, y: T, idx: [u32; 64]) -> U;
[INFO] [stdout]    |     ^^^^^^^^^^^^^^^^^^^^^^^^^^^^^^^^^^^^^^^^^^^^^^^^^^^^^^^^^^^^^
[INFO] [stdout] 
[INFO] [stdout] 
[INFO] [stderr]    Compiling tinytemplate v1.2.1
[INFO] [stderr]    Compiling oberon v2.2.1 (/opt/rustwide/workdir)
[INFO] [stderr]    Compiling criterion v0.5.1
[INFO] [stdout] error: aborting due to 9 previous errors
[INFO] [stdout] 
[INFO] [stdout] 
[INFO] [stdout] For more information about this error, try `rustc --explain E0554`.
[INFO] [stdout] 
[INFO] [stderr] error: could not compile `packed_simd_2` (lib) due to 10 previous errors
[INFO] [stderr] warning: build failed, waiting for other jobs to finish...
[INFO] running `Command { std: "docker" "inspect" "72e0d884acd5738ef955ac14b032befa217edc05fe17260916e3e3657ffc7a34", kill_on_drop: false }`
[INFO] running `Command { std: "docker" "rm" "-f" "72e0d884acd5738ef955ac14b032befa217edc05fe17260916e3e3657ffc7a34", kill_on_drop: false }`
[INFO] [stdout] 72e0d884acd5738ef955ac14b032befa217edc05fe17260916e3e3657ffc7a34
[INFO] testing oberon-2.2.1 against beta-2023-12-22 for beta-1.76-1
[INFO] extracting crate oberon 2.2.1 into /workspace/builds/worker-4-tc2/source
[INFO] validating manifest of crates.io crate oberon 2.2.1 on toolchain beta-2023-12-22
[INFO] running `Command { std: CARGO_HOME="/workspace/cargo-home" RUSTUP_HOME="/workspace/rustup-home" "/workspace/cargo-home/bin/cargo" "+beta-2023-12-22" "metadata" "--manifest-path" "Cargo.toml" "--no-deps", kill_on_drop: false }`
[INFO] started tweaking crates.io crate oberon 2.2.1
[INFO] removed 0 missing examples
[INFO] finished tweaking crates.io crate oberon 2.2.1
[INFO] tweaked toml for crates.io crate oberon 2.2.1 written to /workspace/builds/worker-4-tc2/source/Cargo.toml
[INFO] crate crates.io crate oberon 2.2.1 already has a lockfile, it will not be regenerated
[INFO] running `Command { std: CARGO_HOME="/workspace/cargo-home" RUSTUP_HOME="/workspace/rustup-home" "/workspace/cargo-home/bin/cargo" "+beta-2023-12-22" "fetch" "--manifest-path" "Cargo.toml", kill_on_drop: false }`
[INFO] running `Command { std: "docker" "create" "-v" "/var/lib/crater-agent-workspace/builds/worker-4-tc2/target:/opt/rustwide/target:rw,Z" "-v" "/var/lib/crater-agent-workspace/builds/worker-4-tc2/source:/opt/rustwide/workdir:ro,Z" "-v" "/var/lib/crater-agent-workspace/cargo-home:/opt/rustwide/cargo-home:ro,Z" "-v" "/var/lib/crater-agent-workspace/rustup-home:/opt/rustwide/rustup-home:ro,Z" "-e" "SOURCE_DIR=/opt/rustwide/workdir" "-e" "CARGO_TARGET_DIR=/opt/rustwide/target" "-e" "CARGO_HOME=/opt/rustwide/cargo-home" "-e" "RUSTUP_HOME=/opt/rustwide/rustup-home" "-w" "/opt/rustwide/workdir" "-m" "1610612736" "--user" "0:0" "--network" "none" "ghcr.io/rust-lang/crates-build-env/linux@sha256:2788e3201cd34a07e3172128adcd8b3090168a8e3bcc40d7c032b9dda1df7d1c" "/opt/rustwide/cargo-home/bin/cargo" "+beta-2023-12-22" "metadata" "--no-deps" "--format-version=1", kill_on_drop: false }`
[INFO] [stdout] da4b231206ac518a056cbdd37f651b020b6a74acd5f506cd7ac3e214967de8a5
[INFO] running `Command { std: "docker" "start" "-a" "da4b231206ac518a056cbdd37f651b020b6a74acd5f506cd7ac3e214967de8a5", kill_on_drop: false }`
[INFO] running `Command { std: "docker" "inspect" "da4b231206ac518a056cbdd37f651b020b6a74acd5f506cd7ac3e214967de8a5", kill_on_drop: false }`
[INFO] running `Command { std: "docker" "rm" "-f" "da4b231206ac518a056cbdd37f651b020b6a74acd5f506cd7ac3e214967de8a5", kill_on_drop: false }`
[INFO] [stdout] da4b231206ac518a056cbdd37f651b020b6a74acd5f506cd7ac3e214967de8a5
[INFO] running `Command { std: "docker" "create" "-v" "/var/lib/crater-agent-workspace/builds/worker-4-tc2/target:/opt/rustwide/target:rw,Z" "-v" "/var/lib/crater-agent-workspace/builds/worker-4-tc2/source:/opt/rustwide/workdir:ro,Z" "-v" "/var/lib/crater-agent-workspace/cargo-home:/opt/rustwide/cargo-home:ro,Z" "-v" "/var/lib/crater-agent-workspace/rustup-home:/opt/rustwide/rustup-home:ro,Z" "-e" "SOURCE_DIR=/opt/rustwide/workdir" "-e" "CARGO_TARGET_DIR=/opt/rustwide/target" "-e" "CARGO_INCREMENTAL=0" "-e" "RUST_BACKTRACE=full" "-e" "RUSTFLAGS=--cap-lints=warn" "-e" "RUSTDOCFLAGS=--cap-lints=warn" "-e" "CARGO_HOME=/opt/rustwide/cargo-home" "-e" "RUSTUP_HOME=/opt/rustwide/rustup-home" "-w" "/opt/rustwide/workdir" "-m" "1610612736" "--user" "0:0" "--network" "none" "ghcr.io/rust-lang/crates-build-env/linux@sha256:2788e3201cd34a07e3172128adcd8b3090168a8e3bcc40d7c032b9dda1df7d1c" "/opt/rustwide/cargo-home/bin/cargo" "+beta-2023-12-22" "build" "--frozen" "--message-format=json", kill_on_drop: false }`
[INFO] [stdout] 4a72b04d7357458e796d1acd9be106fdadab5837a2982f40f08bc495614a8851
[INFO] running `Command { std: "docker" "start" "-a" "4a72b04d7357458e796d1acd9be106fdadab5837a2982f40f08bc495614a8851", kill_on_drop: false }`
[INFO] [stderr]    Compiling proc-macro2 v1.0.59
[INFO] [stderr]    Compiling unicode-ident v1.0.9
[INFO] [stderr]    Compiling quote v1.0.28
[INFO] [stderr]    Compiling typenum v1.16.0
[INFO] [stderr]    Compiling radium v0.7.0
[INFO] [stderr]    Compiling tap v1.0.1
[INFO] [stderr]    Compiling rand_core v0.6.4
[INFO] [stderr]    Compiling funty v2.0.0
[INFO] [stderr]    Compiling subtle v2.5.0
[INFO] [stderr]    Compiling serde v1.0.163
[INFO] [stderr]    Compiling base16ct v0.2.0
[INFO] [stderr]    Compiling hex v0.4.3
[INFO] [stderr]    Compiling keccak v0.1.4
[INFO] [stderr]    Compiling arrayref v0.3.7
[INFO] [stderr]    Compiling generic-array v0.14.7
[INFO] [stderr]    Compiling cpufeatures v0.2.7
[INFO] [stderr]    Compiling wyz v0.5.1
[INFO] [stderr]    Compiling bitvec v1.0.1
[INFO] [stderr]    Compiling syn v2.0.18
[INFO] [stderr]    Compiling ff v0.13.0
[INFO] [stderr]    Compiling group v0.13.0
[INFO] [stderr]    Compiling pairing v0.23.0
[INFO] [stderr]    Compiling zeroize_derive v1.4.2
[INFO] [stderr]    Compiling serde_derive v1.0.163
[INFO] [stderr]    Compiling zeroize v1.6.0
[INFO] [stderr]    Compiling block-buffer v0.10.4
[INFO] [stderr]    Compiling crypto-common v0.1.6
[INFO] [stderr]    Compiling crypto-bigint v0.5.2
[INFO] [stderr]    Compiling digest v0.10.7
[INFO] [stderr]    Compiling sha2 v0.10.6
[INFO] [stderr]    Compiling sha3 v0.10.8
[INFO] [stderr]    Compiling elliptic-curve v0.13.5
[INFO] [stderr]    Compiling bls12_381_plus v0.8.4
[INFO] [stderr]    Compiling oberon v2.2.1 (/opt/rustwide/workdir)
[INFO] [stderr]     Finished dev [unoptimized + debuginfo] target(s) in 8.87s
[INFO] running `Command { std: "docker" "inspect" "4a72b04d7357458e796d1acd9be106fdadab5837a2982f40f08bc495614a8851", kill_on_drop: false }`
[INFO] running `Command { std: "docker" "rm" "-f" "4a72b04d7357458e796d1acd9be106fdadab5837a2982f40f08bc495614a8851", kill_on_drop: false }`
[INFO] [stdout] 4a72b04d7357458e796d1acd9be106fdadab5837a2982f40f08bc495614a8851
[INFO] running `Command { std: "docker" "create" "-v" "/var/lib/crater-agent-workspace/builds/worker-4-tc2/target:/opt/rustwide/target:rw,Z" "-v" "/var/lib/crater-agent-workspace/builds/worker-4-tc2/source:/opt/rustwide/workdir:ro,Z" "-v" "/var/lib/crater-agent-workspace/cargo-home:/opt/rustwide/cargo-home:ro,Z" "-v" "/var/lib/crater-agent-workspace/rustup-home:/opt/rustwide/rustup-home:ro,Z" "-e" "SOURCE_DIR=/opt/rustwide/workdir" "-e" "CARGO_TARGET_DIR=/opt/rustwide/target" "-e" "CARGO_INCREMENTAL=0" "-e" "RUST_BACKTRACE=full" "-e" "RUSTFLAGS=--cap-lints=warn" "-e" "RUSTDOCFLAGS=--cap-lints=warn" "-e" "CARGO_HOME=/opt/rustwide/cargo-home" "-e" "RUSTUP_HOME=/opt/rustwide/rustup-home" "-w" "/opt/rustwide/workdir" "-m" "1610612736" "--user" "0:0" "--network" "none" "ghcr.io/rust-lang/crates-build-env/linux@sha256:2788e3201cd34a07e3172128adcd8b3090168a8e3bcc40d7c032b9dda1df7d1c" "/opt/rustwide/cargo-home/bin/cargo" "+beta-2023-12-22" "test" "--frozen" "--no-run" "--message-format=json", kill_on_drop: false }`
[INFO] [stdout] 0d951972f7a4e538ad27256fa8d643499f82b17726e9485877a1d1bd245460a0
[INFO] running `Command { std: "docker" "start" "-a" "0d951972f7a4e538ad27256fa8d643499f82b17726e9485877a1d1bd245460a0", kill_on_drop: false }`
[INFO] [stderr]    Compiling libc v0.2.145
[INFO] [stderr]    Compiling num-traits v0.2.15
[INFO] [stderr]    Compiling serde v1.0.163
[INFO] [stderr]    Compiling crossbeam-utils v0.8.15
[INFO] [stderr]    Compiling memoffset v0.8.0
[INFO] [stderr]    Compiling num-integer v0.1.45
[INFO] [stderr]    Compiling crossbeam-epoch v0.9.14
[INFO] [stderr]    Compiling scopeguard v1.1.0
[INFO] [stderr]    Compiling getrandom v0.1.16
[INFO] [stderr]    Compiling num-bigint v0.3.3
[INFO] [stderr]    Compiling bitflags v1.3.2
[INFO] [stderr]    Compiling rayon-core v1.11.0
[INFO] [stderr]    Compiling io-lifetimes v1.0.11
[INFO] [stderr]    Compiling either v1.8.1
[INFO] [stderr]    Compiling num-iter v0.1.43
[INFO] [stderr]    Compiling num-rational v0.3.2
[INFO] [stderr]    Compiling half v1.8.2
[INFO] [stderr]    Compiling serde_json v1.0.96
[INFO] [stderr]    Compiling rustix v0.37.19
[INFO] [stderr]    Compiling libm v0.1.4
[INFO] [stderr]    Compiling linux-raw-sys v0.3.8
[INFO] [stderr]    Compiling plotters-backend v0.3.4
[INFO] [stderr]    Compiling ciborium-io v0.2.1
[INFO] [stderr]    Compiling packed_simd_2 v0.3.8
[INFO] [stderr]    Compiling anstyle v1.0.0
[INFO] [stderr]    Compiling ryu v1.0.13
[INFO] [stderr]    Compiling itoa v1.0.6
[INFO] [stderr]    Compiling clap_lex v0.5.0
[INFO] [stderr]    Compiling ciborium-ll v0.2.1
[INFO] [stderr]    Compiling itertools v0.10.5
[INFO] [stderr]    Compiling plotters-svg v0.3.3
[INFO] [stderr]    Compiling clap_builder v4.3.1
[INFO] [stderr]    Compiling same-file v1.0.6
[INFO] [stderr]    Compiling cast v0.3.0
[INFO] [stderr]    Compiling regex-syntax v0.7.2
[INFO] [stderr]    Compiling anes v0.1.6
[INFO] [stderr]    Compiling once_cell v1.18.0
[INFO] [stderr]    Compiling crossbeam-channel v0.5.8
[INFO] [stderr]    Compiling walkdir v2.3.3
[INFO] [stderr]    Compiling oorandom v11.1.3
[INFO] [stderr]    Compiling random_tester v0.1.0
[INFO] [stderr]    Compiling crossbeam-deque v0.8.3
[INFO] [stderr]    Compiling num-complex v0.3.1
[INFO] [stderr]    Compiling plotters v0.3.4
[INFO] [stderr]    Compiling getrandom v0.2.9
[INFO] [stderr]    Compiling num_cpus v1.15.0
[INFO] [stderr]    Compiling rand_core v0.6.4
[INFO] [stderr]    Compiling rand_core v0.5.1
[INFO] [stderr]    Compiling criterion-plot v0.5.0
[INFO] [stderr]    Compiling ff v0.13.0
[INFO] [stderr]    Compiling crypto-bigint v0.5.2
[INFO] [stderr]    Compiling rand_chacha v0.3.1
[INFO] [stderr]    Compiling regex v1.8.4
[INFO] [stderr]    Compiling rand_xorshift v0.3.0
[INFO] [stderr]    Compiling group v0.13.0
[INFO] [stderr]    Compiling rand_chacha v0.2.2
[INFO] [stderr]    Compiling rand v0.8.5
[INFO] [stdout] error[E0554]: `#![feature]` may not be used on the beta release channel
[INFO] [stdout]    --> /opt/rustwide/cargo-home/registry/src/index.crates.io-6f17d22bba15001f/packed_simd_2-0.3.8/src/lib.rs:214:1
[INFO] [stdout]     |
[INFO] [stdout] 214 | / #![feature(
[INFO] [stdout] 215 | |     adt_const_params,
[INFO] [stdout] 216 | |     repr_simd,
[INFO] [stdout] 217 | |     rustc_attrs,
[INFO] [stdout] ...   |
[INFO] [stdout] 224 | |     custom_inner_attributes,
[INFO] [stdout] 225 | | )]
[INFO] [stdout]     | |__^
[INFO] [stdout] 
[INFO] [stdout] 
[INFO] [stderr]    Compiling pairing v0.23.0
[INFO] [stderr]    Compiling rayon v1.7.0
[INFO] [stderr]    Compiling rand v0.7.3
[INFO] [stderr]    Compiling clap v4.3.2
[INFO] [stdout] error[E0554]: `#![feature]` may not be used on the beta release channel
[INFO] [stdout]    --> /opt/rustwide/cargo-home/registry/src/index.crates.io-6f17d22bba15001f/packed_simd_2-0.3.8/src/lib.rs:219:5
[INFO] [stdout]     |
[INFO] [stdout] 219 |     stdsimd,
[INFO] [stdout]     |     ^^^^^^^
[INFO] [stdout] 
[INFO] [stdout] 
[INFO] [stdout] error[E0554]: `#![feature]` may not be used on the beta release channel
[INFO] [stdout]    --> /opt/rustwide/cargo-home/registry/src/index.crates.io-6f17d22bba15001f/packed_simd_2-0.3.8/src/lib.rs:222:5
[INFO] [stdout]     |
[INFO] [stdout] 222 |     core_intrinsics,
[INFO] [stdout]     |     ^^^^^^^^^^^^^^^
[INFO] [stdout] 
[INFO] [stdout] 
[INFO] [stderr]    Compiling elliptic-curve v0.13.5
[INFO] [stderr]    Compiling is-terminal v0.4.7
[INFO] [stderr]    Compiling num v0.3.1
[INFO] [stdout] error: unrecognized platform-specific intrinsic function: `simd_shuffle2`
[INFO] [stdout]   --> /opt/rustwide/cargo-home/registry/src/index.crates.io-6f17d22bba15001f/packed_simd_2-0.3.8/src/codegen/llvm.rs:10:5
[INFO] [stdout]    |
[INFO] [stdout] 10 |     pub fn simd_shuffle2<T, U>(x: T, y: T, idx: [u32; 2]) -> U;
[INFO] [stdout]    |     ^^^^^^^^^^^^^^^^^^^^^^^^^^^^^^^^^^^^^^^^^^^^^^^^^^^^^^^^^^^
[INFO] [stdout] 
[INFO] [stdout] 
[INFO] [stdout] error: unrecognized platform-specific intrinsic function: `simd_shuffle4`
[INFO] [stdout]   --> /opt/rustwide/cargo-home/registry/src/index.crates.io-6f17d22bba15001f/packed_simd_2-0.3.8/src/codegen/llvm.rs:11:5
[INFO] [stdout]    |
[INFO] [stdout] 11 |     pub fn simd_shuffle4<T, U>(x: T, y: T, idx: [u32; 4]) -> U;
[INFO] [stdout]    |     ^^^^^^^^^^^^^^^^^^^^^^^^^^^^^^^^^^^^^^^^^^^^^^^^^^^^^^^^^^^
[INFO] [stdout] 
[INFO] [stdout] 
[INFO] [stdout] error: unrecognized platform-specific intrinsic function: `simd_shuffle8`
[INFO] [stdout]   --> /opt/rustwide/cargo-home/registry/src/index.crates.io-6f17d22bba15001f/packed_simd_2-0.3.8/src/codegen/llvm.rs:12:5
[INFO] [stdout]    |
[INFO] [stdout] 12 |     pub fn simd_shuffle8<T, U>(x: T, y: T, idx: [u32; 8]) -> U;
[INFO] [stdout]    |     ^^^^^^^^^^^^^^^^^^^^^^^^^^^^^^^^^^^^^^^^^^^^^^^^^^^^^^^^^^^
[INFO] [stdout] 
[INFO] [stdout] 
[INFO] [stdout] error: unrecognized platform-specific intrinsic function: `simd_shuffle16`
[INFO] [stdout]   --> /opt/rustwide/cargo-home/registry/src/index.crates.io-6f17d22bba15001f/packed_simd_2-0.3.8/src/codegen/llvm.rs:13:5
[INFO] [stdout]    |
[INFO] [stdout] 13 |     pub fn simd_shuffle16<T, U>(x: T, y: T, idx: [u32; 16]) -> U;
[INFO] [stdout]    |     ^^^^^^^^^^^^^^^^^^^^^^^^^^^^^^^^^^^^^^^^^^^^^^^^^^^^^^^^^^^^^
[INFO] [stdout] 
[INFO] [stdout] 
[INFO] [stdout] error: unrecognized platform-specific intrinsic function: `simd_shuffle32`
[INFO] [stdout]   --> /opt/rustwide/cargo-home/registry/src/index.crates.io-6f17d22bba15001f/packed_simd_2-0.3.8/src/codegen/llvm.rs:14:5
[INFO] [stdout]    |
[INFO] [stdout] 14 |     pub fn simd_shuffle32<T, U>(x: T, y: T, idx: [u32; 32]) -> U;
[INFO] [stdout]    |     ^^^^^^^^^^^^^^^^^^^^^^^^^^^^^^^^^^^^^^^^^^^^^^^^^^^^^^^^^^^^^
[INFO] [stdout] 
[INFO] [stdout] 
[INFO] [stdout] error: unrecognized platform-specific intrinsic function: `simd_shuffle64`
[INFO] [stdout]   --> /opt/rustwide/cargo-home/registry/src/index.crates.io-6f17d22bba15001f/packed_simd_2-0.3.8/src/codegen/llvm.rs:15:5
[INFO] [stdout]    |
[INFO] [stdout] 15 |     pub fn simd_shuffle64<T, U>(x: T, y: T, idx: [u32; 64]) -> U;
[INFO] [stdout]    |     ^^^^^^^^^^^^^^^^^^^^^^^^^^^^^^^^^^^^^^^^^^^^^^^^^^^^^^^^^^^^^
[INFO] [stdout] 
[INFO] [stdout] 
[INFO] [stderr]    Compiling ciborium v0.2.1
[INFO] [stderr]    Compiling bls12_381_plus v0.8.4
[INFO] [stderr]    Compiling serde_cbor v0.11.2
[INFO] [stderr]    Compiling serde_bare v0.5.0
[INFO] [stderr]    Compiling tinytemplate v1.2.1
[INFO] [stderr]    Compiling criterion v0.5.1
[INFO] [stderr]    Compiling oberon v2.2.1 (/opt/rustwide/workdir)
[INFO] [stdout] error: aborting due to 9 previous errors
[INFO] [stdout] 
[INFO] [stdout] 
[INFO] [stdout] For more information about this error, try `rustc --explain E0554`.
[INFO] [stdout] 
[INFO] [stderr] error: could not compile `packed_simd_2` (lib) due to 10 previous errors
[INFO] [stderr] warning: build failed, waiting for other jobs to finish...
[INFO] running `Command { std: "docker" "inspect" "0d951972f7a4e538ad27256fa8d643499f82b17726e9485877a1d1bd245460a0", kill_on_drop: false }`
[INFO] running `Command { std: "docker" "rm" "-f" "0d951972f7a4e538ad27256fa8d643499f82b17726e9485877a1d1bd245460a0", kill_on_drop: false }`
[INFO] [stdout] 0d951972f7a4e538ad27256fa8d643499f82b17726e9485877a1d1bd245460a0
