[INFO] fetching crate oauth2-signin 0.2.0...
[INFO] testing oauth2-signin-0.2.0 against 1.75.0 for beta-1.76-1
[INFO] extracting crate oauth2-signin 0.2.0 into /workspace/builds/worker-0-tc1/source
[INFO] validating manifest of crates.io crate oauth2-signin 0.2.0 on toolchain 1.75.0
[INFO] running `Command { std: CARGO_HOME="/workspace/cargo-home" RUSTUP_HOME="/workspace/rustup-home" "/workspace/cargo-home/bin/cargo" "+1.75.0" "metadata" "--manifest-path" "Cargo.toml" "--no-deps", kill_on_drop: false }`
[INFO] started tweaking crates.io crate oauth2-signin 0.2.0
[INFO] finished tweaking crates.io crate oauth2-signin 0.2.0
[INFO] tweaked toml for crates.io crate oauth2-signin 0.2.0 written to /workspace/builds/worker-0-tc1/source/Cargo.toml
[INFO] running `Command { std: CARGO_HOME="/workspace/cargo-home" RUSTUP_HOME="/workspace/rustup-home" "/workspace/cargo-home/bin/cargo" "+1.75.0" "generate-lockfile" "--manifest-path" "Cargo.toml", kill_on_drop: false }`
[INFO] [stderr]     Updating crates.io index
[INFO] running `Command { std: CARGO_HOME="/workspace/cargo-home" RUSTUP_HOME="/workspace/rustup-home" "/workspace/cargo-home/bin/cargo" "+1.75.0" "fetch" "--manifest-path" "Cargo.toml", kill_on_drop: false }`
[INFO] [stderr]  Downloading crates ...
[INFO] [stderr]   Downloaded oauth2-core v0.2.0
[INFO] [stderr]   Downloaded http-api-client-endpoint v0.2.1
[INFO] [stderr]   Downloaded oauth2-client v0.2.0
[INFO] [stderr]   Downloaded http-api-client v0.2.1
[INFO] [stderr]   Downloaded http-api-isahc-client v0.2.2
[INFO] running `Command { std: "docker" "create" "-v" "/var/lib/crater-agent-workspace/builds/worker-0-tc1/target:/opt/rustwide/target:rw,Z" "-v" "/var/lib/crater-agent-workspace/builds/worker-0-tc1/source:/opt/rustwide/workdir:ro,Z" "-v" "/var/lib/crater-agent-workspace/cargo-home:/opt/rustwide/cargo-home:ro,Z" "-v" "/var/lib/crater-agent-workspace/rustup-home:/opt/rustwide/rustup-home:ro,Z" "-e" "SOURCE_DIR=/opt/rustwide/workdir" "-e" "CARGO_TARGET_DIR=/opt/rustwide/target" "-e" "CARGO_HOME=/opt/rustwide/cargo-home" "-e" "RUSTUP_HOME=/opt/rustwide/rustup-home" "-w" "/opt/rustwide/workdir" "-m" "1610612736" "--user" "0:0" "--network" "none" "ghcr.io/rust-lang/crates-build-env/linux@sha256:2788e3201cd34a07e3172128adcd8b3090168a8e3bcc40d7c032b9dda1df7d1c" "/opt/rustwide/cargo-home/bin/cargo" "+1.75.0" "metadata" "--no-deps" "--format-version=1", kill_on_drop: false }`
[INFO] [stdout] 90531d437e00c2492a9051c4a0acb31e64987cb1bce0c4fe06a76f936004b4c4
[INFO] running `Command { std: "docker" "start" "-a" "90531d437e00c2492a9051c4a0acb31e64987cb1bce0c4fe06a76f936004b4c4", kill_on_drop: false }`
[INFO] running `Command { std: "docker" "inspect" "90531d437e00c2492a9051c4a0acb31e64987cb1bce0c4fe06a76f936004b4c4", kill_on_drop: false }`
[INFO] running `Command { std: "docker" "rm" "-f" "90531d437e00c2492a9051c4a0acb31e64987cb1bce0c4fe06a76f936004b4c4", kill_on_drop: false }`
[INFO] [stdout] 90531d437e00c2492a9051c4a0acb31e64987cb1bce0c4fe06a76f936004b4c4
[INFO] running `Command { std: "docker" "create" "-v" "/var/lib/crater-agent-workspace/builds/worker-0-tc1/target:/opt/rustwide/target:rw,Z" "-v" "/var/lib/crater-agent-workspace/builds/worker-0-tc1/source:/opt/rustwide/workdir:ro,Z" "-v" "/var/lib/crater-agent-workspace/cargo-home:/opt/rustwide/cargo-home:ro,Z" "-v" "/var/lib/crater-agent-workspace/rustup-home:/opt/rustwide/rustup-home:ro,Z" "-e" "SOURCE_DIR=/opt/rustwide/workdir" "-e" "CARGO_TARGET_DIR=/opt/rustwide/target" "-e" "CARGO_INCREMENTAL=0" "-e" "RUST_BACKTRACE=full" "-e" "RUSTFLAGS=--cap-lints=warn" "-e" "RUSTDOCFLAGS=--cap-lints=warn" "-e" "CARGO_HOME=/opt/rustwide/cargo-home" "-e" "RUSTUP_HOME=/opt/rustwide/rustup-home" "-w" "/opt/rustwide/workdir" "-m" "1610612736" "--user" "0:0" "--network" "none" "ghcr.io/rust-lang/crates-build-env/linux@sha256:2788e3201cd34a07e3172128adcd8b3090168a8e3bcc40d7c032b9dda1df7d1c" "/opt/rustwide/cargo-home/bin/cargo" "+1.75.0" "build" "--frozen" "--message-format=json", kill_on_drop: false }`
[INFO] [stdout] 83c3dd7840a608e60dee145d671f4af2250720f676d15ed7112c71ecae77355c
[INFO] running `Command { std: "docker" "start" "-a" "83c3dd7840a608e60dee145d671f4af2250720f676d15ed7112c71ecae77355c", kill_on_drop: false }`
[INFO] [stderr]    Compiling syn v1.0.109
[INFO] [stderr]    Compiling serde v1.0.194
[INFO] [stderr]    Compiling ident_case v1.0.1
[INFO] [stderr]    Compiling syn v2.0.48
[INFO] [stderr]    Compiling getrandom v0.2.11
[INFO] [stderr]    Compiling serde-rename-rule v0.2.2
[INFO] [stderr]    Compiling serde_json v1.0.111
[INFO] [stderr]    Compiling http-api-client-endpoint v0.2.1
[INFO] [stderr]    Compiling base64 v0.21.5
[INFO] [stderr]    Compiling dyn-clone v1.0.16
[INFO] [stderr]    Compiling rand_core v0.6.4
[INFO] [stderr]    Compiling rand_chacha v0.3.1
[INFO] [stderr]    Compiling rand v0.8.5
[INFO] [stderr]    Compiling darling_core v0.14.4
[INFO] [stderr]    Compiling serde_derive v1.0.194
[INFO] [stderr]    Compiling thiserror-impl v1.0.56
[INFO] [stderr]    Compiling async-trait v0.1.77
[INFO] [stderr]    Compiling serde-attributes v0.2.1
[INFO] [stderr]    Compiling darling_macro v0.14.4
[INFO] [stderr]    Compiling http-api-client v0.2.1
[INFO] [stderr]    Compiling thiserror v1.0.56
[INFO] [stderr]    Compiling darling v0.14.4
[INFO] [stderr]    Compiling serde-enum-str v0.3.2
[INFO] [stderr]    Compiling url v2.5.0
[INFO] [stderr]    Compiling serde_qs v0.12.0
[INFO] [stderr]    Compiling serde_urlencoded v0.7.1
[INFO] [stderr]    Compiling oauth2-core v0.2.0
[INFO] [stderr]    Compiling oauth2-client v0.2.0
[INFO] [stderr]    Compiling oauth2-signin v0.2.0 (/opt/rustwide/workdir)
[INFO] [stderr]     Finished dev [unoptimized + debuginfo] target(s) in 8.44s
[INFO] running `Command { std: "docker" "inspect" "83c3dd7840a608e60dee145d671f4af2250720f676d15ed7112c71ecae77355c", kill_on_drop: false }`
[INFO] running `Command { std: "docker" "rm" "-f" "83c3dd7840a608e60dee145d671f4af2250720f676d15ed7112c71ecae77355c", kill_on_drop: false }`
[INFO] [stdout] 83c3dd7840a608e60dee145d671f4af2250720f676d15ed7112c71ecae77355c
[INFO] running `Command { std: "docker" "create" "-v" "/var/lib/crater-agent-workspace/builds/worker-0-tc1/target:/opt/rustwide/target:rw,Z" "-v" "/var/lib/crater-agent-workspace/builds/worker-0-tc1/source:/opt/rustwide/workdir:ro,Z" "-v" "/var/lib/crater-agent-workspace/cargo-home:/opt/rustwide/cargo-home:ro,Z" "-v" "/var/lib/crater-agent-workspace/rustup-home:/opt/rustwide/rustup-home:ro,Z" "-e" "SOURCE_DIR=/opt/rustwide/workdir" "-e" "CARGO_TARGET_DIR=/opt/rustwide/target" "-e" "CARGO_INCREMENTAL=0" "-e" "RUST_BACKTRACE=full" "-e" "RUSTFLAGS=--cap-lints=warn" "-e" "RUSTDOCFLAGS=--cap-lints=warn" "-e" "CARGO_HOME=/opt/rustwide/cargo-home" "-e" "RUSTUP_HOME=/opt/rustwide/rustup-home" "-w" "/opt/rustwide/workdir" "-m" "1610612736" "--user" "0:0" "--network" "none" "ghcr.io/rust-lang/crates-build-env/linux@sha256:2788e3201cd34a07e3172128adcd8b3090168a8e3bcc40d7c032b9dda1df7d1c" "/opt/rustwide/cargo-home/bin/cargo" "+1.75.0" "test" "--frozen" "--no-run" "--message-format=json", kill_on_drop: false }`
[INFO] [stdout] 20960e8000bdcadfaea38d4960cb723d43cf7f377a7253ca500f6337b6fa2cd8
[INFO] running `Command { std: "docker" "start" "-a" "20960e8000bdcadfaea38d4960cb723d43cf7f377a7253ca500f6337b6fa2cd8", kill_on_drop: false }`
[INFO] [stderr]    Compiling cc v1.0.83
[INFO] [stderr]    Compiling log v0.4.20
[INFO] [stderr]    Compiling tracing-attributes v0.1.27
[INFO] [stderr]    Compiling pin-project-internal v1.1.3
[INFO] [stderr]    Compiling curl v0.4.44
[INFO] [stderr]    Compiling socket2 v0.4.10
[INFO] [stderr]    Compiling isahc v1.7.2
[INFO] [stderr]    Compiling futures-lite v1.13.0
[INFO] [stderr]    Compiling polling v2.8.0
[INFO] [stderr]    Compiling sluice v0.5.5
[INFO] [stderr]    Compiling castaway v0.1.2
[INFO] [stderr]    Compiling tokio-macros v2.2.0
[INFO] [stderr]    Compiling openssl-sys v0.9.98
[INFO] [stderr]    Compiling libz-sys v1.1.12
[INFO] [stderr]    Compiling curl-sys v0.4.70+curl-8.5.0
[INFO] [stderr]    Compiling tokio v1.35.1
[INFO] [stderr]    Compiling pin-project v1.1.3
[INFO] [stderr]    Compiling tracing v0.1.40
[INFO] [stderr]    Compiling tracing-futures v0.2.5
[INFO] [stderr]    Compiling http-api-isahc-client v0.2.2
[INFO] [stderr]    Compiling oauth2-signin v0.2.0 (/opt/rustwide/workdir)
[INFO] [stdout] error[E0432]: unresolved import `oauth2_github`
[INFO] [stdout]    --> src/web_app/signin_flow.rs:214:9
[INFO] [stdout]     |
[INFO] [stdout] 214 |     use oauth2_github::{GithubExtensionsBuilder, GithubProviderWithWebApplication, GithubScope};
[INFO] [stdout]     |         ^^^^^^^^^^^^^ use of undeclared crate or module `oauth2_github`
[INFO] [stdout] 
[INFO] [stdout] 
[INFO] [stdout] error[E0432]: unresolved import `oauth2_google`
[INFO] [stdout]    --> src/web_app/signin_flow.rs:215:9
[INFO] [stdout]     |
[INFO] [stdout] 215 |     use oauth2_google::{GoogleExtensionsBuilder, GoogleProviderForWebServerApps, GoogleScope};
[INFO] [stdout]     |         ^^^^^^^^^^^^^ use of undeclared crate or module `oauth2_google`
[INFO] [stdout] 
[INFO] [stdout] 
[INFO] [stdout] error: aborting due to 2 previous errors
[INFO] [stdout] 
[INFO] [stdout] 
[INFO] [stdout] For more information about this error, try `rustc --explain E0432`.
[INFO] [stdout] 
[INFO] [stderr] error: could not compile `oauth2-signin` (lib test) due to 3 previous errors
[INFO] running `Command { std: "docker" "inspect" "20960e8000bdcadfaea38d4960cb723d43cf7f377a7253ca500f6337b6fa2cd8", kill_on_drop: false }`
[INFO] running `Command { std: "docker" "rm" "-f" "20960e8000bdcadfaea38d4960cb723d43cf7f377a7253ca500f6337b6fa2cd8", kill_on_drop: false }`
[INFO] [stdout] 20960e8000bdcadfaea38d4960cb723d43cf7f377a7253ca500f6337b6fa2cd8
[INFO] testing oauth2-signin-0.2.0 against beta-2023-12-22 for beta-1.76-1
[INFO] extracting crate oauth2-signin 0.2.0 into /workspace/builds/worker-0-tc2/source
[INFO] validating manifest of crates.io crate oauth2-signin 0.2.0 on toolchain beta-2023-12-22
[INFO] running `Command { std: CARGO_HOME="/workspace/cargo-home" RUSTUP_HOME="/workspace/rustup-home" "/workspace/cargo-home/bin/cargo" "+beta-2023-12-22" "metadata" "--manifest-path" "Cargo.toml" "--no-deps", kill_on_drop: false }`
[INFO] started tweaking crates.io crate oauth2-signin 0.2.0
[INFO] finished tweaking crates.io crate oauth2-signin 0.2.0
[INFO] tweaked toml for crates.io crate oauth2-signin 0.2.0 written to /workspace/builds/worker-0-tc2/source/Cargo.toml
[INFO] running `Command { std: CARGO_HOME="/workspace/cargo-home" RUSTUP_HOME="/workspace/rustup-home" "/workspace/cargo-home/bin/cargo" "+beta-2023-12-22" "generate-lockfile" "--manifest-path" "Cargo.toml", kill_on_drop: false }`
[INFO] [stderr]     Updating crates.io index
[INFO] running `Command { std: CARGO_HOME="/workspace/cargo-home" RUSTUP_HOME="/workspace/rustup-home" "/workspace/cargo-home/bin/cargo" "+beta-2023-12-22" "fetch" "--manifest-path" "Cargo.toml", kill_on_drop: false }`
[INFO] running `Command { std: "docker" "create" "-v" "/var/lib/crater-agent-workspace/builds/worker-0-tc2/target:/opt/rustwide/target:rw,Z" "-v" "/var/lib/crater-agent-workspace/builds/worker-0-tc2/source:/opt/rustwide/workdir:ro,Z" "-v" "/var/lib/crater-agent-workspace/cargo-home:/opt/rustwide/cargo-home:ro,Z" "-v" "/var/lib/crater-agent-workspace/rustup-home:/opt/rustwide/rustup-home:ro,Z" "-e" "SOURCE_DIR=/opt/rustwide/workdir" "-e" "CARGO_TARGET_DIR=/opt/rustwide/target" "-e" "CARGO_HOME=/opt/rustwide/cargo-home" "-e" "RUSTUP_HOME=/opt/rustwide/rustup-home" "-w" "/opt/rustwide/workdir" "-m" "1610612736" "--user" "0:0" "--network" "none" "ghcr.io/rust-lang/crates-build-env/linux@sha256:2788e3201cd34a07e3172128adcd8b3090168a8e3bcc40d7c032b9dda1df7d1c" "/opt/rustwide/cargo-home/bin/cargo" "+beta-2023-12-22" "metadata" "--no-deps" "--format-version=1", kill_on_drop: false }`
[INFO] [stdout] 7ecd48576d481e0ef80120f02bdfda4c87237dee1d22aabf5a472df5f05b5e3a
[INFO] running `Command { std: "docker" "start" "-a" "7ecd48576d481e0ef80120f02bdfda4c87237dee1d22aabf5a472df5f05b5e3a", kill_on_drop: false }`
[INFO] running `Command { std: "docker" "inspect" "7ecd48576d481e0ef80120f02bdfda4c87237dee1d22aabf5a472df5f05b5e3a", kill_on_drop: false }`
[INFO] running `Command { std: "docker" "rm" "-f" "7ecd48576d481e0ef80120f02bdfda4c87237dee1d22aabf5a472df5f05b5e3a", kill_on_drop: false }`
[INFO] [stdout] 7ecd48576d481e0ef80120f02bdfda4c87237dee1d22aabf5a472df5f05b5e3a
[INFO] running `Command { std: "docker" "create" "-v" "/var/lib/crater-agent-workspace/builds/worker-0-tc2/target:/opt/rustwide/target:rw,Z" "-v" "/var/lib/crater-agent-workspace/builds/worker-0-tc2/source:/opt/rustwide/workdir:ro,Z" "-v" "/var/lib/crater-agent-workspace/cargo-home:/opt/rustwide/cargo-home:ro,Z" "-v" "/var/lib/crater-agent-workspace/rustup-home:/opt/rustwide/rustup-home:ro,Z" "-e" "SOURCE_DIR=/opt/rustwide/workdir" "-e" "CARGO_TARGET_DIR=/opt/rustwide/target" "-e" "CARGO_INCREMENTAL=0" "-e" "RUST_BACKTRACE=full" "-e" "RUSTFLAGS=--cap-lints=warn" "-e" "RUSTDOCFLAGS=--cap-lints=warn" "-e" "CARGO_HOME=/opt/rustwide/cargo-home" "-e" "RUSTUP_HOME=/opt/rustwide/rustup-home" "-w" "/opt/rustwide/workdir" "-m" "1610612736" "--user" "0:0" "--network" "none" "ghcr.io/rust-lang/crates-build-env/linux@sha256:2788e3201cd34a07e3172128adcd8b3090168a8e3bcc40d7c032b9dda1df7d1c" "/opt/rustwide/cargo-home/bin/cargo" "+beta-2023-12-22" "build" "--frozen" "--message-format=json", kill_on_drop: false }`
[INFO] [stdout] 0b64579a999e6a83f5ace3f58cd857b693e9a9244a0317f1a993a7faa3f68c0f
[INFO] running `Command { std: "docker" "start" "-a" "0b64579a999e6a83f5ace3f58cd857b693e9a9244a0317f1a993a7faa3f68c0f", kill_on_drop: false }`
[INFO] [stderr]    Compiling syn v1.0.109
[INFO] [stderr]    Compiling serde v1.0.194
[INFO] [stderr]    Compiling ident_case v1.0.1
[INFO] [stderr]    Compiling syn v2.0.48
[INFO] [stderr]    Compiling getrandom v0.2.11
[INFO] [stderr]    Compiling serde-rename-rule v0.2.2
[INFO] [stderr]    Compiling serde_json v1.0.111
[INFO] [stderr]    Compiling http-api-client-endpoint v0.2.1
[INFO] [stderr]    Compiling base64 v0.21.5
[INFO] [stderr]    Compiling dyn-clone v1.0.16
[INFO] [stderr]    Compiling rand_core v0.6.4
[INFO] [stderr]    Compiling rand_chacha v0.3.1
[INFO] [stderr]    Compiling rand v0.8.5
[INFO] [stderr]    Compiling darling_core v0.14.4
[INFO] [stderr]    Compiling serde_derive v1.0.194
[INFO] [stderr]    Compiling thiserror-impl v1.0.56
[INFO] [stderr]    Compiling async-trait v0.1.77
[INFO] [stderr]    Compiling serde-attributes v0.2.1
[INFO] [stderr]    Compiling darling_macro v0.14.4
[INFO] [stderr]    Compiling http-api-client v0.2.1
[INFO] [stderr]    Compiling thiserror v1.0.56
[INFO] [stderr]    Compiling darling v0.14.4
[INFO] [stderr]    Compiling serde-enum-str v0.3.2
[INFO] [stderr]    Compiling url v2.5.0
[INFO] [stderr]    Compiling serde_qs v0.12.0
[INFO] [stderr]    Compiling serde_urlencoded v0.7.1
[INFO] [stderr]    Compiling oauth2-core v0.2.0
[INFO] [stderr]    Compiling oauth2-client v0.2.0
[INFO] [stderr]    Compiling oauth2-signin v0.2.0 (/opt/rustwide/workdir)
[INFO] [stderr]     Finished dev [unoptimized + debuginfo] target(s) in 17.21s
[INFO] running `Command { std: "docker" "inspect" "0b64579a999e6a83f5ace3f58cd857b693e9a9244a0317f1a993a7faa3f68c0f", kill_on_drop: false }`
[INFO] running `Command { std: "docker" "rm" "-f" "0b64579a999e6a83f5ace3f58cd857b693e9a9244a0317f1a993a7faa3f68c0f", kill_on_drop: false }`
[INFO] [stdout] 0b64579a999e6a83f5ace3f58cd857b693e9a9244a0317f1a993a7faa3f68c0f
[INFO] running `Command { std: "docker" "create" "-v" "/var/lib/crater-agent-workspace/builds/worker-0-tc2/target:/opt/rustwide/target:rw,Z" "-v" "/var/lib/crater-agent-workspace/builds/worker-0-tc2/source:/opt/rustwide/workdir:ro,Z" "-v" "/var/lib/crater-agent-workspace/cargo-home:/opt/rustwide/cargo-home:ro,Z" "-v" "/var/lib/crater-agent-workspace/rustup-home:/opt/rustwide/rustup-home:ro,Z" "-e" "SOURCE_DIR=/opt/rustwide/workdir" "-e" "CARGO_TARGET_DIR=/opt/rustwide/target" "-e" "CARGO_INCREMENTAL=0" "-e" "RUST_BACKTRACE=full" "-e" "RUSTFLAGS=--cap-lints=warn" "-e" "RUSTDOCFLAGS=--cap-lints=warn" "-e" "CARGO_HOME=/opt/rustwide/cargo-home" "-e" "RUSTUP_HOME=/opt/rustwide/rustup-home" "-w" "/opt/rustwide/workdir" "-m" "1610612736" "--user" "0:0" "--network" "none" "ghcr.io/rust-lang/crates-build-env/linux@sha256:2788e3201cd34a07e3172128adcd8b3090168a8e3bcc40d7c032b9dda1df7d1c" "/opt/rustwide/cargo-home/bin/cargo" "+beta-2023-12-22" "test" "--frozen" "--no-run" "--message-format=json", kill_on_drop: false }`
[INFO] [stdout] 57c235308c5312505daf682265f051bcdc42054e7214dd67b8eaac7b3b3372e2
[INFO] running `Command { std: "docker" "start" "-a" "57c235308c5312505daf682265f051bcdc42054e7214dd67b8eaac7b3b3372e2", kill_on_drop: false }`
[INFO] [stderr]    Compiling cc v1.0.83
[INFO] [stderr]    Compiling log v0.4.20
[INFO] [stderr]    Compiling pin-project-internal v1.1.3
[INFO] [stderr]    Compiling tracing-attributes v0.1.27
[INFO] [stderr]    Compiling curl v0.4.44
[INFO] [stderr]    Compiling socket2 v0.4.10
[INFO] [stderr]    Compiling isahc v1.7.2
[INFO] [stderr]    Compiling futures-lite v1.13.0
[INFO] [stderr]    Compiling polling v2.8.0
[INFO] [stderr]    Compiling sluice v0.5.5
[INFO] [stderr]    Compiling castaway v0.1.2
[INFO] [stderr]    Compiling tokio-macros v2.2.0
[INFO] [stderr]    Compiling libz-sys v1.1.12
[INFO] [stderr]    Compiling openssl-sys v0.9.98
[INFO] [stderr]    Compiling curl-sys v0.4.70+curl-8.5.0
[INFO] [stderr]    Compiling tokio v1.35.1
[INFO] [stderr]    Compiling pin-project v1.1.3
[INFO] [stderr]    Compiling tracing v0.1.40
[INFO] [stderr]    Compiling tracing-futures v0.2.5
[INFO] [stderr]    Compiling http-api-isahc-client v0.2.2
[INFO] [stderr]    Compiling oauth2-signin v0.2.0 (/opt/rustwide/workdir)
[INFO] [stdout] error[E0432]: unresolved import `oauth2_github`
[INFO] [stdout]    --> src/web_app/signin_flow.rs:214:9
[INFO] [stdout]     |
[INFO] [stdout] 214 |     use oauth2_github::{GithubExtensionsBuilder, GithubProviderWithWebApplication, GithubScope};
[INFO] [stdout]     |         ^^^^^^^^^^^^^ use of undeclared crate or module `oauth2_github`
[INFO] [stdout] 
[INFO] [stdout] 
[INFO] [stdout] error[E0432]: unresolved import `oauth2_google`
[INFO] [stdout]    --> src/web_app/signin_flow.rs:215:9
[INFO] [stdout]     |
[INFO] [stdout] 215 |     use oauth2_google::{GoogleExtensionsBuilder, GoogleProviderForWebServerApps, GoogleScope};
[INFO] [stdout]     |         ^^^^^^^^^^^^^ use of undeclared crate or module `oauth2_google`
[INFO] [stdout] 
[INFO] [stdout] 
[INFO] [stderr] error: could not compile `oauth2-signin` (lib test) due to 3 previous errors
[INFO] [stdout] error: aborting due to 2 previous errors
[INFO] [stdout] 
[INFO] [stdout] 
[INFO] [stdout] For more information about this error, try `rustc --explain E0432`.
[INFO] [stdout] 
[INFO] running `Command { std: "docker" "inspect" "57c235308c5312505daf682265f051bcdc42054e7214dd67b8eaac7b3b3372e2", kill_on_drop: false }`
[INFO] running `Command { std: "docker" "rm" "-f" "57c235308c5312505daf682265f051bcdc42054e7214dd67b8eaac7b3b3372e2", kill_on_drop: false }`
[INFO] [stdout] 57c235308c5312505daf682265f051bcdc42054e7214dd67b8eaac7b3b3372e2
