[INFO] fetching crate nyar-runtime 0.0.1...
[INFO] testing nyar-runtime-0.0.1 against 1.75.0 for beta-1.76-1
[INFO] extracting crate nyar-runtime 0.0.1 into /workspace/builds/worker-2-tc1/source
[INFO] validating manifest of crates.io crate nyar-runtime 0.0.1 on toolchain 1.75.0
[INFO] running `Command { std: CARGO_HOME="/workspace/cargo-home" RUSTUP_HOME="/workspace/rustup-home" "/workspace/cargo-home/bin/cargo" "+1.75.0" "metadata" "--manifest-path" "Cargo.toml" "--no-deps", kill_on_drop: false }`
[INFO] started tweaking crates.io crate nyar-runtime 0.0.1
[INFO] finished tweaking crates.io crate nyar-runtime 0.0.1
[INFO] tweaked toml for crates.io crate nyar-runtime 0.0.1 written to /workspace/builds/worker-2-tc1/source/Cargo.toml
[INFO] running `Command { std: CARGO_HOME="/workspace/cargo-home" RUSTUP_HOME="/workspace/rustup-home" "/workspace/cargo-home/bin/cargo" "+1.75.0" "generate-lockfile" "--manifest-path" "Cargo.toml", kill_on_drop: false }`
[INFO] [stderr]     Updating crates.io index
[INFO] running `Command { std: CARGO_HOME="/workspace/cargo-home" RUSTUP_HOME="/workspace/rustup-home" "/workspace/cargo-home/bin/cargo" "+1.75.0" "fetch" "--manifest-path" "Cargo.toml", kill_on_drop: false }`
[INFO] running `Command { std: "docker" "create" "-v" "/var/lib/crater-agent-workspace/builds/worker-2-tc1/target:/opt/rustwide/target:rw,Z" "-v" "/var/lib/crater-agent-workspace/builds/worker-2-tc1/source:/opt/rustwide/workdir:ro,Z" "-v" "/var/lib/crater-agent-workspace/cargo-home:/opt/rustwide/cargo-home:ro,Z" "-v" "/var/lib/crater-agent-workspace/rustup-home:/opt/rustwide/rustup-home:ro,Z" "-e" "SOURCE_DIR=/opt/rustwide/workdir" "-e" "CARGO_TARGET_DIR=/opt/rustwide/target" "-e" "CARGO_HOME=/opt/rustwide/cargo-home" "-e" "RUSTUP_HOME=/opt/rustwide/rustup-home" "-w" "/opt/rustwide/workdir" "-m" "1610612736" "--user" "0:0" "--network" "none" "ghcr.io/rust-lang/crates-build-env/linux@sha256:2788e3201cd34a07e3172128adcd8b3090168a8e3bcc40d7c032b9dda1df7d1c" "/opt/rustwide/cargo-home/bin/cargo" "+1.75.0" "metadata" "--no-deps" "--format-version=1", kill_on_drop: false }`
[INFO] [stdout] 77b61115b445005c790da978419ff84531b8b4fc6fd89a4a146bdf6bc29a2811
[INFO] running `Command { std: "docker" "start" "-a" "77b61115b445005c790da978419ff84531b8b4fc6fd89a4a146bdf6bc29a2811", kill_on_drop: false }`
[INFO] running `Command { std: "docker" "inspect" "77b61115b445005c790da978419ff84531b8b4fc6fd89a4a146bdf6bc29a2811", kill_on_drop: false }`
[INFO] running `Command { std: "docker" "rm" "-f" "77b61115b445005c790da978419ff84531b8b4fc6fd89a4a146bdf6bc29a2811", kill_on_drop: false }`
[INFO] [stdout] 77b61115b445005c790da978419ff84531b8b4fc6fd89a4a146bdf6bc29a2811
[INFO] running `Command { std: "docker" "create" "-v" "/var/lib/crater-agent-workspace/builds/worker-2-tc1/target:/opt/rustwide/target:rw,Z" "-v" "/var/lib/crater-agent-workspace/builds/worker-2-tc1/source:/opt/rustwide/workdir:ro,Z" "-v" "/var/lib/crater-agent-workspace/cargo-home:/opt/rustwide/cargo-home:ro,Z" "-v" "/var/lib/crater-agent-workspace/rustup-home:/opt/rustwide/rustup-home:ro,Z" "-e" "SOURCE_DIR=/opt/rustwide/workdir" "-e" "CARGO_TARGET_DIR=/opt/rustwide/target" "-e" "CARGO_INCREMENTAL=0" "-e" "RUST_BACKTRACE=full" "-e" "RUSTFLAGS=--cap-lints=warn" "-e" "RUSTDOCFLAGS=--cap-lints=warn" "-e" "CARGO_HOME=/opt/rustwide/cargo-home" "-e" "RUSTUP_HOME=/opt/rustwide/rustup-home" "-w" "/opt/rustwide/workdir" "-m" "1610612736" "--user" "0:0" "--network" "none" "ghcr.io/rust-lang/crates-build-env/linux@sha256:2788e3201cd34a07e3172128adcd8b3090168a8e3bcc40d7c032b9dda1df7d1c" "/opt/rustwide/cargo-home/bin/cargo" "+1.75.0" "build" "--frozen" "--message-format=json", kill_on_drop: false }`
[INFO] [stdout] ae81f7c52a168d7a660e987ac9afab53f820efbe1fcc6cebffc97920862f7b60
[INFO] running `Command { std: "docker" "start" "-a" "ae81f7c52a168d7a660e987ac9afab53f820efbe1fcc6cebffc97920862f7b60", kill_on_drop: false }`
[INFO] [stderr]    Compiling indexmap v1.9.3
[INFO] [stderr]    Compiling hashbrown v0.12.3
[INFO] [stderr]    Compiling nyar-runtime v0.0.1 (/opt/rustwide/workdir)
[INFO] [stdout] error[E0432]: unresolved import `std::lazy`
[INFO] [stdout]  --> src/function/attributes.rs:3:10
[INFO] [stdout]   |
[INFO] [stdout] 3 | use std::lazy::SyncLazy;
[INFO] [stdout]   |          ^^^^ could not find `lazy` in `std`
[INFO] [stdout] 
[INFO] [stdout] 
[INFO] [stdout] error[E0554]: `#![feature]` may not be used on the stable release channel
[INFO] [stdout]  --> src/lib.rs:1:12
[INFO] [stdout]   |
[INFO] [stdout] 1 | #![feature(once_cell)]
[INFO] [stdout]   |            ^^^^^^^^^
[INFO] [stdout] 
[INFO] [stdout] 
[INFO] [stdout] warning: the feature `once_cell` has been stable since 1.70.0 and no longer requires an attribute to enable
[INFO] [stdout]  --> src/lib.rs:1:12
[INFO] [stdout]   |
[INFO] [stdout] 1 | #![feature(once_cell)]
[INFO] [stdout]   |            ^^^^^^^^^
[INFO] [stdout]   |
[INFO] [stdout]   = note: `#[warn(stable_features)]` on by default
[INFO] [stdout] 
[INFO] [stdout] 
[INFO] [stdout] error: aborting due to 2 previous errors; 1 warning emitted
[INFO] [stdout] 
[INFO] [stdout] 
[INFO] [stdout] Some errors have detailed explanations: E0432, E0554.
[INFO] [stdout] 
[INFO] [stdout] For more information about an error, try `rustc --explain E0432`.
[INFO] [stdout] 
[INFO] [stderr] error: could not compile `nyar-runtime` (lib) due to 3 previous errors; 1 warning emitted
[INFO] running `Command { std: "docker" "inspect" "ae81f7c52a168d7a660e987ac9afab53f820efbe1fcc6cebffc97920862f7b60", kill_on_drop: false }`
[INFO] running `Command { std: "docker" "rm" "-f" "ae81f7c52a168d7a660e987ac9afab53f820efbe1fcc6cebffc97920862f7b60", kill_on_drop: false }`
[INFO] [stdout] ae81f7c52a168d7a660e987ac9afab53f820efbe1fcc6cebffc97920862f7b60
[INFO] testing nyar-runtime-0.0.1 against beta-2023-12-22 for beta-1.76-1
[INFO] extracting crate nyar-runtime 0.0.1 into /workspace/builds/worker-2-tc2/source
[INFO] validating manifest of crates.io crate nyar-runtime 0.0.1 on toolchain beta-2023-12-22
[INFO] running `Command { std: CARGO_HOME="/workspace/cargo-home" RUSTUP_HOME="/workspace/rustup-home" "/workspace/cargo-home/bin/cargo" "+beta-2023-12-22" "metadata" "--manifest-path" "Cargo.toml" "--no-deps", kill_on_drop: false }`
[INFO] started tweaking crates.io crate nyar-runtime 0.0.1
[INFO] finished tweaking crates.io crate nyar-runtime 0.0.1
[INFO] tweaked toml for crates.io crate nyar-runtime 0.0.1 written to /workspace/builds/worker-2-tc2/source/Cargo.toml
[INFO] running `Command { std: CARGO_HOME="/workspace/cargo-home" RUSTUP_HOME="/workspace/rustup-home" "/workspace/cargo-home/bin/cargo" "+beta-2023-12-22" "generate-lockfile" "--manifest-path" "Cargo.toml", kill_on_drop: false }`
[INFO] [stderr]     Updating crates.io index
[INFO] running `Command { std: CARGO_HOME="/workspace/cargo-home" RUSTUP_HOME="/workspace/rustup-home" "/workspace/cargo-home/bin/cargo" "+beta-2023-12-22" "fetch" "--manifest-path" "Cargo.toml", kill_on_drop: false }`
[INFO] running `Command { std: "docker" "create" "-v" "/var/lib/crater-agent-workspace/builds/worker-2-tc2/target:/opt/rustwide/target:rw,Z" "-v" "/var/lib/crater-agent-workspace/builds/worker-2-tc2/source:/opt/rustwide/workdir:ro,Z" "-v" "/var/lib/crater-agent-workspace/cargo-home:/opt/rustwide/cargo-home:ro,Z" "-v" "/var/lib/crater-agent-workspace/rustup-home:/opt/rustwide/rustup-home:ro,Z" "-e" "SOURCE_DIR=/opt/rustwide/workdir" "-e" "CARGO_TARGET_DIR=/opt/rustwide/target" "-e" "CARGO_HOME=/opt/rustwide/cargo-home" "-e" "RUSTUP_HOME=/opt/rustwide/rustup-home" "-w" "/opt/rustwide/workdir" "-m" "1610612736" "--user" "0:0" "--network" "none" "ghcr.io/rust-lang/crates-build-env/linux@sha256:2788e3201cd34a07e3172128adcd8b3090168a8e3bcc40d7c032b9dda1df7d1c" "/opt/rustwide/cargo-home/bin/cargo" "+beta-2023-12-22" "metadata" "--no-deps" "--format-version=1", kill_on_drop: false }`
[INFO] [stdout] 875efee017605a0c116b79786d5a9c151d40472ded867ae348b55cc5b34e4e0d
[INFO] running `Command { std: "docker" "start" "-a" "875efee017605a0c116b79786d5a9c151d40472ded867ae348b55cc5b34e4e0d", kill_on_drop: false }`
[INFO] running `Command { std: "docker" "inspect" "875efee017605a0c116b79786d5a9c151d40472ded867ae348b55cc5b34e4e0d", kill_on_drop: false }`
[INFO] running `Command { std: "docker" "rm" "-f" "875efee017605a0c116b79786d5a9c151d40472ded867ae348b55cc5b34e4e0d", kill_on_drop: false }`
[INFO] [stdout] 875efee017605a0c116b79786d5a9c151d40472ded867ae348b55cc5b34e4e0d
[INFO] running `Command { std: "docker" "create" "-v" "/var/lib/crater-agent-workspace/builds/worker-2-tc2/target:/opt/rustwide/target:rw,Z" "-v" "/var/lib/crater-agent-workspace/builds/worker-2-tc2/source:/opt/rustwide/workdir:ro,Z" "-v" "/var/lib/crater-agent-workspace/cargo-home:/opt/rustwide/cargo-home:ro,Z" "-v" "/var/lib/crater-agent-workspace/rustup-home:/opt/rustwide/rustup-home:ro,Z" "-e" "SOURCE_DIR=/opt/rustwide/workdir" "-e" "CARGO_TARGET_DIR=/opt/rustwide/target" "-e" "CARGO_INCREMENTAL=0" "-e" "RUST_BACKTRACE=full" "-e" "RUSTFLAGS=--cap-lints=warn" "-e" "RUSTDOCFLAGS=--cap-lints=warn" "-e" "CARGO_HOME=/opt/rustwide/cargo-home" "-e" "RUSTUP_HOME=/opt/rustwide/rustup-home" "-w" "/opt/rustwide/workdir" "-m" "1610612736" "--user" "0:0" "--network" "none" "ghcr.io/rust-lang/crates-build-env/linux@sha256:2788e3201cd34a07e3172128adcd8b3090168a8e3bcc40d7c032b9dda1df7d1c" "/opt/rustwide/cargo-home/bin/cargo" "+beta-2023-12-22" "build" "--frozen" "--message-format=json", kill_on_drop: false }`
[INFO] [stdout] 1f0d7bc0924c7cca361d429330bc34a12c58e96e8e45f91e76b5682971967d2d
[INFO] running `Command { std: "docker" "start" "-a" "1f0d7bc0924c7cca361d429330bc34a12c58e96e8e45f91e76b5682971967d2d", kill_on_drop: false }`
[INFO] [stderr]    Compiling indexmap v1.9.3
[INFO] [stderr]    Compiling hashbrown v0.12.3
[INFO] [stderr]    Compiling nyar-runtime v0.0.1 (/opt/rustwide/workdir)
[INFO] [stdout] error[E0432]: unresolved import `std::lazy`
[INFO] [stdout]  --> src/function/attributes.rs:3:10
[INFO] [stdout]   |
[INFO] [stdout] 3 | use std::lazy::SyncLazy;
[INFO] [stdout]   |          ^^^^ could not find `lazy` in `std`
[INFO] [stdout] 
[INFO] [stdout] 
[INFO] [stdout] error[E0554]: `#![feature]` may not be used on the beta release channel
[INFO] [stdout]  --> src/lib.rs:1:12
[INFO] [stdout]   |
[INFO] [stdout] 1 | #![feature(once_cell)]
[INFO] [stdout]   |            ^^^^^^^^^
[INFO] [stdout] 
[INFO] [stdout] 
[INFO] [stdout] warning: the feature `once_cell` has been stable since 1.70.0 and no longer requires an attribute to enable
[INFO] [stdout]  --> src/lib.rs:1:12
[INFO] [stdout]   |
[INFO] [stdout] 1 | #![feature(once_cell)]
[INFO] [stdout]   |            ^^^^^^^^^
[INFO] [stdout]   |
[INFO] [stdout]   = note: `#[warn(stable_features)]` on by default
[INFO] [stdout] 
[INFO] [stdout] 
[INFO] [stdout] error: aborting due to 2 previous errors; 1 warning emitted
[INFO] [stdout] 
[INFO] [stdout] 
[INFO] [stdout] Some errors have detailed explanations: E0432, E0554.
[INFO] [stdout] 
[INFO] [stdout] For more information about an error, try `rustc --explain E0432`.
[INFO] [stdout] 
[INFO] [stderr] error: could not compile `nyar-runtime` (lib) due to 3 previous errors; 1 warning emitted
[INFO] running `Command { std: "docker" "inspect" "1f0d7bc0924c7cca361d429330bc34a12c58e96e8e45f91e76b5682971967d2d", kill_on_drop: false }`
[INFO] running `Command { std: "docker" "rm" "-f" "1f0d7bc0924c7cca361d429330bc34a12c58e96e8e45f91e76b5682971967d2d", kill_on_drop: false }`
[INFO] [stdout] 1f0d7bc0924c7cca361d429330bc34a12c58e96e8e45f91e76b5682971967d2d
