[INFO] fetching crate nxyz 1.0.0...
[INFO] testing nxyz-1.0.0 against 1.75.0 for beta-1.76-1
[INFO] extracting crate nxyz 1.0.0 into /workspace/builds/worker-7-tc1/source
[INFO] validating manifest of crates.io crate nxyz 1.0.0 on toolchain 1.75.0
[INFO] running `Command { std: CARGO_HOME="/workspace/cargo-home" RUSTUP_HOME="/workspace/rustup-home" "/workspace/cargo-home/bin/cargo" "+1.75.0" "metadata" "--manifest-path" "Cargo.toml" "--no-deps", kill_on_drop: false }`
[INFO] started tweaking crates.io crate nxyz 1.0.0
[INFO] removed 0 missing examples
[INFO] finished tweaking crates.io crate nxyz 1.0.0
[INFO] tweaked toml for crates.io crate nxyz 1.0.0 written to /workspace/builds/worker-7-tc1/source/Cargo.toml
[INFO] crate crates.io crate nxyz 1.0.0 already has a lockfile, it will not be regenerated
[INFO] running `Command { std: CARGO_HOME="/workspace/cargo-home" RUSTUP_HOME="/workspace/rustup-home" "/workspace/cargo-home/bin/cargo" "+1.75.0" "fetch" "--manifest-path" "Cargo.toml", kill_on_drop: false }`
[INFO] [stderr]     Updating crates.io index
[INFO] [stderr]  Downloading crates ...
[INFO] [stderr]   Downloaded thiserror v1.0.35
[INFO] [stderr]   Downloaded thiserror-impl v1.0.35
[INFO] [stderr]   Downloaded httpclient v0.6.0
[INFO] running `Command { std: "docker" "create" "-v" "/var/lib/crater-agent-workspace/builds/worker-7-tc1/target:/opt/rustwide/target:rw,Z" "-v" "/var/lib/crater-agent-workspace/builds/worker-7-tc1/source:/opt/rustwide/workdir:ro,Z" "-v" "/var/lib/crater-agent-workspace/cargo-home:/opt/rustwide/cargo-home:ro,Z" "-v" "/var/lib/crater-agent-workspace/rustup-home:/opt/rustwide/rustup-home:ro,Z" "-e" "SOURCE_DIR=/opt/rustwide/workdir" "-e" "CARGO_TARGET_DIR=/opt/rustwide/target" "-e" "CARGO_HOME=/opt/rustwide/cargo-home" "-e" "RUSTUP_HOME=/opt/rustwide/rustup-home" "-w" "/opt/rustwide/workdir" "-m" "1610612736" "--user" "0:0" "--network" "none" "ghcr.io/rust-lang/crates-build-env/linux@sha256:2788e3201cd34a07e3172128adcd8b3090168a8e3bcc40d7c032b9dda1df7d1c" "/opt/rustwide/cargo-home/bin/cargo" "+1.75.0" "metadata" "--no-deps" "--format-version=1", kill_on_drop: false }`
[INFO] [stdout] 58ddb3c77cb8af1e48f9f032d07b0fffea6563d6899afcbfd687301009c622e6
[INFO] running `Command { std: "docker" "start" "-a" "58ddb3c77cb8af1e48f9f032d07b0fffea6563d6899afcbfd687301009c622e6", kill_on_drop: false }`
[INFO] running `Command { std: "docker" "inspect" "58ddb3c77cb8af1e48f9f032d07b0fffea6563d6899afcbfd687301009c622e6", kill_on_drop: false }`
[INFO] running `Command { std: "docker" "rm" "-f" "58ddb3c77cb8af1e48f9f032d07b0fffea6563d6899afcbfd687301009c622e6", kill_on_drop: false }`
[INFO] [stdout] 58ddb3c77cb8af1e48f9f032d07b0fffea6563d6899afcbfd687301009c622e6
[INFO] running `Command { std: "docker" "create" "-v" "/var/lib/crater-agent-workspace/builds/worker-7-tc1/target:/opt/rustwide/target:rw,Z" "-v" "/var/lib/crater-agent-workspace/builds/worker-7-tc1/source:/opt/rustwide/workdir:ro,Z" "-v" "/var/lib/crater-agent-workspace/cargo-home:/opt/rustwide/cargo-home:ro,Z" "-v" "/var/lib/crater-agent-workspace/rustup-home:/opt/rustwide/rustup-home:ro,Z" "-e" "SOURCE_DIR=/opt/rustwide/workdir" "-e" "CARGO_TARGET_DIR=/opt/rustwide/target" "-e" "CARGO_INCREMENTAL=0" "-e" "RUST_BACKTRACE=full" "-e" "RUSTFLAGS=--cap-lints=warn" "-e" "RUSTDOCFLAGS=--cap-lints=warn" "-e" "CARGO_HOME=/opt/rustwide/cargo-home" "-e" "RUSTUP_HOME=/opt/rustwide/rustup-home" "-w" "/opt/rustwide/workdir" "-m" "1610612736" "--user" "0:0" "--network" "none" "ghcr.io/rust-lang/crates-build-env/linux@sha256:2788e3201cd34a07e3172128adcd8b3090168a8e3bcc40d7c032b9dda1df7d1c" "/opt/rustwide/cargo-home/bin/cargo" "+1.75.0" "build" "--frozen" "--message-format=json", kill_on_drop: false }`
[INFO] [stdout] a2b30952eaf16a89161f58ede3b86e66eccc71345aa0c72195c85f883df7c070
[INFO] running `Command { std: "docker" "start" "-a" "a2b30952eaf16a89161f58ede3b86e66eccc71345aa0c72195c85f883df7c070", kill_on_drop: false }`
[INFO] [stderr]    Compiling proc-macro2 v1.0.44
[INFO] [stderr]    Compiling unicode-ident v1.0.4
[INFO] [stderr]    Compiling quote v1.0.21
[INFO] [stderr]    Compiling syn v1.0.100
[INFO] [stderr]    Compiling libc v0.2.133
[INFO] [stderr]    Compiling once_cell v1.15.0
[INFO] [stderr]    Compiling log v0.4.17
[INFO] [stderr]    Compiling pin-project-lite v0.2.9
[INFO] [stderr]    Compiling cc v1.0.73
[INFO] [stderr]    Compiling futures-core v0.3.24
[INFO] [stderr]    Compiling futures-task v0.3.24
[INFO] [stderr]    Compiling parking_lot_core v0.9.3
[INFO] [stderr]    Compiling futures-channel v0.3.24
[INFO] [stderr]    Compiling lock_api v0.4.9
[INFO] [stderr]    Compiling slab v0.4.7
[INFO] [stderr]    Compiling memchr v2.5.0
[INFO] [stderr]    Compiling bytes v1.2.1
[INFO] [stderr]    Compiling untrusted v0.7.1
[INFO] [stderr]    Compiling smallvec v1.9.0
[INFO] [stderr]    Compiling scopeguard v1.1.0
[INFO] [stderr]    Compiling futures-util v0.3.24
[INFO] [stderr]    Compiling futures-sink v0.3.24
[INFO] [stderr]    Compiling spin v0.5.2
[INFO] [stderr]    Compiling tokio v1.21.1
[INFO] [stderr]    Compiling itoa v1.0.3
[INFO] [stderr]    Compiling futures-io v0.3.24
[INFO] [stderr]    Compiling serde_derive v1.0.145
[INFO] [stderr]    Compiling rustls v0.20.6
[INFO] [stderr]    Compiling tracing-core v0.1.29
[INFO] [stderr]    Compiling base64 v0.13.0
[INFO] [stderr]    Compiling http v0.2.8
[INFO] [stderr]    Compiling try-lock v0.2.3
[INFO] [stderr]    Compiling serde v1.0.145
[INFO] [stderr]    Compiling encoding_rs v0.8.31
[INFO] [stderr]    Compiling want v0.3.0
[INFO] [stderr]    Compiling serde_json v1.0.85
[INFO] [stderr]    Compiling openssl-probe v0.1.5
[INFO] [stderr]    Compiling thiserror v1.0.35
[INFO] [stderr]    Compiling async-trait v0.1.57
[INFO] [stderr]    Compiling tower-service v0.3.2
[INFO] [stderr]    Compiling rustls-pemfile v1.0.1
[INFO] [stderr]    Compiling httpdate v1.0.2
[INFO] [stderr]    Compiling anyhow v1.0.65
[INFO] [stderr]    Compiling ryu v1.0.11
[INFO] [stderr]    Compiling same-file v1.0.6
[INFO] [stderr]    Compiling tracing v0.1.36
[INFO] [stderr]    Compiling rustls-native-certs v0.6.2
[INFO] [stderr]    Compiling walkdir v2.3.2
[INFO] [stderr]    Compiling urlencoding v2.1.2
[INFO] [stderr]    Compiling mio v0.8.4
[INFO] [stderr]    Compiling num_cpus v1.13.1
[INFO] [stderr]    Compiling signal-hook-registry v1.4.0
[INFO] [stderr]    Compiling socket2 v0.4.7
[INFO] [stderr]    Compiling ring v0.16.20
[INFO] [stderr]    Compiling parking_lot v0.12.1
[INFO] [stderr]    Compiling http-body v0.4.5
[INFO] [stderr]    Compiling futures-macro v0.3.24
[INFO] [stderr]    Compiling tokio-macros v1.8.0
[INFO] [stderr]    Compiling sct v0.7.0
[INFO] [stderr]    Compiling webpki v0.22.0
[INFO] [stderr]    Compiling thiserror-impl v1.0.35
[INFO] [stderr]    Compiling futures-executor v0.3.24
[INFO] [stderr]    Compiling futures v0.3.24
[INFO] [stderr]    Compiling hyper v0.14.20
[INFO] [stderr]    Compiling tokio-rustls v0.23.4
[INFO] [stderr]    Compiling hyper-rustls v0.23.0
[INFO] [stderr]    Compiling httpclient v0.6.0
[INFO] [stderr]    Compiling nxyz v1.0.0 (/opt/rustwide/workdir)
[INFO] [stderr]     Finished dev [unoptimized + debuginfo] target(s) in 16.21s
[INFO] running `Command { std: "docker" "inspect" "a2b30952eaf16a89161f58ede3b86e66eccc71345aa0c72195c85f883df7c070", kill_on_drop: false }`
[INFO] running `Command { std: "docker" "rm" "-f" "a2b30952eaf16a89161f58ede3b86e66eccc71345aa0c72195c85f883df7c070", kill_on_drop: false }`
[INFO] [stdout] a2b30952eaf16a89161f58ede3b86e66eccc71345aa0c72195c85f883df7c070
[INFO] running `Command { std: "docker" "create" "-v" "/var/lib/crater-agent-workspace/builds/worker-7-tc1/target:/opt/rustwide/target:rw,Z" "-v" "/var/lib/crater-agent-workspace/builds/worker-7-tc1/source:/opt/rustwide/workdir:ro,Z" "-v" "/var/lib/crater-agent-workspace/cargo-home:/opt/rustwide/cargo-home:ro,Z" "-v" "/var/lib/crater-agent-workspace/rustup-home:/opt/rustwide/rustup-home:ro,Z" "-e" "SOURCE_DIR=/opt/rustwide/workdir" "-e" "CARGO_TARGET_DIR=/opt/rustwide/target" "-e" "CARGO_INCREMENTAL=0" "-e" "RUST_BACKTRACE=full" "-e" "RUSTFLAGS=--cap-lints=warn" "-e" "RUSTDOCFLAGS=--cap-lints=warn" "-e" "CARGO_HOME=/opt/rustwide/cargo-home" "-e" "RUSTUP_HOME=/opt/rustwide/rustup-home" "-w" "/opt/rustwide/workdir" "-m" "1610612736" "--user" "0:0" "--network" "none" "ghcr.io/rust-lang/crates-build-env/linux@sha256:2788e3201cd34a07e3172128adcd8b3090168a8e3bcc40d7c032b9dda1df7d1c" "/opt/rustwide/cargo-home/bin/cargo" "+1.75.0" "test" "--frozen" "--no-run" "--message-format=json", kill_on_drop: false }`
[INFO] [stdout] 2fe74498b62ca8e39b505c0ca306e88df2f8ac7042709e1089d20c980235d366
[INFO] running `Command { std: "docker" "start" "-a" "2fe74498b62ca8e39b505c0ca306e88df2f8ac7042709e1089d20c980235d366", kill_on_drop: false }`
[INFO] [stderr]    Compiling nxyz v1.0.0 (/opt/rustwide/workdir)
[INFO] [stdout] warning: unused import: `nxyz::model::*`
[INFO] [stdout]  --> examples/get_contract_transaction_history.rs:2:5
[INFO] [stdout]   |
[INFO] [stdout] 2 | use nxyz::model::*;
[INFO] [stdout]   |     ^^^^^^^^^^^^^^
[INFO] [stdout]   |
[INFO] [stdout]   = note: `#[warn(unused_imports)]` on by default
[INFO] [stdout] 
[INFO] [stdout] 
[INFO] [stdout] warning: unused import: `nxyz::model::*`
[INFO] [stdout]  --> examples/get_wallet_contract_approvals.rs:2:5
[INFO] [stdout]   |
[INFO] [stdout] 2 | use nxyz::model::*;
[INFO] [stdout]   |     ^^^^^^^^^^^^^^
[INFO] [stdout]   |
[INFO] [stdout]   = note: `#[warn(unused_imports)]` on by default
[INFO] [stdout] 
[INFO] [stdout] 
[INFO] [stdout] warning: unused import: `nxyz::model::*`
[INFO] [stdout]  --> examples/get_contract_tokens_by_contract_and_id.rs:2:5
[INFO] [stdout]   |
[INFO] [stdout] 2 | use nxyz::model::*;
[INFO] [stdout]   |     ^^^^^^^^^^^^^^
[INFO] [stdout]   |
[INFO] [stdout]   = note: `#[warn(unused_imports)]` on by default
[INFO] [stdout] 
[INFO] [stdout] 
[INFO] [stdout] warning: unused import: `nxyz::model::*`
[INFO] [stdout]  --> examples/post_refresh.rs:2:5
[INFO] [stdout]   |
[INFO] [stdout] 2 | use nxyz::model::*;
[INFO] [stdout]   |     ^^^^^^^^^^^^^^
[INFO] [stdout]   |
[INFO] [stdout]   = note: `#[warn(unused_imports)]` on by default
[INFO] [stdout] 
[INFO] [stdout] 
[INFO] [stdout] warning: unused import: `nxyz::model::*`
[INFO] [stdout]  --> examples/get_sold_tokens.rs:2:5
[INFO] [stdout]   |
[INFO] [stdout] 2 | use nxyz::model::*;
[INFO] [stdout]   |     ^^^^^^^^^^^^^^
[INFO] [stdout]   |
[INFO] [stdout]   = note: `#[warn(unused_imports)]` on by default
[INFO] [stdout] 
[INFO] [stdout] 
[INFO] [stdout] warning: unused import: `nxyz::model::*`
[INFO] [stdout]  --> examples/get_token_gate.rs:2:5
[INFO] [stdout]   |
[INFO] [stdout] 2 | use nxyz::model::*;
[INFO] [stdout]   |     ^^^^^^^^^^^^^^
[INFO] [stdout]   |
[INFO] [stdout]   = note: `#[warn(unused_imports)]` on by default
[INFO] [stdout] 
[INFO] [stdout] 
[INFO] [stdout] warning: unused import: `nxyz::model::*`
[INFO] [stdout]  --> examples/get_collections_suggestions_results.rs:2:5
[INFO] [stdout]   |
[INFO] [stdout] 2 | use nxyz::model::*;
[INFO] [stdout]   |     ^^^^^^^^^^^^^^
[INFO] [stdout]   |
[INFO] [stdout]   = note: `#[warn(unused_imports)]` on by default
[INFO] [stdout] 
[INFO] [stdout] 
[INFO] [stdout] warning: unused import: `nxyz::model::*`
[INFO] [stdout]  --> examples/get_top_wallets.rs:2:5
[INFO] [stdout]   |
[INFO] [stdout] 2 | use nxyz::model::*;
[INFO] [stdout]   |     ^^^^^^^^^^^^^^
[INFO] [stdout]   |
[INFO] [stdout]   = note: `#[warn(unused_imports)]` on by default
[INFO] [stdout] 
[INFO] [stdout] 
[INFO] [stdout] warning: unused import: `nxyz::model::*`
[INFO] [stdout]  --> examples/get_collection.rs:2:5
[INFO] [stdout]   |
[INFO] [stdout] 2 | use nxyz::model::*;
[INFO] [stdout]   |     ^^^^^^^^^^^^^^
[INFO] [stdout]   |
[INFO] [stdout]   = note: `#[warn(unused_imports)]` on by default
[INFO] [stdout] 
[INFO] [stdout] 
[INFO] [stdout] warning: unused import: `nxyz::model::*`
[INFO] [stdout]  --> examples/get_erc_20_metadata.rs:2:5
[INFO] [stdout]   |
[INFO] [stdout] 2 | use nxyz::model::*;
[INFO] [stdout]   |     ^^^^^^^^^^^^^^
[INFO] [stdout]   |
[INFO] [stdout]   = note: `#[warn(unused_imports)]` on by default
[INFO] [stdout] 
[INFO] [stdout] 
[INFO] [stdout] warning: unused import: `nxyz::model::*`
[INFO] [stdout]  --> examples/get_contract_tokens.rs:2:5
[INFO] [stdout]   |
[INFO] [stdout] 2 | use nxyz::model::*;
[INFO] [stdout]   |     ^^^^^^^^^^^^^^
[INFO] [stdout]   |
[INFO] [stdout]   = note: `#[warn(unused_imports)]` on by default
[INFO] [stdout] 
[INFO] [stdout] 
[INFO] [stdout] warning: unused import: `nxyz::model::*`
[INFO] [stdout]  --> examples/get_tokens_suggestions_results.rs:2:5
[INFO] [stdout]   |
[INFO] [stdout] 2 | use nxyz::model::*;
[INFO] [stdout]   |     ^^^^^^^^^^^^^^
[INFO] [stdout]   |
[INFO] [stdout]   = note: `#[warn(unused_imports)]` on by default
[INFO] [stdout] 
[INFO] [stdout] 
[INFO] [stdout] warning: unused import: `nxyz::model::*`
[INFO] [stdout]  --> examples/get_token_transfers.rs:2:5
[INFO] [stdout]   |
[INFO] [stdout] 2 | use nxyz::model::*;
[INFO] [stdout]   |     ^^^^^^^^^^^^^^
[INFO] [stdout]   |
[INFO] [stdout]   = note: `#[warn(unused_imports)]` on by default
[INFO] [stdout] 
[INFO] [stdout] 
[INFO] [stdout] warning: unused import: `nxyz::model::*`
[INFO] [stdout]  --> examples/get_tokens_by_search_query.rs:2:5
[INFO] [stdout]   |
[INFO] [stdout] 2 | use nxyz::model::*;
[INFO] [stdout]   |     ^^^^^^^^^^^^^^
[INFO] [stdout]   |
[INFO] [stdout]   = note: `#[warn(unused_imports)]` on by default
[INFO] [stdout] 
[INFO] [stdout] 
[INFO] [stdout] warning: unused import: `nxyz::model::*`
[INFO] [stdout]  --> examples/get_search_results.rs:2:5
[INFO] [stdout]   |
[INFO] [stdout] 2 | use nxyz::model::*;
[INFO] [stdout]   |     ^^^^^^^^^^^^^^
[INFO] [stdout]   |
[INFO] [stdout]   = note: `#[warn(unused_imports)]` on by default
[INFO] [stdout] 
[INFO] [stdout] 
[INFO] [stderr] error: could not compile `nxyz` (example "get_search_results"); 1 warning emitted
[INFO] [stderr] 
[INFO] [stderr] Caused by:
[INFO] [stderr]   process didn't exit successfully: `/opt/rustwide/rustup-home/toolchains/1.75.0-x86_64-unknown-linux-gnu/bin/rustc --crate-name get_search_results --edition=2021 examples/get_search_results.rs --error-format=json --json=diagnostic-rendered-ansi,artifacts,future-incompat --crate-type bin --emit=dep-info,link -C embed-bitcode=no -C debuginfo=2 -C metadata=b72c2a1a96b073d3 -C extra-filename=-b72c2a1a96b073d3 --out-dir /opt/rustwide/target/debug/examples -L dependency=/opt/rustwide/target/debug/deps --extern anyhow=/opt/rustwide/target/debug/deps/libanyhow-0940aa3ee72f241f.rlib --extern httpclient=/opt/rustwide/target/debug/deps/libhttpclient-84bb50f7c62461aa.rlib --extern nxyz=/opt/rustwide/target/debug/deps/libnxyz-fec38a4650c051f4.rlib --extern serde=/opt/rustwide/target/debug/deps/libserde-f4b2711d789024dd.rlib --extern serde_json=/opt/rustwide/target/debug/deps/libserde_json-ffc91992d32a9452.rlib --extern tokio=/opt/rustwide/target/debug/deps/libtokio-29e30cdf2537d455.rlib --cap-lints=warn -L native=/opt/rustwide/target/debug/build/ring-340fd659df181cd3/out` (signal: 9, SIGKILL: kill)
[INFO] [stderr] warning: build failed, waiting for other jobs to finish...
[INFO] [stderr] error: could not compile `nxyz` (example "get_sold_tokens"); 1 warning emitted
[INFO] [stderr] 
[INFO] [stderr] Caused by:
[INFO] [stderr]   process didn't exit successfully: `/opt/rustwide/rustup-home/toolchains/1.75.0-x86_64-unknown-linux-gnu/bin/rustc --crate-name get_sold_tokens --edition=2021 examples/get_sold_tokens.rs --error-format=json --json=diagnostic-rendered-ansi,artifacts,future-incompat --crate-type bin --emit=dep-info,link -C embed-bitcode=no -C debuginfo=2 -C metadata=2beec6deade8c12b -C extra-filename=-2beec6deade8c12b --out-dir /opt/rustwide/target/debug/examples -L dependency=/opt/rustwide/target/debug/deps --extern anyhow=/opt/rustwide/target/debug/deps/libanyhow-0940aa3ee72f241f.rlib --extern httpclient=/opt/rustwide/target/debug/deps/libhttpclient-84bb50f7c62461aa.rlib --extern nxyz=/opt/rustwide/target/debug/deps/libnxyz-fec38a4650c051f4.rlib --extern serde=/opt/rustwide/target/debug/deps/libserde-f4b2711d789024dd.rlib --extern serde_json=/opt/rustwide/target/debug/deps/libserde_json-ffc91992d32a9452.rlib --extern tokio=/opt/rustwide/target/debug/deps/libtokio-29e30cdf2537d455.rlib --cap-lints=warn -L native=/opt/rustwide/target/debug/build/ring-340fd659df181cd3/out` (signal: 9, SIGKILL: kill)
[INFO] [stderr] error: could not compile `nxyz` (example "get_contract_tokens_by_contract_and_id"); 1 warning emitted
[INFO] [stderr] 
[INFO] [stderr] Caused by:
[INFO] [stderr]   process didn't exit successfully: `/opt/rustwide/rustup-home/toolchains/1.75.0-x86_64-unknown-linux-gnu/bin/rustc --crate-name get_contract_tokens_by_contract_and_id --edition=2021 examples/get_contract_tokens_by_contract_and_id.rs --error-format=json --json=diagnostic-rendered-ansi,artifacts,future-incompat --crate-type bin --emit=dep-info,link -C embed-bitcode=no -C debuginfo=2 -C metadata=43d849a4d9eb4dd6 -C extra-filename=-43d849a4d9eb4dd6 --out-dir /opt/rustwide/target/debug/examples -L dependency=/opt/rustwide/target/debug/deps --extern anyhow=/opt/rustwide/target/debug/deps/libanyhow-0940aa3ee72f241f.rlib --extern httpclient=/opt/rustwide/target/debug/deps/libhttpclient-84bb50f7c62461aa.rlib --extern nxyz=/opt/rustwide/target/debug/deps/libnxyz-fec38a4650c051f4.rlib --extern serde=/opt/rustwide/target/debug/deps/libserde-f4b2711d789024dd.rlib --extern serde_json=/opt/rustwide/target/debug/deps/libserde_json-ffc91992d32a9452.rlib --extern tokio=/opt/rustwide/target/debug/deps/libtokio-29e30cdf2537d455.rlib --cap-lints=warn -L native=/opt/rustwide/target/debug/build/ring-340fd659df181cd3/out` (signal: 9, SIGKILL: kill)
[INFO] [stderr] error: could not compile `nxyz` (example "get_token_transfers"); 1 warning emitted
[INFO] [stderr] 
[INFO] [stderr] Caused by:
[INFO] [stderr]   process didn't exit successfully: `/opt/rustwide/rustup-home/toolchains/1.75.0-x86_64-unknown-linux-gnu/bin/rustc --crate-name get_token_transfers --edition=2021 examples/get_token_transfers.rs --error-format=json --json=diagnostic-rendered-ansi,artifacts,future-incompat --crate-type bin --emit=dep-info,link -C embed-bitcode=no -C debuginfo=2 -C metadata=debc28d7ec4db228 -C extra-filename=-debc28d7ec4db228 --out-dir /opt/rustwide/target/debug/examples -L dependency=/opt/rustwide/target/debug/deps --extern anyhow=/opt/rustwide/target/debug/deps/libanyhow-0940aa3ee72f241f.rlib --extern httpclient=/opt/rustwide/target/debug/deps/libhttpclient-84bb50f7c62461aa.rlib --extern nxyz=/opt/rustwide/target/debug/deps/libnxyz-fec38a4650c051f4.rlib --extern serde=/opt/rustwide/target/debug/deps/libserde-f4b2711d789024dd.rlib --extern serde_json=/opt/rustwide/target/debug/deps/libserde_json-ffc91992d32a9452.rlib --extern tokio=/opt/rustwide/target/debug/deps/libtokio-29e30cdf2537d455.rlib --cap-lints=warn -L native=/opt/rustwide/target/debug/build/ring-340fd659df181cd3/out` (signal: 9, SIGKILL: kill)
[INFO] [stderr] error: could not compile `nxyz` (example "get_contract_tokens"); 1 warning emitted
[INFO] [stderr] 
[INFO] [stderr] Caused by:
[INFO] [stderr]   process didn't exit successfully: `/opt/rustwide/rustup-home/toolchains/1.75.0-x86_64-unknown-linux-gnu/bin/rustc --crate-name get_contract_tokens --edition=2021 examples/get_contract_tokens.rs --error-format=json --json=diagnostic-rendered-ansi,artifacts,future-incompat --crate-type bin --emit=dep-info,link -C embed-bitcode=no -C debuginfo=2 -C metadata=20d3c2a235b32f30 -C extra-filename=-20d3c2a235b32f30 --out-dir /opt/rustwide/target/debug/examples -L dependency=/opt/rustwide/target/debug/deps --extern anyhow=/opt/rustwide/target/debug/deps/libanyhow-0940aa3ee72f241f.rlib --extern httpclient=/opt/rustwide/target/debug/deps/libhttpclient-84bb50f7c62461aa.rlib --extern nxyz=/opt/rustwide/target/debug/deps/libnxyz-fec38a4650c051f4.rlib --extern serde=/opt/rustwide/target/debug/deps/libserde-f4b2711d789024dd.rlib --extern serde_json=/opt/rustwide/target/debug/deps/libserde_json-ffc91992d32a9452.rlib --extern tokio=/opt/rustwide/target/debug/deps/libtokio-29e30cdf2537d455.rlib --cap-lints=warn -L native=/opt/rustwide/target/debug/build/ring-340fd659df181cd3/out` (signal: 9, SIGKILL: kill)
[INFO] [stderr] error: could not compile `nxyz` (lib test)
[INFO] [stderr] 
[INFO] [stderr] Caused by:
[INFO] [stderr]   process didn't exit successfully: `/opt/rustwide/rustup-home/toolchains/1.75.0-x86_64-unknown-linux-gnu/bin/rustc --crate-name nxyz --edition=2021 src/lib.rs --error-format=json --json=diagnostic-rendered-ansi,artifacts,future-incompat --emit=dep-info,link -C embed-bitcode=no -C debuginfo=2 --test -C metadata=fc77e37c8ab297b0 -C extra-filename=-fc77e37c8ab297b0 --out-dir /opt/rustwide/target/debug/deps -L dependency=/opt/rustwide/target/debug/deps --extern anyhow=/opt/rustwide/target/debug/deps/libanyhow-0940aa3ee72f241f.rlib --extern httpclient=/opt/rustwide/target/debug/deps/libhttpclient-84bb50f7c62461aa.rlib --extern serde=/opt/rustwide/target/debug/deps/libserde-f4b2711d789024dd.rlib --extern serde_json=/opt/rustwide/target/debug/deps/libserde_json-ffc91992d32a9452.rlib --extern tokio=/opt/rustwide/target/debug/deps/libtokio-29e30cdf2537d455.rlib --cap-lints=warn -L native=/opt/rustwide/target/debug/build/ring-340fd659df181cd3/out` (signal: 9, SIGKILL: kill)
[INFO] [stdout] error: linking with `cc` failed: exit status: 1
[INFO] [stdout]   |
[INFO] [stdout]   = note: LC_ALL="C" PATH="/opt/rustwide/rustup-home/toolchains/1.75.0-x86_64-unknown-linux-gnu/lib/rustlib/x86_64-unknown-linux-gnu/bin:/opt/rustwide/cargo-home/bin:/usr/local/sbin:/usr/local/bin:/usr/sbin:/usr/bin:/sbin:/bin" VSLANG="1033" "cc" "-m64" "/tmp/rustcEnL1hl/symbols.o" "/opt/rustwide/target/debug/examples/get_token_gate-3d9c820414d33eb3.get_token_gate.c3df827923f9b58b-cgu.0.rcgu.o" "/opt/rustwide/target/debug/examples/get_token_gate-3d9c820414d33eb3.get_token_gate.c3df827923f9b58b-cgu.1.rcgu.o" "/opt/rustwide/target/debug/examples/get_token_gate-3d9c820414d33eb3.48jmdrj3iyfyicrh.rcgu.o" "-Wl,--as-needed" "-L" "/opt/rustwide/target/debug/deps" "-L" "/opt/rustwide/target/debug/build/ring-340fd659df181cd3/out" "-L" "/opt/rustwide/rustup-home/toolchains/1.75.0-x86_64-unknown-linux-gnu/lib/rustlib/x86_64-unknown-linux-gnu/lib" "-Wl,-Bstatic" "/opt/rustwide/target/debug/deps/libnxyz-fec38a4650c051f4.rlib" "/opt/rustwide/target/debug/deps/libhttpclient-84bb50f7c62461aa.rlib" "/opt/rustwide/target/debug/deps/liburlencoding-d2feafa7ebf8e62a.rlib" "/opt/rustwide/target/debug/deps/libthiserror-e317bac2574892a6.rlib" "/opt/rustwide/target/debug/deps/libencoding_rs-6ac919aaf73aa201.rlib" "/opt/rustwide/target/debug/deps/libwalkdir-6f37c7dff47afc4f.rlib" "/opt/rustwide/target/debug/deps/libsame_file-06a4c01142053b65.rlib" "/opt/rustwide/target/debug/deps/libhyper_rustls-966eff8988f4b077.rlib" "/opt/rustwide/target/debug/deps/librustls_native_certs-e0bcc5942c39cc8f.rlib" "/opt/rustwide/target/debug/deps/librustls_pemfile-078b7accbecde926.rlib" "/opt/rustwide/target/debug/deps/libbase64-8ea64d3566a9d67e.rlib" "/opt/rustwide/target/debug/deps/libopenssl_probe-d850575132083d7c.rlib" "/opt/rustwide/target/debug/deps/libtokio_rustls-7948ae21dc8f8a70.rlib" "/opt/rustwide/target/debug/deps/librustls-9d6591f0851227c5.rlib" "/opt/rustwide/target/debug/deps/libsct-3854b374ac9c465d.rlib" "/opt/rustwide/target/debug/deps/libwebpki-7c4ad86dcceca6e0.rlib" "/opt/rustwide/target/debug/deps/libring-74ccbaba453f4a48.rlib" "/opt/rustwide/target/debug/deps/libspin-c4098cd951aef6c9.rlib" "/opt/rustwide/target/debug/deps/libuntrusted-5ec0aa78ed8cda5c.rlib" "/opt/rustwide/target/debug/deps/libhyper-3ccde7ba10547910.rlib" "/opt/rustwide/target/debug/deps/libwant-aba4c5639a11f28a.rlib" "/opt/rustwide/target/debug/deps/libtry_lock-6573df21d991c823.rlib" "/opt/rustwide/target/debug/deps/libhttparse-64f1ffbeda450424.rlib" "/opt/rustwide/target/debug/deps/libtower_service-104d6e83d5ce383d.rlib" "/opt/rustwide/target/debug/deps/libtracing-40e5439229c5a22c.rlib" "/opt/rustwide/target/debug/deps/libtracing_core-6fcd779b49c8aaa1.rlib" "/opt/rustwide/target/debug/deps/libhttp_body-3206acd3173dbc27.rlib" "/opt/rustwide/target/debug/deps/libfutures_util-4366207010d7178a.rlib" "/opt/rustwide/target/debug/deps/libfutures_io-d3ca8d3d34ca6dfb.rlib" "/opt/rustwide/target/debug/deps/libslab-29fe6a49d400343d.rlib" "/opt/rustwide/target/debug/deps/libfutures_channel-89441fe67ca7681a.rlib" "/opt/rustwide/target/debug/deps/libfutures_sink-3630a42b03a65bb4.rlib" "/opt/rustwide/target/debug/deps/libfutures_task-f30209098c38f296.rlib" "/opt/rustwide/target/debug/deps/libpin_utils-741f7d9d160e4a16.rlib" "/opt/rustwide/target/debug/deps/libfutures_core-ddaebb6e4c9e070a.rlib" "/opt/rustwide/target/debug/deps/libtokio-29e30cdf2537d455.rlib" "/opt/rustwide/target/debug/deps/libsignal_hook_registry-9caba4abd34fd167.rlib" "/opt/rustwide/target/debug/deps/libnum_cpus-f75918d7f2649914.rlib" "/opt/rustwide/target/debug/deps/libsocket2-9d713542c423849d.rlib" "/opt/rustwide/target/debug/deps/libmemchr-4fdcfd9ddfba30cb.rlib" "/opt/rustwide/target/debug/deps/libonce_cell-2437d1e94784a961.rlib" "/opt/rustwide/target/debug/deps/libmio-183d531fe6c3f5c5.rlib" "/opt/rustwide/target/debug/deps/liblog-3ad322dff60a4fea.rlib" "/opt/rustwide/target/debug/deps/libparking_lot-271bebc1e4e81a56.rlib" "/opt/rustwide/target/debug/deps/libparking_lot_core-45a8280fed07d225.rlib" "/opt/rustwide/target/debug/deps/liblibc-273a90682bf4a978.rlib" "/opt/rustwide/target/debug/deps/libcfg_if-61dc7a6799e72b18.rlib" "/opt/rustwide/target/debug/deps/libsmallvec-60de533f7e4075fe.rlib" "/opt/rustwide/target/debug/deps/liblock_api-400daf411a1c055a.rlib" "/opt/rustwide/target/debug/deps/libscopeguard-b35f5c652940acc2.rlib" "/opt/rustwide/target/debug/deps/libpin_project_lite-cead9f5d94689600.rlib" "/opt/rustwide/target/debug/deps/libhttpdate-07ccb2bff48c32b9.rlib" "/opt/rustwide/target/debug/deps/libhttp-d800a5c9346a0da7.rlib" "/opt/rustwide/target/debug/deps/libbytes-f5dc1f268a1b4c4c.rlib" "/opt/rustwide/target/debug/deps/libfnv-18bf5144d055e772.rlib" "/opt/rustwide/target/debug/deps/libanyhow-0940aa3ee72f241f.rlib" "/opt/rustwide/target/debug/deps/libserde_json-ffc91992d32a9452.rlib" "/opt/rustwide/target/debug/deps/libryu-80596ff4214e4d03.rlib" "/opt/rustwide/target/debug/deps/libitoa-324a29e856512b52.rlib" "/opt/rustwide/target/debug/deps/libserde-f4b2711d789024dd.rlib" "/opt/rustwide/rustup-home/toolchains/1.75.0-x86_64-unknown-linux-gnu/lib/rustlib/x86_64-unknown-linux-gnu/lib/libstd-90f6ddbf82de36ec.rlib" "/opt/rustwide/rustup-home/toolchains/1.75.0-x86_64-unknown-linux-gnu/lib/rustlib/x86_64-unknown-linux-gnu/lib/libpanic_unwind-480c41e9d4e1f677.rlib" "/opt/rustwide/rustup-home/toolchains/1.75.0-x86_64-unknown-linux-gnu/lib/rustlib/x86_64-unknown-linux-gnu/lib/libobject-db744c0ca03eed1d.rlib" "/opt/rustwide/rustup-home/toolchains/1.75.0-x86_64-unknown-linux-gnu/lib/rustlib/x86_64-unknown-linux-gnu/lib/libmemchr-8ba652dc7d4b285a.rlib" "/opt/rustwide/rustup-home/toolchains/1.75.0-x86_64-unknown-linux-gnu/lib/rustlib/x86_64-unknown-linux-gnu/lib/libaddr2line-d5f4520a9ebc0d58.rlib" "/opt/rustwide/rustup-home/toolchains/1.75.0-x86_64-unknown-linux-gnu/lib/rustlib/x86_64-unknown-linux-gnu/lib/libgimli-4ad84de58f0cb463.rlib" "/opt/rustwide/rustup-home/toolchains/1.75.0-x86_64-unknown-linux-gnu/lib/rustlib/x86_64-unknown-linux-gnu/lib/librustc_demangle-0d10aae2e0f38735.rlib" "/opt/rustwide/rustup-home/toolchains/1.75.0-x86_64-unknown-linux-gnu/lib/rustlib/x86_64-unknown-linux-gnu/lib/libstd_detect-0c17cff739e6745b.rlib" "/opt/rustwide/rustup-home/toolchains/1.75.0-x86_64-unknown-linux-gnu/lib/rustlib/x86_64-unknown-linux-gnu/lib/libhashbrown-b29e17139dde1aa8.rlib" "/opt/rustwide/rustup-home/toolchains/1.75.0-x86_64-unknown-linux-gnu/lib/rustlib/x86_64-unknown-linux-gnu/lib/librustc_std_workspace_alloc-1f975299829cc7bd.rlib" "/opt/rustwide/rustup-home/toolchains/1.75.0-x86_64-unknown-linux-gnu/lib/rustlib/x86_64-unknown-linux-gnu/lib/libminiz_oxide-86bae3bc3079f89b.rlib" "/opt/rustwide/rustup-home/toolchains/1.75.0-x86_64-unknown-linux-gnu/lib/rustlib/x86_64-unknown-linux-gnu/lib/libadler-321b82c30dffdf5f.rlib" "/opt/rustwide/rustup-home/toolchains/1.75.0-x86_64-unknown-linux-gnu/lib/rustlib/x86_64-unknown-linux-gnu/lib/libunwind-3dd8a6810a0bdfef.rlib" "/opt/rustwide/rustup-home/toolchains/1.75.0-x86_64-unknown-linux-gnu/lib/rustlib/x86_64-unknown-linux-gnu/lib/libcfg_if-eb39a61c0c879984.rlib" "/opt/rustwide/rustup-home/toolchains/1.75.0-x86_64-unknown-linux-gnu/lib/rustlib/x86_64-unknown-linux-gnu/lib/liblibc-aa769569f91c3548.rlib" "/opt/rustwide/rustup-home/toolchains/1.75.0-x86_64-unknown-linux-gnu/lib/rustlib/x86_64-unknown-linux-gnu/lib/liballoc-510a192a50a983ed.rlib" "/opt/rustwide/rustup-home/toolchains/1.75.0-x86_64-unknown-linux-gnu/lib/rustlib/x86_64-unknown-linux-gnu/lib/librustc_std_workspace_core-0577018320f99037.rlib" "/opt/rustwide/rustup-home/toolchains/1.75.0-x86_64-unknown-linux-gnu/lib/rustlib/x86_64-unknown-linux-gnu/lib/libcore-193cf992125ccd4c.rlib" "/opt/rustwide/rustup-home/toolchains/1.75.0-x86_64-unknown-linux-gnu/lib/rustlib/x86_64-unknown-linux-gnu/lib/libcompiler_builtins-8e138eaf26ebb4a8.rlib" "-Wl,-Bdynamic" "-lgcc_s" "-lutil" "-lrt" "-lpthread" "-lm" "-ldl" "-lc" "-Wl,--eh-frame-hdr" "-Wl,-z,noexecstack" "-L" "/opt/rustwide/rustup-home/toolchains/1.75.0-x86_64-unknown-linux-gnu/lib/rustlib/x86_64-unknown-linux-gnu/lib" "-o" "/opt/rustwide/target/debug/examples/get_token_gate-3d9c820414d33eb3" "-Wl,--gc-sections" "-pie" "-Wl,-z,relro,-z,now" "-nodefaultlibs"
[INFO] [stdout]   = note: collect2: fatal error: ld terminated with signal 9 [Killed]
[INFO] [stdout]           compilation terminated.
[INFO] [stdout]           
[INFO] [stdout] 
[INFO] [stdout] 
[INFO] [stdout] error: aborting due to previous error; 1 warning emitted
[INFO] [stdout] 
[INFO] [stdout] 
[INFO] [stderr] error: could not compile `nxyz` (example "get_token_gate") due to 2 previous errors; 1 warning emitted
[INFO] [stdout] error: linking with `cc` failed: exit status: 1
[INFO] [stdout]   |
[INFO] [stdout]   = note: LC_ALL="C" PATH="/opt/rustwide/rustup-home/toolchains/1.75.0-x86_64-unknown-linux-gnu/lib/rustlib/x86_64-unknown-linux-gnu/bin:/opt/rustwide/cargo-home/bin:/usr/local/sbin:/usr/local/bin:/usr/sbin:/usr/bin:/sbin:/bin" VSLANG="1033" "cc" "-m64" "/tmp/rustcardMTl/symbols.o" "/opt/rustwide/target/debug/examples/post_refresh-9d7baa06f2e84611.post_refresh.f317cfca8e822d00-cgu.0.rcgu.o" "/opt/rustwide/target/debug/examples/post_refresh-9d7baa06f2e84611.1ixumivjfjhv7hvm.rcgu.o" "-Wl,--as-needed" "-L" "/opt/rustwide/target/debug/deps" "-L" "/opt/rustwide/target/debug/build/ring-340fd659df181cd3/out" "-L" "/opt/rustwide/rustup-home/toolchains/1.75.0-x86_64-unknown-linux-gnu/lib/rustlib/x86_64-unknown-linux-gnu/lib" "-Wl,-Bstatic" "/opt/rustwide/target/debug/deps/libnxyz-fec38a4650c051f4.rlib" "/opt/rustwide/target/debug/deps/libhttpclient-84bb50f7c62461aa.rlib" "/opt/rustwide/target/debug/deps/liburlencoding-d2feafa7ebf8e62a.rlib" "/opt/rustwide/target/debug/deps/libthiserror-e317bac2574892a6.rlib" "/opt/rustwide/target/debug/deps/libencoding_rs-6ac919aaf73aa201.rlib" "/opt/rustwide/target/debug/deps/libwalkdir-6f37c7dff47afc4f.rlib" "/opt/rustwide/target/debug/deps/libsame_file-06a4c01142053b65.rlib" "/opt/rustwide/target/debug/deps/libhyper_rustls-966eff8988f4b077.rlib" "/opt/rustwide/target/debug/deps/librustls_native_certs-e0bcc5942c39cc8f.rlib" "/opt/rustwide/target/debug/deps/librustls_pemfile-078b7accbecde926.rlib" "/opt/rustwide/target/debug/deps/libbase64-8ea64d3566a9d67e.rlib" "/opt/rustwide/target/debug/deps/libopenssl_probe-d850575132083d7c.rlib" "/opt/rustwide/target/debug/deps/libtokio_rustls-7948ae21dc8f8a70.rlib" "/opt/rustwide/target/debug/deps/librustls-9d6591f0851227c5.rlib" "/opt/rustwide/target/debug/deps/libsct-3854b374ac9c465d.rlib" "/opt/rustwide/target/debug/deps/libwebpki-7c4ad86dcceca6e0.rlib" "/opt/rustwide/target/debug/deps/libring-74ccbaba453f4a48.rlib" "/opt/rustwide/target/debug/deps/libspin-c4098cd951aef6c9.rlib" "/opt/rustwide/target/debug/deps/libuntrusted-5ec0aa78ed8cda5c.rlib" "/opt/rustwide/target/debug/deps/libhyper-3ccde7ba10547910.rlib" "/opt/rustwide/target/debug/deps/libwant-aba4c5639a11f28a.rlib" "/opt/rustwide/target/debug/deps/libtry_lock-6573df21d991c823.rlib" "/opt/rustwide/target/debug/deps/libhttparse-64f1ffbeda450424.rlib" "/opt/rustwide/target/debug/deps/libtower_service-104d6e83d5ce383d.rlib" "/opt/rustwide/target/debug/deps/libtracing-40e5439229c5a22c.rlib" "/opt/rustwide/target/debug/deps/libtracing_core-6fcd779b49c8aaa1.rlib" "/opt/rustwide/target/debug/deps/libhttp_body-3206acd3173dbc27.rlib" "/opt/rustwide/target/debug/deps/libfutures_util-4366207010d7178a.rlib" "/opt/rustwide/target/debug/deps/libfutures_io-d3ca8d3d34ca6dfb.rlib" "/opt/rustwide/target/debug/deps/libslab-29fe6a49d400343d.rlib" "/opt/rustwide/target/debug/deps/libfutures_channel-89441fe67ca7681a.rlib" "/opt/rustwide/target/debug/deps/libfutures_sink-3630a42b03a65bb4.rlib" "/opt/rustwide/target/debug/deps/libfutures_task-f30209098c38f296.rlib" "/opt/rustwide/target/debug/deps/libpin_utils-741f7d9d160e4a16.rlib" "/opt/rustwide/target/debug/deps/libfutures_core-ddaebb6e4c9e070a.rlib" "/opt/rustwide/target/debug/deps/libtokio-29e30cdf2537d455.rlib" "/opt/rustwide/target/debug/deps/libsignal_hook_registry-9caba4abd34fd167.rlib" "/opt/rustwide/target/debug/deps/libnum_cpus-f75918d7f2649914.rlib" "/opt/rustwide/target/debug/deps/libsocket2-9d713542c423849d.rlib" "/opt/rustwide/target/debug/deps/libmemchr-4fdcfd9ddfba30cb.rlib" "/opt/rustwide/target/debug/deps/libonce_cell-2437d1e94784a961.rlib" "/opt/rustwide/target/debug/deps/libmio-183d531fe6c3f5c5.rlib" "/opt/rustwide/target/debug/deps/liblog-3ad322dff60a4fea.rlib" "/opt/rustwide/target/debug/deps/libparking_lot-271bebc1e4e81a56.rlib" "/opt/rustwide/target/debug/deps/libparking_lot_core-45a8280fed07d225.rlib" "/opt/rustwide/target/debug/deps/liblibc-273a90682bf4a978.rlib" "/opt/rustwide/target/debug/deps/libcfg_if-61dc7a6799e72b18.rlib" "/opt/rustwide/target/debug/deps/libsmallvec-60de533f7e4075fe.rlib" "/opt/rustwide/target/debug/deps/liblock_api-400daf411a1c055a.rlib" "/opt/rustwide/target/debug/deps/libscopeguard-b35f5c652940acc2.rlib" "/opt/rustwide/target/debug/deps/libpin_project_lite-cead9f5d94689600.rlib" "/opt/rustwide/target/debug/deps/libhttpdate-07ccb2bff48c32b9.rlib" "/opt/rustwide/target/debug/deps/libhttp-d800a5c9346a0da7.rlib" "/opt/rustwide/target/debug/deps/libbytes-f5dc1f268a1b4c4c.rlib" "/opt/rustwide/target/debug/deps/libfnv-18bf5144d055e772.rlib" "/opt/rustwide/target/debug/deps/libanyhow-0940aa3ee72f241f.rlib" "/opt/rustwide/target/debug/deps/libserde_json-ffc91992d32a9452.rlib" "/opt/rustwide/target/debug/deps/libryu-80596ff4214e4d03.rlib" "/opt/rustwide/target/debug/deps/libitoa-324a29e856512b52.rlib" "/opt/rustwide/target/debug/deps/libserde-f4b2711d789024dd.rlib" "/opt/rustwide/rustup-home/toolchains/1.75.0-x86_64-unknown-linux-gnu/lib/rustlib/x86_64-unknown-linux-gnu/lib/libstd-90f6ddbf82de36ec.rlib" "/opt/rustwide/rustup-home/toolchains/1.75.0-x86_64-unknown-linux-gnu/lib/rustlib/x86_64-unknown-linux-gnu/lib/libpanic_unwind-480c41e9d4e1f677.rlib" "/opt/rustwide/rustup-home/toolchains/1.75.0-x86_64-unknown-linux-gnu/lib/rustlib/x86_64-unknown-linux-gnu/lib/libobject-db744c0ca03eed1d.rlib" "/opt/rustwide/rustup-home/toolchains/1.75.0-x86_64-unknown-linux-gnu/lib/rustlib/x86_64-unknown-linux-gnu/lib/libmemchr-8ba652dc7d4b285a.rlib" "/opt/rustwide/rustup-home/toolchains/1.75.0-x86_64-unknown-linux-gnu/lib/rustlib/x86_64-unknown-linux-gnu/lib/libaddr2line-d5f4520a9ebc0d58.rlib" "/opt/rustwide/rustup-home/toolchains/1.75.0-x86_64-unknown-linux-gnu/lib/rustlib/x86_64-unknown-linux-gnu/lib/libgimli-4ad84de58f0cb463.rlib" "/opt/rustwide/rustup-home/toolchains/1.75.0-x86_64-unknown-linux-gnu/lib/rustlib/x86_64-unknown-linux-gnu/lib/librustc_demangle-0d10aae2e0f38735.rlib" "/opt/rustwide/rustup-home/toolchains/1.75.0-x86_64-unknown-linux-gnu/lib/rustlib/x86_64-unknown-linux-gnu/lib/libstd_detect-0c17cff739e6745b.rlib" "/opt/rustwide/rustup-home/toolchains/1.75.0-x86_64-unknown-linux-gnu/lib/rustlib/x86_64-unknown-linux-gnu/lib/libhashbrown-b29e17139dde1aa8.rlib" "/opt/rustwide/rustup-home/toolchains/1.75.0-x86_64-unknown-linux-gnu/lib/rustlib/x86_64-unknown-linux-gnu/lib/librustc_std_workspace_alloc-1f975299829cc7bd.rlib" "/opt/rustwide/rustup-home/toolchains/1.75.0-x86_64-unknown-linux-gnu/lib/rustlib/x86_64-unknown-linux-gnu/lib/libminiz_oxide-86bae3bc3079f89b.rlib" "/opt/rustwide/rustup-home/toolchains/1.75.0-x86_64-unknown-linux-gnu/lib/rustlib/x86_64-unknown-linux-gnu/lib/libadler-321b82c30dffdf5f.rlib" "/opt/rustwide/rustup-home/toolchains/1.75.0-x86_64-unknown-linux-gnu/lib/rustlib/x86_64-unknown-linux-gnu/lib/libunwind-3dd8a6810a0bdfef.rlib" "/opt/rustwide/rustup-home/toolchains/1.75.0-x86_64-unknown-linux-gnu/lib/rustlib/x86_64-unknown-linux-gnu/lib/libcfg_if-eb39a61c0c879984.rlib" "/opt/rustwide/rustup-home/toolchains/1.75.0-x86_64-unknown-linux-gnu/lib/rustlib/x86_64-unknown-linux-gnu/lib/liblibc-aa769569f91c3548.rlib" "/opt/rustwide/rustup-home/toolchains/1.75.0-x86_64-unknown-linux-gnu/lib/rustlib/x86_64-unknown-linux-gnu/lib/liballoc-510a192a50a983ed.rlib" "/opt/rustwide/rustup-home/toolchains/1.75.0-x86_64-unknown-linux-gnu/lib/rustlib/x86_64-unknown-linux-gnu/lib/librustc_std_workspace_core-0577018320f99037.rlib" "/opt/rustwide/rustup-home/toolchains/1.75.0-x86_64-unknown-linux-gnu/lib/rustlib/x86_64-unknown-linux-gnu/lib/libcore-193cf992125ccd4c.rlib" "/opt/rustwide/rustup-home/toolchains/1.75.0-x86_64-unknown-linux-gnu/lib/rustlib/x86_64-unknown-linux-gnu/lib/libcompiler_builtins-8e138eaf26ebb4a8.rlib" "-Wl,-Bdynamic" "-lgcc_s" "-lutil" "-lrt" "-lpthread" "-lm" "-ldl" "-lc" "-Wl,--eh-frame-hdr" "-Wl,-z,noexecstack" "-L" "/opt/rustwide/rustup-home/toolchains/1.75.0-x86_64-unknown-linux-gnu/lib/rustlib/x86_64-unknown-linux-gnu/lib" "-o" "/opt/rustwide/target/debug/examples/post_refresh-9d7baa06f2e84611" "-Wl,--gc-sections" "-pie" "-Wl,-z,relro,-z,now" "-nodefaultlibs"
[INFO] [stdout]   = note: collect2: fatal error: ld terminated with signal 9 [Killed]
[INFO] [stdout]           compilation terminated.
[INFO] [stdout]           
[INFO] [stdout] 
[INFO] [stdout] 
[INFO] [stdout] error: aborting due to previous error; 1 warning emitted
[INFO] [stdout] 
[INFO] [stdout] 
[INFO] [stderr] error: could not compile `nxyz` (example "post_refresh") due to 2 previous errors; 1 warning emitted
[INFO] [stdout] error: linking with `cc` failed: exit status: 1
[INFO] [stdout]   |
[INFO] [stdout]   = note: LC_ALL="C" PATH="/opt/rustwide/rustup-home/toolchains/1.75.0-x86_64-unknown-linux-gnu/lib/rustlib/x86_64-unknown-linux-gnu/bin:/opt/rustwide/cargo-home/bin:/usr/local/sbin:/usr/local/bin:/usr/sbin:/usr/bin:/sbin:/bin" VSLANG="1033" "cc" "-m64" "/tmp/rustcWtCVeM/symbols.o" "/opt/rustwide/target/debug/examples/get_erc_20_metadata-5ab6ed266f6e8c1a.get_erc_20_metadata.98951f7f930d358b-cgu.0.rcgu.o" "/opt/rustwide/target/debug/examples/get_erc_20_metadata-5ab6ed266f6e8c1a.get_erc_20_metadata.98951f7f930d358b-cgu.1.rcgu.o" "/opt/rustwide/target/debug/examples/get_erc_20_metadata-5ab6ed266f6e8c1a.get_erc_20_metadata.98951f7f930d358b-cgu.2.rcgu.o" "/opt/rustwide/target/debug/examples/get_erc_20_metadata-5ab6ed266f6e8c1a.get_erc_20_metadata.98951f7f930d358b-cgu.3.rcgu.o" "/opt/rustwide/target/debug/examples/get_erc_20_metadata-5ab6ed266f6e8c1a.463iqqhjr9z478h6.rcgu.o" "-Wl,--as-needed" "-L" "/opt/rustwide/target/debug/deps" "-L" "/opt/rustwide/target/debug/build/ring-340fd659df181cd3/out" "-L" "/opt/rustwide/rustup-home/toolchains/1.75.0-x86_64-unknown-linux-gnu/lib/rustlib/x86_64-unknown-linux-gnu/lib" "-Wl,-Bstatic" "/opt/rustwide/target/debug/deps/libnxyz-fec38a4650c051f4.rlib" "/opt/rustwide/target/debug/deps/libhttpclient-84bb50f7c62461aa.rlib" "/opt/rustwide/target/debug/deps/liburlencoding-d2feafa7ebf8e62a.rlib" "/opt/rustwide/target/debug/deps/libthiserror-e317bac2574892a6.rlib" "/opt/rustwide/target/debug/deps/libencoding_rs-6ac919aaf73aa201.rlib" "/opt/rustwide/target/debug/deps/libwalkdir-6f37c7dff47afc4f.rlib" "/opt/rustwide/target/debug/deps/libsame_file-06a4c01142053b65.rlib" "/opt/rustwide/target/debug/deps/libhyper_rustls-966eff8988f4b077.rlib" "/opt/rustwide/target/debug/deps/librustls_native_certs-e0bcc5942c39cc8f.rlib" "/opt/rustwide/target/debug/deps/librustls_pemfile-078b7accbecde926.rlib" "/opt/rustwide/target/debug/deps/libbase64-8ea64d3566a9d67e.rlib" "/opt/rustwide/target/debug/deps/libopenssl_probe-d850575132083d7c.rlib" "/opt/rustwide/target/debug/deps/libtokio_rustls-7948ae21dc8f8a70.rlib" "/opt/rustwide/target/debug/deps/librustls-9d6591f0851227c5.rlib" "/opt/rustwide/target/debug/deps/libsct-3854b374ac9c465d.rlib" "/opt/rustwide/target/debug/deps/libwebpki-7c4ad86dcceca6e0.rlib" "/opt/rustwide/target/debug/deps/libring-74ccbaba453f4a48.rlib" "/opt/rustwide/target/debug/deps/libspin-c4098cd951aef6c9.rlib" "/opt/rustwide/target/debug/deps/libuntrusted-5ec0aa78ed8cda5c.rlib" "/opt/rustwide/target/debug/deps/libhyper-3ccde7ba10547910.rlib" "/opt/rustwide/target/debug/deps/libwant-aba4c5639a11f28a.rlib" "/opt/rustwide/target/debug/deps/libtry_lock-6573df21d991c823.rlib" "/opt/rustwide/target/debug/deps/libhttparse-64f1ffbeda450424.rlib" "/opt/rustwide/target/debug/deps/libtower_service-104d6e83d5ce383d.rlib" "/opt/rustwide/target/debug/deps/libtracing-40e5439229c5a22c.rlib" "/opt/rustwide/target/debug/deps/libtracing_core-6fcd779b49c8aaa1.rlib" "/opt/rustwide/target/debug/deps/libhttp_body-3206acd3173dbc27.rlib" "/opt/rustwide/target/debug/deps/libfutures_util-4366207010d7178a.rlib" "/opt/rustwide/target/debug/deps/libfutures_io-d3ca8d3d34ca6dfb.rlib" "/opt/rustwide/target/debug/deps/libslab-29fe6a49d400343d.rlib" "/opt/rustwide/target/debug/deps/libfutures_channel-89441fe67ca7681a.rlib" "/opt/rustwide/target/debug/deps/libfutures_sink-3630a42b03a65bb4.rlib" "/opt/rustwide/target/debug/deps/libfutures_task-f30209098c38f296.rlib" "/opt/rustwide/target/debug/deps/libpin_utils-741f7d9d160e4a16.rlib" "/opt/rustwide/target/debug/deps/libfutures_core-ddaebb6e4c9e070a.rlib" "/opt/rustwide/target/debug/deps/libtokio-29e30cdf2537d455.rlib" "/opt/rustwide/target/debug/deps/libsignal_hook_registry-9caba4abd34fd167.rlib" "/opt/rustwide/target/debug/deps/libnum_cpus-f75918d7f2649914.rlib" "/opt/rustwide/target/debug/deps/libsocket2-9d713542c423849d.rlib" "/opt/rustwide/target/debug/deps/libmemchr-4fdcfd9ddfba30cb.rlib" "/opt/rustwide/target/debug/deps/libonce_cell-2437d1e94784a961.rlib" "/opt/rustwide/target/debug/deps/libmio-183d531fe6c3f5c5.rlib" "/opt/rustwide/target/debug/deps/liblog-3ad322dff60a4fea.rlib" "/opt/rustwide/target/debug/deps/libparking_lot-271bebc1e4e81a56.rlib" "/opt/rustwide/target/debug/deps/libparking_lot_core-45a8280fed07d225.rlib" "/opt/rustwide/target/debug/deps/liblibc-273a90682bf4a978.rlib" "/opt/rustwide/target/debug/deps/libcfg_if-61dc7a6799e72b18.rlib" "/opt/rustwide/target/debug/deps/libsmallvec-60de533f7e4075fe.rlib" "/opt/rustwide/target/debug/deps/liblock_api-400daf411a1c055a.rlib" "/opt/rustwide/target/debug/deps/libscopeguard-b35f5c652940acc2.rlib" "/opt/rustwide/target/debug/deps/libpin_project_lite-cead9f5d94689600.rlib" "/opt/rustwide/target/debug/deps/libhttpdate-07ccb2bff48c32b9.rlib" "/opt/rustwide/target/debug/deps/libhttp-d800a5c9346a0da7.rlib" "/opt/rustwide/target/debug/deps/libbytes-f5dc1f268a1b4c4c.rlib" "/opt/rustwide/target/debug/deps/libfnv-18bf5144d055e772.rlib" "/opt/rustwide/target/debug/deps/libanyhow-0940aa3ee72f241f.rlib" "/opt/rustwide/target/debug/deps/libserde_json-ffc91992d32a9452.rlib" "/opt/rustwide/target/debug/deps/libryu-80596ff4214e4d03.rlib" "/opt/rustwide/target/debug/deps/libitoa-324a29e856512b52.rlib" "/opt/rustwide/target/debug/deps/libserde-f4b2711d789024dd.rlib" "/opt/rustwide/rustup-home/toolchains/1.75.0-x86_64-unknown-linux-gnu/lib/rustlib/x86_64-unknown-linux-gnu/lib/libstd-90f6ddbf82de36ec.rlib" "/opt/rustwide/rustup-home/toolchains/1.75.0-x86_64-unknown-linux-gnu/lib/rustlib/x86_64-unknown-linux-gnu/lib/libpanic_unwind-480c41e9d4e1f677.rlib" "/opt/rustwide/rustup-home/toolchains/1.75.0-x86_64-unknown-linux-gnu/lib/rustlib/x86_64-unknown-linux-gnu/lib/libobject-db744c0ca03eed1d.rlib" "/opt/rustwide/rustup-home/toolchains/1.75.0-x86_64-unknown-linux-gnu/lib/rustlib/x86_64-unknown-linux-gnu/lib/libmemchr-8ba652dc7d4b285a.rlib" "/opt/rustwide/rustup-home/toolchains/1.75.0-x86_64-unknown-linux-gnu/lib/rustlib/x86_64-unknown-linux-gnu/lib/libaddr2line-d5f4520a9ebc0d58.rlib" "/opt/rustwide/rustup-home/toolchains/1.75.0-x86_64-unknown-linux-gnu/lib/rustlib/x86_64-unknown-linux-gnu/lib/libgimli-4ad84de58f0cb463.rlib" "/opt/rustwide/rustup-home/toolchains/1.75.0-x86_64-unknown-linux-gnu/lib/rustlib/x86_64-unknown-linux-gnu/lib/librustc_demangle-0d10aae2e0f38735.rlib" "/opt/rustwide/rustup-home/toolchains/1.75.0-x86_64-unknown-linux-gnu/lib/rustlib/x86_64-unknown-linux-gnu/lib/libstd_detect-0c17cff739e6745b.rlib" "/opt/rustwide/rustup-home/toolchains/1.75.0-x86_64-unknown-linux-gnu/lib/rustlib/x86_64-unknown-linux-gnu/lib/libhashbrown-b29e17139dde1aa8.rlib" "/opt/rustwide/rustup-home/toolchains/1.75.0-x86_64-unknown-linux-gnu/lib/rustlib/x86_64-unknown-linux-gnu/lib/librustc_std_workspace_alloc-1f975299829cc7bd.rlib" "/opt/rustwide/rustup-home/toolchains/1.75.0-x86_64-unknown-linux-gnu/lib/rustlib/x86_64-unknown-linux-gnu/lib/libminiz_oxide-86bae3bc3079f89b.rlib" "/opt/rustwide/rustup-home/toolchains/1.75.0-x86_64-unknown-linux-gnu/lib/rustlib/x86_64-unknown-linux-gnu/lib/libadler-321b82c30dffdf5f.rlib" "/opt/rustwide/rustup-home/toolchains/1.75.0-x86_64-unknown-linux-gnu/lib/rustlib/x86_64-unknown-linux-gnu/lib/libunwind-3dd8a6810a0bdfef.rlib" "/opt/rustwide/rustup-home/toolchains/1.75.0-x86_64-unknown-linux-gnu/lib/rustlib/x86_64-unknown-linux-gnu/lib/libcfg_if-eb39a61c0c879984.rlib" "/opt/rustwide/rustup-home/toolchains/1.75.0-x86_64-unknown-linux-gnu/lib/rustlib/x86_64-unknown-linux-gnu/lib/liblibc-aa769569f91c3548.rlib" "/opt/rustwide/rustup-home/toolchains/1.75.0-x86_64-unknown-linux-gnu/lib/rustlib/x86_64-unknown-linux-gnu/lib/liballoc-510a192a50a983ed.rlib" "/opt/rustwide/rustup-home/toolchains/1.75.0-x86_64-unknown-linux-gnu/lib/rustlib/x86_64-unknown-linux-gnu/lib/librustc_std_workspace_core-0577018320f99037.rlib" "/opt/rustwide/rustup-home/toolchains/1.75.0-x86_64-unknown-linux-gnu/lib/rustlib/x86_64-unknown-linux-gnu/lib/libcore-193cf992125ccd4c.rlib" "/opt/rustwide/rustup-home/toolchains/1.75.0-x86_64-unknown-linux-gnu/lib/rustlib/x86_64-unknown-linux-gnu/lib/libcompiler_builtins-8e138eaf26ebb4a8.rlib" "-Wl,-Bdynamic" "-lgcc_s" "-lutil" "-lrt" "-lpthread" "-lm" "-ldl" "-lc" "-Wl,--eh-frame-hdr" "-Wl,-z,noexecstack" "-L" "/opt/rustwide/rustup-home/toolchains/1.75.0-x86_64-unknown-linux-gnu/lib/rustlib/x86_64-unknown-linux-gnu/lib" "-o" "/opt/rustwide/target/debug/examples/get_erc_20_metadata-5ab6ed266f6e8c1a" "-Wl,--gc-sections" "-pie" "-Wl,-z,relro,-z,now" "-nodefaultlibs"
[INFO] [stdout]   = note: collect2: fatal error: ld terminated with signal 9 [Killed]
[INFO] [stdout]           compilation terminated.
[INFO] [stdout]           
[INFO] [stdout] 
[INFO] [stdout] 
[INFO] [stdout] error: aborting due to previous error; 1 warning emitted
[INFO] [stdout] 
[INFO] [stdout] 
[INFO] [stderr] error: could not compile `nxyz` (example "get_erc_20_metadata") due to 2 previous errors; 1 warning emitted
[INFO] [stdout] error: linking with `cc` failed: exit status: 1
[INFO] [stdout]   |
[INFO] [stdout]   = note: LC_ALL="C" PATH="/opt/rustwide/rustup-home/toolchains/1.75.0-x86_64-unknown-linux-gnu/lib/rustlib/x86_64-unknown-linux-gnu/bin:/opt/rustwide/cargo-home/bin:/usr/local/sbin:/usr/local/bin:/usr/sbin:/usr/bin:/sbin:/bin" VSLANG="1033" "cc" "-m64" "/tmp/rustc0gDdvE/symbols.o" "/opt/rustwide/target/debug/examples/get_contract_transaction_history-2ff966b53b692a65.get_contract_transaction_history.e7d490cdb5cc091c-cgu.0.rcgu.o" "/opt/rustwide/target/debug/examples/get_contract_transaction_history-2ff966b53b692a65.get_contract_transaction_history.e7d490cdb5cc091c-cgu.1.rcgu.o" "/opt/rustwide/target/debug/examples/get_contract_transaction_history-2ff966b53b692a65.get_contract_transaction_history.e7d490cdb5cc091c-cgu.2.rcgu.o" "/opt/rustwide/target/debug/examples/get_contract_transaction_history-2ff966b53b692a65.get_contract_transaction_history.e7d490cdb5cc091c-cgu.3.rcgu.o" "/opt/rustwide/target/debug/examples/get_contract_transaction_history-2ff966b53b692a65.4gc2rgakdu2g8jgx.rcgu.o" "-Wl,--as-needed" "-L" "/opt/rustwide/target/debug/deps" "-L" "/opt/rustwide/target/debug/build/ring-340fd659df181cd3/out" "-L" "/opt/rustwide/rustup-home/toolchains/1.75.0-x86_64-unknown-linux-gnu/lib/rustlib/x86_64-unknown-linux-gnu/lib" "-Wl,-Bstatic" "/opt/rustwide/target/debug/deps/libnxyz-fec38a4650c051f4.rlib" "/opt/rustwide/target/debug/deps/libhttpclient-84bb50f7c62461aa.rlib" "/opt/rustwide/target/debug/deps/liburlencoding-d2feafa7ebf8e62a.rlib" "/opt/rustwide/target/debug/deps/libthiserror-e317bac2574892a6.rlib" "/opt/rustwide/target/debug/deps/libencoding_rs-6ac919aaf73aa201.rlib" "/opt/rustwide/target/debug/deps/libwalkdir-6f37c7dff47afc4f.rlib" "/opt/rustwide/target/debug/deps/libsame_file-06a4c01142053b65.rlib" "/opt/rustwide/target/debug/deps/libhyper_rustls-966eff8988f4b077.rlib" "/opt/rustwide/target/debug/deps/librustls_native_certs-e0bcc5942c39cc8f.rlib" "/opt/rustwide/target/debug/deps/librustls_pemfile-078b7accbecde926.rlib" "/opt/rustwide/target/debug/deps/libbase64-8ea64d3566a9d67e.rlib" "/opt/rustwide/target/debug/deps/libopenssl_probe-d850575132083d7c.rlib" "/opt/rustwide/target/debug/deps/libtokio_rustls-7948ae21dc8f8a70.rlib" "/opt/rustwide/target/debug/deps/librustls-9d6591f0851227c5.rlib" "/opt/rustwide/target/debug/deps/libsct-3854b374ac9c465d.rlib" "/opt/rustwide/target/debug/deps/libwebpki-7c4ad86dcceca6e0.rlib" "/opt/rustwide/target/debug/deps/libring-74ccbaba453f4a48.rlib" "/opt/rustwide/target/debug/deps/libspin-c4098cd951aef6c9.rlib" "/opt/rustwide/target/debug/deps/libuntrusted-5ec0aa78ed8cda5c.rlib" "/opt/rustwide/target/debug/deps/libhyper-3ccde7ba10547910.rlib" "/opt/rustwide/target/debug/deps/libwant-aba4c5639a11f28a.rlib" "/opt/rustwide/target/debug/deps/libtry_lock-6573df21d991c823.rlib" "/opt/rustwide/target/debug/deps/libhttparse-64f1ffbeda450424.rlib" "/opt/rustwide/target/debug/deps/libtower_service-104d6e83d5ce383d.rlib" "/opt/rustwide/target/debug/deps/libtracing-40e5439229c5a22c.rlib" "/opt/rustwide/target/debug/deps/libtracing_core-6fcd779b49c8aaa1.rlib" "/opt/rustwide/target/debug/deps/libhttp_body-3206acd3173dbc27.rlib" "/opt/rustwide/target/debug/deps/libfutures_util-4366207010d7178a.rlib" "/opt/rustwide/target/debug/deps/libfutures_io-d3ca8d3d34ca6dfb.rlib" "/opt/rustwide/target/debug/deps/libslab-29fe6a49d400343d.rlib" "/opt/rustwide/target/debug/deps/libfutures_channel-89441fe67ca7681a.rlib" "/opt/rustwide/target/debug/deps/libfutures_sink-3630a42b03a65bb4.rlib" "/opt/rustwide/target/debug/deps/libfutures_task-f30209098c38f296.rlib" "/opt/rustwide/target/debug/deps/libpin_utils-741f7d9d160e4a16.rlib" "/opt/rustwide/target/debug/deps/libfutures_core-ddaebb6e4c9e070a.rlib" "/opt/rustwide/target/debug/deps/libtokio-29e30cdf2537d455.rlib" "/opt/rustwide/target/debug/deps/libsignal_hook_registry-9caba4abd34fd167.rlib" "/opt/rustwide/target/debug/deps/libnum_cpus-f75918d7f2649914.rlib" "/opt/rustwide/target/debug/deps/libsocket2-9d713542c423849d.rlib" "/opt/rustwide/target/debug/deps/libmemchr-4fdcfd9ddfba30cb.rlib" "/opt/rustwide/target/debug/deps/libonce_cell-2437d1e94784a961.rlib" "/opt/rustwide/target/debug/deps/libmio-183d531fe6c3f5c5.rlib" "/opt/rustwide/target/debug/deps/liblog-3ad322dff60a4fea.rlib" "/opt/rustwide/target/debug/deps/libparking_lot-271bebc1e4e81a56.rlib" "/opt/rustwide/target/debug/deps/libparking_lot_core-45a8280fed07d225.rlib" "/opt/rustwide/target/debug/deps/liblibc-273a90682bf4a978.rlib" "/opt/rustwide/target/debug/deps/libcfg_if-61dc7a6799e72b18.rlib" "/opt/rustwide/target/debug/deps/libsmallvec-60de533f7e4075fe.rlib" "/opt/rustwide/target/debug/deps/liblock_api-400daf411a1c055a.rlib" "/opt/rustwide/target/debug/deps/libscopeguard-b35f5c652940acc2.rlib" "/opt/rustwide/target/debug/deps/libpin_project_lite-cead9f5d94689600.rlib" "/opt/rustwide/target/debug/deps/libhttpdate-07ccb2bff48c32b9.rlib" "/opt/rustwide/target/debug/deps/libhttp-d800a5c9346a0da7.rlib" "/opt/rustwide/target/debug/deps/libbytes-f5dc1f268a1b4c4c.rlib" "/opt/rustwide/target/debug/deps/libfnv-18bf5144d055e772.rlib" "/opt/rustwide/target/debug/deps/libanyhow-0940aa3ee72f241f.rlib" "/opt/rustwide/target/debug/deps/libserde_json-ffc91992d32a9452.rlib" "/opt/rustwide/target/debug/deps/libryu-80596ff4214e4d03.rlib" "/opt/rustwide/target/debug/deps/libitoa-324a29e856512b52.rlib" "/opt/rustwide/target/debug/deps/libserde-f4b2711d789024dd.rlib" "/opt/rustwide/rustup-home/toolchains/1.75.0-x86_64-unknown-linux-gnu/lib/rustlib/x86_64-unknown-linux-gnu/lib/libstd-90f6ddbf82de36ec.rlib" "/opt/rustwide/rustup-home/toolchains/1.75.0-x86_64-unknown-linux-gnu/lib/rustlib/x86_64-unknown-linux-gnu/lib/libpanic_unwind-480c41e9d4e1f677.rlib" "/opt/rustwide/rustup-home/toolchains/1.75.0-x86_64-unknown-linux-gnu/lib/rustlib/x86_64-unknown-linux-gnu/lib/libobject-db744c0ca03eed1d.rlib" "/opt/rustwide/rustup-home/toolchains/1.75.0-x86_64-unknown-linux-gnu/lib/rustlib/x86_64-unknown-linux-gnu/lib/libmemchr-8ba652dc7d4b285a.rlib" "/opt/rustwide/rustup-home/toolchains/1.75.0-x86_64-unknown-linux-gnu/lib/rustlib/x86_64-unknown-linux-gnu/lib/libaddr2line-d5f4520a9ebc0d58.rlib" "/opt/rustwide/rustup-home/toolchains/1.75.0-x86_64-unknown-linux-gnu/lib/rustlib/x86_64-unknown-linux-gnu/lib/libgimli-4ad84de58f0cb463.rlib" "/opt/rustwide/rustup-home/toolchains/1.75.0-x86_64-unknown-linux-gnu/lib/rustlib/x86_64-unknown-linux-gnu/lib/librustc_demangle-0d10aae2e0f38735.rlib" "/opt/rustwide/rustup-home/toolchains/1.75.0-x86_64-unknown-linux-gnu/lib/rustlib/x86_64-unknown-linux-gnu/lib/libstd_detect-0c17cff739e6745b.rlib" "/opt/rustwide/rustup-home/toolchains/1.75.0-x86_64-unknown-linux-gnu/lib/rustlib/x86_64-unknown-linux-gnu/lib/libhashbrown-b29e17139dde1aa8.rlib" "/opt/rustwide/rustup-home/toolchains/1.75.0-x86_64-unknown-linux-gnu/lib/rustlib/x86_64-unknown-linux-gnu/lib/librustc_std_workspace_alloc-1f975299829cc7bd.rlib" "/opt/rustwide/rustup-home/toolchains/1.75.0-x86_64-unknown-linux-gnu/lib/rustlib/x86_64-unknown-linux-gnu/lib/libminiz_oxide-86bae3bc3079f89b.rlib" "/opt/rustwide/rustup-home/toolchains/1.75.0-x86_64-unknown-linux-gnu/lib/rustlib/x86_64-unknown-linux-gnu/lib/libadler-321b82c30dffdf5f.rlib" "/opt/rustwide/rustup-home/toolchains/1.75.0-x86_64-unknown-linux-gnu/lib/rustlib/x86_64-unknown-linux-gnu/lib/libunwind-3dd8a6810a0bdfef.rlib" "/opt/rustwide/rustup-home/toolchains/1.75.0-x86_64-unknown-linux-gnu/lib/rustlib/x86_64-unknown-linux-gnu/lib/libcfg_if-eb39a61c0c879984.rlib" "/opt/rustwide/rustup-home/toolchains/1.75.0-x86_64-unknown-linux-gnu/lib/rustlib/x86_64-unknown-linux-gnu/lib/liblibc-aa769569f91c3548.rlib" "/opt/rustwide/rustup-home/toolchains/1.75.0-x86_64-unknown-linux-gnu/lib/rustlib/x86_64-unknown-linux-gnu/lib/liballoc-510a192a50a983ed.rlib" "/opt/rustwide/rustup-home/toolchains/1.75.0-x86_64-unknown-linux-gnu/lib/rustlib/x86_64-unknown-linux-gnu/lib/librustc_std_workspace_core-0577018320f99037.rlib" "/opt/rustwide/rustup-home/toolchains/1.75.0-x86_64-unknown-linux-gnu/lib/rustlib/x86_64-unknown-linux-gnu/lib/libcore-193cf992125ccd4c.rlib" "/opt/rustwide/rustup-home/toolchains/1.75.0-x86_64-unknown-linux-gnu/lib/rustlib/x86_64-unknown-linux-gnu/lib/libcompiler_builtins-8e138eaf26ebb4a8.rlib" "-Wl,-Bdynamic" "-lgcc_s" "-lutil" "-lrt" "-lpthread" "-lm" "-ldl" "-lc" "-Wl,--eh-frame-hdr" "-Wl,-z,noexecstack" "-L" "/opt/rustwide/rustup-home/toolchains/1.75.0-x86_64-unknown-linux-gnu/lib/rustlib/x86_64-unknown-linux-gnu/lib" "-o" "/opt/rustwide/target/debug/examples/get_contract_transaction_history-2ff966b53b692a65" "-Wl,--gc-sections" "-pie" "-Wl,-z,relro,-z,now" "-nodefaultlibs"
[INFO] [stdout]   = note: collect2: fatal error: ld terminated with signal 9 [Killed]
[INFO] [stdout]           compilation terminated.
[INFO] [stdout]           
[INFO] [stdout] 
[INFO] [stdout] 
[INFO] [stdout] error: aborting due to previous error; 1 warning emitted
[INFO] [stdout] 
[INFO] [stdout] 
[INFO] [stderr] error: could not compile `nxyz` (example "get_contract_transaction_history") due to 2 previous errors; 1 warning emitted
[INFO] [stdout] warning: 1 warning emitted
[INFO] [stdout] 
[INFO] [stdout] 
[INFO] [stdout] warning: 1 warning emitted
[INFO] [stdout] 
[INFO] [stdout] 
[INFO] [stdout] warning: 1 warning emitted
[INFO] [stdout] 
[INFO] [stdout] 
[INFO] [stdout] warning: 1 warning emitted
[INFO] [stdout] 
[INFO] [stdout] 
[INFO] [stdout] warning: 1 warning emitted
[INFO] [stdout] 
[INFO] [stdout] 
[INFO] [stdout] warning: 1 warning emitted
[INFO] [stdout] 
[INFO] [stdout] 
[INFO] running `Command { std: "docker" "inspect" "2fe74498b62ca8e39b505c0ca306e88df2f8ac7042709e1089d20c980235d366", kill_on_drop: false }`
[INFO] running `Command { std: "docker" "rm" "-f" "2fe74498b62ca8e39b505c0ca306e88df2f8ac7042709e1089d20c980235d366", kill_on_drop: false }`
[INFO] [stdout] 2fe74498b62ca8e39b505c0ca306e88df2f8ac7042709e1089d20c980235d366
[INFO] testing nxyz-1.0.0 against beta-2023-12-22 for beta-1.76-1
[INFO] extracting crate nxyz 1.0.0 into /workspace/builds/worker-7-tc2/source
[INFO] validating manifest of crates.io crate nxyz 1.0.0 on toolchain beta-2023-12-22
[INFO] running `Command { std: CARGO_HOME="/workspace/cargo-home" RUSTUP_HOME="/workspace/rustup-home" "/workspace/cargo-home/bin/cargo" "+beta-2023-12-22" "metadata" "--manifest-path" "Cargo.toml" "--no-deps", kill_on_drop: false }`
[INFO] started tweaking crates.io crate nxyz 1.0.0
[INFO] removed 0 missing examples
[INFO] finished tweaking crates.io crate nxyz 1.0.0
[INFO] tweaked toml for crates.io crate nxyz 1.0.0 written to /workspace/builds/worker-7-tc2/source/Cargo.toml
[INFO] crate crates.io crate nxyz 1.0.0 already has a lockfile, it will not be regenerated
[INFO] running `Command { std: CARGO_HOME="/workspace/cargo-home" RUSTUP_HOME="/workspace/rustup-home" "/workspace/cargo-home/bin/cargo" "+beta-2023-12-22" "fetch" "--manifest-path" "Cargo.toml", kill_on_drop: false }`
[INFO] running `Command { std: "docker" "create" "-v" "/var/lib/crater-agent-workspace/builds/worker-7-tc2/target:/opt/rustwide/target:rw,Z" "-v" "/var/lib/crater-agent-workspace/builds/worker-7-tc2/source:/opt/rustwide/workdir:ro,Z" "-v" "/var/lib/crater-agent-workspace/cargo-home:/opt/rustwide/cargo-home:ro,Z" "-v" "/var/lib/crater-agent-workspace/rustup-home:/opt/rustwide/rustup-home:ro,Z" "-e" "SOURCE_DIR=/opt/rustwide/workdir" "-e" "CARGO_TARGET_DIR=/opt/rustwide/target" "-e" "CARGO_HOME=/opt/rustwide/cargo-home" "-e" "RUSTUP_HOME=/opt/rustwide/rustup-home" "-w" "/opt/rustwide/workdir" "-m" "1610612736" "--user" "0:0" "--network" "none" "ghcr.io/rust-lang/crates-build-env/linux@sha256:2788e3201cd34a07e3172128adcd8b3090168a8e3bcc40d7c032b9dda1df7d1c" "/opt/rustwide/cargo-home/bin/cargo" "+beta-2023-12-22" "metadata" "--no-deps" "--format-version=1", kill_on_drop: false }`
[INFO] [stdout] 9b1282f35e84077a65c3d3874b878a48c26274b9e7e5562a7dd104c82f65f907
[INFO] running `Command { std: "docker" "start" "-a" "9b1282f35e84077a65c3d3874b878a48c26274b9e7e5562a7dd104c82f65f907", kill_on_drop: false }`
[INFO] running `Command { std: "docker" "inspect" "9b1282f35e84077a65c3d3874b878a48c26274b9e7e5562a7dd104c82f65f907", kill_on_drop: false }`
[INFO] running `Command { std: "docker" "rm" "-f" "9b1282f35e84077a65c3d3874b878a48c26274b9e7e5562a7dd104c82f65f907", kill_on_drop: false }`
[INFO] [stdout] 9b1282f35e84077a65c3d3874b878a48c26274b9e7e5562a7dd104c82f65f907
[INFO] running `Command { std: "docker" "create" "-v" "/var/lib/crater-agent-workspace/builds/worker-7-tc2/target:/opt/rustwide/target:rw,Z" "-v" "/var/lib/crater-agent-workspace/builds/worker-7-tc2/source:/opt/rustwide/workdir:ro,Z" "-v" "/var/lib/crater-agent-workspace/cargo-home:/opt/rustwide/cargo-home:ro,Z" "-v" "/var/lib/crater-agent-workspace/rustup-home:/opt/rustwide/rustup-home:ro,Z" "-e" "SOURCE_DIR=/opt/rustwide/workdir" "-e" "CARGO_TARGET_DIR=/opt/rustwide/target" "-e" "CARGO_INCREMENTAL=0" "-e" "RUST_BACKTRACE=full" "-e" "RUSTFLAGS=--cap-lints=warn" "-e" "RUSTDOCFLAGS=--cap-lints=warn" "-e" "CARGO_HOME=/opt/rustwide/cargo-home" "-e" "RUSTUP_HOME=/opt/rustwide/rustup-home" "-w" "/opt/rustwide/workdir" "-m" "1610612736" "--user" "0:0" "--network" "none" "ghcr.io/rust-lang/crates-build-env/linux@sha256:2788e3201cd34a07e3172128adcd8b3090168a8e3bcc40d7c032b9dda1df7d1c" "/opt/rustwide/cargo-home/bin/cargo" "+beta-2023-12-22" "build" "--frozen" "--message-format=json", kill_on_drop: false }`
[INFO] [stdout] 85ea76849f48e8fa1ad857ee3889f7844d233017a62b4171610f7e715b161bac
[INFO] running `Command { std: "docker" "start" "-a" "85ea76849f48e8fa1ad857ee3889f7844d233017a62b4171610f7e715b161bac", kill_on_drop: false }`
[INFO] [stderr]    Compiling proc-macro2 v1.0.44
[INFO] [stderr]    Compiling unicode-ident v1.0.4
[INFO] [stderr]    Compiling quote v1.0.21
[INFO] [stderr]    Compiling syn v1.0.100
[INFO] [stderr]    Compiling libc v0.2.133
[INFO] [stderr]    Compiling once_cell v1.15.0
[INFO] [stderr]    Compiling pin-project-lite v0.2.9
[INFO] [stderr]    Compiling cc v1.0.73
[INFO] [stderr]    Compiling log v0.4.17
[INFO] [stderr]    Compiling futures-core v0.3.24
[INFO] [stderr]    Compiling futures-task v0.3.24
[INFO] [stderr]    Compiling futures-channel v0.3.24
[INFO] [stderr]    Compiling parking_lot_core v0.9.3
[INFO] [stderr]    Compiling lock_api v0.4.9
[INFO] [stderr]    Compiling slab v0.4.7
[INFO] [stderr]    Compiling memchr v2.5.0
[INFO] [stderr]    Compiling spin v0.5.2
[INFO] [stderr]    Compiling untrusted v0.7.1
[INFO] [stderr]    Compiling bytes v1.2.1
[INFO] [stderr]    Compiling futures-sink v0.3.24
[INFO] [stderr]    Compiling smallvec v1.9.0
[INFO] [stderr]    Compiling scopeguard v1.1.0
[INFO] [stderr]    Compiling futures-util v0.3.24
[INFO] [stderr]    Compiling tokio v1.21.1
[INFO] [stderr]    Compiling itoa v1.0.3
[INFO] [stderr]    Compiling futures-io v0.3.24
[INFO] [stderr]    Compiling rustls v0.20.6
[INFO] [stderr]    Compiling serde_derive v1.0.145
[INFO] [stderr]    Compiling tracing-core v0.1.29
[INFO] [stderr]    Compiling serde v1.0.145
[INFO] [stderr]    Compiling base64 v0.13.0
[INFO] [stderr]    Compiling try-lock v0.2.3
[INFO] [stderr]    Compiling want v0.3.0
[INFO] [stderr]    Compiling tower-service v0.3.2
[INFO] [stderr]    Compiling http v0.2.8
[INFO] [stderr]    Compiling httpdate v1.0.2
[INFO] [stderr]    Compiling serde_json v1.0.85
[INFO] [stderr]    Compiling rustls-pemfile v1.0.1
[INFO] [stderr]    Compiling encoding_rs v0.8.31
[INFO] [stderr]    Compiling async-trait v0.1.57
[INFO] [stderr]    Compiling tracing v0.1.36
[INFO] [stderr]    Compiling openssl-probe v0.1.5
[INFO] [stderr]    Compiling thiserror v1.0.35
[INFO] [stderr]    Compiling mio v0.8.4
[INFO] [stderr]    Compiling num_cpus v1.13.1
[INFO] [stderr]    Compiling socket2 v0.4.7
[INFO] [stderr]    Compiling signal-hook-registry v1.4.0
[INFO] [stderr]    Compiling rustls-native-certs v0.6.2
[INFO] [stderr]    Compiling ryu v1.0.11
[INFO] [stderr]    Compiling same-file v1.0.6
[INFO] [stderr]    Compiling anyhow v1.0.65
[INFO] [stderr]    Compiling parking_lot v0.12.1
[INFO] [stderr]    Compiling walkdir v2.3.2
[INFO] [stderr]    Compiling urlencoding v2.1.2
[INFO] [stderr]    Compiling ring v0.16.20
[INFO] [stderr]    Compiling http-body v0.4.5
[INFO] [stderr]    Compiling futures-macro v0.3.24
[INFO] [stderr]    Compiling tokio-macros v1.8.0
[INFO] [stderr]    Compiling thiserror-impl v1.0.35
[INFO] [stderr]    Compiling webpki v0.22.0
[INFO] [stderr]    Compiling sct v0.7.0
[INFO] [stderr]    Compiling futures-executor v0.3.24
[INFO] [stderr]    Compiling futures v0.3.24
[INFO] [stderr]    Compiling hyper v0.14.20
[INFO] [stderr]    Compiling tokio-rustls v0.23.4
[INFO] [stderr]    Compiling hyper-rustls v0.23.0
[INFO] [stderr]    Compiling httpclient v0.6.0
[INFO] [stderr]    Compiling nxyz v1.0.0 (/opt/rustwide/workdir)
[INFO] [stderr]     Finished dev [unoptimized + debuginfo] target(s) in 13.51s
[INFO] running `Command { std: "docker" "inspect" "85ea76849f48e8fa1ad857ee3889f7844d233017a62b4171610f7e715b161bac", kill_on_drop: false }`
[INFO] running `Command { std: "docker" "rm" "-f" "85ea76849f48e8fa1ad857ee3889f7844d233017a62b4171610f7e715b161bac", kill_on_drop: false }`
[INFO] [stdout] 85ea76849f48e8fa1ad857ee3889f7844d233017a62b4171610f7e715b161bac
[INFO] running `Command { std: "docker" "create" "-v" "/var/lib/crater-agent-workspace/builds/worker-7-tc2/target:/opt/rustwide/target:rw,Z" "-v" "/var/lib/crater-agent-workspace/builds/worker-7-tc2/source:/opt/rustwide/workdir:ro,Z" "-v" "/var/lib/crater-agent-workspace/cargo-home:/opt/rustwide/cargo-home:ro,Z" "-v" "/var/lib/crater-agent-workspace/rustup-home:/opt/rustwide/rustup-home:ro,Z" "-e" "SOURCE_DIR=/opt/rustwide/workdir" "-e" "CARGO_TARGET_DIR=/opt/rustwide/target" "-e" "CARGO_INCREMENTAL=0" "-e" "RUST_BACKTRACE=full" "-e" "RUSTFLAGS=--cap-lints=warn" "-e" "RUSTDOCFLAGS=--cap-lints=warn" "-e" "CARGO_HOME=/opt/rustwide/cargo-home" "-e" "RUSTUP_HOME=/opt/rustwide/rustup-home" "-w" "/opt/rustwide/workdir" "-m" "1610612736" "--user" "0:0" "--network" "none" "ghcr.io/rust-lang/crates-build-env/linux@sha256:2788e3201cd34a07e3172128adcd8b3090168a8e3bcc40d7c032b9dda1df7d1c" "/opt/rustwide/cargo-home/bin/cargo" "+beta-2023-12-22" "test" "--frozen" "--no-run" "--message-format=json", kill_on_drop: false }`
[INFO] [stdout] 06c6febb2b639c060a07da7a68baaf989b46bb4e8ff0f5195bb9e384a26767f3
[INFO] running `Command { std: "docker" "start" "-a" "06c6febb2b639c060a07da7a68baaf989b46bb4e8ff0f5195bb9e384a26767f3", kill_on_drop: false }`
[INFO] [stderr]    Compiling nxyz v1.0.0 (/opt/rustwide/workdir)
[INFO] [stdout] warning: unused import: `nxyz::model::*`
[INFO] [stdout]  --> examples/get_collection.rs:2:5
[INFO] [stdout]   |
[INFO] [stdout] 2 | use nxyz::model::*;
[INFO] [stdout]   |     ^^^^^^^^^^^^^^
[INFO] [stdout]   |
[INFO] [stdout]   = note: `#[warn(unused_imports)]` on by default
[INFO] [stdout] 
[INFO] [stdout] 
[INFO] [stdout] warning: unused import: `nxyz::model::*`
[INFO] [stdout]  --> examples/get_wallet_mints.rs:2:5
[INFO] [stdout]   |
[INFO] [stdout] 2 | use nxyz::model::*;
[INFO] [stdout]   |     ^^^^^^^^^^^^^^
[INFO] [stdout]   |
[INFO] [stdout]   = note: `#[warn(unused_imports)]` on by default
[INFO] [stdout] 
[INFO] [stdout] 
[INFO] [stdout] warning: unused import: `nxyz::model::*`
[INFO] [stdout]  --> examples/get_contract_transaction_history.rs:2:5
[INFO] [stdout]   |
[INFO] [stdout] 2 | use nxyz::model::*;
[INFO] [stdout]   |     ^^^^^^^^^^^^^^
[INFO] [stdout]   |
[INFO] [stdout]   = note: `#[warn(unused_imports)]` on by default
[INFO] [stdout] 
[INFO] [stdout] 
[INFO] [stdout] warning: unused import: `nxyz::model::*`
[INFO] [stdout]  --> examples/get_suggestions_results.rs:2:5
[INFO] [stdout]   |
[INFO] [stdout] 2 | use nxyz::model::*;
[INFO] [stdout]   |     ^^^^^^^^^^^^^^
[INFO] [stdout]   |
[INFO] [stdout]   = note: `#[warn(unused_imports)]` on by default
[INFO] [stdout] 
[INFO] [stdout] 
[INFO] [stdout] warning: unused import: `nxyz::model::*`
[INFO] [stdout]  --> examples/get_top_collections.rs:2:5
[INFO] [stdout]   |
[INFO] [stdout] 2 | use nxyz::model::*;
[INFO] [stdout]   |     ^^^^^^^^^^^^^^
[INFO] [stdout]   |
[INFO] [stdout]   = note: `#[warn(unused_imports)]` on by default
[INFO] [stdout] 
[INFO] [stdout] 
[INFO] [stdout] warning: unused import: `nxyz::model::*`
[INFO] [stdout]  --> examples/get_contract_tokens.rs:2:5
[INFO] [stdout]   |
[INFO] [stdout] 2 | use nxyz::model::*;
[INFO] [stdout]   |     ^^^^^^^^^^^^^^
[INFO] [stdout]   |
[INFO] [stdout]   = note: `#[warn(unused_imports)]` on by default
[INFO] [stdout] 
[INFO] [stdout] 
[INFO] [stdout] warning: unused import: `nxyz::model::*`
[INFO] [stdout]  --> examples/get_tokens_by_search_query.rs:2:5
[INFO] [stdout]   |
[INFO] [stdout] 2 | use nxyz::model::*;
[INFO] [stdout]   |     ^^^^^^^^^^^^^^
[INFO] [stdout]   |
[INFO] [stdout]   = note: `#[warn(unused_imports)]` on by default
[INFO] [stdout] 
[INFO] [stdout] 
[INFO] [stdout] warning: unused import: `nxyz::model::*`
[INFO] [stdout]  --> examples/get_wallet.rs:2:5
[INFO] [stdout]   |
[INFO] [stdout] 2 | use nxyz::model::*;
[INFO] [stdout]   |     ^^^^^^^^^^^^^^
[INFO] [stdout]   |
[INFO] [stdout]   = note: `#[warn(unused_imports)]` on by default
[INFO] [stdout] 
[INFO] [stdout] 
[INFO] [stdout] warning: unused import: `nxyz::model::*`
[INFO] [stdout]  --> examples/get_wallet_transactions.rs:2:5
[INFO] [stdout]   |
[INFO] [stdout] 2 | use nxyz::model::*;
[INFO] [stdout]   |     ^^^^^^^^^^^^^^
[INFO] [stdout]   |
[INFO] [stdout]   = note: `#[warn(unused_imports)]` on by default
[INFO] [stdout] 
[INFO] [stdout] 
[INFO] [stdout] warning: unused import: `nxyz::model::*`
[INFO] [stdout]  --> examples/get_tokens_suggestions_results.rs:2:5
[INFO] [stdout]   |
[INFO] [stdout] 2 | use nxyz::model::*;
[INFO] [stdout]   |     ^^^^^^^^^^^^^^
[INFO] [stdout]   |
[INFO] [stdout]   = note: `#[warn(unused_imports)]` on by default
[INFO] [stdout] 
[INFO] [stdout] 
[INFO] [stdout] warning: unused import: `nxyz::model::*`
[INFO] [stdout]  --> examples/get_collections_suggestions_results.rs:2:5
[INFO] [stdout]   |
[INFO] [stdout] 2 | use nxyz::model::*;
[INFO] [stdout]   |     ^^^^^^^^^^^^^^
[INFO] [stdout]   |
[INFO] [stdout]   = note: `#[warn(unused_imports)]` on by default
[INFO] [stdout] 
[INFO] [stdout] 
[INFO] [stdout] warning: unused import: `nxyz::model::*`
[INFO] [stdout]  --> examples/get_search_results.rs:2:5
[INFO] [stdout]   |
[INFO] [stdout] 2 | use nxyz::model::*;
[INFO] [stdout]   |     ^^^^^^^^^^^^^^
[INFO] [stdout]   |
[INFO] [stdout]   = note: `#[warn(unused_imports)]` on by default
[INFO] [stdout] 
[INFO] [stdout] 
[INFO] [stdout] warning: unused import: `nxyz::model::*`
[INFO] [stdout]  --> examples/get_top_wallets.rs:2:5
[INFO] [stdout]   |
[INFO] [stdout] 2 | use nxyz::model::*;
[INFO] [stdout]   |     ^^^^^^^^^^^^^^
[INFO] [stdout]   |
[INFO] [stdout]   = note: `#[warn(unused_imports)]` on by default
[INFO] [stdout] 
[INFO] [stdout] 
[INFO] [stdout] warning: unused import: `nxyz::model::*`
[INFO] [stdout]  --> examples/get_wallet_tokens.rs:2:5
[INFO] [stdout]   |
[INFO] [stdout] 2 | use nxyz::model::*;
[INFO] [stdout]   |     ^^^^^^^^^^^^^^
[INFO] [stdout]   |
[INFO] [stdout]   = note: `#[warn(unused_imports)]` on by default
[INFO] [stdout] 
[INFO] [stdout] 
[INFO] [stdout] warning: unused import: `nxyz::model::*`
[INFO] [stdout]  --> examples/get_contract_tokens_by_contract_and_id.rs:2:5
[INFO] [stdout]   |
[INFO] [stdout] 2 | use nxyz::model::*;
[INFO] [stdout]   |     ^^^^^^^^^^^^^^
[INFO] [stdout]   |
[INFO] [stdout]   = note: `#[warn(unused_imports)]` on by default
[INFO] [stdout] 
[INFO] [stdout] 
[INFO] [stderr] error: could not compile `nxyz` (example "get_wallet_mints"); 1 warning emitted
[INFO] [stderr] 
[INFO] [stderr] Caused by:
[INFO] [stderr]   process didn't exit successfully: `/opt/rustwide/rustup-home/toolchains/beta-2023-12-22-x86_64-unknown-linux-gnu/bin/rustc --crate-name get_wallet_mints --edition=2021 examples/get_wallet_mints.rs --error-format=json --json=diagnostic-rendered-ansi,artifacts,future-incompat --crate-type bin --emit=dep-info,link -C embed-bitcode=no -C debuginfo=2 -C metadata=ae77f197162f76c2 -C extra-filename=-ae77f197162f76c2 --out-dir /opt/rustwide/target/debug/examples -L dependency=/opt/rustwide/target/debug/deps --extern anyhow=/opt/rustwide/target/debug/deps/libanyhow-62aa8fb6cab8a9c6.rlib --extern httpclient=/opt/rustwide/target/debug/deps/libhttpclient-36ac5f10ca6963b4.rlib --extern nxyz=/opt/rustwide/target/debug/deps/libnxyz-41bb47db09e86636.rlib --extern serde=/opt/rustwide/target/debug/deps/libserde-265eb6f8c0adfcba.rlib --extern serde_json=/opt/rustwide/target/debug/deps/libserde_json-402a89b377656d3e.rlib --extern tokio=/opt/rustwide/target/debug/deps/libtokio-49e005e846e295ae.rlib --cap-lints=warn -L native=/opt/rustwide/target/debug/build/ring-193fa95b8163e977/out` (signal: 9, SIGKILL: kill)
[INFO] [stderr] warning: build failed, waiting for other jobs to finish...
[INFO] [stderr] error: could not compile `nxyz` (example "get_contract_tokens_by_contract_and_id"); 1 warning emitted
[INFO] [stderr] 
[INFO] [stderr] Caused by:
[INFO] [stderr]   process didn't exit successfully: `/opt/rustwide/rustup-home/toolchains/beta-2023-12-22-x86_64-unknown-linux-gnu/bin/rustc --crate-name get_contract_tokens_by_contract_and_id --edition=2021 examples/get_contract_tokens_by_contract_and_id.rs --error-format=json --json=diagnostic-rendered-ansi,artifacts,future-incompat --crate-type bin --emit=dep-info,link -C embed-bitcode=no -C debuginfo=2 -C metadata=ef4f4f7ac1c3d504 -C extra-filename=-ef4f4f7ac1c3d504 --out-dir /opt/rustwide/target/debug/examples -L dependency=/opt/rustwide/target/debug/deps --extern anyhow=/opt/rustwide/target/debug/deps/libanyhow-62aa8fb6cab8a9c6.rlib --extern httpclient=/opt/rustwide/target/debug/deps/libhttpclient-36ac5f10ca6963b4.rlib --extern nxyz=/opt/rustwide/target/debug/deps/libnxyz-41bb47db09e86636.rlib --extern serde=/opt/rustwide/target/debug/deps/libserde-265eb6f8c0adfcba.rlib --extern serde_json=/opt/rustwide/target/debug/deps/libserde_json-402a89b377656d3e.rlib --extern tokio=/opt/rustwide/target/debug/deps/libtokio-49e005e846e295ae.rlib --cap-lints=warn -L native=/opt/rustwide/target/debug/build/ring-193fa95b8163e977/out` (signal: 9, SIGKILL: kill)
[INFO] [stderr] error: could not compile `nxyz` (example "get_wallet"); 1 warning emitted
[INFO] [stderr] 
[INFO] [stderr] Caused by:
[INFO] [stderr]   process didn't exit successfully: `/opt/rustwide/rustup-home/toolchains/beta-2023-12-22-x86_64-unknown-linux-gnu/bin/rustc --crate-name get_wallet --edition=2021 examples/get_wallet.rs --error-format=json --json=diagnostic-rendered-ansi,artifacts,future-incompat --crate-type bin --emit=dep-info,link -C embed-bitcode=no -C debuginfo=2 -C metadata=edae0eacc082984f -C extra-filename=-edae0eacc082984f --out-dir /opt/rustwide/target/debug/examples -L dependency=/opt/rustwide/target/debug/deps --extern anyhow=/opt/rustwide/target/debug/deps/libanyhow-62aa8fb6cab8a9c6.rlib --extern httpclient=/opt/rustwide/target/debug/deps/libhttpclient-36ac5f10ca6963b4.rlib --extern nxyz=/opt/rustwide/target/debug/deps/libnxyz-41bb47db09e86636.rlib --extern serde=/opt/rustwide/target/debug/deps/libserde-265eb6f8c0adfcba.rlib --extern serde_json=/opt/rustwide/target/debug/deps/libserde_json-402a89b377656d3e.rlib --extern tokio=/opt/rustwide/target/debug/deps/libtokio-49e005e846e295ae.rlib --cap-lints=warn -L native=/opt/rustwide/target/debug/build/ring-193fa95b8163e977/out` (signal: 9, SIGKILL: kill)
[INFO] [stderr] error: could not compile `nxyz` (example "get_tokens_by_search_query"); 1 warning emitted
[INFO] [stderr] 
[INFO] [stderr] Caused by:
[INFO] [stderr]   process didn't exit successfully: `/opt/rustwide/rustup-home/toolchains/beta-2023-12-22-x86_64-unknown-linux-gnu/bin/rustc --crate-name get_tokens_by_search_query --edition=2021 examples/get_tokens_by_search_query.rs --error-format=json --json=diagnostic-rendered-ansi,artifacts,future-incompat --crate-type bin --emit=dep-info,link -C embed-bitcode=no -C debuginfo=2 -C metadata=f8fa9eccdcef3843 -C extra-filename=-f8fa9eccdcef3843 --out-dir /opt/rustwide/target/debug/examples -L dependency=/opt/rustwide/target/debug/deps --extern anyhow=/opt/rustwide/target/debug/deps/libanyhow-62aa8fb6cab8a9c6.rlib --extern httpclient=/opt/rustwide/target/debug/deps/libhttpclient-36ac5f10ca6963b4.rlib --extern nxyz=/opt/rustwide/target/debug/deps/libnxyz-41bb47db09e86636.rlib --extern serde=/opt/rustwide/target/debug/deps/libserde-265eb6f8c0adfcba.rlib --extern serde_json=/opt/rustwide/target/debug/deps/libserde_json-402a89b377656d3e.rlib --extern tokio=/opt/rustwide/target/debug/deps/libtokio-49e005e846e295ae.rlib --cap-lints=warn -L native=/opt/rustwide/target/debug/build/ring-193fa95b8163e977/out` (signal: 9, SIGKILL: kill)
[INFO] [stderr] error: could not compile `nxyz` (example "get_wallet_tokens"); 1 warning emitted
[INFO] [stderr] 
[INFO] [stderr] Caused by:
[INFO] [stderr]   process didn't exit successfully: `/opt/rustwide/rustup-home/toolchains/beta-2023-12-22-x86_64-unknown-linux-gnu/bin/rustc --crate-name get_wallet_tokens --edition=2021 examples/get_wallet_tokens.rs --error-format=json --json=diagnostic-rendered-ansi,artifacts,future-incompat --crate-type bin --emit=dep-info,link -C embed-bitcode=no -C debuginfo=2 -C metadata=06ecb4c94a94c095 -C extra-filename=-06ecb4c94a94c095 --out-dir /opt/rustwide/target/debug/examples -L dependency=/opt/rustwide/target/debug/deps --extern anyhow=/opt/rustwide/target/debug/deps/libanyhow-62aa8fb6cab8a9c6.rlib --extern httpclient=/opt/rustwide/target/debug/deps/libhttpclient-36ac5f10ca6963b4.rlib --extern nxyz=/opt/rustwide/target/debug/deps/libnxyz-41bb47db09e86636.rlib --extern serde=/opt/rustwide/target/debug/deps/libserde-265eb6f8c0adfcba.rlib --extern serde_json=/opt/rustwide/target/debug/deps/libserde_json-402a89b377656d3e.rlib --extern tokio=/opt/rustwide/target/debug/deps/libtokio-49e005e846e295ae.rlib --cap-lints=warn -L native=/opt/rustwide/target/debug/build/ring-193fa95b8163e977/out` (signal: 9, SIGKILL: kill)
[INFO] [stderr] error: could not compile `nxyz` (example "get_contract_tokens"); 1 warning emitted
[INFO] [stderr] 
[INFO] [stderr] Caused by:
[INFO] [stderr]   process didn't exit successfully: `/opt/rustwide/rustup-home/toolchains/beta-2023-12-22-x86_64-unknown-linux-gnu/bin/rustc --crate-name get_contract_tokens --edition=2021 examples/get_contract_tokens.rs --error-format=json --json=diagnostic-rendered-ansi,artifacts,future-incompat --crate-type bin --emit=dep-info,link -C embed-bitcode=no -C debuginfo=2 -C metadata=3ea8234ed1eb23b8 -C extra-filename=-3ea8234ed1eb23b8 --out-dir /opt/rustwide/target/debug/examples -L dependency=/opt/rustwide/target/debug/deps --extern anyhow=/opt/rustwide/target/debug/deps/libanyhow-62aa8fb6cab8a9c6.rlib --extern httpclient=/opt/rustwide/target/debug/deps/libhttpclient-36ac5f10ca6963b4.rlib --extern nxyz=/opt/rustwide/target/debug/deps/libnxyz-41bb47db09e86636.rlib --extern serde=/opt/rustwide/target/debug/deps/libserde-265eb6f8c0adfcba.rlib --extern serde_json=/opt/rustwide/target/debug/deps/libserde_json-402a89b377656d3e.rlib --extern tokio=/opt/rustwide/target/debug/deps/libtokio-49e005e846e295ae.rlib --cap-lints=warn -L native=/opt/rustwide/target/debug/build/ring-193fa95b8163e977/out` (signal: 9, SIGKILL: kill)
[INFO] [stdout] error: linking with `cc` failed: exit status: 1
[INFO] [stdout]   |
[INFO] [stdout]   = note: LC_ALL="C" PATH="/opt/rustwide/rustup-home/toolchains/beta-2023-12-22-x86_64-unknown-linux-gnu/lib/rustlib/x86_64-unknown-linux-gnu/bin:/opt/rustwide/cargo-home/bin:/usr/local/sbin:/usr/local/bin:/usr/sbin:/usr/bin:/sbin:/bin" VSLANG="1033" "cc" "-m64" "/tmp/rustckfKJxT/symbols.o" "/opt/rustwide/target/debug/examples/get_tokens_suggestions_results-37e5a442aa64cc8d.get_tokens_suggestions_results.52d57a8841edb027-cgu.0.rcgu.o" "/opt/rustwide/target/debug/examples/get_tokens_suggestions_results-37e5a442aa64cc8d.get_tokens_suggestions_results.52d57a8841edb027-cgu.1.rcgu.o" "/opt/rustwide/target/debug/examples/get_tokens_suggestions_results-37e5a442aa64cc8d.get_tokens_suggestions_results.52d57a8841edb027-cgu.2.rcgu.o" "/opt/rustwide/target/debug/examples/get_tokens_suggestions_results-37e5a442aa64cc8d.4zjhm2jd1l5wtp59.rcgu.o" "-Wl,--as-needed" "-L" "/opt/rustwide/target/debug/deps" "-L" "/opt/rustwide/target/debug/build/ring-193fa95b8163e977/out" "-L" "/opt/rustwide/rustup-home/toolchains/beta-2023-12-22-x86_64-unknown-linux-gnu/lib/rustlib/x86_64-unknown-linux-gnu/lib" "-Wl,-Bstatic" "/opt/rustwide/target/debug/deps/libnxyz-41bb47db09e86636.rlib" "/opt/rustwide/target/debug/deps/libhttpclient-36ac5f10ca6963b4.rlib" "/opt/rustwide/target/debug/deps/liburlencoding-0e30beace4106e02.rlib" "/opt/rustwide/target/debug/deps/libthiserror-3dcaf53aa14f2020.rlib" "/opt/rustwide/target/debug/deps/libencoding_rs-11de2cfd99d9044d.rlib" "/opt/rustwide/target/debug/deps/libwalkdir-f0b67fbf628bcd90.rlib" "/opt/rustwide/target/debug/deps/libsame_file-5e62a1af5be346fb.rlib" "/opt/rustwide/target/debug/deps/libhyper_rustls-726995b663d997db.rlib" "/opt/rustwide/target/debug/deps/librustls_native_certs-ce8ba6195fd1e13d.rlib" "/opt/rustwide/target/debug/deps/librustls_pemfile-c52c9d1d2ee86312.rlib" "/opt/rustwide/target/debug/deps/libbase64-450a6d9dcba13b9b.rlib" "/opt/rustwide/target/debug/deps/libopenssl_probe-01da96bec2dfd166.rlib" "/opt/rustwide/target/debug/deps/libtokio_rustls-8df1e6647fdcb1e7.rlib" "/opt/rustwide/target/debug/deps/librustls-6c7f10d981ffaa32.rlib" "/opt/rustwide/target/debug/deps/libsct-42e9b3f3f1d82979.rlib" "/opt/rustwide/target/debug/deps/libwebpki-15d3fdc148f8e348.rlib" "/opt/rustwide/target/debug/deps/libring-d8ca77a9911952b5.rlib" "/opt/rustwide/target/debug/deps/libspin-e858d3468b8e3abd.rlib" "/opt/rustwide/target/debug/deps/libuntrusted-6cf40e3a64622ff0.rlib" "/opt/rustwide/target/debug/deps/libhyper-e1686e005c8d353a.rlib" "/opt/rustwide/target/debug/deps/libwant-3e72820aea60aeab.rlib" "/opt/rustwide/target/debug/deps/libtry_lock-da79cbb67b0e5d22.rlib" "/opt/rustwide/target/debug/deps/libhttparse-2dbc320ca65411a3.rlib" "/opt/rustwide/target/debug/deps/libtower_service-92bbc7b5a1dd8782.rlib" "/opt/rustwide/target/debug/deps/libtracing-1d4b8612dda164f4.rlib" "/opt/rustwide/target/debug/deps/libtracing_core-7464acec49c225ff.rlib" "/opt/rustwide/target/debug/deps/libhttp_body-2203432f380a1cd6.rlib" "/opt/rustwide/target/debug/deps/libfutures_util-bb7a5457e70e06a2.rlib" "/opt/rustwide/target/debug/deps/libfutures_io-8526c1a2850b87fb.rlib" "/opt/rustwide/target/debug/deps/libslab-ce952e4d8ebf26c9.rlib" "/opt/rustwide/target/debug/deps/libfutures_channel-5d303ceee5fd7b3a.rlib" "/opt/rustwide/target/debug/deps/libfutures_sink-ab9035afe15b9d7f.rlib" "/opt/rustwide/target/debug/deps/libfutures_task-bfe15ea9bb413659.rlib" "/opt/rustwide/target/debug/deps/libpin_utils-9c5dcf17efb91bff.rlib" "/opt/rustwide/target/debug/deps/libfutures_core-8919018b140152be.rlib" "/opt/rustwide/target/debug/deps/libtokio-49e005e846e295ae.rlib" "/opt/rustwide/target/debug/deps/libsignal_hook_registry-ef1d5d77266c8e68.rlib" "/opt/rustwide/target/debug/deps/libnum_cpus-d12eeacf46ac1cb4.rlib" "/opt/rustwide/target/debug/deps/libsocket2-dcc2fb998b1bae3d.rlib" "/opt/rustwide/target/debug/deps/libmemchr-33d05ae5bba76030.rlib" "/opt/rustwide/target/debug/deps/libonce_cell-c7f34ebb927e5a95.rlib" "/opt/rustwide/target/debug/deps/libmio-2555e1392f5ba9e3.rlib" "/opt/rustwide/target/debug/deps/liblog-c50132996933641a.rlib" "/opt/rustwide/target/debug/deps/libparking_lot-a1614c47a82ac90f.rlib" "/opt/rustwide/target/debug/deps/libparking_lot_core-2492360358972c91.rlib" "/opt/rustwide/target/debug/deps/liblibc-108cfa09638f852e.rlib" "/opt/rustwide/target/debug/deps/libcfg_if-e7002d307f97bc56.rlib" "/opt/rustwide/target/debug/deps/libsmallvec-ffee7acdd9609ff6.rlib" "/opt/rustwide/target/debug/deps/liblock_api-7efc9c602b898216.rlib" "/opt/rustwide/target/debug/deps/libscopeguard-31f1b56a39f2a372.rlib" "/opt/rustwide/target/debug/deps/libpin_project_lite-e8b15c1d45637ce8.rlib" "/opt/rustwide/target/debug/deps/libhttpdate-af0e4761081a49c7.rlib" "/opt/rustwide/target/debug/deps/libhttp-31cca91088815af0.rlib" "/opt/rustwide/target/debug/deps/libbytes-f67657259700e1e6.rlib" "/opt/rustwide/target/debug/deps/libfnv-953831fe314029b4.rlib" "/opt/rustwide/target/debug/deps/libanyhow-62aa8fb6cab8a9c6.rlib" "/opt/rustwide/target/debug/deps/libserde_json-402a89b377656d3e.rlib" "/opt/rustwide/target/debug/deps/libryu-71a7e639e7459b62.rlib" "/opt/rustwide/target/debug/deps/libitoa-1d92cc467d2e500f.rlib" "/opt/rustwide/target/debug/deps/libserde-265eb6f8c0adfcba.rlib" "/opt/rustwide/rustup-home/toolchains/beta-2023-12-22-x86_64-unknown-linux-gnu/lib/rustlib/x86_64-unknown-linux-gnu/lib/libstd-0672489a78b613de.rlib" "/opt/rustwide/rustup-home/toolchains/beta-2023-12-22-x86_64-unknown-linux-gnu/lib/rustlib/x86_64-unknown-linux-gnu/lib/libpanic_unwind-7eb3ffc34a49f675.rlib" "/opt/rustwide/rustup-home/toolchains/beta-2023-12-22-x86_64-unknown-linux-gnu/lib/rustlib/x86_64-unknown-linux-gnu/lib/libobject-6478a9daa4bee8e2.rlib" "/opt/rustwide/rustup-home/toolchains/beta-2023-12-22-x86_64-unknown-linux-gnu/lib/rustlib/x86_64-unknown-linux-gnu/lib/libmemchr-0c75d871a5c3923d.rlib" "/opt/rustwide/rustup-home/toolchains/beta-2023-12-22-x86_64-unknown-linux-gnu/lib/rustlib/x86_64-unknown-linux-gnu/lib/libaddr2line-d163ef63ad37bb71.rlib" "/opt/rustwide/rustup-home/toolchains/beta-2023-12-22-x86_64-unknown-linux-gnu/lib/rustlib/x86_64-unknown-linux-gnu/lib/libgimli-8a3fd810a85b9f4c.rlib" "/opt/rustwide/rustup-home/toolchains/beta-2023-12-22-x86_64-unknown-linux-gnu/lib/rustlib/x86_64-unknown-linux-gnu/lib/librustc_demangle-462a2cde8c5dfc10.rlib" "/opt/rustwide/rustup-home/toolchains/beta-2023-12-22-x86_64-unknown-linux-gnu/lib/rustlib/x86_64-unknown-linux-gnu/lib/libstd_detect-cb06ac9f54713f71.rlib" "/opt/rustwide/rustup-home/toolchains/beta-2023-12-22-x86_64-unknown-linux-gnu/lib/rustlib/x86_64-unknown-linux-gnu/lib/libhashbrown-f20bfd1f8e59b393.rlib" "/opt/rustwide/rustup-home/toolchains/beta-2023-12-22-x86_64-unknown-linux-gnu/lib/rustlib/x86_64-unknown-linux-gnu/lib/librustc_std_workspace_alloc-1ef460949b49da4b.rlib" "/opt/rustwide/rustup-home/toolchains/beta-2023-12-22-x86_64-unknown-linux-gnu/lib/rustlib/x86_64-unknown-linux-gnu/lib/libminiz_oxide-2cb0c0ffe4f87514.rlib" "/opt/rustwide/rustup-home/toolchains/beta-2023-12-22-x86_64-unknown-linux-gnu/lib/rustlib/x86_64-unknown-linux-gnu/lib/libadler-58d841eb322a11a2.rlib" "/opt/rustwide/rustup-home/toolchains/beta-2023-12-22-x86_64-unknown-linux-gnu/lib/rustlib/x86_64-unknown-linux-gnu/lib/libunwind-aa2ae0b0a9d11533.rlib" "/opt/rustwide/rustup-home/toolchains/beta-2023-12-22-x86_64-unknown-linux-gnu/lib/rustlib/x86_64-unknown-linux-gnu/lib/libcfg_if-23874e15830ed336.rlib" "/opt/rustwide/rustup-home/toolchains/beta-2023-12-22-x86_64-unknown-linux-gnu/lib/rustlib/x86_64-unknown-linux-gnu/lib/liblibc-e47cddc003bce885.rlib" "/opt/rustwide/rustup-home/toolchains/beta-2023-12-22-x86_64-unknown-linux-gnu/lib/rustlib/x86_64-unknown-linux-gnu/lib/liballoc-c22b13b48a8f128e.rlib" "/opt/rustwide/rustup-home/toolchains/beta-2023-12-22-x86_64-unknown-linux-gnu/lib/rustlib/x86_64-unknown-linux-gnu/lib/librustc_std_workspace_core-e46bc3da6d7c462f.rlib" "/opt/rustwide/rustup-home/toolchains/beta-2023-12-22-x86_64-unknown-linux-gnu/lib/rustlib/x86_64-unknown-linux-gnu/lib/libcore-8d1ac131d3cb2645.rlib" "/opt/rustwide/rustup-home/toolchains/beta-2023-12-22-x86_64-unknown-linux-gnu/lib/rustlib/x86_64-unknown-linux-gnu/lib/libcompiler_builtins-a1b43df8c6899c1f.rlib" "-Wl,-Bdynamic" "-lgcc_s" "-lutil" "-lrt" "-lpthread" "-lm" "-ldl" "-lc" "-Wl,--eh-frame-hdr" "-Wl,-z,noexecstack" "-L" "/opt/rustwide/rustup-home/toolchains/beta-2023-12-22-x86_64-unknown-linux-gnu/lib/rustlib/x86_64-unknown-linux-gnu/lib" "-o" "/opt/rustwide/target/debug/examples/get_tokens_suggestions_results-37e5a442aa64cc8d" "-Wl,--gc-sections" "-pie" "-Wl,-z,relro,-z,now" "-nodefaultlibs"
[INFO] [stdout]   = note: collect2: fatal error: ld terminated with signal 9 [Killed]
[INFO] [stdout]           compilation terminated.
[INFO] [stdout]           
[INFO] [stdout] 
[INFO] [stdout] 
[INFO] [stdout] error: aborting due to 1 previous error; 1 warning emitted
[INFO] [stdout] 
[INFO] [stdout] 
[INFO] [stderr] error: could not compile `nxyz` (example "get_tokens_suggestions_results") due to 2 previous errors; 1 warning emitted
[INFO] [stdout] error: linking with `cc` failed: exit status: 1
[INFO] [stdout]   |
[INFO] [stdout]   = note: LC_ALL="C" PATH="/opt/rustwide/rustup-home/toolchains/beta-2023-12-22-x86_64-unknown-linux-gnu/lib/rustlib/x86_64-unknown-linux-gnu/bin:/opt/rustwide/cargo-home/bin:/usr/local/sbin:/usr/local/bin:/usr/sbin:/usr/bin:/sbin:/bin" VSLANG="1033" "cc" "-m64" "/tmp/rustckLU0q4/symbols.o" "/opt/rustwide/target/debug/examples/get_suggestions_results-cbc705a0c0d92321.get_suggestions_results.d340d3fcf7232a37-cgu.0.rcgu.o" "/opt/rustwide/target/debug/examples/get_suggestions_results-cbc705a0c0d92321.get_suggestions_results.d340d3fcf7232a37-cgu.1.rcgu.o" "/opt/rustwide/target/debug/examples/get_suggestions_results-cbc705a0c0d92321.get_suggestions_results.d340d3fcf7232a37-cgu.2.rcgu.o" "/opt/rustwide/target/debug/examples/get_suggestions_results-cbc705a0c0d92321.3ctndqrb8ya99qe1.rcgu.o" "-Wl,--as-needed" "-L" "/opt/rustwide/target/debug/deps" "-L" "/opt/rustwide/target/debug/build/ring-193fa95b8163e977/out" "-L" "/opt/rustwide/rustup-home/toolchains/beta-2023-12-22-x86_64-unknown-linux-gnu/lib/rustlib/x86_64-unknown-linux-gnu/lib" "-Wl,-Bstatic" "/opt/rustwide/target/debug/deps/libnxyz-41bb47db09e86636.rlib" "/opt/rustwide/target/debug/deps/libhttpclient-36ac5f10ca6963b4.rlib" "/opt/rustwide/target/debug/deps/liburlencoding-0e30beace4106e02.rlib" "/opt/rustwide/target/debug/deps/libthiserror-3dcaf53aa14f2020.rlib" "/opt/rustwide/target/debug/deps/libencoding_rs-11de2cfd99d9044d.rlib" "/opt/rustwide/target/debug/deps/libwalkdir-f0b67fbf628bcd90.rlib" "/opt/rustwide/target/debug/deps/libsame_file-5e62a1af5be346fb.rlib" "/opt/rustwide/target/debug/deps/libhyper_rustls-726995b663d997db.rlib" "/opt/rustwide/target/debug/deps/librustls_native_certs-ce8ba6195fd1e13d.rlib" "/opt/rustwide/target/debug/deps/librustls_pemfile-c52c9d1d2ee86312.rlib" "/opt/rustwide/target/debug/deps/libbase64-450a6d9dcba13b9b.rlib" "/opt/rustwide/target/debug/deps/libopenssl_probe-01da96bec2dfd166.rlib" "/opt/rustwide/target/debug/deps/libtokio_rustls-8df1e6647fdcb1e7.rlib" "/opt/rustwide/target/debug/deps/librustls-6c7f10d981ffaa32.rlib" "/opt/rustwide/target/debug/deps/libsct-42e9b3f3f1d82979.rlib" "/opt/rustwide/target/debug/deps/libwebpki-15d3fdc148f8e348.rlib" "/opt/rustwide/target/debug/deps/libring-d8ca77a9911952b5.rlib" "/opt/rustwide/target/debug/deps/libspin-e858d3468b8e3abd.rlib" "/opt/rustwide/target/debug/deps/libuntrusted-6cf40e3a64622ff0.rlib" "/opt/rustwide/target/debug/deps/libhyper-e1686e005c8d353a.rlib" "/opt/rustwide/target/debug/deps/libwant-3e72820aea60aeab.rlib" "/opt/rustwide/target/debug/deps/libtry_lock-da79cbb67b0e5d22.rlib" "/opt/rustwide/target/debug/deps/libhttparse-2dbc320ca65411a3.rlib" "/opt/rustwide/target/debug/deps/libtower_service-92bbc7b5a1dd8782.rlib" "/opt/rustwide/target/debug/deps/libtracing-1d4b8612dda164f4.rlib" "/opt/rustwide/target/debug/deps/libtracing_core-7464acec49c225ff.rlib" "/opt/rustwide/target/debug/deps/libhttp_body-2203432f380a1cd6.rlib" "/opt/rustwide/target/debug/deps/libfutures_util-bb7a5457e70e06a2.rlib" "/opt/rustwide/target/debug/deps/libfutures_io-8526c1a2850b87fb.rlib" "/opt/rustwide/target/debug/deps/libslab-ce952e4d8ebf26c9.rlib" "/opt/rustwide/target/debug/deps/libfutures_channel-5d303ceee5fd7b3a.rlib" "/opt/rustwide/target/debug/deps/libfutures_sink-ab9035afe15b9d7f.rlib" "/opt/rustwide/target/debug/deps/libfutures_task-bfe15ea9bb413659.rlib" "/opt/rustwide/target/debug/deps/libpin_utils-9c5dcf17efb91bff.rlib" "/opt/rustwide/target/debug/deps/libfutures_core-8919018b140152be.rlib" "/opt/rustwide/target/debug/deps/libtokio-49e005e846e295ae.rlib" "/opt/rustwide/target/debug/deps/libsignal_hook_registry-ef1d5d77266c8e68.rlib" "/opt/rustwide/target/debug/deps/libnum_cpus-d12eeacf46ac1cb4.rlib" "/opt/rustwide/target/debug/deps/libsocket2-dcc2fb998b1bae3d.rlib" "/opt/rustwide/target/debug/deps/libmemchr-33d05ae5bba76030.rlib" "/opt/rustwide/target/debug/deps/libonce_cell-c7f34ebb927e5a95.rlib" "/opt/rustwide/target/debug/deps/libmio-2555e1392f5ba9e3.rlib" "/opt/rustwide/target/debug/deps/liblog-c50132996933641a.rlib" "/opt/rustwide/target/debug/deps/libparking_lot-a1614c47a82ac90f.rlib" "/opt/rustwide/target/debug/deps/libparking_lot_core-2492360358972c91.rlib" "/opt/rustwide/target/debug/deps/liblibc-108cfa09638f852e.rlib" "/opt/rustwide/target/debug/deps/libcfg_if-e7002d307f97bc56.rlib" "/opt/rustwide/target/debug/deps/libsmallvec-ffee7acdd9609ff6.rlib" "/opt/rustwide/target/debug/deps/liblock_api-7efc9c602b898216.rlib" "/opt/rustwide/target/debug/deps/libscopeguard-31f1b56a39f2a372.rlib" "/opt/rustwide/target/debug/deps/libpin_project_lite-e8b15c1d45637ce8.rlib" "/opt/rustwide/target/debug/deps/libhttpdate-af0e4761081a49c7.rlib" "/opt/rustwide/target/debug/deps/libhttp-31cca91088815af0.rlib" "/opt/rustwide/target/debug/deps/libbytes-f67657259700e1e6.rlib" "/opt/rustwide/target/debug/deps/libfnv-953831fe314029b4.rlib" "/opt/rustwide/target/debug/deps/libanyhow-62aa8fb6cab8a9c6.rlib" "/opt/rustwide/target/debug/deps/libserde_json-402a89b377656d3e.rlib" "/opt/rustwide/target/debug/deps/libryu-71a7e639e7459b62.rlib" "/opt/rustwide/target/debug/deps/libitoa-1d92cc467d2e500f.rlib" "/opt/rustwide/target/debug/deps/libserde-265eb6f8c0adfcba.rlib" "/opt/rustwide/rustup-home/toolchains/beta-2023-12-22-x86_64-unknown-linux-gnu/lib/rustlib/x86_64-unknown-linux-gnu/lib/libstd-0672489a78b613de.rlib" "/opt/rustwide/rustup-home/toolchains/beta-2023-12-22-x86_64-unknown-linux-gnu/lib/rustlib/x86_64-unknown-linux-gnu/lib/libpanic_unwind-7eb3ffc34a49f675.rlib" "/opt/rustwide/rustup-home/toolchains/beta-2023-12-22-x86_64-unknown-linux-gnu/lib/rustlib/x86_64-unknown-linux-gnu/lib/libobject-6478a9daa4bee8e2.rlib" "/opt/rustwide/rustup-home/toolchains/beta-2023-12-22-x86_64-unknown-linux-gnu/lib/rustlib/x86_64-unknown-linux-gnu/lib/libmemchr-0c75d871a5c3923d.rlib" "/opt/rustwide/rustup-home/toolchains/beta-2023-12-22-x86_64-unknown-linux-gnu/lib/rustlib/x86_64-unknown-linux-gnu/lib/libaddr2line-d163ef63ad37bb71.rlib" "/opt/rustwide/rustup-home/toolchains/beta-2023-12-22-x86_64-unknown-linux-gnu/lib/rustlib/x86_64-unknown-linux-gnu/lib/libgimli-8a3fd810a85b9f4c.rlib" "/opt/rustwide/rustup-home/toolchains/beta-2023-12-22-x86_64-unknown-linux-gnu/lib/rustlib/x86_64-unknown-linux-gnu/lib/librustc_demangle-462a2cde8c5dfc10.rlib" "/opt/rustwide/rustup-home/toolchains/beta-2023-12-22-x86_64-unknown-linux-gnu/lib/rustlib/x86_64-unknown-linux-gnu/lib/libstd_detect-cb06ac9f54713f71.rlib" "/opt/rustwide/rustup-home/toolchains/beta-2023-12-22-x86_64-unknown-linux-gnu/lib/rustlib/x86_64-unknown-linux-gnu/lib/libhashbrown-f20bfd1f8e59b393.rlib" "/opt/rustwide/rustup-home/toolchains/beta-2023-12-22-x86_64-unknown-linux-gnu/lib/rustlib/x86_64-unknown-linux-gnu/lib/librustc_std_workspace_alloc-1ef460949b49da4b.rlib" "/opt/rustwide/rustup-home/toolchains/beta-2023-12-22-x86_64-unknown-linux-gnu/lib/rustlib/x86_64-unknown-linux-gnu/lib/libminiz_oxide-2cb0c0ffe4f87514.rlib" "/opt/rustwide/rustup-home/toolchains/beta-2023-12-22-x86_64-unknown-linux-gnu/lib/rustlib/x86_64-unknown-linux-gnu/lib/libadler-58d841eb322a11a2.rlib" "/opt/rustwide/rustup-home/toolchains/beta-2023-12-22-x86_64-unknown-linux-gnu/lib/rustlib/x86_64-unknown-linux-gnu/lib/libunwind-aa2ae0b0a9d11533.rlib" "/opt/rustwide/rustup-home/toolchains/beta-2023-12-22-x86_64-unknown-linux-gnu/lib/rustlib/x86_64-unknown-linux-gnu/lib/libcfg_if-23874e15830ed336.rlib" "/opt/rustwide/rustup-home/toolchains/beta-2023-12-22-x86_64-unknown-linux-gnu/lib/rustlib/x86_64-unknown-linux-gnu/lib/liblibc-e47cddc003bce885.rlib" "/opt/rustwide/rustup-home/toolchains/beta-2023-12-22-x86_64-unknown-linux-gnu/lib/rustlib/x86_64-unknown-linux-gnu/lib/liballoc-c22b13b48a8f128e.rlib" "/opt/rustwide/rustup-home/toolchains/beta-2023-12-22-x86_64-unknown-linux-gnu/lib/rustlib/x86_64-unknown-linux-gnu/lib/librustc_std_workspace_core-e46bc3da6d7c462f.rlib" "/opt/rustwide/rustup-home/toolchains/beta-2023-12-22-x86_64-unknown-linux-gnu/lib/rustlib/x86_64-unknown-linux-gnu/lib/libcore-8d1ac131d3cb2645.rlib" "/opt/rustwide/rustup-home/toolchains/beta-2023-12-22-x86_64-unknown-linux-gnu/lib/rustlib/x86_64-unknown-linux-gnu/lib/libcompiler_builtins-a1b43df8c6899c1f.rlib" "-Wl,-Bdynamic" "-lgcc_s" "-lutil" "-lrt" "-lpthread" "-lm" "-ldl" "-lc" "-Wl,--eh-frame-hdr" "-Wl,-z,noexecstack" "-L" "/opt/rustwide/rustup-home/toolchains/beta-2023-12-22-x86_64-unknown-linux-gnu/lib/rustlib/x86_64-unknown-linux-gnu/lib" "-o" "/opt/rustwide/target/debug/examples/get_suggestions_results-cbc705a0c0d92321" "-Wl,--gc-sections" "-pie" "-Wl,-z,relro,-z,now" "-nodefaultlibs"
[INFO] [stdout]   = note: collect2: fatal error: ld terminated with signal 9 [Killed]
[INFO] [stdout]           compilation terminated.
[INFO] [stdout]           
[INFO] [stdout] 
[INFO] [stdout] 
[INFO] [stdout] error: aborting due to 1 previous error; 1 warning emitted
[INFO] [stdout] 
[INFO] [stdout] 
[INFO] [stderr] error: could not compile `nxyz` (example "get_suggestions_results") due to 2 previous errors; 1 warning emitted
[INFO] [stdout] error: linking with `cc` failed: exit status: 1
[INFO] [stdout]   |
[INFO] [stdout]   = note: LC_ALL="C" PATH="/opt/rustwide/rustup-home/toolchains/beta-2023-12-22-x86_64-unknown-linux-gnu/lib/rustlib/x86_64-unknown-linux-gnu/bin:/opt/rustwide/cargo-home/bin:/usr/local/sbin:/usr/local/bin:/usr/sbin:/usr/bin:/sbin:/bin" VSLANG="1033" "cc" "-m64" "/tmp/rustc6QGZkA/symbols.o" "/opt/rustwide/target/debug/examples/get_wallet_transactions-3c714d5354b21e43.get_wallet_transactions.62c5a5f094e3495f-cgu.0.rcgu.o" "/opt/rustwide/target/debug/examples/get_wallet_transactions-3c714d5354b21e43.get_wallet_transactions.62c5a5f094e3495f-cgu.1.rcgu.o" "/opt/rustwide/target/debug/examples/get_wallet_transactions-3c714d5354b21e43.get_wallet_transactions.62c5a5f094e3495f-cgu.2.rcgu.o" "/opt/rustwide/target/debug/examples/get_wallet_transactions-3c714d5354b21e43.get_wallet_transactions.62c5a5f094e3495f-cgu.3.rcgu.o" "/opt/rustwide/target/debug/examples/get_wallet_transactions-3c714d5354b21e43.1nx3i1zqfawqg2xw.rcgu.o" "-Wl,--as-needed" "-L" "/opt/rustwide/target/debug/deps" "-L" "/opt/rustwide/target/debug/build/ring-193fa95b8163e977/out" "-L" "/opt/rustwide/rustup-home/toolchains/beta-2023-12-22-x86_64-unknown-linux-gnu/lib/rustlib/x86_64-unknown-linux-gnu/lib" "-Wl,-Bstatic" "/opt/rustwide/target/debug/deps/libnxyz-41bb47db09e86636.rlib" "/opt/rustwide/target/debug/deps/libhttpclient-36ac5f10ca6963b4.rlib" "/opt/rustwide/target/debug/deps/liburlencoding-0e30beace4106e02.rlib" "/opt/rustwide/target/debug/deps/libthiserror-3dcaf53aa14f2020.rlib" "/opt/rustwide/target/debug/deps/libencoding_rs-11de2cfd99d9044d.rlib" "/opt/rustwide/target/debug/deps/libwalkdir-f0b67fbf628bcd90.rlib" "/opt/rustwide/target/debug/deps/libsame_file-5e62a1af5be346fb.rlib" "/opt/rustwide/target/debug/deps/libhyper_rustls-726995b663d997db.rlib" "/opt/rustwide/target/debug/deps/librustls_native_certs-ce8ba6195fd1e13d.rlib" "/opt/rustwide/target/debug/deps/librustls_pemfile-c52c9d1d2ee86312.rlib" "/opt/rustwide/target/debug/deps/libbase64-450a6d9dcba13b9b.rlib" "/opt/rustwide/target/debug/deps/libopenssl_probe-01da96bec2dfd166.rlib" "/opt/rustwide/target/debug/deps/libtokio_rustls-8df1e6647fdcb1e7.rlib" "/opt/rustwide/target/debug/deps/librustls-6c7f10d981ffaa32.rlib" "/opt/rustwide/target/debug/deps/libsct-42e9b3f3f1d82979.rlib" "/opt/rustwide/target/debug/deps/libwebpki-15d3fdc148f8e348.rlib" "/opt/rustwide/target/debug/deps/libring-d8ca77a9911952b5.rlib" "/opt/rustwide/target/debug/deps/libspin-e858d3468b8e3abd.rlib" "/opt/rustwide/target/debug/deps/libuntrusted-6cf40e3a64622ff0.rlib" "/opt/rustwide/target/debug/deps/libhyper-e1686e005c8d353a.rlib" "/opt/rustwide/target/debug/deps/libwant-3e72820aea60aeab.rlib" "/opt/rustwide/target/debug/deps/libtry_lock-da79cbb67b0e5d22.rlib" "/opt/rustwide/target/debug/deps/libhttparse-2dbc320ca65411a3.rlib" "/opt/rustwide/target/debug/deps/libtower_service-92bbc7b5a1dd8782.rlib" "/opt/rustwide/target/debug/deps/libtracing-1d4b8612dda164f4.rlib" "/opt/rustwide/target/debug/deps/libtracing_core-7464acec49c225ff.rlib" "/opt/rustwide/target/debug/deps/libhttp_body-2203432f380a1cd6.rlib" "/opt/rustwide/target/debug/deps/libfutures_util-bb7a5457e70e06a2.rlib" "/opt/rustwide/target/debug/deps/libfutures_io-8526c1a2850b87fb.rlib" "/opt/rustwide/target/debug/deps/libslab-ce952e4d8ebf26c9.rlib" "/opt/rustwide/target/debug/deps/libfutures_channel-5d303ceee5fd7b3a.rlib" "/opt/rustwide/target/debug/deps/libfutures_sink-ab9035afe15b9d7f.rlib" "/opt/rustwide/target/debug/deps/libfutures_task-bfe15ea9bb413659.rlib" "/opt/rustwide/target/debug/deps/libpin_utils-9c5dcf17efb91bff.rlib" "/opt/rustwide/target/debug/deps/libfutures_core-8919018b140152be.rlib" "/opt/rustwide/target/debug/deps/libtokio-49e005e846e295ae.rlib" "/opt/rustwide/target/debug/deps/libsignal_hook_registry-ef1d5d77266c8e68.rlib" "/opt/rustwide/target/debug/deps/libnum_cpus-d12eeacf46ac1cb4.rlib" "/opt/rustwide/target/debug/deps/libsocket2-dcc2fb998b1bae3d.rlib" "/opt/rustwide/target/debug/deps/libmemchr-33d05ae5bba76030.rlib" "/opt/rustwide/target/debug/deps/libonce_cell-c7f34ebb927e5a95.rlib" "/opt/rustwide/target/debug/deps/libmio-2555e1392f5ba9e3.rlib" "/opt/rustwide/target/debug/deps/liblog-c50132996933641a.rlib" "/opt/rustwide/target/debug/deps/libparking_lot-a1614c47a82ac90f.rlib" "/opt/rustwide/target/debug/deps/libparking_lot_core-2492360358972c91.rlib" "/opt/rustwide/target/debug/deps/liblibc-108cfa09638f852e.rlib" "/opt/rustwide/target/debug/deps/libcfg_if-e7002d307f97bc56.rlib" "/opt/rustwide/target/debug/deps/libsmallvec-ffee7acdd9609ff6.rlib" "/opt/rustwide/target/debug/deps/liblock_api-7efc9c602b898216.rlib" "/opt/rustwide/target/debug/deps/libscopeguard-31f1b56a39f2a372.rlib" "/opt/rustwide/target/debug/deps/libpin_project_lite-e8b15c1d45637ce8.rlib" "/opt/rustwide/target/debug/deps/libhttpdate-af0e4761081a49c7.rlib" "/opt/rustwide/target/debug/deps/libhttp-31cca91088815af0.rlib" "/opt/rustwide/target/debug/deps/libbytes-f67657259700e1e6.rlib" "/opt/rustwide/target/debug/deps/libfnv-953831fe314029b4.rlib" "/opt/rustwide/target/debug/deps/libanyhow-62aa8fb6cab8a9c6.rlib" "/opt/rustwide/target/debug/deps/libserde_json-402a89b377656d3e.rlib" "/opt/rustwide/target/debug/deps/libryu-71a7e639e7459b62.rlib" "/opt/rustwide/target/debug/deps/libitoa-1d92cc467d2e500f.rlib" "/opt/rustwide/target/debug/deps/libserde-265eb6f8c0adfcba.rlib" "/opt/rustwide/rustup-home/toolchains/beta-2023-12-22-x86_64-unknown-linux-gnu/lib/rustlib/x86_64-unknown-linux-gnu/lib/libstd-0672489a78b613de.rlib" "/opt/rustwide/rustup-home/toolchains/beta-2023-12-22-x86_64-unknown-linux-gnu/lib/rustlib/x86_64-unknown-linux-gnu/lib/libpanic_unwind-7eb3ffc34a49f675.rlib" "/opt/rustwide/rustup-home/toolchains/beta-2023-12-22-x86_64-unknown-linux-gnu/lib/rustlib/x86_64-unknown-linux-gnu/lib/libobject-6478a9daa4bee8e2.rlib" "/opt/rustwide/rustup-home/toolchains/beta-2023-12-22-x86_64-unknown-linux-gnu/lib/rustlib/x86_64-unknown-linux-gnu/lib/libmemchr-0c75d871a5c3923d.rlib" "/opt/rustwide/rustup-home/toolchains/beta-2023-12-22-x86_64-unknown-linux-gnu/lib/rustlib/x86_64-unknown-linux-gnu/lib/libaddr2line-d163ef63ad37bb71.rlib" "/opt/rustwide/rustup-home/toolchains/beta-2023-12-22-x86_64-unknown-linux-gnu/lib/rustlib/x86_64-unknown-linux-gnu/lib/libgimli-8a3fd810a85b9f4c.rlib" "/opt/rustwide/rustup-home/toolchains/beta-2023-12-22-x86_64-unknown-linux-gnu/lib/rustlib/x86_64-unknown-linux-gnu/lib/librustc_demangle-462a2cde8c5dfc10.rlib" "/opt/rustwide/rustup-home/toolchains/beta-2023-12-22-x86_64-unknown-linux-gnu/lib/rustlib/x86_64-unknown-linux-gnu/lib/libstd_detect-cb06ac9f54713f71.rlib" "/opt/rustwide/rustup-home/toolchains/beta-2023-12-22-x86_64-unknown-linux-gnu/lib/rustlib/x86_64-unknown-linux-gnu/lib/libhashbrown-f20bfd1f8e59b393.rlib" "/opt/rustwide/rustup-home/toolchains/beta-2023-12-22-x86_64-unknown-linux-gnu/lib/rustlib/x86_64-unknown-linux-gnu/lib/librustc_std_workspace_alloc-1ef460949b49da4b.rlib" "/opt/rustwide/rustup-home/toolchains/beta-2023-12-22-x86_64-unknown-linux-gnu/lib/rustlib/x86_64-unknown-linux-gnu/lib/libminiz_oxide-2cb0c0ffe4f87514.rlib" "/opt/rustwide/rustup-home/toolchains/beta-2023-12-22-x86_64-unknown-linux-gnu/lib/rustlib/x86_64-unknown-linux-gnu/lib/libadler-58d841eb322a11a2.rlib" "/opt/rustwide/rustup-home/toolchains/beta-2023-12-22-x86_64-unknown-linux-gnu/lib/rustlib/x86_64-unknown-linux-gnu/lib/libunwind-aa2ae0b0a9d11533.rlib" "/opt/rustwide/rustup-home/toolchains/beta-2023-12-22-x86_64-unknown-linux-gnu/lib/rustlib/x86_64-unknown-linux-gnu/lib/libcfg_if-23874e15830ed336.rlib" "/opt/rustwide/rustup-home/toolchains/beta-2023-12-22-x86_64-unknown-linux-gnu/lib/rustlib/x86_64-unknown-linux-gnu/lib/liblibc-e47cddc003bce885.rlib" "/opt/rustwide/rustup-home/toolchains/beta-2023-12-22-x86_64-unknown-linux-gnu/lib/rustlib/x86_64-unknown-linux-gnu/lib/liballoc-c22b13b48a8f128e.rlib" "/opt/rustwide/rustup-home/toolchains/beta-2023-12-22-x86_64-unknown-linux-gnu/lib/rustlib/x86_64-unknown-linux-gnu/lib/librustc_std_workspace_core-e46bc3da6d7c462f.rlib" "/opt/rustwide/rustup-home/toolchains/beta-2023-12-22-x86_64-unknown-linux-gnu/lib/rustlib/x86_64-unknown-linux-gnu/lib/libcore-8d1ac131d3cb2645.rlib" "/opt/rustwide/rustup-home/toolchains/beta-2023-12-22-x86_64-unknown-linux-gnu/lib/rustlib/x86_64-unknown-linux-gnu/lib/libcompiler_builtins-a1b43df8c6899c1f.rlib" "-Wl,-Bdynamic" "-lgcc_s" "-lutil" "-lrt" "-lpthread" "-lm" "-ldl" "-lc" "-Wl,--eh-frame-hdr" "-Wl,-z,noexecstack" "-L" "/opt/rustwide/rustup-home/toolchains/beta-2023-12-22-x86_64-unknown-linux-gnu/lib/rustlib/x86_64-unknown-linux-gnu/lib" "-o" "/opt/rustwide/target/debug/examples/get_wallet_transactions-3c714d5354b21e43" "-Wl,--gc-sections" "-pie" "-Wl,-z,relro,-z,now" "-nodefaultlibs"
[INFO] [stdout]   = note: collect2: fatal error: ld terminated with signal 9 [Killed]
[INFO] [stdout]           compilation terminated.
[INFO] [stdout]           
[INFO] [stdout] 
[INFO] [stdout] 
[INFO] [stdout] error: aborting due to 1 previous error; 1 warning emitted
[INFO] [stdout] 
[INFO] [stdout] 
[INFO] [stderr] error: could not compile `nxyz` (example "get_wallet_transactions") due to 2 previous errors; 1 warning emitted
[INFO] [stdout] warning: 1 warning emitted
[INFO] [stdout] 
[INFO] [stdout] 
[INFO] [stdout] warning: 1 warning emitted
[INFO] [stdout] 
[INFO] [stdout] 
[INFO] [stdout] warning: 1 warning emitted
[INFO] [stdout] 
[INFO] [stdout] 
[INFO] [stdout] warning: 1 warning emitted
[INFO] [stdout] 
[INFO] [stdout] 
[INFO] [stdout] warning: 1 warning emitted
[INFO] [stdout] 
[INFO] [stdout] 
[INFO] [stdout] warning: 1 warning emitted
[INFO] [stdout] 
[INFO] [stdout] 
[INFO] running `Command { std: "docker" "inspect" "06c6febb2b639c060a07da7a68baaf989b46bb4e8ff0f5195bb9e384a26767f3", kill_on_drop: false }`
[INFO] running `Command { std: "docker" "rm" "-f" "06c6febb2b639c060a07da7a68baaf989b46bb4e8ff0f5195bb9e384a26767f3", kill_on_drop: false }`
[INFO] [stdout] 06c6febb2b639c060a07da7a68baaf989b46bb4e8ff0f5195bb9e384a26767f3
