[INFO] fetching crate nwn-rs-tool 8193.34.0-alpha.11...
[INFO] testing nwn-rs-tool-8193.34.0-alpha.11 against 1.75.0 for beta-1.76-1
[INFO] extracting crate nwn-rs-tool 8193.34.0-alpha.11 into /workspace/builds/worker-2-tc1/source
[INFO] validating manifest of crates.io crate nwn-rs-tool 8193.34.0-alpha.11 on toolchain 1.75.0
[INFO] running `Command { std: CARGO_HOME="/workspace/cargo-home" RUSTUP_HOME="/workspace/rustup-home" "/workspace/cargo-home/bin/cargo" "+1.75.0" "metadata" "--manifest-path" "Cargo.toml" "--no-deps", kill_on_drop: false }`
[INFO] started tweaking crates.io crate nwn-rs-tool 8193.34.0-alpha.11
[INFO] finished tweaking crates.io crate nwn-rs-tool 8193.34.0-alpha.11
[INFO] tweaked toml for crates.io crate nwn-rs-tool 8193.34.0-alpha.11 written to /workspace/builds/worker-2-tc1/source/Cargo.toml
[INFO] crate crates.io crate nwn-rs-tool 8193.34.0-alpha.11 already has a lockfile, it will not be regenerated
[INFO] running `Command { std: CARGO_HOME="/workspace/cargo-home" RUSTUP_HOME="/workspace/rustup-home" "/workspace/cargo-home/bin/cargo" "+1.75.0" "fetch" "--manifest-path" "Cargo.toml", kill_on_drop: false }`
[INFO] [stderr]     Updating crates.io index
[INFO] [stderr]     Blocking waiting for file lock on package cache
[INFO] [stderr]  Downloading crates ...
[INFO] [stderr]   Downloaded const_format_proc_macros v0.2.22
[INFO] [stderr]   Downloaded strum_macros v0.24.2
[INFO] [stderr]   Downloaded compound_duration v1.2.0
[INFO] [stderr]   Downloaded parse-display v0.5.5
[INFO] [stderr]   Downloaded stopwatch2 v2.0.0
[INFO] [stderr]   Downloaded nwn-rs-masterlist v8193.34.0-alpha.1
[INFO] [stderr]   Downloaded spinners v4.1.0
[INFO] [stderr]   Downloaded iana-time-zone v0.1.41
[INFO] [stderr]   Downloaded codegen-rs v0.1.4
[INFO] [stderr]   Downloaded io-lifetimes v0.7.2
[INFO] [stderr]   Downloaded bollard v0.13.0
[INFO] [stderr]   Downloaded rustix v0.35.7
[INFO] [stderr]   Downloaded libgit2-sys v0.13.4+1.4.2
[INFO] [stderr]   Downloaded tree-sitter v0.20.8
[INFO] [stderr]   Downloaded indicatif v0.17.0
[INFO] [stderr]   Downloaded memmap2 v0.5.5
[INFO] [stderr]   Downloaded const_format v0.2.26
[INFO] [stderr]   Downloaded time v0.3.12
[INFO] [stderr]   Downloaded shadow-rs v0.16.1
[INFO] [stderr]   Downloaded structmeta v0.1.5
[INFO] [stderr]   Downloaded memmapix v0.6.3
[INFO] [stderr]   Downloaded fs4 v0.6.2
[INFO] [stderr]   Downloaded parse-display-derive v0.5.5
[INFO] [stderr]   Downloaded structmeta-derive v0.1.5
[INFO] [stderr]   Downloaded nwn-rs-codegen v8193.34.0-alpha.1
[INFO] [stderr]   Downloaded fmmap v0.3.0
[INFO] [stderr]   Downloaded tz-rs v0.6.12
[INFO] [stderr]   Downloaded nwn-rs-types v8193.34.0-alpha.1
[INFO] [stderr]   Downloaded tzdb v0.3.4
[INFO] running `Command { std: "docker" "create" "-v" "/var/lib/crater-agent-workspace/builds/worker-2-tc1/target:/opt/rustwide/target:rw,Z" "-v" "/var/lib/crater-agent-workspace/builds/worker-2-tc1/source:/opt/rustwide/workdir:ro,Z" "-v" "/var/lib/crater-agent-workspace/cargo-home:/opt/rustwide/cargo-home:ro,Z" "-v" "/var/lib/crater-agent-workspace/rustup-home:/opt/rustwide/rustup-home:ro,Z" "-e" "SOURCE_DIR=/opt/rustwide/workdir" "-e" "CARGO_TARGET_DIR=/opt/rustwide/target" "-e" "CARGO_HOME=/opt/rustwide/cargo-home" "-e" "RUSTUP_HOME=/opt/rustwide/rustup-home" "-w" "/opt/rustwide/workdir" "-m" "1610612736" "--user" "0:0" "--network" "none" "ghcr.io/rust-lang/crates-build-env/linux@sha256:2788e3201cd34a07e3172128adcd8b3090168a8e3bcc40d7c032b9dda1df7d1c" "/opt/rustwide/cargo-home/bin/cargo" "+1.75.0" "metadata" "--no-deps" "--format-version=1", kill_on_drop: false }`
[INFO] [stdout] d615bf1bc4ab046ccfd344a0fc229277aae3b1013306e5e6ac8c2f2d5bc4f07e
[INFO] running `Command { std: "docker" "start" "-a" "d615bf1bc4ab046ccfd344a0fc229277aae3b1013306e5e6ac8c2f2d5bc4f07e", kill_on_drop: false }`
[INFO] running `Command { std: "docker" "inspect" "d615bf1bc4ab046ccfd344a0fc229277aae3b1013306e5e6ac8c2f2d5bc4f07e", kill_on_drop: false }`
[INFO] running `Command { std: "docker" "rm" "-f" "d615bf1bc4ab046ccfd344a0fc229277aae3b1013306e5e6ac8c2f2d5bc4f07e", kill_on_drop: false }`
[INFO] [stdout] d615bf1bc4ab046ccfd344a0fc229277aae3b1013306e5e6ac8c2f2d5bc4f07e
[INFO] running `Command { std: "docker" "create" "-v" "/var/lib/crater-agent-workspace/builds/worker-2-tc1/target:/opt/rustwide/target:rw,Z" "-v" "/var/lib/crater-agent-workspace/builds/worker-2-tc1/source:/opt/rustwide/workdir:ro,Z" "-v" "/var/lib/crater-agent-workspace/cargo-home:/opt/rustwide/cargo-home:ro,Z" "-v" "/var/lib/crater-agent-workspace/rustup-home:/opt/rustwide/rustup-home:ro,Z" "-e" "SOURCE_DIR=/opt/rustwide/workdir" "-e" "CARGO_TARGET_DIR=/opt/rustwide/target" "-e" "CARGO_INCREMENTAL=0" "-e" "RUST_BACKTRACE=full" "-e" "RUSTFLAGS=--cap-lints=warn" "-e" "RUSTDOCFLAGS=--cap-lints=warn" "-e" "CARGO_HOME=/opt/rustwide/cargo-home" "-e" "RUSTUP_HOME=/opt/rustwide/rustup-home" "-w" "/opt/rustwide/workdir" "-m" "1610612736" "--user" "0:0" "--network" "none" "ghcr.io/rust-lang/crates-build-env/linux@sha256:2788e3201cd34a07e3172128adcd8b3090168a8e3bcc40d7c032b9dda1df7d1c" "/opt/rustwide/cargo-home/bin/cargo" "+1.75.0" "build" "--frozen" "--message-format=json", kill_on_drop: false }`
[INFO] [stdout] 0736aa189dbb4cc94162e759f2fd3df8959918fe3c386508cdeff85efef68770
[INFO] running `Command { std: "docker" "start" "-a" "0736aa189dbb4cc94162e759f2fd3df8959918fe3c386508cdeff85efef68770", kill_on_drop: false }`
[INFO] [stderr]    Compiling libc v0.2.127
[INFO] [stderr]    Compiling unicode-ident v1.0.3
[INFO] [stderr]    Compiling proc-macro2 v1.0.43
[INFO] [stderr]    Compiling quote v1.0.21
[INFO] [stderr]    Compiling syn v1.0.99
[INFO] [stderr]    Compiling pkg-config v0.3.25
[INFO] [stderr]    Compiling once_cell v1.13.0
[INFO] [stderr]    Compiling itoa v1.0.3
[INFO] [stderr]    Compiling pin-project-lite v0.2.9
[INFO] [stderr]    Compiling tinyvec_macros v0.1.0
[INFO] [stderr]    Compiling log v0.4.17
[INFO] [stderr]    Compiling matches v0.1.9
[INFO] [stderr]    Compiling futures-core v0.3.21
[INFO] [stderr]    Compiling bytes v1.2.1
[INFO] [stderr]    Compiling lock_api v0.4.7
[INFO] [stderr]    Compiling indexmap v1.9.1
[INFO] [stderr]    Compiling tinyvec v1.6.0
[INFO] [stderr]    Compiling percent-encoding v2.1.0
[INFO] [stderr]    Compiling parking_lot_core v0.9.3
[INFO] [stderr]    Compiling slab v0.4.7
[INFO] [stderr]    Compiling form_urlencoded v1.0.1
[INFO] [stderr]    Compiling unicode-bidi v0.3.8
[INFO] [stderr]    Compiling futures-channel v0.3.21
[INFO] [stderr]    Compiling smallvec v1.9.0
[INFO] [stderr]    Compiling futures-sink v0.3.21
[INFO] [stderr]    Compiling futures-task v0.3.21
[INFO] [stderr]    Compiling tokio v1.20.1
[INFO] [stderr]    Compiling futures-util v0.3.21
[INFO] [stderr]    Compiling futures-io v0.3.21
[INFO] [stderr]    Compiling serde_derive v1.0.142
[INFO] [stderr]    Compiling tracing-core v0.1.29
[INFO] [stderr]    Compiling serde v1.0.142
[INFO] [stderr]    Compiling http v0.2.8
[INFO] [stderr]    Compiling httparse v1.7.1
[INFO] [stderr]    Compiling siphasher v0.3.10
[INFO] [stderr]    Compiling heck v0.4.0
[INFO] [stderr]    Compiling ident_case v1.0.1
[INFO] [stderr]    Compiling try-lock v0.2.3
[INFO] [stderr]    Compiling io-lifetimes v0.7.2
[INFO] [stderr]    Compiling tracing v0.1.36
[INFO] [stderr]    Compiling openssl v0.10.41
[INFO] [stderr]    Compiling phf_shared v0.10.0
[INFO] [stderr]    Compiling want v0.3.0
[INFO] [stderr]    Compiling glob v0.3.0
[INFO] [stderr]    Compiling rustix v0.35.7
[INFO] [stderr]    Compiling unicode-normalization v0.1.21
[INFO] [stderr]    Compiling native-tls v0.2.10
[INFO] [stderr]    Compiling rustversion v1.0.9
[INFO] [stderr]    Compiling jobserver v0.1.24
[INFO] [stderr]    Compiling mio v0.8.4
[INFO] [stderr]    Compiling signal-hook-registry v1.4.0
[INFO] [stderr]    Compiling num_cpus v1.13.1
[INFO] [stderr]    Compiling socket2 v0.4.4
[INFO] [stderr]    Compiling cc v1.0.73
[INFO] [stderr]    Compiling httpdate v1.0.2
[INFO] [stderr]    Compiling parking_lot v0.12.1
[INFO] [stderr]    Compiling const_format_proc_macros v0.2.22
[INFO] [stderr]    Compiling http-body v0.4.5
[INFO] [stderr]    Compiling idna v0.2.3
[INFO] [stderr]    Compiling proc-macro-error-attr v1.0.4
[INFO] [stderr]    Compiling clang-sys v1.3.3
[INFO] [stderr]    Compiling phf v0.10.1
[INFO] [stderr]    Compiling tz-rs v0.6.12
[INFO] [stderr]    Compiling ryu v1.0.11
[INFO] [stderr]    Compiling linux-raw-sys v0.0.46
[INFO] [stderr]    Compiling num_threads v0.1.6
[INFO] [stderr]    Compiling serde_json v1.0.83
[INFO] [stderr]    Compiling iana-time-zone v0.1.41
[INFO] [stderr]    Compiling time v0.3.12
[INFO] [stderr]    Compiling url v2.2.2
[INFO] [stderr]    Compiling atty v0.2.14
[INFO] [stderr]    Compiling minimal-lexical v0.2.1
[INFO] [stderr]    Compiling is_debug v1.0.1
[INFO] [stderr]    Compiling tzdb v0.3.4
[INFO] [stderr]    Compiling os_str_bytes v6.2.0
[INFO] [stderr]    Compiling zstd-safe v5.0.2+zstd.1.5.2
[INFO] [stderr]    Compiling termcolor v1.1.3
[INFO] [stderr]    Compiling encoding_rs v0.8.31
[INFO] [stderr]    Compiling nom v7.1.1
[INFO] [stderr]    Compiling clap_lex v0.2.4
[INFO] [stderr]    Compiling libloading v0.7.3
[INFO] [stderr]    Compiling humantime v2.1.0
[INFO] [stderr]    Compiling base64 v0.13.0
[INFO] [stderr]    Compiling openssl-sys v0.9.75
[INFO] [stderr]    Compiling libz-sys v1.1.8
[INFO] [stderr]    Compiling libssh2-sys v0.2.23
[INFO] [stderr]    Compiling zstd-sys v2.0.1+zstd.1.5.2
[INFO] [stderr]    Compiling libgit2-sys v0.13.4+1.4.2
[INFO] [stderr]    Compiling const_format v0.2.26
[INFO] [stderr]    Compiling tree-sitter v0.20.8
[INFO] [stderr]    Compiling bindgen v0.60.1
[INFO] [stderr]    Compiling cpp_demangle v0.3.5
[INFO] [stderr]    Compiling either v1.7.0
[INFO] [stderr]    Compiling textwrap v0.15.0
[INFO] [stderr]    Compiling env_logger v0.9.0
[INFO] [stderr]    Compiling which v4.2.5
[INFO] [stderr]    Compiling terminal_size v0.1.17
[INFO] [stderr]    Compiling byteorder v1.4.3
[INFO] [stderr]    Compiling shlex v1.1.0
[INFO] [stderr]    Compiling lazycell v1.3.0
[INFO] [stderr]    Compiling peeking_take_while v0.1.2
[INFO] [stderr]    Compiling mime v0.3.16
[INFO] [stderr]    Compiling maplit v1.0.2
[INFO] [stderr]    Compiling ipnet v2.5.0
[INFO] [stderr]    Compiling console v0.15.1
[INFO] [stderr]    Compiling memmap2 v0.5.5
[INFO] [stderr]    Compiling fs4 v0.6.2
[INFO] [stderr]    Compiling memmapix v0.6.3
[INFO] [stderr]    Compiling codegen-rs v0.1.4
[INFO] [stderr]    Compiling convert_case v0.5.0
[INFO] [stderr]    Compiling cexpr v0.6.0
[INFO] [stderr]    Compiling number_prefix v0.4.0
[INFO] [stderr]    Compiling stopwatch2 v2.0.0
[INFO] [stderr]    Compiling compound_duration v1.2.0
[INFO] [stderr]    Compiling indicatif v0.17.0
[INFO] [stderr]    Compiling darling_core v0.13.4
[INFO] [stderr]    Compiling proc-macro-error v1.0.4
[INFO] [stderr]    Compiling futures-macro v0.3.21
[INFO] [stderr]    Compiling tokio-macros v1.8.0
[INFO] [stderr]    Compiling openssl-macros v0.1.0
[INFO] [stderr]    Compiling darling_macro v0.13.4
[INFO] [stderr]    Compiling structmeta-derive v0.1.5
[INFO] [stderr]    Compiling clap_derive v3.2.15
[INFO] [stderr]    Compiling pin-project-internal v1.0.11
[INFO] [stderr]    Compiling darling v0.13.4
[INFO] [stderr]    Compiling serde_with_macros v1.5.2
[INFO] [stderr]    Compiling strum_macros v0.24.2
[INFO] [stderr]    Compiling structmeta v0.1.5
[INFO] [stderr]    Compiling parse-display-derive v0.5.5
[INFO] [stderr]    Compiling thiserror-impl v1.0.32
[INFO] [stderr]    Compiling pin-project v1.0.11
[INFO] [stderr]    Compiling enum_dispatch v0.3.8
[INFO] [stderr]    Compiling ctor v0.1.23
[INFO] [stderr]    Compiling clap v3.2.16
[INFO] [stderr]    Compiling strum v0.24.1
[INFO] [stderr]    Compiling spinners v4.1.0
[INFO] [stderr]    Compiling futures-executor v0.3.21
[INFO] [stderr]    Compiling thiserror v1.0.32
[INFO] [stderr]    Compiling futures v0.3.21
[INFO] [stderr]    Compiling tokio-util v0.7.3
[INFO] [stderr]    Compiling tokio-native-tls v0.3.0
[INFO] [stderr]    Compiling parse-display v0.5.5
[INFO] [stderr]    Compiling fmmap v0.3.0
[INFO] [stderr]    Compiling h2 v0.3.13
[INFO] [stderr]    Compiling serde_urlencoded v0.7.1
[INFO] [stderr]    Compiling serde_with v1.14.0
[INFO] [stderr]    Compiling hyper v0.14.20
[INFO] [stderr]    Compiling bollard-stubs v1.42.0-rc.3
[INFO] [stderr]    Compiling hyper-tls v0.5.0
[INFO] [stderr]    Compiling hyperlocal v0.8.0
[INFO] [stderr]    Compiling reqwest v0.11.11
[INFO] [stderr]    Compiling git2 v0.14.4
[INFO] [stderr]    Compiling nwn-rs-masterlist v8193.34.0-alpha.1
[INFO] [stderr]    Compiling zstd v0.11.2+zstd.1.5.2
[INFO] [stderr]    Compiling nwn-rs-types v8193.34.0-alpha.1
[INFO] [stderr]    Compiling shadow-rs v0.16.1
[INFO] [stderr]    Compiling nwn-rs-codegen v8193.34.0-alpha.1
[INFO] [stderr]    Compiling nwn-rs-tool v8193.34.0-alpha.11 (/opt/rustwide/workdir)
[INFO] [stderr]    Compiling bollard v0.13.0
[INFO] [stdout] warning: unused import: `std::path::Path`
[INFO] [stdout]  --> src/infra/wrappers/nwsync.rs:3:5
[INFO] [stdout]   |
[INFO] [stdout] 3 | use std::path::Path;
[INFO] [stdout]   |     ^^^^^^^^^^^^^^^
[INFO] [stdout]   |
[INFO] [stdout]   = note: `#[warn(unused_imports)]` on by default
[INFO] [stdout] 
[INFO] [stdout] 
[INFO] [stdout] error[E0554]: `#![feature]` may not be used on the stable release channel
[INFO] [stdout]  --> src/main.rs:1:12
[INFO] [stdout]   |
[INFO] [stdout] 1 | #![feature(io_error_more)]
[INFO] [stdout]   |            ^^^^^^^^^^^^^
[INFO] [stdout] 
[INFO] [stdout] 
[INFO] [stdout] warning: unused variable: `path`
[INFO] [stdout]   --> src/infra/wrappers/nwsync.rs:69:20
[INFO] [stdout]    |
[INFO] [stdout] 69 | pub async fn write(path: String,
[INFO] [stdout]    |                    ^^^^ help: if this is intentional, prefix it with an underscore: `_path`
[INFO] [stdout]    |
[INFO] [stdout]    = note: `#[warn(unused_variables)]` on by default
[INFO] [stdout] 
[INFO] [stdout] 
[INFO] [stdout] warning: unused variable: `dry`
[INFO] [stdout]   --> src/infra/wrappers/nwsync.rs:70:20
[INFO] [stdout]    |
[INFO] [stdout] 70 |                    dry: bool,
[INFO] [stdout]    |                    ^^^ help: if this is intentional, prefix it with an underscore: `_dry`
[INFO] [stdout] 
[INFO] [stdout] 
[INFO] [stdout] warning: unused variable: `force`
[INFO] [stdout]   --> src/infra/wrappers/nwsync.rs:71:20
[INFO] [stdout]    |
[INFO] [stdout] 71 |                    force: bool,
[INFO] [stdout]    |                    ^^^^^ help: if this is intentional, prefix it with an underscore: `_force`
[INFO] [stdout] 
[INFO] [stdout] 
[INFO] [stdout] warning: unused variable: `origin`
[INFO] [stdout]   --> src/infra/wrappers/nwsync.rs:72:20
[INFO] [stdout]    |
[INFO] [stdout] 72 |                    origin: bool,
[INFO] [stdout]    |                    ^^^^^^ help: if this is intentional, prefix it with an underscore: `_origin`
[INFO] [stdout] 
[INFO] [stdout] 
[INFO] [stdout] warning: unused variable: `update_latest`
[INFO] [stdout]   --> src/infra/wrappers/nwsync.rs:73:20
[INFO] [stdout]    |
[INFO] [stdout] 73 |                    update_latest: bool) {
[INFO] [stdout]    |                    ^^^^^^^^^^^^^ help: if this is intentional, prefix it with an underscore: `_update_latest`
[INFO] [stdout] 
[INFO] [stdout] 
[INFO] [stdout] warning: unused variable: `path`
[INFO] [stdout]   --> src/infra/wrappers/nwsync.rs:79:32
[INFO] [stdout]    |
[INFO] [stdout] 79 | pub async fn write_with_module(path: String,
[INFO] [stdout]    |                                ^^^^ help: if this is intentional, prefix it with an underscore: `_path`
[INFO] [stdout] 
[INFO] [stdout] 
[INFO] [stdout] warning: unused variable: `dry`
[INFO] [stdout]   --> src/infra/wrappers/nwsync.rs:80:32
[INFO] [stdout]    |
[INFO] [stdout] 80 | ...                   dry: bool,
[INFO] [stdout]    |                       ^^^ help: if this is intentional, prefix it with an underscore: `_dry`
[INFO] [stdout] 
[INFO] [stdout] 
[INFO] [stdout] warning: unused variable: `force`
[INFO] [stdout]   --> src/infra/wrappers/nwsync.rs:81:32
[INFO] [stdout]    |
[INFO] [stdout] 81 | ...                   force: bool,
[INFO] [stdout]    |                       ^^^^^ help: if this is intentional, prefix it with an underscore: `_force`
[INFO] [stdout] 
[INFO] [stdout] 
[INFO] [stdout] warning: unused variable: `update_latest`
[INFO] [stdout]   --> src/infra/wrappers/nwsync.rs:82:32
[INFO] [stdout]    |
[INFO] [stdout] 82 | ...                   update_latest: bool,
[INFO] [stdout]    |                       ^^^^^^^^^^^^^ help: if this is intentional, prefix it with an underscore: `_update_latest`
[INFO] [stdout] 
[INFO] [stdout] 
[INFO] [stdout] warning: unused variable: `module_uuid`
[INFO] [stdout]   --> src/infra/wrappers/nwsync.rs:83:32
[INFO] [stdout]    |
[INFO] [stdout] 83 | ...                   module_uuid: String,
[INFO] [stdout]    |                       ^^^^^^^^^^^ help: if this is intentional, prefix it with an underscore: `_module_uuid`
[INFO] [stdout] 
[INFO] [stdout] 
[INFO] [stdout] warning: unused variable: `module_name`
[INFO] [stdout]   --> src/infra/wrappers/nwsync.rs:84:32
[INFO] [stdout]    |
[INFO] [stdout] 84 | ...                   module_name: String,
[INFO] [stdout]    |                       ^^^^^^^^^^^ help: if this is intentional, prefix it with an underscore: `_module_name`
[INFO] [stdout] 
[INFO] [stdout] 
[INFO] [stdout] warning: unused variable: `description`
[INFO] [stdout]   --> src/infra/wrappers/nwsync.rs:85:32
[INFO] [stdout]    |
[INFO] [stdout] 85 | ...                   description: String,
[INFO] [stdout]    |                       ^^^^^^^^^^^ help: if this is intentional, prefix it with an underscore: `_description`
[INFO] [stdout] 
[INFO] [stdout] 
[INFO] [stdout] warning: unused variable: `origin`
[INFO] [stdout]   --> src/infra/wrappers/nwsync.rs:86:32
[INFO] [stdout]    |
[INFO] [stdout] 86 | ...                   origin: bool) {
[INFO] [stdout]    |                       ^^^^^^ help: if this is intentional, prefix it with an underscore: `_origin`
[INFO] [stdout] 
[INFO] [stdout] 
[INFO] [stdout] error[E0308]: mismatched types
[INFO] [stdout]   --> src/infra/wrappers/nwsync.rs:27:30
[INFO] [stdout]    |
[INFO] [stdout] 27 | fn exists(_type: BinType) -> bool {
[INFO] [stdout]    |    ------                    ^^^^ expected `bool`, found `()`
[INFO] [stdout]    |    |
[INFO] [stdout]    |    implicitly returns `()` as its body has no tail or `return` expression
[INFO] [stdout] 
[INFO] [stdout] 
[INFO] [stdout] error: aborting due to 2 previous errors; 14 warnings emitted
[INFO] [stdout] 
[INFO] [stdout] 
[INFO] [stdout] Some errors have detailed explanations: E0308, E0554.
[INFO] [stdout] 
[INFO] [stdout] For more information about an error, try `rustc --explain E0308`.
[INFO] [stdout] 
[INFO] [stderr] error: could not compile `nwn-rs-tool` (bin "nwn-rs-tool") due to 3 previous errors; 14 warnings emitted
[INFO] running `Command { std: "docker" "inspect" "0736aa189dbb4cc94162e759f2fd3df8959918fe3c386508cdeff85efef68770", kill_on_drop: false }`
[INFO] running `Command { std: "docker" "rm" "-f" "0736aa189dbb4cc94162e759f2fd3df8959918fe3c386508cdeff85efef68770", kill_on_drop: false }`
[INFO] [stdout] 0736aa189dbb4cc94162e759f2fd3df8959918fe3c386508cdeff85efef68770
[INFO] testing nwn-rs-tool-8193.34.0-alpha.11 against beta-2023-12-22 for beta-1.76-1
[INFO] extracting crate nwn-rs-tool 8193.34.0-alpha.11 into /workspace/builds/worker-2-tc2/source
[INFO] validating manifest of crates.io crate nwn-rs-tool 8193.34.0-alpha.11 on toolchain beta-2023-12-22
[INFO] running `Command { std: CARGO_HOME="/workspace/cargo-home" RUSTUP_HOME="/workspace/rustup-home" "/workspace/cargo-home/bin/cargo" "+beta-2023-12-22" "metadata" "--manifest-path" "Cargo.toml" "--no-deps", kill_on_drop: false }`
[INFO] started tweaking crates.io crate nwn-rs-tool 8193.34.0-alpha.11
[INFO] finished tweaking crates.io crate nwn-rs-tool 8193.34.0-alpha.11
[INFO] tweaked toml for crates.io crate nwn-rs-tool 8193.34.0-alpha.11 written to /workspace/builds/worker-2-tc2/source/Cargo.toml
[INFO] crate crates.io crate nwn-rs-tool 8193.34.0-alpha.11 already has a lockfile, it will not be regenerated
[INFO] running `Command { std: CARGO_HOME="/workspace/cargo-home" RUSTUP_HOME="/workspace/rustup-home" "/workspace/cargo-home/bin/cargo" "+beta-2023-12-22" "fetch" "--manifest-path" "Cargo.toml", kill_on_drop: false }`
[INFO] running `Command { std: "docker" "create" "-v" "/var/lib/crater-agent-workspace/builds/worker-2-tc2/target:/opt/rustwide/target:rw,Z" "-v" "/var/lib/crater-agent-workspace/builds/worker-2-tc2/source:/opt/rustwide/workdir:ro,Z" "-v" "/var/lib/crater-agent-workspace/cargo-home:/opt/rustwide/cargo-home:ro,Z" "-v" "/var/lib/crater-agent-workspace/rustup-home:/opt/rustwide/rustup-home:ro,Z" "-e" "SOURCE_DIR=/opt/rustwide/workdir" "-e" "CARGO_TARGET_DIR=/opt/rustwide/target" "-e" "CARGO_HOME=/opt/rustwide/cargo-home" "-e" "RUSTUP_HOME=/opt/rustwide/rustup-home" "-w" "/opt/rustwide/workdir" "-m" "1610612736" "--user" "0:0" "--network" "none" "ghcr.io/rust-lang/crates-build-env/linux@sha256:2788e3201cd34a07e3172128adcd8b3090168a8e3bcc40d7c032b9dda1df7d1c" "/opt/rustwide/cargo-home/bin/cargo" "+beta-2023-12-22" "metadata" "--no-deps" "--format-version=1", kill_on_drop: false }`
[INFO] [stdout] 72cc41c09be258fd2988d2b2aea23abbea5a873389feda482853d5c69b2a8a3e
[INFO] running `Command { std: "docker" "start" "-a" "72cc41c09be258fd2988d2b2aea23abbea5a873389feda482853d5c69b2a8a3e", kill_on_drop: false }`
[INFO] running `Command { std: "docker" "inspect" "72cc41c09be258fd2988d2b2aea23abbea5a873389feda482853d5c69b2a8a3e", kill_on_drop: false }`
[INFO] running `Command { std: "docker" "rm" "-f" "72cc41c09be258fd2988d2b2aea23abbea5a873389feda482853d5c69b2a8a3e", kill_on_drop: false }`
[INFO] [stdout] 72cc41c09be258fd2988d2b2aea23abbea5a873389feda482853d5c69b2a8a3e
[INFO] running `Command { std: "docker" "create" "-v" "/var/lib/crater-agent-workspace/builds/worker-2-tc2/target:/opt/rustwide/target:rw,Z" "-v" "/var/lib/crater-agent-workspace/builds/worker-2-tc2/source:/opt/rustwide/workdir:ro,Z" "-v" "/var/lib/crater-agent-workspace/cargo-home:/opt/rustwide/cargo-home:ro,Z" "-v" "/var/lib/crater-agent-workspace/rustup-home:/opt/rustwide/rustup-home:ro,Z" "-e" "SOURCE_DIR=/opt/rustwide/workdir" "-e" "CARGO_TARGET_DIR=/opt/rustwide/target" "-e" "CARGO_INCREMENTAL=0" "-e" "RUST_BACKTRACE=full" "-e" "RUSTFLAGS=--cap-lints=warn" "-e" "RUSTDOCFLAGS=--cap-lints=warn" "-e" "CARGO_HOME=/opt/rustwide/cargo-home" "-e" "RUSTUP_HOME=/opt/rustwide/rustup-home" "-w" "/opt/rustwide/workdir" "-m" "1610612736" "--user" "0:0" "--network" "none" "ghcr.io/rust-lang/crates-build-env/linux@sha256:2788e3201cd34a07e3172128adcd8b3090168a8e3bcc40d7c032b9dda1df7d1c" "/opt/rustwide/cargo-home/bin/cargo" "+beta-2023-12-22" "build" "--frozen" "--message-format=json", kill_on_drop: false }`
[INFO] [stdout] 7ad596ceb77116d03c2a4f4196673262928bb8c46119df9bedb7a457f3b72874
[INFO] running `Command { std: "docker" "start" "-a" "7ad596ceb77116d03c2a4f4196673262928bb8c46119df9bedb7a457f3b72874", kill_on_drop: false }`
[INFO] [stderr]    Compiling libc v0.2.127
[INFO] [stderr]    Compiling unicode-ident v1.0.3
[INFO] [stderr]    Compiling proc-macro2 v1.0.43
[INFO] [stderr]    Compiling quote v1.0.21
[INFO] [stderr]    Compiling syn v1.0.99
[INFO] [stderr]    Compiling pkg-config v0.3.25
[INFO] [stderr]    Compiling once_cell v1.13.0
[INFO] [stderr]    Compiling itoa v1.0.3
[INFO] [stderr]    Compiling pin-project-lite v0.2.9
[INFO] [stderr]    Compiling futures-core v0.3.21
[INFO] [stderr]    Compiling log v0.4.17
[INFO] [stderr]    Compiling matches v0.1.9
[INFO] [stderr]    Compiling bytes v1.2.1
[INFO] [stderr]    Compiling tinyvec_macros v0.1.0
[INFO] [stderr]    Compiling indexmap v1.9.1
[INFO] [stderr]    Compiling lock_api v0.4.7
[INFO] [stderr]    Compiling parking_lot_core v0.9.3
[INFO] [stderr]    Compiling tinyvec v1.6.0
[INFO] [stderr]    Compiling percent-encoding v2.1.0
[INFO] [stderr]    Compiling slab v0.4.7
[INFO] [stderr]    Compiling smallvec v1.9.0
[INFO] [stderr]    Compiling unicode-bidi v0.3.8
[INFO] [stderr]    Compiling form_urlencoded v1.0.1
[INFO] [stderr]    Compiling futures-sink v0.3.21
[INFO] [stderr]    Compiling futures-task v0.3.21
[INFO] [stderr]    Compiling futures-channel v0.3.21
[INFO] [stderr]    Compiling tokio v1.20.1
[INFO] [stderr]    Compiling futures-util v0.3.21
[INFO] [stderr]    Compiling futures-io v0.3.21
[INFO] [stderr]    Compiling serde_derive v1.0.142
[INFO] [stderr]    Compiling tracing-core v0.1.29
[INFO] [stderr]    Compiling serde v1.0.142
[INFO] [stderr]    Compiling http v0.2.8
[INFO] [stderr]    Compiling httparse v1.7.1
[INFO] [stderr]    Compiling openssl v0.10.41
[INFO] [stderr]    Compiling heck v0.4.0
[INFO] [stderr]    Compiling ident_case v1.0.1
[INFO] [stderr]    Compiling io-lifetimes v0.7.2
[INFO] [stderr]    Compiling try-lock v0.2.3
[INFO] [stderr]    Compiling unicode-normalization v0.1.21
[INFO] [stderr]    Compiling siphasher v0.3.10
[INFO] [stderr]    Compiling want v0.3.0
[INFO] [stderr]    Compiling glob v0.3.0
[INFO] [stderr]    Compiling rustversion v1.0.9
[INFO] [stderr]    Compiling rustix v0.35.7
[INFO] [stderr]    Compiling jobserver v0.1.24
[INFO] [stderr]    Compiling num_cpus v1.13.1
[INFO] [stderr]    Compiling mio v0.8.4
[INFO] [stderr]    Compiling socket2 v0.4.4
[INFO] [stderr]    Compiling signal-hook-registry v1.4.0
[INFO] [stderr]    Compiling tracing v0.1.36
[INFO] [stderr]    Compiling cc v1.0.73
[INFO] [stderr]    Compiling parking_lot v0.12.1
[INFO] [stderr]    Compiling idna v0.2.3
[INFO] [stderr]    Compiling phf_shared v0.10.0
[INFO] [stderr]    Compiling httpdate v1.0.2
[INFO] [stderr]    Compiling native-tls v0.2.10
[INFO] [stderr]    Compiling clang-sys v1.3.3
[INFO] [stderr]    Compiling const_format_proc_macros v0.2.22
[INFO] [stderr]    Compiling proc-macro-error-attr v1.0.4
[INFO] [stderr]    Compiling phf v0.10.1
[INFO] [stderr]    Compiling tz-rs v0.6.12
[INFO] [stderr]    Compiling http-body v0.4.5
[INFO] [stderr]    Compiling serde_json v1.0.83
[INFO] [stderr]    Compiling ryu v1.0.11
[INFO] [stderr]    Compiling linux-raw-sys v0.0.46
[INFO] [stderr]    Compiling num_threads v0.1.6
[INFO] [stderr]    Compiling iana-time-zone v0.1.41
[INFO] [stderr]    Compiling url v2.2.2
[INFO] [stderr]    Compiling time v0.3.12
[INFO] [stderr]    Compiling atty v0.2.14
[INFO] [stderr]    Compiling minimal-lexical v0.2.1
[INFO] [stderr]    Compiling termcolor v1.1.3
[INFO] [stderr]    Compiling os_str_bytes v6.2.0
[INFO] [stderr]    Compiling zstd-safe v5.0.2+zstd.1.5.2
[INFO] [stderr]    Compiling is_debug v1.0.1
[INFO] [stderr]    Compiling encoding_rs v0.8.31
[INFO] [stderr]    Compiling nom v7.1.1
[INFO] [stderr]    Compiling clap_lex v0.2.4
[INFO] [stderr]    Compiling libloading v0.7.3
[INFO] [stderr]    Compiling textwrap v0.15.0
[INFO] [stderr]    Compiling tzdb v0.3.4
[INFO] [stderr]    Compiling openssl-sys v0.9.75
[INFO] [stderr]    Compiling libz-sys v1.1.8
[INFO] [stderr]    Compiling libssh2-sys v0.2.23
[INFO] [stderr]    Compiling zstd-sys v2.0.1+zstd.1.5.2
[INFO] [stderr]    Compiling libgit2-sys v0.13.4+1.4.2
[INFO] [stderr]    Compiling const_format v0.2.26
[INFO] [stderr]    Compiling tree-sitter v0.20.8
[INFO] [stderr]    Compiling humantime v2.1.0
[INFO] [stderr]    Compiling either v1.7.0
[INFO] [stderr]    Compiling cpp_demangle v0.3.5
[INFO] [stderr]    Compiling bindgen v0.60.1
[INFO] [stderr]    Compiling base64 v0.13.0
[INFO] [stderr]    Compiling which v4.2.5
[INFO] [stderr]    Compiling env_logger v0.9.0
[INFO] [stderr]    Compiling terminal_size v0.1.17
[INFO] [stderr]    Compiling ipnet v2.5.0
[INFO] [stderr]    Compiling shlex v1.1.0
[INFO] [stderr]    Compiling byteorder v1.4.3
[INFO] [stderr]    Compiling mime v0.3.16
[INFO] [stderr]    Compiling peeking_take_while v0.1.2
[INFO] [stderr]    Compiling maplit v1.0.2
[INFO] [stderr]    Compiling lazycell v1.3.0
[INFO] [stderr]    Compiling console v0.15.1
[INFO] [stderr]    Compiling memmap2 v0.5.5
[INFO] [stderr]    Compiling codegen-rs v0.1.4
[INFO] [stderr]    Compiling convert_case v0.5.0
[INFO] [stderr]    Compiling compound_duration v1.2.0
[INFO] [stderr]    Compiling number_prefix v0.4.0
[INFO] [stderr]    Compiling stopwatch2 v2.0.0
[INFO] [stderr]    Compiling indicatif v0.17.0
[INFO] [stderr]    Compiling fs4 v0.6.2
[INFO] [stderr]    Compiling memmapix v0.6.3
[INFO] [stderr]    Compiling cexpr v0.6.0
[INFO] [stderr]    Compiling darling_core v0.13.4
[INFO] [stderr]    Compiling proc-macro-error v1.0.4
[INFO] [stderr]    Compiling tokio-macros v1.8.0
[INFO] [stderr]    Compiling futures-macro v0.3.21
[INFO] [stderr]    Compiling openssl-macros v0.1.0
[INFO] [stderr]    Compiling darling_macro v0.13.4
[INFO] [stderr]    Compiling structmeta-derive v0.1.5
[INFO] [stderr]    Compiling darling v0.13.4
[INFO] [stderr]    Compiling strum_macros v0.24.2
[INFO] [stderr]    Compiling serde_with_macros v1.5.2
[INFO] [stderr]    Compiling pin-project-internal v1.0.11
[INFO] [stderr]    Compiling clap_derive v3.2.15
[INFO] [stderr]    Compiling thiserror-impl v1.0.32
[INFO] [stderr]    Compiling structmeta v0.1.5
[INFO] [stderr]    Compiling parse-display-derive v0.5.5
[INFO] [stderr]    Compiling enum_dispatch v0.3.8
[INFO] [stderr]    Compiling ctor v0.1.23
[INFO] [stderr]    Compiling pin-project v1.0.11
[INFO] [stderr]    Compiling strum v0.24.1
[INFO] [stderr]    Compiling spinners v4.1.0
[INFO] [stderr]    Compiling thiserror v1.0.32
[INFO] [stderr]    Compiling futures-executor v0.3.21
[INFO] [stderr]    Compiling clap v3.2.16
[INFO] [stderr]    Compiling futures v0.3.21
[INFO] [stderr]    Compiling parse-display v0.5.5
[INFO] [stderr]    Compiling fmmap v0.3.0
[INFO] [stderr]    Compiling tokio-util v0.7.3
[INFO] [stderr]    Compiling tokio-native-tls v0.3.0
[INFO] [stderr]    Compiling h2 v0.3.13
[INFO] [stderr]    Compiling serde_urlencoded v0.7.1
[INFO] [stderr]    Compiling serde_with v1.14.0
[INFO] [stderr]    Compiling hyper v0.14.20
[INFO] [stderr]    Compiling bollard-stubs v1.42.0-rc.3
[INFO] [stderr]    Compiling git2 v0.14.4
[INFO] [stderr]    Compiling hyper-tls v0.5.0
[INFO] [stderr]    Compiling hyperlocal v0.8.0
[INFO] [stderr]    Compiling reqwest v0.11.11
[INFO] [stderr]    Compiling zstd v0.11.2+zstd.1.5.2
[INFO] [stderr]    Compiling nwn-rs-types v8193.34.0-alpha.1
[INFO] [stderr]    Compiling nwn-rs-masterlist v8193.34.0-alpha.1
[INFO] [stderr]    Compiling shadow-rs v0.16.1
[INFO] [stderr]    Compiling nwn-rs-codegen v8193.34.0-alpha.1
[INFO] [stderr]    Compiling nwn-rs-tool v8193.34.0-alpha.11 (/opt/rustwide/workdir)
[INFO] [stderr]    Compiling bollard v0.13.0
[INFO] [stdout] warning: unused import: `std::path::Path`
[INFO] [stdout]  --> src/infra/wrappers/nwsync.rs:3:5
[INFO] [stdout]   |
[INFO] [stdout] 3 | use std::path::Path;
[INFO] [stdout]   |     ^^^^^^^^^^^^^^^
[INFO] [stdout]   |
[INFO] [stdout]   = note: `#[warn(unused_imports)]` on by default
[INFO] [stdout] 
[INFO] [stdout] 
[INFO] [stdout] error[E0554]: `#![feature]` may not be used on the beta release channel
[INFO] [stdout]  --> src/main.rs:1:12
[INFO] [stdout]   |
[INFO] [stdout] 1 | #![feature(io_error_more)]
[INFO] [stdout]   |            ^^^^^^^^^^^^^
[INFO] [stdout] 
[INFO] [stdout] 
[INFO] [stdout] warning: unused variable: `path`
[INFO] [stdout]   --> src/infra/wrappers/nwsync.rs:69:20
[INFO] [stdout]    |
[INFO] [stdout] 69 | pub async fn write(path: String,
[INFO] [stdout]    |                    ^^^^ help: if this is intentional, prefix it with an underscore: `_path`
[INFO] [stdout]    |
[INFO] [stdout]    = note: `#[warn(unused_variables)]` on by default
[INFO] [stdout] 
[INFO] [stdout] 
[INFO] [stdout] warning: unused variable: `dry`
[INFO] [stdout]   --> src/infra/wrappers/nwsync.rs:70:20
[INFO] [stdout]    |
[INFO] [stdout] 70 |                    dry: bool,
[INFO] [stdout]    |                    ^^^ help: if this is intentional, prefix it with an underscore: `_dry`
[INFO] [stdout] 
[INFO] [stdout] 
[INFO] [stdout] warning: unused variable: `force`
[INFO] [stdout]   --> src/infra/wrappers/nwsync.rs:71:20
[INFO] [stdout]    |
[INFO] [stdout] 71 |                    force: bool,
[INFO] [stdout]    |                    ^^^^^ help: if this is intentional, prefix it with an underscore: `_force`
[INFO] [stdout] 
[INFO] [stdout] 
[INFO] [stdout] warning: unused variable: `origin`
[INFO] [stdout]   --> src/infra/wrappers/nwsync.rs:72:20
[INFO] [stdout]    |
[INFO] [stdout] 72 |                    origin: bool,
[INFO] [stdout]    |                    ^^^^^^ help: if this is intentional, prefix it with an underscore: `_origin`
[INFO] [stdout] 
[INFO] [stdout] 
[INFO] [stdout] warning: unused variable: `update_latest`
[INFO] [stdout]   --> src/infra/wrappers/nwsync.rs:73:20
[INFO] [stdout]    |
[INFO] [stdout] 73 |                    update_latest: bool) {
[INFO] [stdout]    |                    ^^^^^^^^^^^^^ help: if this is intentional, prefix it with an underscore: `_update_latest`
[INFO] [stdout] 
[INFO] [stdout] 
[INFO] [stdout] warning: unused variable: `path`
[INFO] [stdout]   --> src/infra/wrappers/nwsync.rs:79:32
[INFO] [stdout]    |
[INFO] [stdout] 79 | pub async fn write_with_module(path: String,
[INFO] [stdout]    |                                ^^^^ help: if this is intentional, prefix it with an underscore: `_path`
[INFO] [stdout] 
[INFO] [stdout] 
[INFO] [stdout] warning: unused variable: `dry`
[INFO] [stdout]   --> src/infra/wrappers/nwsync.rs:80:32
[INFO] [stdout]    |
[INFO] [stdout] 80 | ...                   dry: bool,
[INFO] [stdout]    |                       ^^^ help: if this is intentional, prefix it with an underscore: `_dry`
[INFO] [stdout] 
[INFO] [stdout] 
[INFO] [stdout] warning: unused variable: `force`
[INFO] [stdout]   --> src/infra/wrappers/nwsync.rs:81:32
[INFO] [stdout]    |
[INFO] [stdout] 81 | ...                   force: bool,
[INFO] [stdout]    |                       ^^^^^ help: if this is intentional, prefix it with an underscore: `_force`
[INFO] [stdout] 
[INFO] [stdout] 
[INFO] [stdout] warning: unused variable: `update_latest`
[INFO] [stdout]   --> src/infra/wrappers/nwsync.rs:82:32
[INFO] [stdout]    |
[INFO] [stdout] 82 | ...                   update_latest: bool,
[INFO] [stdout]    |                       ^^^^^^^^^^^^^ help: if this is intentional, prefix it with an underscore: `_update_latest`
[INFO] [stdout] 
[INFO] [stdout] 
[INFO] [stdout] warning: unused variable: `module_uuid`
[INFO] [stdout]   --> src/infra/wrappers/nwsync.rs:83:32
[INFO] [stdout]    |
[INFO] [stdout] 83 | ...                   module_uuid: String,
[INFO] [stdout]    |                       ^^^^^^^^^^^ help: if this is intentional, prefix it with an underscore: `_module_uuid`
[INFO] [stdout] 
[INFO] [stdout] 
[INFO] [stdout] warning: unused variable: `module_name`
[INFO] [stdout]   --> src/infra/wrappers/nwsync.rs:84:32
[INFO] [stdout]    |
[INFO] [stdout] 84 | ...                   module_name: String,
[INFO] [stdout]    |                       ^^^^^^^^^^^ help: if this is intentional, prefix it with an underscore: `_module_name`
[INFO] [stdout] 
[INFO] [stdout] 
[INFO] [stdout] warning: unused variable: `description`
[INFO] [stdout]   --> src/infra/wrappers/nwsync.rs:85:32
[INFO] [stdout]    |
[INFO] [stdout] 85 | ...                   description: String,
[INFO] [stdout]    |                       ^^^^^^^^^^^ help: if this is intentional, prefix it with an underscore: `_description`
[INFO] [stdout] 
[INFO] [stdout] 
[INFO] [stdout] warning: unused variable: `origin`
[INFO] [stdout]   --> src/infra/wrappers/nwsync.rs:86:32
[INFO] [stdout]    |
[INFO] [stdout] 86 | ...                   origin: bool) {
[INFO] [stdout]    |                       ^^^^^^ help: if this is intentional, prefix it with an underscore: `_origin`
[INFO] [stdout] 
[INFO] [stdout] 
[INFO] [stdout] error[E0308]: mismatched types
[INFO] [stdout]   --> src/infra/wrappers/nwsync.rs:27:30
[INFO] [stdout]    |
[INFO] [stdout] 27 | fn exists(_type: BinType) -> bool {
[INFO] [stdout]    |    ------                    ^^^^ expected `bool`, found `()`
[INFO] [stdout]    |    |
[INFO] [stdout]    |    implicitly returns `()` as its body has no tail or `return` expression
[INFO] [stdout] 
[INFO] [stdout] 
[INFO] [stdout] error: aborting due to 2 previous errors; 14 warnings emitted
[INFO] [stdout] 
[INFO] [stdout] 
[INFO] [stdout] Some errors have detailed explanations: E0308, E0554.
[INFO] [stdout] 
[INFO] [stdout] For more information about an error, try `rustc --explain E0308`.
[INFO] [stdout] 
[INFO] [stderr] error: could not compile `nwn-rs-tool` (bin "nwn-rs-tool") due to 3 previous errors; 14 warnings emitted
[INFO] running `Command { std: "docker" "inspect" "7ad596ceb77116d03c2a4f4196673262928bb8c46119df9bedb7a457f3b72874", kill_on_drop: false }`
[INFO] running `Command { std: "docker" "rm" "-f" "7ad596ceb77116d03c2a4f4196673262928bb8c46119df9bedb7a457f3b72874", kill_on_drop: false }`
[INFO] [stdout] 7ad596ceb77116d03c2a4f4196673262928bb8c46119df9bedb7a457f3b72874
