[INFO] fetching crate nuts-archive 0.2.3...
[INFO] testing nuts-archive-0.2.3 against 1.75.0 for beta-1.76-1
[INFO] extracting crate nuts-archive 0.2.3 into /workspace/builds/worker-5-tc1/source
[INFO] validating manifest of crates.io crate nuts-archive 0.2.3 on toolchain 1.75.0
[INFO] running `Command { std: CARGO_HOME="/workspace/cargo-home" RUSTUP_HOME="/workspace/rustup-home" "/workspace/cargo-home/bin/cargo" "+1.75.0" "metadata" "--manifest-path" "Cargo.toml" "--no-deps", kill_on_drop: false }`
[INFO] started tweaking crates.io crate nuts-archive 0.2.3
[INFO] finished tweaking crates.io crate nuts-archive 0.2.3
[INFO] tweaked toml for crates.io crate nuts-archive 0.2.3 written to /workspace/builds/worker-5-tc1/source/Cargo.toml
[INFO] running `Command { std: CARGO_HOME="/workspace/cargo-home" RUSTUP_HOME="/workspace/rustup-home" "/workspace/cargo-home/bin/cargo" "+1.75.0" "generate-lockfile" "--manifest-path" "Cargo.toml", kill_on_drop: false }`
[INFO] [stderr]     Updating crates.io index
[INFO] running `Command { std: CARGO_HOME="/workspace/cargo-home" RUSTUP_HOME="/workspace/rustup-home" "/workspace/cargo-home/bin/cargo" "+1.75.0" "fetch" "--manifest-path" "Cargo.toml", kill_on_drop: false }`
[INFO] [stderr]  Downloading crates ...
[INFO] [stderr]   Downloaded nuts-bytes v0.1.1
[INFO] [stderr]   Downloaded nuts-bytes-derive v0.2.2
[INFO] [stderr]   Downloaded nuts-directory v0.3.2
[INFO] [stderr]   Downloaded nuts-bytes v0.2.2
[INFO] [stderr]   Downloaded nuts-container v0.2.2
[INFO] running `Command { std: "docker" "create" "-v" "/var/lib/crater-agent-workspace/builds/worker-5-tc1/target:/opt/rustwide/target:rw,Z" "-v" "/var/lib/crater-agent-workspace/builds/worker-5-tc1/source:/opt/rustwide/workdir:ro,Z" "-v" "/var/lib/crater-agent-workspace/cargo-home:/opt/rustwide/cargo-home:ro,Z" "-v" "/var/lib/crater-agent-workspace/rustup-home:/opt/rustwide/rustup-home:ro,Z" "-e" "SOURCE_DIR=/opt/rustwide/workdir" "-e" "CARGO_TARGET_DIR=/opt/rustwide/target" "-e" "CARGO_HOME=/opt/rustwide/cargo-home" "-e" "RUSTUP_HOME=/opt/rustwide/rustup-home" "-w" "/opt/rustwide/workdir" "-m" "1610612736" "--user" "0:0" "--network" "none" "ghcr.io/rust-lang/crates-build-env/linux@sha256:2788e3201cd34a07e3172128adcd8b3090168a8e3bcc40d7c032b9dda1df7d1c" "/opt/rustwide/cargo-home/bin/cargo" "+1.75.0" "metadata" "--no-deps" "--format-version=1", kill_on_drop: false }`
[INFO] [stdout] c88273ea551c27f54fb4daa2b77e31c09d4908444a0209108ee6f9c2d9ed68b4
[INFO] running `Command { std: "docker" "start" "-a" "c88273ea551c27f54fb4daa2b77e31c09d4908444a0209108ee6f9c2d9ed68b4", kill_on_drop: false }`
[INFO] running `Command { std: "docker" "inspect" "c88273ea551c27f54fb4daa2b77e31c09d4908444a0209108ee6f9c2d9ed68b4", kill_on_drop: false }`
[INFO] running `Command { std: "docker" "rm" "-f" "c88273ea551c27f54fb4daa2b77e31c09d4908444a0209108ee6f9c2d9ed68b4", kill_on_drop: false }`
[INFO] [stdout] c88273ea551c27f54fb4daa2b77e31c09d4908444a0209108ee6f9c2d9ed68b4
[INFO] running `Command { std: "docker" "create" "-v" "/var/lib/crater-agent-workspace/builds/worker-5-tc1/target:/opt/rustwide/target:rw,Z" "-v" "/var/lib/crater-agent-workspace/builds/worker-5-tc1/source:/opt/rustwide/workdir:ro,Z" "-v" "/var/lib/crater-agent-workspace/cargo-home:/opt/rustwide/cargo-home:ro,Z" "-v" "/var/lib/crater-agent-workspace/rustup-home:/opt/rustwide/rustup-home:ro,Z" "-e" "SOURCE_DIR=/opt/rustwide/workdir" "-e" "CARGO_TARGET_DIR=/opt/rustwide/target" "-e" "CARGO_INCREMENTAL=0" "-e" "RUST_BACKTRACE=full" "-e" "RUSTFLAGS=--cap-lints=warn" "-e" "RUSTDOCFLAGS=--cap-lints=warn" "-e" "CARGO_HOME=/opt/rustwide/cargo-home" "-e" "RUSTUP_HOME=/opt/rustwide/rustup-home" "-w" "/opt/rustwide/workdir" "-m" "1610612736" "--user" "0:0" "--network" "none" "ghcr.io/rust-lang/crates-build-env/linux@sha256:2788e3201cd34a07e3172128adcd8b3090168a8e3bcc40d7c032b9dda1df7d1c" "/opt/rustwide/cargo-home/bin/cargo" "+1.75.0" "build" "--frozen" "--message-format=json", kill_on_drop: false }`
[INFO] [stdout] 285f6b80764ffd593c34eb3e9f1e334e5a51b32260cf4b4af7b77d6c8cd0e71c
[INFO] running `Command { std: "docker" "start" "-a" "285f6b80764ffd593c34eb3e9f1e334e5a51b32260cf4b4af7b77d6c8cd0e71c", kill_on_drop: false }`
[INFO] [stderr]    Compiling serde v1.0.194
[INFO] [stderr]    Compiling iana-time-zone v0.1.59
[INFO] [stderr]    Compiling num-traits v0.2.17
[INFO] [stderr]    Compiling syn v2.0.48
[INFO] [stderr]    Compiling cc v1.0.83
[INFO] [stderr]    Compiling openssl-sys v0.9.98
[INFO] [stderr]    Compiling openssl v0.10.62
[INFO] [stderr]    Compiling thiserror-impl v1.0.56
[INFO] [stderr]    Compiling serde_derive v1.0.194
[INFO] [stderr]    Compiling nuts-bytes-derive v0.2.2
[INFO] [stderr]    Compiling openssl-macros v0.1.1
[INFO] [stderr]    Compiling thiserror v1.0.56
[INFO] [stderr]    Compiling nuts-bytes v0.2.2
[INFO] [stderr]    Compiling nuts-container v0.2.2
[INFO] [stderr]    Compiling nuts-bytes v0.1.1
[INFO] [stderr]    Compiling chrono v0.4.31
[INFO] [stderr]    Compiling nuts-archive v0.2.3 (/opt/rustwide/workdir)
[INFO] [stdout] error[E0277]: `B` doesn't implement `std::fmt::Debug`
[INFO] [stdout]    --> src/error.rs:100:74
[INFO] [stdout]     |
[INFO] [stdout] 100 |             Self::Container(cause) => fmt.debug_tuple("Container").field(cause).finish(),
[INFO] [stdout]     |                                                                          ^^^^^ `B` cannot be formatted using `{:?}` because it doesn't implement `std::fmt::Debug`
[INFO] [stdout]     |
[INFO] [stdout]     = note: required for `nuts_container::container::Error<B>` to implement `std::fmt::Debug`
[INFO] [stdout]     = note: required for the cast from `&nuts_container::container::Error<B>` to `&dyn std::fmt::Debug`
[INFO] [stdout] help: consider further restricting this bound
[INFO] [stdout]     |
[INFO] [stdout] 96  | impl<B: Backend + std::fmt::Debug> fmt::Debug for Error<B> {
[INFO] [stdout]     |                 +++++++++++++++++
[INFO] [stdout] 
[INFO] [stdout] 
[INFO] [stdout] error[E0277]: the trait bound `<B as nuts_container::backend::Backend>::Id: Deserialize<'_>` is not satisfied
[INFO] [stdout]   --> src/tree/node.rs:60:46
[INFO] [stdout]    |
[INFO] [stdout] 60 |             self.0.push(reader.deserialize::<B::Id>()?);
[INFO] [stdout]    |                                -----------   ^^^^^ the trait `Deserialize<'_>` is not implemented for `<B as nuts_container::backend::Backend>::Id`
[INFO] [stdout]    |                                |
[INFO] [stdout]    |                                required by a bound introduced by this call
[INFO] [stdout]    |
[INFO] [stdout] note: required by a bound in `Reader::<T>::deserialize`
[INFO] [stdout]   --> /opt/rustwide/cargo-home/registry/src/index.crates.io-6f17d22bba15001f/nuts-bytes-0.1.1/src/reader.rs:71:27
[INFO] [stdout]    |
[INFO] [stdout] 71 |     pub fn deserialize<D: Deserialize<'tb>>(&mut self) -> Result<D> {
[INFO] [stdout]    |                           ^^^^^^^^^^^^^^^^ required by this bound in `Reader::<T>::deserialize`
[INFO] [stdout] help: consider further restricting the associated type
[INFO] [stdout]    |
[INFO] [stdout] 53 |     pub fn fill(&mut self, pager: &mut Pager<B>, id: &B::Id) -> ArchiveResult<(), B> where <B as nuts_container::backend::Backend>::Id: Deserialize<'_> {
[INFO] [stdout]    |                                                                                      ++++++++++++++++++++++++++++++++++++++++++++++++++++++++++++++++++
[INFO] [stdout] 
[INFO] [stdout] 
[INFO] [stdout] error[E0277]: the trait bound `<B as nuts_container::backend::Backend>::Id: Serialize` is not satisfied
[INFO] [stdout]   --> src/tree/node.rs:91:30
[INFO] [stdout]    |
[INFO] [stdout] 91 |             writer.serialize(id)?;
[INFO] [stdout]    |                    --------- ^^ the trait `Serialize` is not implemented for `<B as nuts_container::backend::Backend>::Id`
[INFO] [stdout]    |                    |
[INFO] [stdout]    |                    required by a bound introduced by this call
[INFO] [stdout]    |
[INFO] [stdout] note: required by a bound in `Writer::<T>::serialize`
[INFO] [stdout]   --> /opt/rustwide/cargo-home/registry/src/index.crates.io-6f17d22bba15001f/nuts-bytes-0.1.1/src/writer.rs:69:25
[INFO] [stdout]    |
[INFO] [stdout] 69 |     pub fn serialize<S: Serialize>(&mut self, s: &S) -> Result<usize> {
[INFO] [stdout]    |                         ^^^^^^^^^ required by this bound in `Writer::<T>::serialize`
[INFO] [stdout] help: consider further restricting the associated type
[INFO] [stdout]    |
[INFO] [stdout] 66 |     pub fn flush(&self, pager: &mut Pager<B>, id: &B::Id) -> ArchiveResult<(), B> where <B as nuts_container::backend::Backend>::Id: Serialize {
[INFO] [stdout]    |                                                                                   ++++++++++++++++++++++++++++++++++++++++++++++++++++++++++++
[INFO] [stdout] 
[INFO] [stdout] 
[INFO] [stdout] error[E0277]: the trait bound `<B as nuts_container::backend::Backend>::Id: Serialize` is not satisfied
[INFO] [stdout]   --> src/userdata.rs:62:26
[INFO] [stdout]    |
[INFO] [stdout] 62 |         writer.serialize(&userdata)?;
[INFO] [stdout]    |                --------- ^^^^^^^^^ the trait `Serialize` is not implemented for `<B as nuts_container::backend::Backend>::Id`
[INFO] [stdout]    |                |
[INFO] [stdout]    |                required by a bound introduced by this call
[INFO] [stdout]    |
[INFO] [stdout] note: required for `Userdata<B>` to implement `Serialize`
[INFO] [stdout]   --> src/userdata.rs:38:23
[INFO] [stdout]    |
[INFO] [stdout] 38 | #[derive(Deserialize, Serialize)]
[INFO] [stdout]    |                       ^^^^^^^^^ unsatisfied trait bound introduced in this `derive` macro
[INFO] [stdout] 39 | pub struct Userdata<B: Backend> {
[INFO] [stdout]    |            ^^^^^^^^^^^^^^^^^^^^
[INFO] [stdout] note: required by a bound in `Writer::<T>::serialize`
[INFO] [stdout]   --> /opt/rustwide/cargo-home/registry/src/index.crates.io-6f17d22bba15001f/nuts-bytes-0.1.1/src/writer.rs:69:25
[INFO] [stdout]    |
[INFO] [stdout] 69 |     pub fn serialize<S: Serialize>(&mut self, s: &S) -> Result<usize> {
[INFO] [stdout]    |                         ^^^^^^^^^ required by this bound in `Writer::<T>::serialize`
[INFO] [stdout]    = note: this error originates in the derive macro `Serialize` (in Nightly builds, run with -Z macro-backtrace for more info)
[INFO] [stdout] help: consider further restricting the associated type
[INFO] [stdout]    |
[INFO] [stdout] 52 |     pub fn create(container: &mut Container<B>, force: bool) -> ArchiveResult<Userdata<B>, B> where <B as nuts_container::backend::Backend>::Id: Serialize {
[INFO] [stdout]    |                                                                                               ++++++++++++++++++++++++++++++++++++++++++++++++++++++++++++
[INFO] [stdout] 
[INFO] [stdout] 
[INFO] [stdout] error[E0277]: the trait bound `<B as nuts_container::backend::Backend>::Id: Deserialize<'_>` is not satisfied
[INFO] [stdout]   --> src/userdata.rs:76:45
[INFO] [stdout]    |
[INFO] [stdout] 76 |         let userdata = reader.deserialize::<Userdata<B>>()?;
[INFO] [stdout]    |                               -----------   ^^^^^^^^^^^ the trait `Deserialize<'_>` is not implemented for `<B as nuts_container::backend::Backend>::Id`
[INFO] [stdout]    |                               |
[INFO] [stdout]    |                               required by a bound introduced by this call
[INFO] [stdout]    |
[INFO] [stdout] note: required for `Userdata<B>` to implement `Deserialize<'_>`
[INFO] [stdout]   --> src/userdata.rs:38:10
[INFO] [stdout]    |
[INFO] [stdout] 38 | #[derive(Deserialize, Serialize)]
[INFO] [stdout]    |          ^^^^^^^^^^^ unsatisfied trait bound introduced in this `derive` macro
[INFO] [stdout] 39 | pub struct Userdata<B: Backend> {
[INFO] [stdout]    |            ^^^^^^^^^^^^^^^^^^^^
[INFO] [stdout] note: required by a bound in `Reader::<T>::deserialize`
[INFO] [stdout]   --> /opt/rustwide/cargo-home/registry/src/index.crates.io-6f17d22bba15001f/nuts-bytes-0.1.1/src/reader.rs:71:27
[INFO] [stdout]    |
[INFO] [stdout] 71 |     pub fn deserialize<D: Deserialize<'tb>>(&mut self) -> Result<D> {
[INFO] [stdout]    |                           ^^^^^^^^^^^^^^^^ required by this bound in `Reader::<T>::deserialize`
[INFO] [stdout]    = note: this error originates in the derive macro `Deserialize` (in Nightly builds, run with -Z macro-backtrace for more info)
[INFO] [stdout] help: consider further restricting the associated type
[INFO] [stdout]    |
[INFO] [stdout] 70 |     pub fn load(container: &mut Container<B>) -> ArchiveResult<Userdata<B>, B> where <B as nuts_container::backend::Backend>::Id: Deserialize<'_> {
[INFO] [stdout]    |                                                                                ++++++++++++++++++++++++++++++++++++++++++++++++++++++++++++++++++
[INFO] [stdout] 
[INFO] [stdout] 
[INFO] [stdout] error[E0277]: the trait bound `<B as nuts_container::backend::Backend>::Id: Serialize` is not satisfied
[INFO] [stdout]    --> src/lib.rs:258:27
[INFO] [stdout]     |
[INFO] [stdout] 258 |     n += writer.serialize(tree)?;
[INFO] [stdout]     |                 --------- ^^^^ the trait `Serialize` is not implemented for `<B as nuts_container::backend::Backend>::Id`
[INFO] [stdout]     |                 |
[INFO] [stdout]     |                 required by a bound introduced by this call
[INFO] [stdout]     |
[INFO] [stdout] note: required for `Tree<B>` to implement `Serialize`
[INFO] [stdout]    --> src/tree.rs:49:30
[INFO] [stdout]     |
[INFO] [stdout] 49  | #[derive(Debug, Deserialize, Serialize)]
[INFO] [stdout]     |                              ^^^^^^^^^ unsatisfied trait bound introduced in this `derive` macro
[INFO] [stdout] 50  | pub struct Tree<B: Backend> {
[INFO] [stdout]     |            ^^^^^^^^^^^^^^^^
[INFO] [stdout] note: required by a bound in `Writer::<T>::serialize`
[INFO] [stdout]    --> /opt/rustwide/cargo-home/registry/src/index.crates.io-6f17d22bba15001f/nuts-bytes-0.1.1/src/writer.rs:69:25
[INFO] [stdout]     |
[INFO] [stdout] 69  |     pub fn serialize<S: Serialize>(&mut self, s: &S) -> Result<usize> {
[INFO] [stdout]     |                         ^^^^^^^^^ required by this bound in `Writer::<T>::serialize`
[INFO] [stdout]     = note: this error originates in the derive macro `Serialize` (in Nightly builds, run with -Z macro-backtrace for more info)
[INFO] [stdout] help: consider further restricting the associated type
[INFO] [stdout]     |
[INFO] [stdout] 253 | ) -> ArchiveResult<(), B> where <B as nuts_container::backend::Backend>::Id: Serialize {
[INFO] [stdout]     |                           ++++++++++++++++++++++++++++++++++++++++++++++++++++++++++++
[INFO] [stdout] 
[INFO] [stdout] 
[INFO] [stdout] error[E0277]: the trait bound `<B as nuts_container::backend::Backend>::Id: Deserialize<'_>` is not satisfied
[INFO] [stdout]    --> src/lib.rs:369:41
[INFO] [stdout]     |
[INFO] [stdout] 369 |         let tree = reader.deserialize::<Tree<B>>()?;
[INFO] [stdout]     |                           -----------   ^^^^^^^ the trait `Deserialize<'_>` is not implemented for `<B as nuts_container::backend::Backend>::Id`
[INFO] [stdout]     |                           |
[INFO] [stdout]     |                           required by a bound introduced by this call
[INFO] [stdout]     |
[INFO] [stdout] note: required for `Tree<B>` to implement `Deserialize<'_>`
[INFO] [stdout]    --> src/tree.rs:49:17
[INFO] [stdout]     |
[INFO] [stdout] 49  | #[derive(Debug, Deserialize, Serialize)]
[INFO] [stdout]     |                 ^^^^^^^^^^^ unsatisfied trait bound introduced in this `derive` macro
[INFO] [stdout] 50  | pub struct Tree<B: Backend> {
[INFO] [stdout]     |            ^^^^^^^^^^^^^^^^
[INFO] [stdout] note: required by a bound in `Reader::<T>::deserialize`
[INFO] [stdout]    --> /opt/rustwide/cargo-home/registry/src/index.crates.io-6f17d22bba15001f/nuts-bytes-0.1.1/src/reader.rs:71:27
[INFO] [stdout]     |
[INFO] [stdout] 71  |     pub fn deserialize<D: Deserialize<'tb>>(&mut self) -> Result<D> {
[INFO] [stdout]     |                           ^^^^^^^^^^^^^^^^ required by this bound in `Reader::<T>::deserialize`
[INFO] [stdout]     = note: this error originates in the derive macro `Deserialize` (in Nightly builds, run with -Z macro-backtrace for more info)
[INFO] [stdout] help: consider further restricting the associated type
[INFO] [stdout]     |
[INFO] [stdout] 358 |     pub fn open(container: Container<B>) -> ArchiveResult<Archive<B>, B> where <B as nuts_container::backend::Backend>::Id: Deserialize<'_> {
[INFO] [stdout]     |                                                                          ++++++++++++++++++++++++++++++++++++++++++++++++++++++++++++++++++
[INFO] [stdout] 
[INFO] [stdout] 
[INFO] [stdout] error: aborting due to 7 previous errors
[INFO] [stdout] 
[INFO] [stdout] 
[INFO] [stdout] For more information about this error, try `rustc --explain E0277`.
[INFO] [stdout] 
[INFO] [stderr] error: could not compile `nuts-archive` (lib) due to 8 previous errors
[INFO] running `Command { std: "docker" "inspect" "285f6b80764ffd593c34eb3e9f1e334e5a51b32260cf4b4af7b77d6c8cd0e71c", kill_on_drop: false }`
[INFO] running `Command { std: "docker" "rm" "-f" "285f6b80764ffd593c34eb3e9f1e334e5a51b32260cf4b4af7b77d6c8cd0e71c", kill_on_drop: false }`
[INFO] [stdout] 285f6b80764ffd593c34eb3e9f1e334e5a51b32260cf4b4af7b77d6c8cd0e71c
[INFO] testing nuts-archive-0.2.3 against beta-2023-12-22 for beta-1.76-1
[INFO] extracting crate nuts-archive 0.2.3 into /workspace/builds/worker-5-tc2/source
[INFO] validating manifest of crates.io crate nuts-archive 0.2.3 on toolchain beta-2023-12-22
[INFO] running `Command { std: CARGO_HOME="/workspace/cargo-home" RUSTUP_HOME="/workspace/rustup-home" "/workspace/cargo-home/bin/cargo" "+beta-2023-12-22" "metadata" "--manifest-path" "Cargo.toml" "--no-deps", kill_on_drop: false }`
[INFO] started tweaking crates.io crate nuts-archive 0.2.3
[INFO] finished tweaking crates.io crate nuts-archive 0.2.3
[INFO] tweaked toml for crates.io crate nuts-archive 0.2.3 written to /workspace/builds/worker-5-tc2/source/Cargo.toml
[INFO] running `Command { std: CARGO_HOME="/workspace/cargo-home" RUSTUP_HOME="/workspace/rustup-home" "/workspace/cargo-home/bin/cargo" "+beta-2023-12-22" "generate-lockfile" "--manifest-path" "Cargo.toml", kill_on_drop: false }`
[INFO] [stderr]     Updating crates.io index
[INFO] running `Command { std: CARGO_HOME="/workspace/cargo-home" RUSTUP_HOME="/workspace/rustup-home" "/workspace/cargo-home/bin/cargo" "+beta-2023-12-22" "fetch" "--manifest-path" "Cargo.toml", kill_on_drop: false }`
[INFO] [stderr]     Blocking waiting for file lock on package cache
[INFO] running `Command { std: "docker" "create" "-v" "/var/lib/crater-agent-workspace/builds/worker-5-tc2/target:/opt/rustwide/target:rw,Z" "-v" "/var/lib/crater-agent-workspace/builds/worker-5-tc2/source:/opt/rustwide/workdir:ro,Z" "-v" "/var/lib/crater-agent-workspace/cargo-home:/opt/rustwide/cargo-home:ro,Z" "-v" "/var/lib/crater-agent-workspace/rustup-home:/opt/rustwide/rustup-home:ro,Z" "-e" "SOURCE_DIR=/opt/rustwide/workdir" "-e" "CARGO_TARGET_DIR=/opt/rustwide/target" "-e" "CARGO_HOME=/opt/rustwide/cargo-home" "-e" "RUSTUP_HOME=/opt/rustwide/rustup-home" "-w" "/opt/rustwide/workdir" "-m" "1610612736" "--user" "0:0" "--network" "none" "ghcr.io/rust-lang/crates-build-env/linux@sha256:2788e3201cd34a07e3172128adcd8b3090168a8e3bcc40d7c032b9dda1df7d1c" "/opt/rustwide/cargo-home/bin/cargo" "+beta-2023-12-22" "metadata" "--no-deps" "--format-version=1", kill_on_drop: false }`
[INFO] [stdout] a227de435bc77cbb70733b195e5fb696110c0fa164560648c13ede27d36965e1
[INFO] running `Command { std: "docker" "start" "-a" "a227de435bc77cbb70733b195e5fb696110c0fa164560648c13ede27d36965e1", kill_on_drop: false }`
[INFO] running `Command { std: "docker" "inspect" "a227de435bc77cbb70733b195e5fb696110c0fa164560648c13ede27d36965e1", kill_on_drop: false }`
[INFO] running `Command { std: "docker" "rm" "-f" "a227de435bc77cbb70733b195e5fb696110c0fa164560648c13ede27d36965e1", kill_on_drop: false }`
[INFO] [stdout] a227de435bc77cbb70733b195e5fb696110c0fa164560648c13ede27d36965e1
[INFO] running `Command { std: "docker" "create" "-v" "/var/lib/crater-agent-workspace/builds/worker-5-tc2/target:/opt/rustwide/target:rw,Z" "-v" "/var/lib/crater-agent-workspace/builds/worker-5-tc2/source:/opt/rustwide/workdir:ro,Z" "-v" "/var/lib/crater-agent-workspace/cargo-home:/opt/rustwide/cargo-home:ro,Z" "-v" "/var/lib/crater-agent-workspace/rustup-home:/opt/rustwide/rustup-home:ro,Z" "-e" "SOURCE_DIR=/opt/rustwide/workdir" "-e" "CARGO_TARGET_DIR=/opt/rustwide/target" "-e" "CARGO_INCREMENTAL=0" "-e" "RUST_BACKTRACE=full" "-e" "RUSTFLAGS=--cap-lints=warn" "-e" "RUSTDOCFLAGS=--cap-lints=warn" "-e" "CARGO_HOME=/opt/rustwide/cargo-home" "-e" "RUSTUP_HOME=/opt/rustwide/rustup-home" "-w" "/opt/rustwide/workdir" "-m" "1610612736" "--user" "0:0" "--network" "none" "ghcr.io/rust-lang/crates-build-env/linux@sha256:2788e3201cd34a07e3172128adcd8b3090168a8e3bcc40d7c032b9dda1df7d1c" "/opt/rustwide/cargo-home/bin/cargo" "+beta-2023-12-22" "build" "--frozen" "--message-format=json", kill_on_drop: false }`
[INFO] [stdout] 22c25657aa1cfec480c4b27d031c62f277af91697d9c0365872d29830a79556f
[INFO] running `Command { std: "docker" "start" "-a" "22c25657aa1cfec480c4b27d031c62f277af91697d9c0365872d29830a79556f", kill_on_drop: false }`
[INFO] [stderr]    Compiling serde v1.0.194
[INFO] [stderr]    Compiling iana-time-zone v0.1.59
[INFO] [stderr]    Compiling num-traits v0.2.17
[INFO] [stderr]    Compiling syn v2.0.48
[INFO] [stderr]    Compiling cc v1.0.83
[INFO] [stderr]    Compiling openssl-sys v0.9.98
[INFO] [stderr]    Compiling openssl v0.10.62
[INFO] [stderr]    Compiling thiserror-impl v1.0.56
[INFO] [stderr]    Compiling serde_derive v1.0.194
[INFO] [stderr]    Compiling openssl-macros v0.1.1
[INFO] [stderr]    Compiling nuts-bytes-derive v0.2.2
[INFO] [stderr]    Compiling thiserror v1.0.56
[INFO] [stderr]    Compiling nuts-bytes v0.2.2
[INFO] [stderr]    Compiling nuts-container v0.2.2
[INFO] [stderr]    Compiling nuts-bytes v0.1.1
[INFO] [stderr]    Compiling chrono v0.4.31
[INFO] [stderr]    Compiling nuts-archive v0.2.3 (/opt/rustwide/workdir)
[INFO] [stdout] error[E0277]: `B` doesn't implement `std::fmt::Debug`
[INFO] [stdout]    --> src/error.rs:100:74
[INFO] [stdout]     |
[INFO] [stdout] 100 |             Self::Container(cause) => fmt.debug_tuple("Container").field(cause).finish(),
[INFO] [stdout]     |                                                                          ^^^^^ `B` cannot be formatted using `{:?}` because it doesn't implement `std::fmt::Debug`
[INFO] [stdout]     |
[INFO] [stdout]     = note: required for `nuts_container::container::Error<B>` to implement `std::fmt::Debug`
[INFO] [stdout]     = note: required for the cast from `&nuts_container::container::Error<B>` to `&dyn std::fmt::Debug`
[INFO] [stdout] help: consider further restricting this bound
[INFO] [stdout]     |
[INFO] [stdout] 96  | impl<B: Backend + std::fmt::Debug> fmt::Debug for Error<B> {
[INFO] [stdout]     |                 +++++++++++++++++
[INFO] [stdout] 
[INFO] [stdout] 
[INFO] [stdout] error[E0277]: the trait bound `<B as nuts_container::backend::Backend>::Id: Deserialize<'_>` is not satisfied
[INFO] [stdout]   --> src/tree/node.rs:60:46
[INFO] [stdout]    |
[INFO] [stdout] 60 |             self.0.push(reader.deserialize::<B::Id>()?);
[INFO] [stdout]    |                                -----------   ^^^^^ the trait `Deserialize<'_>` is not implemented for `<B as nuts_container::backend::Backend>::Id`
[INFO] [stdout]    |                                |
[INFO] [stdout]    |                                required by a bound introduced by this call
[INFO] [stdout]    |
[INFO] [stdout] note: required by a bound in `Reader::<T>::deserialize`
[INFO] [stdout]   --> /opt/rustwide/cargo-home/registry/src/index.crates.io-6f17d22bba15001f/nuts-bytes-0.1.1/src/reader.rs:71:27
[INFO] [stdout]    |
[INFO] [stdout] 71 |     pub fn deserialize<D: Deserialize<'tb>>(&mut self) -> Result<D> {
[INFO] [stdout]    |                           ^^^^^^^^^^^^^^^^ required by this bound in `Reader::<T>::deserialize`
[INFO] [stdout] help: consider further restricting the associated type
[INFO] [stdout]    |
[INFO] [stdout] 53 |     pub fn fill(&mut self, pager: &mut Pager<B>, id: &B::Id) -> ArchiveResult<(), B> where <B as nuts_container::backend::Backend>::Id: Deserialize<'_> {
[INFO] [stdout]    |                                                                                      ++++++++++++++++++++++++++++++++++++++++++++++++++++++++++++++++++
[INFO] [stdout] 
[INFO] [stdout] 
[INFO] [stdout] error[E0277]: the trait bound `<B as nuts_container::backend::Backend>::Id: Serialize` is not satisfied
[INFO] [stdout]   --> src/tree/node.rs:91:30
[INFO] [stdout]    |
[INFO] [stdout] 91 |             writer.serialize(id)?;
[INFO] [stdout]    |                    --------- ^^ the trait `Serialize` is not implemented for `<B as nuts_container::backend::Backend>::Id`
[INFO] [stdout]    |                    |
[INFO] [stdout]    |                    required by a bound introduced by this call
[INFO] [stdout]    |
[INFO] [stdout] note: required by a bound in `Writer::<T>::serialize`
[INFO] [stdout]   --> /opt/rustwide/cargo-home/registry/src/index.crates.io-6f17d22bba15001f/nuts-bytes-0.1.1/src/writer.rs:69:25
[INFO] [stdout]    |
[INFO] [stdout] 69 |     pub fn serialize<S: Serialize>(&mut self, s: &S) -> Result<usize> {
[INFO] [stdout]    |                         ^^^^^^^^^ required by this bound in `Writer::<T>::serialize`
[INFO] [stdout] help: consider further restricting the associated type
[INFO] [stdout]    |
[INFO] [stdout] 66 |     pub fn flush(&self, pager: &mut Pager<B>, id: &B::Id) -> ArchiveResult<(), B> where <B as nuts_container::backend::Backend>::Id: Serialize {
[INFO] [stdout]    |                                                                                   ++++++++++++++++++++++++++++++++++++++++++++++++++++++++++++
[INFO] [stdout] 
[INFO] [stdout] 
[INFO] [stdout] error[E0277]: the trait bound `<B as nuts_container::backend::Backend>::Id: Serialize` is not satisfied
[INFO] [stdout]   --> src/userdata.rs:62:26
[INFO] [stdout]    |
[INFO] [stdout] 62 |         writer.serialize(&userdata)?;
[INFO] [stdout]    |                --------- ^^^^^^^^^ the trait `Serialize` is not implemented for `<B as nuts_container::backend::Backend>::Id`
[INFO] [stdout]    |                |
[INFO] [stdout]    |                required by a bound introduced by this call
[INFO] [stdout]    |
[INFO] [stdout] note: required for `Userdata<B>` to implement `Serialize`
[INFO] [stdout]   --> src/userdata.rs:38:23
[INFO] [stdout]    |
[INFO] [stdout] 38 | #[derive(Deserialize, Serialize)]
[INFO] [stdout]    |                       ^^^^^^^^^ unsatisfied trait bound introduced in this `derive` macro
[INFO] [stdout] 39 | pub struct Userdata<B: Backend> {
[INFO] [stdout]    |            ^^^^^^^^^^^^^^^^^^^^
[INFO] [stdout] note: required by a bound in `Writer::<T>::serialize`
[INFO] [stdout]   --> /opt/rustwide/cargo-home/registry/src/index.crates.io-6f17d22bba15001f/nuts-bytes-0.1.1/src/writer.rs:69:25
[INFO] [stdout]    |
[INFO] [stdout] 69 |     pub fn serialize<S: Serialize>(&mut self, s: &S) -> Result<usize> {
[INFO] [stdout]    |                         ^^^^^^^^^ required by this bound in `Writer::<T>::serialize`
[INFO] [stdout]    = note: this error originates in the derive macro `Serialize` (in Nightly builds, run with -Z macro-backtrace for more info)
[INFO] [stdout] help: consider further restricting the associated type
[INFO] [stdout]    |
[INFO] [stdout] 52 |     pub fn create(container: &mut Container<B>, force: bool) -> ArchiveResult<Userdata<B>, B> where <B as nuts_container::backend::Backend>::Id: Serialize {
[INFO] [stdout]    |                                                                                               ++++++++++++++++++++++++++++++++++++++++++++++++++++++++++++
[INFO] [stdout] 
[INFO] [stdout] 
[INFO] [stdout] error[E0277]: the trait bound `<B as nuts_container::backend::Backend>::Id: Deserialize<'_>` is not satisfied
[INFO] [stdout]   --> src/userdata.rs:76:45
[INFO] [stdout]    |
[INFO] [stdout] 76 |         let userdata = reader.deserialize::<Userdata<B>>()?;
[INFO] [stdout]    |                               -----------   ^^^^^^^^^^^ the trait `Deserialize<'_>` is not implemented for `<B as nuts_container::backend::Backend>::Id`
[INFO] [stdout]    |                               |
[INFO] [stdout]    |                               required by a bound introduced by this call
[INFO] [stdout]    |
[INFO] [stdout] note: required for `Userdata<B>` to implement `Deserialize<'_>`
[INFO] [stdout]   --> src/userdata.rs:38:10
[INFO] [stdout]    |
[INFO] [stdout] 38 | #[derive(Deserialize, Serialize)]
[INFO] [stdout]    |          ^^^^^^^^^^^ unsatisfied trait bound introduced in this `derive` macro
[INFO] [stdout] 39 | pub struct Userdata<B: Backend> {
[INFO] [stdout]    |            ^^^^^^^^^^^^^^^^^^^^
[INFO] [stdout] note: required by a bound in `Reader::<T>::deserialize`
[INFO] [stdout]   --> /opt/rustwide/cargo-home/registry/src/index.crates.io-6f17d22bba15001f/nuts-bytes-0.1.1/src/reader.rs:71:27
[INFO] [stdout]    |
[INFO] [stdout] 71 |     pub fn deserialize<D: Deserialize<'tb>>(&mut self) -> Result<D> {
[INFO] [stdout]    |                           ^^^^^^^^^^^^^^^^ required by this bound in `Reader::<T>::deserialize`
[INFO] [stdout]    = note: this error originates in the derive macro `Deserialize` (in Nightly builds, run with -Z macro-backtrace for more info)
[INFO] [stdout] help: consider further restricting the associated type
[INFO] [stdout]    |
[INFO] [stdout] 70 |     pub fn load(container: &mut Container<B>) -> ArchiveResult<Userdata<B>, B> where <B as nuts_container::backend::Backend>::Id: Deserialize<'_> {
[INFO] [stdout]    |                                                                                ++++++++++++++++++++++++++++++++++++++++++++++++++++++++++++++++++
[INFO] [stdout] 
[INFO] [stdout] 
[INFO] [stdout] error[E0277]: the trait bound `<B as nuts_container::backend::Backend>::Id: Serialize` is not satisfied
[INFO] [stdout]    --> src/lib.rs:258:27
[INFO] [stdout]     |
[INFO] [stdout] 258 |     n += writer.serialize(tree)?;
[INFO] [stdout]     |                 --------- ^^^^ the trait `Serialize` is not implemented for `<B as nuts_container::backend::Backend>::Id`
[INFO] [stdout]     |                 |
[INFO] [stdout]     |                 required by a bound introduced by this call
[INFO] [stdout]     |
[INFO] [stdout] note: required for `Tree<B>` to implement `Serialize`
[INFO] [stdout]    --> src/tree.rs:49:30
[INFO] [stdout]     |
[INFO] [stdout] 49  | #[derive(Debug, Deserialize, Serialize)]
[INFO] [stdout]     |                              ^^^^^^^^^ unsatisfied trait bound introduced in this `derive` macro
[INFO] [stdout] 50  | pub struct Tree<B: Backend> {
[INFO] [stdout]     |            ^^^^^^^^^^^^^^^^
[INFO] [stdout] note: required by a bound in `Writer::<T>::serialize`
[INFO] [stdout]    --> /opt/rustwide/cargo-home/registry/src/index.crates.io-6f17d22bba15001f/nuts-bytes-0.1.1/src/writer.rs:69:25
[INFO] [stdout]     |
[INFO] [stdout] 69  |     pub fn serialize<S: Serialize>(&mut self, s: &S) -> Result<usize> {
[INFO] [stdout]     |                         ^^^^^^^^^ required by this bound in `Writer::<T>::serialize`
[INFO] [stdout]     = note: this error originates in the derive macro `Serialize` (in Nightly builds, run with -Z macro-backtrace for more info)
[INFO] [stdout] help: consider further restricting the associated type
[INFO] [stdout]     |
[INFO] [stdout] 253 | ) -> ArchiveResult<(), B> where <B as nuts_container::backend::Backend>::Id: Serialize {
[INFO] [stdout]     |                           ++++++++++++++++++++++++++++++++++++++++++++++++++++++++++++
[INFO] [stdout] 
[INFO] [stdout] 
[INFO] [stdout] error[E0277]: the trait bound `<B as nuts_container::backend::Backend>::Id: Deserialize<'_>` is not satisfied
[INFO] [stdout]    --> src/lib.rs:369:41
[INFO] [stdout]     |
[INFO] [stdout] 369 |         let tree = reader.deserialize::<Tree<B>>()?;
[INFO] [stdout]     |                           -----------   ^^^^^^^ the trait `Deserialize<'_>` is not implemented for `<B as nuts_container::backend::Backend>::Id`
[INFO] [stdout]     |                           |
[INFO] [stdout]     |                           required by a bound introduced by this call
[INFO] [stdout]     |
[INFO] [stdout] note: required for `Tree<B>` to implement `Deserialize<'_>`
[INFO] [stdout]    --> src/tree.rs:49:17
[INFO] [stdout]     |
[INFO] [stdout] 49  | #[derive(Debug, Deserialize, Serialize)]
[INFO] [stdout]     |                 ^^^^^^^^^^^ unsatisfied trait bound introduced in this `derive` macro
[INFO] [stdout] 50  | pub struct Tree<B: Backend> {
[INFO] [stdout]     |            ^^^^^^^^^^^^^^^^
[INFO] [stdout] note: required by a bound in `Reader::<T>::deserialize`
[INFO] [stdout]    --> /opt/rustwide/cargo-home/registry/src/index.crates.io-6f17d22bba15001f/nuts-bytes-0.1.1/src/reader.rs:71:27
[INFO] [stdout]     |
[INFO] [stdout] 71  |     pub fn deserialize<D: Deserialize<'tb>>(&mut self) -> Result<D> {
[INFO] [stdout]     |                           ^^^^^^^^^^^^^^^^ required by this bound in `Reader::<T>::deserialize`
[INFO] [stdout]     = note: this error originates in the derive macro `Deserialize` (in Nightly builds, run with -Z macro-backtrace for more info)
[INFO] [stdout] help: consider further restricting the associated type
[INFO] [stdout]     |
[INFO] [stdout] 358 |     pub fn open(container: Container<B>) -> ArchiveResult<Archive<B>, B> where <B as nuts_container::backend::Backend>::Id: Deserialize<'_> {
[INFO] [stdout]     |                                                                          ++++++++++++++++++++++++++++++++++++++++++++++++++++++++++++++++++
[INFO] [stdout] 
[INFO] [stdout] 
[INFO] [stdout] error: aborting due to 7 previous errors
[INFO] [stdout] 
[INFO] [stdout] 
[INFO] [stdout] For more information about this error, try `rustc --explain E0277`.
[INFO] [stdout] 
[INFO] [stderr] error: could not compile `nuts-archive` (lib) due to 8 previous errors
[INFO] [stderr] warning: build failed, waiting for other jobs to finish...
[INFO] running `Command { std: "docker" "inspect" "22c25657aa1cfec480c4b27d031c62f277af91697d9c0365872d29830a79556f", kill_on_drop: false }`
[INFO] running `Command { std: "docker" "rm" "-f" "22c25657aa1cfec480c4b27d031c62f277af91697d9c0365872d29830a79556f", kill_on_drop: false }`
[INFO] [stdout] 22c25657aa1cfec480c4b27d031c62f277af91697d9c0365872d29830a79556f
