[INFO] fetching crate nucleo-h7xx 0.2.1...
[INFO] testing nucleo-h7xx-0.2.1 against 1.75.0 for beta-1.76-1
[INFO] extracting crate nucleo-h7xx 0.2.1 into /workspace/builds/worker-5-tc1/source
[INFO] validating manifest of crates.io crate nucleo-h7xx 0.2.1 on toolchain 1.75.0
[INFO] running `Command { std: CARGO_HOME="/workspace/cargo-home" RUSTUP_HOME="/workspace/rustup-home" "/workspace/cargo-home/bin/cargo" "+1.75.0" "metadata" "--manifest-path" "Cargo.toml" "--no-deps", kill_on_drop: false }`
[INFO] removed /workspace/builds/worker-5-tc1/source/.cargo/config.toml
[INFO] started tweaking crates.io crate nucleo-h7xx 0.2.1
[INFO] removed 0 missing examples
[INFO] finished tweaking crates.io crate nucleo-h7xx 0.2.1
[INFO] tweaked toml for crates.io crate nucleo-h7xx 0.2.1 written to /workspace/builds/worker-5-tc1/source/Cargo.toml
[INFO] crate crates.io crate nucleo-h7xx 0.2.1 already has a lockfile, it will not be regenerated
[INFO] running `Command { std: CARGO_HOME="/workspace/cargo-home" RUSTUP_HOME="/workspace/rustup-home" "/workspace/cargo-home/bin/cargo" "+1.75.0" "fetch" "--manifest-path" "Cargo.toml", kill_on_drop: false }`
[INFO] [stderr]     Blocking waiting for file lock on package cache
[INFO] [stderr]     Updating crates.io index
[INFO] [stderr]  Downloading crates ...
[INFO] [stderr]   Downloaded panic-itm v0.4.2
[INFO] [stderr]   Downloaded panic-rtt-target v0.1.2
[INFO] [stderr]   Downloaded atomic-polyfill v0.1.10
[INFO] [stderr]   Downloaded managed v0.8.0
[INFO] [stderr]   Downloaded panic-semihosting v0.6.0
[INFO] [stderr]   Downloaded cortex-m-log v0.7.0
[INFO] [stderr]   Downloaded cortex-m v0.7.6
[INFO] [stderr]   Downloaded rtt-target v0.3.1
[INFO] [stderr]   Downloaded cortex-m-semihosting v0.5.0
[INFO] [stderr]   Downloaded cortex-m-semihosting v0.3.7
[INFO] [stderr]   Downloaded smoltcp v0.8.1
[INFO] [stderr]   Downloaded embedded-timeout-macros v0.3.0
[INFO] [stderr]   Downloaded stm32h7xx-hal v0.13.0
[INFO] running `Command { std: "docker" "create" "-v" "/var/lib/crater-agent-workspace/builds/worker-5-tc1/target:/opt/rustwide/target:rw,Z" "-v" "/var/lib/crater-agent-workspace/builds/worker-5-tc1/source:/opt/rustwide/workdir:ro,Z" "-v" "/var/lib/crater-agent-workspace/cargo-home:/opt/rustwide/cargo-home:ro,Z" "-v" "/var/lib/crater-agent-workspace/rustup-home:/opt/rustwide/rustup-home:ro,Z" "-e" "SOURCE_DIR=/opt/rustwide/workdir" "-e" "CARGO_TARGET_DIR=/opt/rustwide/target" "-e" "CARGO_HOME=/opt/rustwide/cargo-home" "-e" "RUSTUP_HOME=/opt/rustwide/rustup-home" "-w" "/opt/rustwide/workdir" "-m" "1610612736" "--user" "0:0" "--network" "none" "ghcr.io/rust-lang/crates-build-env/linux@sha256:2788e3201cd34a07e3172128adcd8b3090168a8e3bcc40d7c032b9dda1df7d1c" "/opt/rustwide/cargo-home/bin/cargo" "+1.75.0" "metadata" "--no-deps" "--format-version=1", kill_on_drop: false }`
[INFO] [stdout] ecc6b172d029e7cd59892dde8ce8cc4ba3332f391bc0efcbfc98645a9bb3fe14
[INFO] running `Command { std: "docker" "start" "-a" "ecc6b172d029e7cd59892dde8ce8cc4ba3332f391bc0efcbfc98645a9bb3fe14", kill_on_drop: false }`
[INFO] running `Command { std: "docker" "inspect" "ecc6b172d029e7cd59892dde8ce8cc4ba3332f391bc0efcbfc98645a9bb3fe14", kill_on_drop: false }`
[INFO] running `Command { std: "docker" "rm" "-f" "ecc6b172d029e7cd59892dde8ce8cc4ba3332f391bc0efcbfc98645a9bb3fe14", kill_on_drop: false }`
[INFO] [stdout] ecc6b172d029e7cd59892dde8ce8cc4ba3332f391bc0efcbfc98645a9bb3fe14
[INFO] running `Command { std: "docker" "create" "-v" "/var/lib/crater-agent-workspace/builds/worker-5-tc1/target:/opt/rustwide/target:rw,Z" "-v" "/var/lib/crater-agent-workspace/builds/worker-5-tc1/source:/opt/rustwide/workdir:ro,Z" "-v" "/var/lib/crater-agent-workspace/cargo-home:/opt/rustwide/cargo-home:ro,Z" "-v" "/var/lib/crater-agent-workspace/rustup-home:/opt/rustwide/rustup-home:ro,Z" "-e" "SOURCE_DIR=/opt/rustwide/workdir" "-e" "CARGO_TARGET_DIR=/opt/rustwide/target" "-e" "CARGO_INCREMENTAL=0" "-e" "RUST_BACKTRACE=full" "-e" "RUSTFLAGS=--cap-lints=warn" "-e" "RUSTDOCFLAGS=--cap-lints=warn" "-e" "CARGO_HOME=/opt/rustwide/cargo-home" "-e" "RUSTUP_HOME=/opt/rustwide/rustup-home" "-w" "/opt/rustwide/workdir" "-m" "1610612736" "--user" "0:0" "--network" "none" "ghcr.io/rust-lang/crates-build-env/linux@sha256:2788e3201cd34a07e3172128adcd8b3090168a8e3bcc40d7c032b9dda1df7d1c" "/opt/rustwide/cargo-home/bin/cargo" "+1.75.0" "build" "--frozen" "--message-format=json", kill_on_drop: false }`
[INFO] [stdout] fcf6f3ccaa49695dd4ef3710c08154968da2262e58af9b5344da4970b9557d63
[INFO] running `Command { std: "docker" "start" "-a" "fcf6f3ccaa49695dd4ef3710c08154968da2262e58af9b5344da4970b9557d63", kill_on_drop: false }`
[INFO] [stderr]    Compiling semver-parser v0.7.0
[INFO] [stderr]    Compiling proc-macro2 v1.0.40
[INFO] [stderr]    Compiling unicode-ident v1.0.1
[INFO] [stderr]    Compiling quote v1.0.20
[INFO] [stderr]    Compiling cortex-m v0.7.6
[INFO] [stderr]    Compiling semver v1.0.14
[INFO] [stderr]    Compiling nb v1.0.0
[INFO] [stderr]    Compiling syn v1.0.98
[INFO] [stderr]    Compiling cortex-m-rt v0.7.1
[INFO] [stderr]    Compiling void v1.0.2
[INFO] [stderr]    Compiling vcell v0.1.3
[INFO] [stderr]    Compiling bitfield v0.13.2
[INFO] [stderr]    Compiling stable_deref_trait v1.2.0
[INFO] [stderr]    Compiling stm32h7 v0.15.1
[INFO] [stderr]    Compiling scopeguard v1.1.0
[INFO] [stderr]    Compiling lock_api v0.4.9
[INFO] [stderr]    Compiling nb v0.1.3
[INFO] [stderr]    Compiling paste v1.0.7
[INFO] [stderr]    Compiling volatile-register v0.2.1
[INFO] [stderr]    Compiling semver v0.9.0
[INFO] [stderr]    Compiling embedded-hal v0.2.7
[INFO] [stderr]    Compiling byteorder v1.4.3
[INFO] [stderr]    Compiling bare-metal v1.0.0
[INFO] [stderr]    Compiling embedded-dma v0.2.0
[INFO] [stderr]    Compiling nucleo-h7xx v0.2.1 (/opt/rustwide/workdir)
[INFO] [stderr]    Compiling rustc_version v0.2.3
[INFO] [stderr]    Compiling hash32 v0.2.1
[INFO] [stderr]    Compiling embedded-timeout-macros v0.3.0
[INFO] [stderr]    Compiling bare-metal v0.2.5
[INFO] [stderr]    Compiling rustc_version v0.4.0
[INFO] [stderr]    Compiling spin v0.9.4
[INFO] [stderr]    Compiling gcd v2.1.0
[INFO] [stderr]    Compiling fugit v0.3.6
[INFO] [stderr]    Compiling heapless v0.7.16
[INFO] [stderr]    Compiling cortex-m-rt-macros v0.7.0
[INFO] [stderr]    Compiling stm32h7xx-hal v0.13.0
[INFO] [stderr]     Finished dev [unoptimized + debuginfo] target(s) in 33.47s
[INFO] running `Command { std: "docker" "inspect" "fcf6f3ccaa49695dd4ef3710c08154968da2262e58af9b5344da4970b9557d63", kill_on_drop: false }`
[INFO] running `Command { std: "docker" "rm" "-f" "fcf6f3ccaa49695dd4ef3710c08154968da2262e58af9b5344da4970b9557d63", kill_on_drop: false }`
[INFO] [stdout] fcf6f3ccaa49695dd4ef3710c08154968da2262e58af9b5344da4970b9557d63
[INFO] running `Command { std: "docker" "create" "-v" "/var/lib/crater-agent-workspace/builds/worker-5-tc1/target:/opt/rustwide/target:rw,Z" "-v" "/var/lib/crater-agent-workspace/builds/worker-5-tc1/source:/opt/rustwide/workdir:ro,Z" "-v" "/var/lib/crater-agent-workspace/cargo-home:/opt/rustwide/cargo-home:ro,Z" "-v" "/var/lib/crater-agent-workspace/rustup-home:/opt/rustwide/rustup-home:ro,Z" "-e" "SOURCE_DIR=/opt/rustwide/workdir" "-e" "CARGO_TARGET_DIR=/opt/rustwide/target" "-e" "CARGO_INCREMENTAL=0" "-e" "RUST_BACKTRACE=full" "-e" "RUSTFLAGS=--cap-lints=warn" "-e" "RUSTDOCFLAGS=--cap-lints=warn" "-e" "CARGO_HOME=/opt/rustwide/cargo-home" "-e" "RUSTUP_HOME=/opt/rustwide/rustup-home" "-w" "/opt/rustwide/workdir" "-m" "1610612736" "--user" "0:0" "--network" "none" "ghcr.io/rust-lang/crates-build-env/linux@sha256:2788e3201cd34a07e3172128adcd8b3090168a8e3bcc40d7c032b9dda1df7d1c" "/opt/rustwide/cargo-home/bin/cargo" "+1.75.0" "test" "--frozen" "--no-run" "--message-format=json", kill_on_drop: false }`
[INFO] [stdout] 3ecef2414dfc52e381df437c100036ae90cddf296bca3ad25f3592c986f88006
[INFO] running `Command { std: "docker" "start" "-a" "3ecef2414dfc52e381df437c100036ae90cddf296bca3ad25f3592c986f88006", kill_on_drop: false }`
[INFO] [stderr]    Compiling cortex-m-semihosting v0.3.7
[INFO] [stderr]    Compiling cortex-m-semihosting v0.5.0
[INFO] [stderr]    Compiling ufmt-write v0.1.0
[INFO] [stderr]    Compiling log v0.4.17
[INFO] [stderr]    Compiling cortex-m-log v0.7.0
[INFO] [stderr]    Compiling spin v0.5.2
[INFO] [stderr]    Compiling panic-halt v0.2.0
[INFO] [stderr]    Compiling panic-itm v0.4.2
[INFO] [stderr]    Compiling rtt-target v0.3.1
[INFO] [stderr]    Compiling lazy_static v1.4.0
[INFO] [stderr]    Compiling panic-rtt-target v0.1.2
[INFO] [stderr]    Compiling panic-semihosting v0.6.0
[INFO] [stderr]    Compiling nucleo-h7xx v0.2.1 (/opt/rustwide/workdir)
[INFO] [stdout] error: linking with `cc` failed: exit status: 1
[INFO] [stdout]   |
[INFO] [stdout]   = note: LC_ALL="C" PATH="/opt/rustwide/rustup-home/toolchains/1.75.0-x86_64-unknown-linux-gnu/lib/rustlib/x86_64-unknown-linux-gnu/bin:/opt/rustwide/cargo-home/bin:/usr/local/sbin:/usr/local/bin:/usr/sbin:/usr/bin:/sbin:/bin" VSLANG="1033" "cc" "-m64" "/tmp/rustcqBV2Nl/symbols.o" "/opt/rustwide/target/debug/examples/blinky_pac-164ae8d4c4aedd22.blinky_pac.11f2aa65eddf915b-cgu.0.rcgu.o" "/opt/rustwide/target/debug/examples/blinky_pac-164ae8d4c4aedd22.1li46ipvxl6k4vlq.rcgu.o" "-Wl,--as-needed" "-L" "/opt/rustwide/target/debug/deps" "-L" "/opt/rustwide/target/debug/build/nucleo-h7xx-b761900f8278aacf/out" "-L" "/opt/rustwide/target/debug/build/cortex-m-rt-45a1a30c444f8c1a/out" "-L" "/opt/rustwide/target/debug/build/stm32h7-0179b0dd45ed6dc1/out" "-L" "/opt/rustwide/rustup-home/toolchains/1.75.0-x86_64-unknown-linux-gnu/lib/rustlib/x86_64-unknown-linux-gnu/lib" "-Wl,-Bstatic" "/opt/rustwide/target/debug/deps/libnucleo_h7xx-f6ed8dd8dec52565.rlib" "/opt/rustwide/target/debug/deps/libstm32h7xx_hal-c395df782162dd30.rlib" "/opt/rustwide/target/debug/deps/libembedded_dma-c4851cac402f3c87.rlib" "/opt/rustwide/target/debug/deps/libstable_deref_trait-f3a48c9d790733a6.rlib" "/opt/rustwide/target/debug/deps/libfugit-1e3286fe1816914a.rlib" "/opt/rustwide/target/debug/deps/libgcd-fc6bb69dc59c2f13.rlib" "/opt/rustwide/target/debug/deps/libcast-a81607c6c1d51bae.rlib" "/opt/rustwide/target/debug/deps/libstm32h7-65ed379d0e71a2ce.rlib" "/opt/rustwide/target/debug/deps/libcortex_m-8e347cee9b7f9f6a.rlib" "/opt/rustwide/target/debug/deps/libvolatile_register-d5983fd1c59a2dfe.rlib" "/opt/rustwide/target/debug/deps/libvcell-221320b7da29b4bb.rlib" "/opt/rustwide/target/debug/deps/libbare_metal-8289c7f9c3433e36.rlib" "/opt/rustwide/target/debug/deps/libembedded_hal-ab7e8f47c0533e0b.rlib" "/opt/rustwide/target/debug/deps/libvoid-b9e961a2e1cd8fb3.rlib" "/opt/rustwide/target/debug/deps/libnb-576ef4c6ac3f4dd8.rlib" "/opt/rustwide/target/debug/deps/libnb-2b0afb272169fd3c.rlib" "/opt/rustwide/target/debug/deps/libpanic_semihosting-485d0d76ff21d14a.rlib" "/opt/rustwide/rustup-home/toolchains/1.75.0-x86_64-unknown-linux-gnu/lib/rustlib/x86_64-unknown-linux-gnu/lib/libstd-90f6ddbf82de36ec.rlib" "/opt/rustwide/rustup-home/toolchains/1.75.0-x86_64-unknown-linux-gnu/lib/rustlib/x86_64-unknown-linux-gnu/lib/libpanic_unwind-480c41e9d4e1f677.rlib" "/opt/rustwide/rustup-home/toolchains/1.75.0-x86_64-unknown-linux-gnu/lib/rustlib/x86_64-unknown-linux-gnu/lib/libobject-db744c0ca03eed1d.rlib" "/opt/rustwide/rustup-home/toolchains/1.75.0-x86_64-unknown-linux-gnu/lib/rustlib/x86_64-unknown-linux-gnu/lib/libmemchr-8ba652dc7d4b285a.rlib" "/opt/rustwide/rustup-home/toolchains/1.75.0-x86_64-unknown-linux-gnu/lib/rustlib/x86_64-unknown-linux-gnu/lib/libaddr2line-d5f4520a9ebc0d58.rlib" "/opt/rustwide/rustup-home/toolchains/1.75.0-x86_64-unknown-linux-gnu/lib/rustlib/x86_64-unknown-linux-gnu/lib/libgimli-4ad84de58f0cb463.rlib" "/opt/rustwide/rustup-home/toolchains/1.75.0-x86_64-unknown-linux-gnu/lib/rustlib/x86_64-unknown-linux-gnu/lib/librustc_demangle-0d10aae2e0f38735.rlib" "/opt/rustwide/rustup-home/toolchains/1.75.0-x86_64-unknown-linux-gnu/lib/rustlib/x86_64-unknown-linux-gnu/lib/libstd_detect-0c17cff739e6745b.rlib" "/opt/rustwide/rustup-home/toolchains/1.75.0-x86_64-unknown-linux-gnu/lib/rustlib/x86_64-unknown-linux-gnu/lib/libhashbrown-b29e17139dde1aa8.rlib" "/opt/rustwide/rustup-home/toolchains/1.75.0-x86_64-unknown-linux-gnu/lib/rustlib/x86_64-unknown-linux-gnu/lib/librustc_std_workspace_alloc-1f975299829cc7bd.rlib" "/opt/rustwide/rustup-home/toolchains/1.75.0-x86_64-unknown-linux-gnu/lib/rustlib/x86_64-unknown-linux-gnu/lib/libminiz_oxide-86bae3bc3079f89b.rlib" "/opt/rustwide/rustup-home/toolchains/1.75.0-x86_64-unknown-linux-gnu/lib/rustlib/x86_64-unknown-linux-gnu/lib/libadler-321b82c30dffdf5f.rlib" "/opt/rustwide/rustup-home/toolchains/1.75.0-x86_64-unknown-linux-gnu/lib/rustlib/x86_64-unknown-linux-gnu/lib/libunwind-3dd8a6810a0bdfef.rlib" "/opt/rustwide/rustup-home/toolchains/1.75.0-x86_64-unknown-linux-gnu/lib/rustlib/x86_64-unknown-linux-gnu/lib/libcfg_if-eb39a61c0c879984.rlib" "/opt/rustwide/rustup-home/toolchains/1.75.0-x86_64-unknown-linux-gnu/lib/rustlib/x86_64-unknown-linux-gnu/lib/liblibc-aa769569f91c3548.rlib" "/opt/rustwide/rustup-home/toolchains/1.75.0-x86_64-unknown-linux-gnu/lib/rustlib/x86_64-unknown-linux-gnu/lib/liballoc-510a192a50a983ed.rlib" "/opt/rustwide/target/debug/deps/libcortex_m_rt-a8a47a9cc718608e.rlib" "/opt/rustwide/rustup-home/toolchains/1.75.0-x86_64-unknown-linux-gnu/lib/rustlib/x86_64-unknown-linux-gnu/lib/librustc_std_workspace_core-0577018320f99037.rlib" "/opt/rustwide/rustup-home/toolchains/1.75.0-x86_64-unknown-linux-gnu/lib/rustlib/x86_64-unknown-linux-gnu/lib/libcore-193cf992125ccd4c.rlib" "/opt/rustwide/rustup-home/toolchains/1.75.0-x86_64-unknown-linux-gnu/lib/rustlib/x86_64-unknown-linux-gnu/lib/libcompiler_builtins-8e138eaf26ebb4a8.rlib" "-Wl,-Bdynamic" "-lgcc_s" "-lutil" "-lrt" "-lpthread" "-lm" "-ldl" "-lc" "-Wl,--eh-frame-hdr" "-Wl,-z,noexecstack" "-L" "/opt/rustwide/rustup-home/toolchains/1.75.0-x86_64-unknown-linux-gnu/lib/rustlib/x86_64-unknown-linux-gnu/lib" "-o" "/opt/rustwide/target/debug/examples/blinky_pac-164ae8d4c4aedd22" "-Wl,--gc-sections" "-pie" "-Wl,-z,relro,-z,now" "-nodefaultlibs"
[INFO] [stdout]   = note: /usr/bin/ld: /opt/rustwide/target/debug/examples/blinky_pac-164ae8d4c4aedd22.blinky_pac.11f2aa65eddf915b-cgu.0.rcgu.o: in function `cortex_m::asm::delay':
[INFO] [stdout]           /opt/rustwide/cargo-home/registry/src/index.crates.io-6f17d22bba15001f/cortex-m-0.7.6/src/asm.rs:29: undefined reference to `__delay'
[INFO] [stdout]           /usr/bin/ld: /opt/rustwide/target/debug/examples/blinky_pac-164ae8d4c4aedd22.blinky_pac.11f2aa65eddf915b-cgu.0.rcgu.o: in function `cortex_m::register::primask::read':
[INFO] [stdout]           /opt/rustwide/cargo-home/registry/src/index.crates.io-6f17d22bba15001f/cortex-m-0.7.6/src/register/primask.rs:29: undefined reference to `__primask_r'
[INFO] [stdout]           /usr/bin/ld: /opt/rustwide/target/debug/examples/blinky_pac-164ae8d4c4aedd22.blinky_pac.11f2aa65eddf915b-cgu.0.rcgu.o: in function `cortex_m::interrupt::enable':
[INFO] [stdout]           /opt/rustwide/cargo-home/registry/src/index.crates.io-6f17d22bba15001f/cortex-m-0.7.6/src/interrupt.rs:48: undefined reference to `__cpsie'
[INFO] [stdout]           /usr/bin/ld: /opt/rustwide/target/debug/examples/blinky_pac-164ae8d4c4aedd22.blinky_pac.11f2aa65eddf915b-cgu.0.rcgu.o: in function `cortex_m::interrupt::disable':
[INFO] [stdout]           /opt/rustwide/cargo-home/registry/src/index.crates.io-6f17d22bba15001f/cortex-m-0.7.6/src/interrupt.rs:38: undefined reference to `__cpsid'
[INFO] [stdout]           collect2: error: ld returned 1 exit status
[INFO] [stdout]           
[INFO] [stdout]   = note: some `extern` functions couldn't be found; some native libraries may need to be installed or have their path specified
[INFO] [stdout]   = note: use the `-l` flag to specify native libraries to link
[INFO] [stdout]   = note: use the `cargo:rustc-link-lib` directive to specify the native libraries to link with Cargo (see https://doc.rust-lang.org/cargo/reference/build-scripts.html#cargorustc-link-libkindname)
[INFO] [stdout] 
[INFO] [stdout] 
[INFO] [stdout] error: aborting due to previous error
[INFO] [stdout] 
[INFO] [stdout] 
[INFO] [stdout] error: linking with `cc` failed: exit status: 1
[INFO] [stdout]   |
[INFO] [stdout]   = note: LC_ALL="C" PATH="/opt/rustwide/rustup-home/toolchains/1.75.0-x86_64-unknown-linux-gnu/lib/rustlib/x86_64-unknown-linux-gnu/bin:/opt/rustwide/cargo-home/bin:/usr/local/sbin:/usr/local/bin:/usr/sbin:/usr/bin:/sbin:/bin" VSLANG="1033" "cc" "-m64" "/tmp/rustceqBeri/symbols.o" "/opt/rustwide/target/debug/examples/blinky-bcd603fc2a065c05.blinky.f4a85e7b37582921-cgu.0.rcgu.o" "/opt/rustwide/target/debug/examples/blinky-bcd603fc2a065c05.2dy2j1n8u1prokrr.rcgu.o" "-Wl,--as-needed" "-L" "/opt/rustwide/target/debug/deps" "-L" "/opt/rustwide/target/debug/build/nucleo-h7xx-b761900f8278aacf/out" "-L" "/opt/rustwide/target/debug/build/cortex-m-rt-45a1a30c444f8c1a/out" "-L" "/opt/rustwide/target/debug/build/stm32h7-0179b0dd45ed6dc1/out" "-L" "/opt/rustwide/rustup-home/toolchains/1.75.0-x86_64-unknown-linux-gnu/lib/rustlib/x86_64-unknown-linux-gnu/lib" "-Wl,-Bstatic" "/opt/rustwide/target/debug/deps/libnucleo_h7xx-f6ed8dd8dec52565.rlib" "/opt/rustwide/target/debug/deps/libstm32h7xx_hal-c395df782162dd30.rlib" "/opt/rustwide/target/debug/deps/libembedded_dma-c4851cac402f3c87.rlib" "/opt/rustwide/target/debug/deps/libstable_deref_trait-f3a48c9d790733a6.rlib" "/opt/rustwide/target/debug/deps/libfugit-1e3286fe1816914a.rlib" "/opt/rustwide/target/debug/deps/libgcd-fc6bb69dc59c2f13.rlib" "/opt/rustwide/target/debug/deps/libcast-a81607c6c1d51bae.rlib" "/opt/rustwide/target/debug/deps/libstm32h7-65ed379d0e71a2ce.rlib" "/opt/rustwide/target/debug/deps/libcortex_m-8e347cee9b7f9f6a.rlib" "/opt/rustwide/target/debug/deps/libvolatile_register-d5983fd1c59a2dfe.rlib" "/opt/rustwide/target/debug/deps/libvcell-221320b7da29b4bb.rlib" "/opt/rustwide/target/debug/deps/libbare_metal-8289c7f9c3433e36.rlib" "/opt/rustwide/target/debug/deps/libembedded_hal-ab7e8f47c0533e0b.rlib" "/opt/rustwide/target/debug/deps/libvoid-b9e961a2e1cd8fb3.rlib" "/opt/rustwide/target/debug/deps/libnb-576ef4c6ac3f4dd8.rlib" "/opt/rustwide/target/debug/deps/libnb-2b0afb272169fd3c.rlib" "/opt/rustwide/target/debug/deps/libpanic_semihosting-485d0d76ff21d14a.rlib" "/opt/rustwide/rustup-home/toolchains/1.75.0-x86_64-unknown-linux-gnu/lib/rustlib/x86_64-unknown-linux-gnu/lib/libstd-90f6ddbf82de36ec.rlib" "/opt/rustwide/rustup-home/toolchains/1.75.0-x86_64-unknown-linux-gnu/lib/rustlib/x86_64-unknown-linux-gnu/lib/libpanic_unwind-480c41e9d4e1f677.rlib" "/opt/rustwide/rustup-home/toolchains/1.75.0-x86_64-unknown-linux-gnu/lib/rustlib/x86_64-unknown-linux-gnu/lib/libobject-db744c0ca03eed1d.rlib" "/opt/rustwide/rustup-home/toolchains/1.75.0-x86_64-unknown-linux-gnu/lib/rustlib/x86_64-unknown-linux-gnu/lib/libmemchr-8ba652dc7d4b285a.rlib" "/opt/rustwide/rustup-home/toolchains/1.75.0-x86_64-unknown-linux-gnu/lib/rustlib/x86_64-unknown-linux-gnu/lib/libaddr2line-d5f4520a9ebc0d58.rlib" "/opt/rustwide/rustup-home/toolchains/1.75.0-x86_64-unknown-linux-gnu/lib/rustlib/x86_64-unknown-linux-gnu/lib/libgimli-4ad84de58f0cb463.rlib" "/opt/rustwide/rustup-home/toolchains/1.75.0-x86_64-unknown-linux-gnu/lib/rustlib/x86_64-unknown-linux-gnu/lib/librustc_demangle-0d10aae2e0f38735.rlib" "/opt/rustwide/rustup-home/toolchains/1.75.0-x86_64-unknown-linux-gnu/lib/rustlib/x86_64-unknown-linux-gnu/lib/libstd_detect-0c17cff739e6745b.rlib" "/opt/rustwide/rustup-home/toolchains/1.75.0-x86_64-unknown-linux-gnu/lib/rustlib/x86_64-unknown-linux-gnu/lib/libhashbrown-b29e17139dde1aa8.rlib" "/opt/rustwide/rustup-home/toolchains/1.75.0-x86_64-unknown-linux-gnu/lib/rustlib/x86_64-unknown-linux-gnu/lib/librustc_std_workspace_alloc-1f975299829cc7bd.rlib" "/opt/rustwide/rustup-home/toolchains/1.75.0-x86_64-unknown-linux-gnu/lib/rustlib/x86_64-unknown-linux-gnu/lib/libminiz_oxide-86bae3bc3079f89b.rlib" "/opt/rustwide/rustup-home/toolchains/1.75.0-x86_64-unknown-linux-gnu/lib/rustlib/x86_64-unknown-linux-gnu/lib/libadler-321b82c30dffdf5f.rlib" "/opt/rustwide/rustup-home/toolchains/1.75.0-x86_64-unknown-linux-gnu/lib/rustlib/x86_64-unknown-linux-gnu/lib/libunwind-3dd8a6810a0bdfef.rlib" "/opt/rustwide/rustup-home/toolchains/1.75.0-x86_64-unknown-linux-gnu/lib/rustlib/x86_64-unknown-linux-gnu/lib/libcfg_if-eb39a61c0c879984.rlib" "/opt/rustwide/rustup-home/toolchains/1.75.0-x86_64-unknown-linux-gnu/lib/rustlib/x86_64-unknown-linux-gnu/lib/liblibc-aa769569f91c3548.rlib" "/opt/rustwide/rustup-home/toolchains/1.75.0-x86_64-unknown-linux-gnu/lib/rustlib/x86_64-unknown-linux-gnu/lib/liballoc-510a192a50a983ed.rlib" "/opt/rustwide/target/debug/deps/libcortex_m_rt-a8a47a9cc718608e.rlib" "/opt/rustwide/rustup-home/toolchains/1.75.0-x86_64-unknown-linux-gnu/lib/rustlib/x86_64-unknown-linux-gnu/lib/librustc_std_workspace_core-0577018320f99037.rlib" "/opt/rustwide/rustup-home/toolchains/1.75.0-x86_64-unknown-linux-gnu/lib/rustlib/x86_64-unknown-linux-gnu/lib/libcore-193cf992125ccd4c.rlib" "/opt/rustwide/rustup-home/toolchains/1.75.0-x86_64-unknown-linux-gnu/lib/rustlib/x86_64-unknown-linux-gnu/lib/libcompiler_builtins-8e138eaf26ebb4a8.rlib" "-Wl,-Bdynamic" "-lgcc_s" "-lutil" "-lrt" "-lpthread" "-lm" "-ldl" "-lc" "-Wl,--eh-frame-hdr" "-Wl,-z,noexecstack" "-L" "/opt/rustwide/rustup-home/toolchains/1.75.0-x86_64-unknown-linux-gnu/lib/rustlib/x86_64-unknown-linux-gnu/lib" "-o" "/opt/rustwide/target/debug/examples/blinky-bcd603fc2a065c05" "-Wl,--gc-sections" "-pie" "-Wl,-z,relro,-z,now" "-nodefaultlibs"
[INFO] [stdout]   = note: /usr/bin/ld: /opt/rustwide/target/debug/examples/blinky-bcd603fc2a065c05.blinky.f4a85e7b37582921-cgu.0.rcgu.o: in function `cortex_m::asm::delay':
[INFO] [stdout]           /opt/rustwide/cargo-home/registry/src/index.crates.io-6f17d22bba15001f/cortex-m-0.7.6/src/asm.rs:29: undefined reference to `__delay'
[INFO] [stdout]           /usr/bin/ld: /opt/rustwide/target/debug/examples/blinky-bcd603fc2a065c05.blinky.f4a85e7b37582921-cgu.0.rcgu.o: in function `cortex_m::register::primask::read':
[INFO] [stdout]           /opt/rustwide/cargo-home/registry/src/index.crates.io-6f17d22bba15001f/cortex-m-0.7.6/src/register/primask.rs:29: undefined reference to `__primask_r'
[INFO] [stdout]           /usr/bin/ld: /opt/rustwide/target/debug/examples/blinky-bcd603fc2a065c05.blinky.f4a85e7b37582921-cgu.0.rcgu.o: in function `cortex_m::interrupt::enable':
[INFO] [stdout]           /opt/rustwide/cargo-home/registry/src/index.crates.io-6f17d22bba15001f/cortex-m-0.7.6/src/interrupt.rs:48: undefined reference to `__cpsie'
[INFO] [stdout]           /usr/bin/ld: /opt/rustwide/target/debug/examples/blinky-bcd603fc2a065c05.blinky.f4a85e7b37582921-cgu.0.rcgu.o: in function `cortex_m::interrupt::disable':
[INFO] [stdout]           /opt/rustwide/cargo-home/registry/src/index.crates.io-6f17d22bba15001f/cortex-m-0.7.6/src/interrupt.rs:38: undefined reference to `__cpsid'
[INFO] [stdout]           /usr/bin/ld: /opt/rustwide/target/debug/deps/libnucleo_h7xx-f6ed8dd8dec52565.rlib(nucleo_h7xx-f6ed8dd8dec52565.nucleo_h7xx.3a0ac22c57ff1819-cgu.0.rcgu.o): in function `cortex_m::peripheral::scb::<impl cortex_m::peripheral::SCB>::enable_icache':
[INFO] [stdout]           /opt/rustwide/cargo-home/registry/src/index.crates.io-6f17d22bba15001f/cortex-m-0.7.6/src/peripheral/scb.rs:346: undefined reference to `__enable_icache'
[INFO] [stdout]           /usr/bin/ld: /opt/rustwide/target/debug/deps/libnucleo_h7xx-f6ed8dd8dec52565.rlib(nucleo_h7xx-f6ed8dd8dec52565.nucleo_h7xx.3a0ac22c57ff1819-cgu.0.rcgu.o): in function `cortex_m::asm::dsb':
[INFO] [stdout]           /opt/rustwide/cargo-home/registry/src/index.crates.io-6f17d22bba15001f/cortex-m-0.7.6/src/asm.rs:82: undefined reference to `__dsb'
[INFO] [stdout]           /usr/bin/ld: /opt/rustwide/target/debug/deps/libnucleo_h7xx-f6ed8dd8dec52565.rlib(nucleo_h7xx-f6ed8dd8dec52565.nucleo_h7xx.3a0ac22c57ff1819-cgu.0.rcgu.o): in function `cortex_m::asm::isb':
[INFO] [stdout]           /opt/rustwide/cargo-home/registry/src/index.crates.io-6f17d22bba15001f/cortex-m-0.7.6/src/asm.rs:70: undefined reference to `__isb'
[INFO] [stdout]           /usr/bin/ld: /opt/rustwide/target/debug/deps/libstm32h7xx_hal-c395df782162dd30.rlib(stm32h7xx_hal-c395df782162dd30.stm32h7xx_hal.c1a6fbedd4078221-cgu.07.rcgu.o): in function `cortex_m::interrupt::enable':
[INFO] [stdout]           /opt/rustwide/cargo-home/registry/src/index.crates.io-6f17d22bba15001f/cortex-m-0.7.6/src/interrupt.rs:48: undefined reference to `__cpsie'
[INFO] [stdout]           /usr/bin/ld: /opt/rustwide/target/debug/deps/libstm32h7xx_hal-c395df782162dd30.rlib(stm32h7xx_hal-c395df782162dd30.stm32h7xx_hal.c1a6fbedd4078221-cgu.07.rcgu.o): in function `cortex_m::interrupt::disable':
[INFO] [stdout]           /opt/rustwide/cargo-home/registry/src/index.crates.io-6f17d22bba15001f/cortex-m-0.7.6/src/interrupt.rs:38: undefined reference to `__cpsid'
[INFO] [stdout]           /usr/bin/ld: /opt/rustwide/target/debug/deps/libstm32h7xx_hal-c395df782162dd30.rlib(stm32h7xx_hal-c395df782162dd30.stm32h7xx_hal.c1a6fbedd4078221-cgu.15.rcgu.o): in function `cortex_m::register::primask::read':
[INFO] [stdout]           /opt/rustwide/cargo-home/registry/src/index.crates.io-6f17d22bba15001f/cortex-m-0.7.6/src/register/primask.rs:29: undefined reference to `__primask_r'
[INFO] [stdout]           collect2: error: ld returned 1 exit status
[INFO] [stdout]           
[INFO] [stdout]   = note: some `extern` functions couldn't be found; some native libraries may need to be installed or have their path specified
[INFO] [stdout]   = note: use the `-l` flag to specify native libraries to link
[INFO] [stdout]   = note: use the `cargo:rustc-link-lib` directive to specify the native libraries to link with Cargo (see https://doc.rust-lang.org/cargo/reference/build-scripts.html#cargorustc-link-libkindname)
[INFO] [stdout] 
[INFO] [stdout] 
[INFO] [stdout] error: aborting due to previous error
[INFO] [stdout] 
[INFO] [stdout] 
[INFO] [stderr] error: could not compile `nucleo-h7xx` (example "blinky") due to 2 previous errors
[INFO] [stderr] warning: build failed, waiting for other jobs to finish...
[INFO] [stderr] error: could not compile `nucleo-h7xx` (example "blinky_pac") due to 2 previous errors
[INFO] [stdout] error: linking with `cc` failed: exit status: 1
[INFO] [stdout]   |
[INFO] [stdout]   = note: LC_ALL="C" PATH="/opt/rustwide/rustup-home/toolchains/1.75.0-x86_64-unknown-linux-gnu/lib/rustlib/x86_64-unknown-linux-gnu/bin:/opt/rustwide/cargo-home/bin:/usr/local/sbin:/usr/local/bin:/usr/sbin:/usr/bin:/sbin:/bin" VSLANG="1033" "cc" "-m64" "/tmp/rustcUN71b4/symbols.o" "/opt/rustwide/target/debug/examples/blinky_hal-a9fc2545d4e3a5a2.blinky_hal.9136f009cf0f5f2-cgu.0.rcgu.o" "/opt/rustwide/target/debug/examples/blinky_hal-a9fc2545d4e3a5a2.3gmehg04qx25xilx.rcgu.o" "-Wl,--as-needed" "-L" "/opt/rustwide/target/debug/deps" "-L" "/opt/rustwide/target/debug/build/nucleo-h7xx-b761900f8278aacf/out" "-L" "/opt/rustwide/target/debug/build/cortex-m-rt-45a1a30c444f8c1a/out" "-L" "/opt/rustwide/target/debug/build/stm32h7-0179b0dd45ed6dc1/out" "-L" "/opt/rustwide/rustup-home/toolchains/1.75.0-x86_64-unknown-linux-gnu/lib/rustlib/x86_64-unknown-linux-gnu/lib" "-Wl,-Bstatic" "/opt/rustwide/target/debug/deps/libnucleo_h7xx-f6ed8dd8dec52565.rlib" "/opt/rustwide/target/debug/deps/libstm32h7xx_hal-c395df782162dd30.rlib" "/opt/rustwide/target/debug/deps/libembedded_dma-c4851cac402f3c87.rlib" "/opt/rustwide/target/debug/deps/libstable_deref_trait-f3a48c9d790733a6.rlib" "/opt/rustwide/target/debug/deps/libfugit-1e3286fe1816914a.rlib" "/opt/rustwide/target/debug/deps/libgcd-fc6bb69dc59c2f13.rlib" "/opt/rustwide/target/debug/deps/libcast-a81607c6c1d51bae.rlib" "/opt/rustwide/target/debug/deps/libstm32h7-65ed379d0e71a2ce.rlib" "/opt/rustwide/target/debug/deps/libcortex_m_rt-a8a47a9cc718608e.rlib" "/opt/rustwide/target/debug/deps/libcortex_m-8e347cee9b7f9f6a.rlib" "/opt/rustwide/target/debug/deps/libvolatile_register-d5983fd1c59a2dfe.rlib" "/opt/rustwide/target/debug/deps/libvcell-221320b7da29b4bb.rlib" "/opt/rustwide/target/debug/deps/libbare_metal-8289c7f9c3433e36.rlib" "/opt/rustwide/target/debug/deps/libembedded_hal-ab7e8f47c0533e0b.rlib" "/opt/rustwide/target/debug/deps/libvoid-b9e961a2e1cd8fb3.rlib" "/opt/rustwide/target/debug/deps/libnb-576ef4c6ac3f4dd8.rlib" "/opt/rustwide/target/debug/deps/libnb-2b0afb272169fd3c.rlib" "/opt/rustwide/target/debug/deps/libpanic_semihosting-485d0d76ff21d14a.rlib" "/opt/rustwide/rustup-home/toolchains/1.75.0-x86_64-unknown-linux-gnu/lib/rustlib/x86_64-unknown-linux-gnu/lib/libstd-90f6ddbf82de36ec.rlib" "/opt/rustwide/rustup-home/toolchains/1.75.0-x86_64-unknown-linux-gnu/lib/rustlib/x86_64-unknown-linux-gnu/lib/libpanic_unwind-480c41e9d4e1f677.rlib" "/opt/rustwide/rustup-home/toolchains/1.75.0-x86_64-unknown-linux-gnu/lib/rustlib/x86_64-unknown-linux-gnu/lib/libobject-db744c0ca03eed1d.rlib" "/opt/rustwide/rustup-home/toolchains/1.75.0-x86_64-unknown-linux-gnu/lib/rustlib/x86_64-unknown-linux-gnu/lib/libmemchr-8ba652dc7d4b285a.rlib" "/opt/rustwide/rustup-home/toolchains/1.75.0-x86_64-unknown-linux-gnu/lib/rustlib/x86_64-unknown-linux-gnu/lib/libaddr2line-d5f4520a9ebc0d58.rlib" "/opt/rustwide/rustup-home/toolchains/1.75.0-x86_64-unknown-linux-gnu/lib/rustlib/x86_64-unknown-linux-gnu/lib/libgimli-4ad84de58f0cb463.rlib" "/opt/rustwide/rustup-home/toolchains/1.75.0-x86_64-unknown-linux-gnu/lib/rustlib/x86_64-unknown-linux-gnu/lib/librustc_demangle-0d10aae2e0f38735.rlib" "/opt/rustwide/rustup-home/toolchains/1.75.0-x86_64-unknown-linux-gnu/lib/rustlib/x86_64-unknown-linux-gnu/lib/libstd_detect-0c17cff739e6745b.rlib" "/opt/rustwide/rustup-home/toolchains/1.75.0-x86_64-unknown-linux-gnu/lib/rustlib/x86_64-unknown-linux-gnu/lib/libhashbrown-b29e17139dde1aa8.rlib" "/opt/rustwide/rustup-home/toolchains/1.75.0-x86_64-unknown-linux-gnu/lib/rustlib/x86_64-unknown-linux-gnu/lib/librustc_std_workspace_alloc-1f975299829cc7bd.rlib" "/opt/rustwide/rustup-home/toolchains/1.75.0-x86_64-unknown-linux-gnu/lib/rustlib/x86_64-unknown-linux-gnu/lib/libminiz_oxide-86bae3bc3079f89b.rlib" "/opt/rustwide/rustup-home/toolchains/1.75.0-x86_64-unknown-linux-gnu/lib/rustlib/x86_64-unknown-linux-gnu/lib/libadler-321b82c30dffdf5f.rlib" "/opt/rustwide/rustup-home/toolchains/1.75.0-x86_64-unknown-linux-gnu/lib/rustlib/x86_64-unknown-linux-gnu/lib/libunwind-3dd8a6810a0bdfef.rlib" "/opt/rustwide/rustup-home/toolchains/1.75.0-x86_64-unknown-linux-gnu/lib/rustlib/x86_64-unknown-linux-gnu/lib/libcfg_if-eb39a61c0c879984.rlib" "/opt/rustwide/rustup-home/toolchains/1.75.0-x86_64-unknown-linux-gnu/lib/rustlib/x86_64-unknown-linux-gnu/lib/liblibc-aa769569f91c3548.rlib" "/opt/rustwide/rustup-home/toolchains/1.75.0-x86_64-unknown-linux-gnu/lib/rustlib/x86_64-unknown-linux-gnu/lib/liballoc-510a192a50a983ed.rlib" "/opt/rustwide/rustup-home/toolchains/1.75.0-x86_64-unknown-linux-gnu/lib/rustlib/x86_64-unknown-linux-gnu/lib/librustc_std_workspace_core-0577018320f99037.rlib" "/opt/rustwide/rustup-home/toolchains/1.75.0-x86_64-unknown-linux-gnu/lib/rustlib/x86_64-unknown-linux-gnu/lib/libcore-193cf992125ccd4c.rlib" "/opt/rustwide/rustup-home/toolchains/1.75.0-x86_64-unknown-linux-gnu/lib/rustlib/x86_64-unknown-linux-gnu/lib/libcompiler_builtins-8e138eaf26ebb4a8.rlib" "-Wl,-Bdynamic" "-lgcc_s" "-lutil" "-lrt" "-lpthread" "-lm" "-ldl" "-lc" "-Wl,--eh-frame-hdr" "-Wl,-z,noexecstack" "-L" "/opt/rustwide/rustup-home/toolchains/1.75.0-x86_64-unknown-linux-gnu/lib/rustlib/x86_64-unknown-linux-gnu/lib" "-o" "/opt/rustwide/target/debug/examples/blinky_hal-a9fc2545d4e3a5a2" "-Wl,--gc-sections" "-pie" "-Wl,-z,relro,-z,now" "-nodefaultlibs"
[INFO] [stdout]   = note: /usr/bin/ld: /opt/rustwide/target/debug/examples/blinky_hal-a9fc2545d4e3a5a2.blinky_hal.9136f009cf0f5f2-cgu.0.rcgu.o: in function `cortex_m::asm::delay':
[INFO] [stdout]           /opt/rustwide/cargo-home/registry/src/index.crates.io-6f17d22bba15001f/cortex-m-0.7.6/src/asm.rs:29: undefined reference to `__delay'
[INFO] [stdout]           /usr/bin/ld: /opt/rustwide/target/debug/examples/blinky_hal-a9fc2545d4e3a5a2.blinky_hal.9136f009cf0f5f2-cgu.0.rcgu.o: in function `cortex_m::register::primask::read':
[INFO] [stdout]           /opt/rustwide/cargo-home/registry/src/index.crates.io-6f17d22bba15001f/cortex-m-0.7.6/src/register/primask.rs:29: undefined reference to `__primask_r'
[INFO] [stdout]           /usr/bin/ld: /opt/rustwide/target/debug/examples/blinky_hal-a9fc2545d4e3a5a2.blinky_hal.9136f009cf0f5f2-cgu.0.rcgu.o: in function `cortex_m::interrupt::enable':
[INFO] [stdout]           /opt/rustwide/cargo-home/registry/src/index.crates.io-6f17d22bba15001f/cortex-m-0.7.6/src/interrupt.rs:48: undefined reference to `__cpsie'
[INFO] [stdout]           /usr/bin/ld: /opt/rustwide/target/debug/examples/blinky_hal-a9fc2545d4e3a5a2.blinky_hal.9136f009cf0f5f2-cgu.0.rcgu.o: in function `cortex_m::interrupt::disable':
[INFO] [stdout]           /opt/rustwide/cargo-home/registry/src/index.crates.io-6f17d22bba15001f/cortex-m-0.7.6/src/interrupt.rs:38: undefined reference to `__cpsid'
[INFO] [stdout]           /usr/bin/ld: /opt/rustwide/target/debug/deps/libstm32h7xx_hal-c395df782162dd30.rlib(stm32h7xx_hal-c395df782162dd30.stm32h7xx_hal.c1a6fbedd4078221-cgu.07.rcgu.o): in function `cortex_m::interrupt::enable':
[INFO] [stdout]           /opt/rustwide/cargo-home/registry/src/index.crates.io-6f17d22bba15001f/cortex-m-0.7.6/src/interrupt.rs:48: undefined reference to `__cpsie'
[INFO] [stdout]           /usr/bin/ld: /opt/rustwide/target/debug/deps/libstm32h7xx_hal-c395df782162dd30.rlib(stm32h7xx_hal-c395df782162dd30.stm32h7xx_hal.c1a6fbedd4078221-cgu.07.rcgu.o): in function `cortex_m::interrupt::disable':
[INFO] [stdout]           /opt/rustwide/cargo-home/registry/src/index.crates.io-6f17d22bba15001f/cortex-m-0.7.6/src/interrupt.rs:38: undefined reference to `__cpsid'
[INFO] [stdout]           /usr/bin/ld: /opt/rustwide/target/debug/deps/libstm32h7xx_hal-c395df782162dd30.rlib(stm32h7xx_hal-c395df782162dd30.stm32h7xx_hal.c1a6fbedd4078221-cgu.15.rcgu.o): in function `cortex_m::register::primask::read':
[INFO] [stdout]           /opt/rustwide/cargo-home/registry/src/index.crates.io-6f17d22bba15001f/cortex-m-0.7.6/src/register/primask.rs:29: undefined reference to `__primask_r'
[INFO] [stdout]           collect2: error: ld returned 1 exit status
[INFO] [stdout]           
[INFO] [stdout]   = note: some `extern` functions couldn't be found; some native libraries may need to be installed or have their path specified
[INFO] [stdout]   = note: use the `-l` flag to specify native libraries to link
[INFO] [stdout]   = note: use the `cargo:rustc-link-lib` directive to specify the native libraries to link with Cargo (see https://doc.rust-lang.org/cargo/reference/build-scripts.html#cargorustc-link-libkindname)
[INFO] [stdout] 
[INFO] [stdout] 
[INFO] [stdout] error: aborting due to previous error
[INFO] [stdout] 
[INFO] [stdout] 
[INFO] [stderr] error: could not compile `nucleo-h7xx` (example "blinky_hal") due to 2 previous errors
[INFO] [stdout] error: linking with `cc` failed: exit status: 1
[INFO] [stdout]   |
[INFO] [stdout]   = note: LC_ALL="C" PATH="/opt/rustwide/rustup-home/toolchains/1.75.0-x86_64-unknown-linux-gnu/lib/rustlib/x86_64-unknown-linux-gnu/bin:/opt/rustwide/cargo-home/bin:/usr/local/sbin:/usr/local/bin:/usr/sbin:/usr/bin:/sbin:/bin" VSLANG="1033" "cc" "-m64" "/tmp/rustcxIzhDR/symbols.o" "/opt/rustwide/target/debug/examples/button-cf98084e781f0275.button.b28b52618be5b1af-cgu.0.rcgu.o" "/opt/rustwide/target/debug/examples/button-cf98084e781f0275.70d74jyw08mkrfl.rcgu.o" "-Wl,--as-needed" "-L" "/opt/rustwide/target/debug/deps" "-L" "/opt/rustwide/target/debug/build/nucleo-h7xx-b761900f8278aacf/out" "-L" "/opt/rustwide/target/debug/build/cortex-m-rt-45a1a30c444f8c1a/out" "-L" "/opt/rustwide/target/debug/build/stm32h7-0179b0dd45ed6dc1/out" "-L" "/opt/rustwide/rustup-home/toolchains/1.75.0-x86_64-unknown-linux-gnu/lib/rustlib/x86_64-unknown-linux-gnu/lib" "-Wl,-Bstatic" "/opt/rustwide/target/debug/deps/libnucleo_h7xx-f6ed8dd8dec52565.rlib" "/opt/rustwide/target/debug/deps/libstm32h7xx_hal-c395df782162dd30.rlib" "/opt/rustwide/target/debug/deps/libembedded_dma-c4851cac402f3c87.rlib" "/opt/rustwide/target/debug/deps/libstable_deref_trait-f3a48c9d790733a6.rlib" "/opt/rustwide/target/debug/deps/libfugit-1e3286fe1816914a.rlib" "/opt/rustwide/target/debug/deps/libgcd-fc6bb69dc59c2f13.rlib" "/opt/rustwide/target/debug/deps/libcast-a81607c6c1d51bae.rlib" "/opt/rustwide/target/debug/deps/libstm32h7-65ed379d0e71a2ce.rlib" "/opt/rustwide/target/debug/deps/libpanic_semihosting-485d0d76ff21d14a.rlib" "/opt/rustwide/rustup-home/toolchains/1.75.0-x86_64-unknown-linux-gnu/lib/rustlib/x86_64-unknown-linux-gnu/lib/libstd-90f6ddbf82de36ec.rlib" "/opt/rustwide/rustup-home/toolchains/1.75.0-x86_64-unknown-linux-gnu/lib/rustlib/x86_64-unknown-linux-gnu/lib/libpanic_unwind-480c41e9d4e1f677.rlib" "/opt/rustwide/rustup-home/toolchains/1.75.0-x86_64-unknown-linux-gnu/lib/rustlib/x86_64-unknown-linux-gnu/lib/libobject-db744c0ca03eed1d.rlib" "/opt/rustwide/rustup-home/toolchains/1.75.0-x86_64-unknown-linux-gnu/lib/rustlib/x86_64-unknown-linux-gnu/lib/libmemchr-8ba652dc7d4b285a.rlib" "/opt/rustwide/rustup-home/toolchains/1.75.0-x86_64-unknown-linux-gnu/lib/rustlib/x86_64-unknown-linux-gnu/lib/libaddr2line-d5f4520a9ebc0d58.rlib" "/opt/rustwide/rustup-home/toolchains/1.75.0-x86_64-unknown-linux-gnu/lib/rustlib/x86_64-unknown-linux-gnu/lib/libgimli-4ad84de58f0cb463.rlib" "/opt/rustwide/rustup-home/toolchains/1.75.0-x86_64-unknown-linux-gnu/lib/rustlib/x86_64-unknown-linux-gnu/lib/librustc_demangle-0d10aae2e0f38735.rlib" "/opt/rustwide/rustup-home/toolchains/1.75.0-x86_64-unknown-linux-gnu/lib/rustlib/x86_64-unknown-linux-gnu/lib/libstd_detect-0c17cff739e6745b.rlib" "/opt/rustwide/rustup-home/toolchains/1.75.0-x86_64-unknown-linux-gnu/lib/rustlib/x86_64-unknown-linux-gnu/lib/libhashbrown-b29e17139dde1aa8.rlib" "/opt/rustwide/rustup-home/toolchains/1.75.0-x86_64-unknown-linux-gnu/lib/rustlib/x86_64-unknown-linux-gnu/lib/librustc_std_workspace_alloc-1f975299829cc7bd.rlib" "/opt/rustwide/rustup-home/toolchains/1.75.0-x86_64-unknown-linux-gnu/lib/rustlib/x86_64-unknown-linux-gnu/lib/libminiz_oxide-86bae3bc3079f89b.rlib" "/opt/rustwide/rustup-home/toolchains/1.75.0-x86_64-unknown-linux-gnu/lib/rustlib/x86_64-unknown-linux-gnu/lib/libadler-321b82c30dffdf5f.rlib" "/opt/rustwide/rustup-home/toolchains/1.75.0-x86_64-unknown-linux-gnu/lib/rustlib/x86_64-unknown-linux-gnu/lib/libunwind-3dd8a6810a0bdfef.rlib" "/opt/rustwide/rustup-home/toolchains/1.75.0-x86_64-unknown-linux-gnu/lib/rustlib/x86_64-unknown-linux-gnu/lib/libcfg_if-eb39a61c0c879984.rlib" "/opt/rustwide/rustup-home/toolchains/1.75.0-x86_64-unknown-linux-gnu/lib/rustlib/x86_64-unknown-linux-gnu/lib/liblibc-aa769569f91c3548.rlib" "/opt/rustwide/rustup-home/toolchains/1.75.0-x86_64-unknown-linux-gnu/lib/rustlib/x86_64-unknown-linux-gnu/lib/liballoc-510a192a50a983ed.rlib" "/opt/rustwide/target/debug/deps/libcortex_m_rt-a8a47a9cc718608e.rlib" "/opt/rustwide/target/debug/deps/libcortex_m-8e347cee9b7f9f6a.rlib" "/opt/rustwide/target/debug/deps/libembedded_hal-ab7e8f47c0533e0b.rlib" "/opt/rustwide/target/debug/deps/libvoid-b9e961a2e1cd8fb3.rlib" "/opt/rustwide/target/debug/deps/libnb-576ef4c6ac3f4dd8.rlib" "/opt/rustwide/target/debug/deps/libnb-2b0afb272169fd3c.rlib" "/opt/rustwide/target/debug/deps/libvolatile_register-d5983fd1c59a2dfe.rlib" "/opt/rustwide/target/debug/deps/libvcell-221320b7da29b4bb.rlib" "/opt/rustwide/target/debug/deps/libbare_metal-8289c7f9c3433e36.rlib" "/opt/rustwide/rustup-home/toolchains/1.75.0-x86_64-unknown-linux-gnu/lib/rustlib/x86_64-unknown-linux-gnu/lib/librustc_std_workspace_core-0577018320f99037.rlib" "/opt/rustwide/rustup-home/toolchains/1.75.0-x86_64-unknown-linux-gnu/lib/rustlib/x86_64-unknown-linux-gnu/lib/libcore-193cf992125ccd4c.rlib" "/opt/rustwide/rustup-home/toolchains/1.75.0-x86_64-unknown-linux-gnu/lib/rustlib/x86_64-unknown-linux-gnu/lib/libcompiler_builtins-8e138eaf26ebb4a8.rlib" "-Wl,-Bdynamic" "-lgcc_s" "-lutil" "-lrt" "-lpthread" "-lm" "-ldl" "-lc" "-Wl,--eh-frame-hdr" "-Wl,-z,noexecstack" "-L" "/opt/rustwide/rustup-home/toolchains/1.75.0-x86_64-unknown-linux-gnu/lib/rustlib/x86_64-unknown-linux-gnu/lib" "-o" "/opt/rustwide/target/debug/examples/button-cf98084e781f0275" "-Wl,--gc-sections" "-pie" "-Wl,-z,relro,-z,now" "-nodefaultlibs"
[INFO] [stdout]   = note: /usr/bin/ld: /opt/rustwide/target/debug/examples/button-cf98084e781f0275.button.b28b52618be5b1af-cgu.0.rcgu.o: in function `cortex_m::asm::wfi':
[INFO] [stdout]           /opt/rustwide/cargo-home/registry/src/index.crates.io-6f17d22bba15001f/cortex-m-0.7.6/src/asm.rs:55: undefined reference to `__wfi'
[INFO] [stdout]           /usr/bin/ld: /opt/rustwide/target/debug/examples/button-cf98084e781f0275.button.b28b52618be5b1af-cgu.0.rcgu.o: in function `cortex_m::register::primask::read':
[INFO] [stdout]           /opt/rustwide/cargo-home/registry/src/index.crates.io-6f17d22bba15001f/cortex-m-0.7.6/src/register/primask.rs:29: undefined reference to `__primask_r'
[INFO] [stdout]           /usr/bin/ld: /opt/rustwide/target/debug/examples/button-cf98084e781f0275.button.b28b52618be5b1af-cgu.0.rcgu.o: in function `cortex_m::interrupt::enable':
[INFO] [stdout]           /opt/rustwide/cargo-home/registry/src/index.crates.io-6f17d22bba15001f/cortex-m-0.7.6/src/interrupt.rs:48: undefined reference to `__cpsie'
[INFO] [stdout]           /usr/bin/ld: /opt/rustwide/target/debug/examples/button-cf98084e781f0275.button.b28b52618be5b1af-cgu.0.rcgu.o: in function `cortex_m::interrupt::disable':
[INFO] [stdout]           /opt/rustwide/cargo-home/registry/src/index.crates.io-6f17d22bba15001f/cortex-m-0.7.6/src/interrupt.rs:38: undefined reference to `__cpsid'
[INFO] [stdout]           /usr/bin/ld: /opt/rustwide/target/debug/deps/libnucleo_h7xx-f6ed8dd8dec52565.rlib(nucleo_h7xx-f6ed8dd8dec52565.nucleo_h7xx.3a0ac22c57ff1819-cgu.0.rcgu.o): in function `cortex_m::peripheral::scb::<impl cortex_m::peripheral::SCB>::enable_icache':
[INFO] [stdout]           /opt/rustwide/cargo-home/registry/src/index.crates.io-6f17d22bba15001f/cortex-m-0.7.6/src/peripheral/scb.rs:346: undefined reference to `__enable_icache'
[INFO] [stdout]           /usr/bin/ld: /opt/rustwide/target/debug/deps/libnucleo_h7xx-f6ed8dd8dec52565.rlib(nucleo_h7xx-f6ed8dd8dec52565.nucleo_h7xx.3a0ac22c57ff1819-cgu.0.rcgu.o): in function `cortex_m::asm::dsb':
[INFO] [stdout]           /opt/rustwide/cargo-home/registry/src/index.crates.io-6f17d22bba15001f/cortex-m-0.7.6/src/asm.rs:82: undefined reference to `__dsb'
[INFO] [stdout]           /usr/bin/ld: /opt/rustwide/target/debug/deps/libnucleo_h7xx-f6ed8dd8dec52565.rlib(nucleo_h7xx-f6ed8dd8dec52565.nucleo_h7xx.3a0ac22c57ff1819-cgu.0.rcgu.o): in function `cortex_m::asm::isb':
[INFO] [stdout]           /opt/rustwide/cargo-home/registry/src/index.crates.io-6f17d22bba15001f/cortex-m-0.7.6/src/asm.rs:70: undefined reference to `__isb'
[INFO] [stdout]           /usr/bin/ld: /opt/rustwide/target/debug/deps/libstm32h7xx_hal-c395df782162dd30.rlib(stm32h7xx_hal-c395df782162dd30.stm32h7xx_hal.c1a6fbedd4078221-cgu.07.rcgu.o): in function `cortex_m::interrupt::enable':
[INFO] [stdout]           /opt/rustwide/cargo-home/registry/src/index.crates.io-6f17d22bba15001f/cortex-m-0.7.6/src/interrupt.rs:48: undefined reference to `__cpsie'
[INFO] [stdout]           /usr/bin/ld: /opt/rustwide/target/debug/deps/libstm32h7xx_hal-c395df782162dd30.rlib(stm32h7xx_hal-c395df782162dd30.stm32h7xx_hal.c1a6fbedd4078221-cgu.07.rcgu.o): in function `cortex_m::interrupt::disable':
[INFO] [stdout]           /opt/rustwide/cargo-home/registry/src/index.crates.io-6f17d22bba15001f/cortex-m-0.7.6/src/interrupt.rs:38: undefined reference to `__cpsid'
[INFO] [stdout]           /usr/bin/ld: /opt/rustwide/target/debug/deps/libstm32h7xx_hal-c395df782162dd30.rlib(stm32h7xx_hal-c395df782162dd30.stm32h7xx_hal.c1a6fbedd4078221-cgu.15.rcgu.o): in function `cortex_m::register::primask::read':
[INFO] [stdout]           /opt/rustwide/cargo-home/registry/src/index.crates.io-6f17d22bba15001f/cortex-m-0.7.6/src/register/primask.rs:29: undefined reference to `__primask_r'
[INFO] [stdout]           collect2: error: ld returned 1 exit status
[INFO] [stdout]           
[INFO] [stdout]   = note: some `extern` functions couldn't be found; some native libraries may need to be installed or have their path specified
[INFO] [stdout]   = note: use the `-l` flag to specify native libraries to link
[INFO] [stdout]   = note: use the `cargo:rustc-link-lib` directive to specify the native libraries to link with Cargo (see https://doc.rust-lang.org/cargo/reference/build-scripts.html#cargorustc-link-libkindname)
[INFO] [stdout] 
[INFO] [stdout] 
[INFO] [stdout] error: aborting due to previous error
[INFO] [stdout] 
[INFO] [stdout] 
[INFO] [stderr] error: could not compile `nucleo-h7xx` (example "button") due to 2 previous errors
[INFO] running `Command { std: "docker" "inspect" "3ecef2414dfc52e381df437c100036ae90cddf296bca3ad25f3592c986f88006", kill_on_drop: false }`
[INFO] running `Command { std: "docker" "rm" "-f" "3ecef2414dfc52e381df437c100036ae90cddf296bca3ad25f3592c986f88006", kill_on_drop: false }`
[INFO] [stdout] 3ecef2414dfc52e381df437c100036ae90cddf296bca3ad25f3592c986f88006
[INFO] testing nucleo-h7xx-0.2.1 against beta-2023-12-22 for beta-1.76-1
[INFO] extracting crate nucleo-h7xx 0.2.1 into /workspace/builds/worker-5-tc2/source
[INFO] validating manifest of crates.io crate nucleo-h7xx 0.2.1 on toolchain beta-2023-12-22
[INFO] running `Command { std: CARGO_HOME="/workspace/cargo-home" RUSTUP_HOME="/workspace/rustup-home" "/workspace/cargo-home/bin/cargo" "+beta-2023-12-22" "metadata" "--manifest-path" "Cargo.toml" "--no-deps", kill_on_drop: false }`
[INFO] removed /workspace/builds/worker-5-tc2/source/.cargo/config.toml
[INFO] started tweaking crates.io crate nucleo-h7xx 0.2.1
[INFO] removed 0 missing examples
[INFO] finished tweaking crates.io crate nucleo-h7xx 0.2.1
[INFO] tweaked toml for crates.io crate nucleo-h7xx 0.2.1 written to /workspace/builds/worker-5-tc2/source/Cargo.toml
[INFO] crate crates.io crate nucleo-h7xx 0.2.1 already has a lockfile, it will not be regenerated
[INFO] running `Command { std: CARGO_HOME="/workspace/cargo-home" RUSTUP_HOME="/workspace/rustup-home" "/workspace/cargo-home/bin/cargo" "+beta-2023-12-22" "fetch" "--manifest-path" "Cargo.toml", kill_on_drop: false }`
[INFO] running `Command { std: "docker" "create" "-v" "/var/lib/crater-agent-workspace/builds/worker-5-tc2/target:/opt/rustwide/target:rw,Z" "-v" "/var/lib/crater-agent-workspace/builds/worker-5-tc2/source:/opt/rustwide/workdir:ro,Z" "-v" "/var/lib/crater-agent-workspace/cargo-home:/opt/rustwide/cargo-home:ro,Z" "-v" "/var/lib/crater-agent-workspace/rustup-home:/opt/rustwide/rustup-home:ro,Z" "-e" "SOURCE_DIR=/opt/rustwide/workdir" "-e" "CARGO_TARGET_DIR=/opt/rustwide/target" "-e" "CARGO_HOME=/opt/rustwide/cargo-home" "-e" "RUSTUP_HOME=/opt/rustwide/rustup-home" "-w" "/opt/rustwide/workdir" "-m" "1610612736" "--user" "0:0" "--network" "none" "ghcr.io/rust-lang/crates-build-env/linux@sha256:2788e3201cd34a07e3172128adcd8b3090168a8e3bcc40d7c032b9dda1df7d1c" "/opt/rustwide/cargo-home/bin/cargo" "+beta-2023-12-22" "metadata" "--no-deps" "--format-version=1", kill_on_drop: false }`
[INFO] [stdout] 411d56cbc8ac2f3d89850d0df9ae2e98440df9e71606cdc1eafda8399b38de76
[INFO] running `Command { std: "docker" "start" "-a" "411d56cbc8ac2f3d89850d0df9ae2e98440df9e71606cdc1eafda8399b38de76", kill_on_drop: false }`
[INFO] running `Command { std: "docker" "inspect" "411d56cbc8ac2f3d89850d0df9ae2e98440df9e71606cdc1eafda8399b38de76", kill_on_drop: false }`
[INFO] running `Command { std: "docker" "rm" "-f" "411d56cbc8ac2f3d89850d0df9ae2e98440df9e71606cdc1eafda8399b38de76", kill_on_drop: false }`
[INFO] [stdout] 411d56cbc8ac2f3d89850d0df9ae2e98440df9e71606cdc1eafda8399b38de76
[INFO] running `Command { std: "docker" "create" "-v" "/var/lib/crater-agent-workspace/builds/worker-5-tc2/target:/opt/rustwide/target:rw,Z" "-v" "/var/lib/crater-agent-workspace/builds/worker-5-tc2/source:/opt/rustwide/workdir:ro,Z" "-v" "/var/lib/crater-agent-workspace/cargo-home:/opt/rustwide/cargo-home:ro,Z" "-v" "/var/lib/crater-agent-workspace/rustup-home:/opt/rustwide/rustup-home:ro,Z" "-e" "SOURCE_DIR=/opt/rustwide/workdir" "-e" "CARGO_TARGET_DIR=/opt/rustwide/target" "-e" "CARGO_INCREMENTAL=0" "-e" "RUST_BACKTRACE=full" "-e" "RUSTFLAGS=--cap-lints=warn" "-e" "RUSTDOCFLAGS=--cap-lints=warn" "-e" "CARGO_HOME=/opt/rustwide/cargo-home" "-e" "RUSTUP_HOME=/opt/rustwide/rustup-home" "-w" "/opt/rustwide/workdir" "-m" "1610612736" "--user" "0:0" "--network" "none" "ghcr.io/rust-lang/crates-build-env/linux@sha256:2788e3201cd34a07e3172128adcd8b3090168a8e3bcc40d7c032b9dda1df7d1c" "/opt/rustwide/cargo-home/bin/cargo" "+beta-2023-12-22" "build" "--frozen" "--message-format=json", kill_on_drop: false }`
[INFO] [stdout] 689becc4e3d839f71b17b0ef4601da10b00f0bcb1aed28f08619fcdaa62aaed5
[INFO] running `Command { std: "docker" "start" "-a" "689becc4e3d839f71b17b0ef4601da10b00f0bcb1aed28f08619fcdaa62aaed5", kill_on_drop: false }`
[INFO] [stderr]    Compiling semver-parser v0.7.0
[INFO] [stderr]    Compiling proc-macro2 v1.0.40
[INFO] [stderr]    Compiling unicode-ident v1.0.1
[INFO] [stderr]    Compiling quote v1.0.20
[INFO] [stderr]    Compiling semver v1.0.14
[INFO] [stderr]    Compiling syn v1.0.98
[INFO] [stderr]    Compiling nb v1.0.0
[INFO] [stderr]    Compiling cortex-m-rt v0.7.1
[INFO] [stderr]    Compiling cortex-m v0.7.6
[INFO] [stderr]    Compiling void v1.0.2
[INFO] [stderr]    Compiling vcell v0.1.3
[INFO] [stderr]    Compiling bitfield v0.13.2
[INFO] [stderr]    Compiling stable_deref_trait v1.2.0
[INFO] [stderr]    Compiling paste v1.0.7
[INFO] [stderr]    Compiling stm32h7 v0.15.1
[INFO] [stderr]    Compiling lock_api v0.4.9
[INFO] [stderr]    Compiling nb v0.1.3
[INFO] [stderr]    Compiling volatile-register v0.2.1
[INFO] [stderr]    Compiling scopeguard v1.1.0
[INFO] [stderr]    Compiling byteorder v1.4.3
[INFO] [stderr]    Compiling bare-metal v1.0.0
[INFO] [stderr]    Compiling embedded-hal v0.2.7
[INFO] [stderr]    Compiling semver v0.9.0
[INFO] [stderr]    Compiling embedded-dma v0.2.0
[INFO] [stderr]    Compiling nucleo-h7xx v0.2.1 (/opt/rustwide/workdir)
[INFO] [stderr]    Compiling embedded-timeout-macros v0.3.0
[INFO] [stderr]    Compiling hash32 v0.2.1
[INFO] [stderr]    Compiling rustc_version v0.2.3
[INFO] [stderr]    Compiling bare-metal v0.2.5
[INFO] [stderr]    Compiling gcd v2.1.0
[INFO] [stderr]    Compiling spin v0.9.4
[INFO] [stderr]    Compiling rustc_version v0.4.0
[INFO] [stderr]    Compiling fugit v0.3.6
[INFO] [stderr]    Compiling heapless v0.7.16
[INFO] [stderr]    Compiling cortex-m-rt-macros v0.7.0
[INFO] [stderr]    Compiling stm32h7xx-hal v0.13.0
[INFO] [stderr]     Finished dev [unoptimized + debuginfo] target(s) in 33.52s
[INFO] running `Command { std: "docker" "inspect" "689becc4e3d839f71b17b0ef4601da10b00f0bcb1aed28f08619fcdaa62aaed5", kill_on_drop: false }`
[INFO] running `Command { std: "docker" "rm" "-f" "689becc4e3d839f71b17b0ef4601da10b00f0bcb1aed28f08619fcdaa62aaed5", kill_on_drop: false }`
[INFO] [stdout] 689becc4e3d839f71b17b0ef4601da10b00f0bcb1aed28f08619fcdaa62aaed5
[INFO] running `Command { std: "docker" "create" "-v" "/var/lib/crater-agent-workspace/builds/worker-5-tc2/target:/opt/rustwide/target:rw,Z" "-v" "/var/lib/crater-agent-workspace/builds/worker-5-tc2/source:/opt/rustwide/workdir:ro,Z" "-v" "/var/lib/crater-agent-workspace/cargo-home:/opt/rustwide/cargo-home:ro,Z" "-v" "/var/lib/crater-agent-workspace/rustup-home:/opt/rustwide/rustup-home:ro,Z" "-e" "SOURCE_DIR=/opt/rustwide/workdir" "-e" "CARGO_TARGET_DIR=/opt/rustwide/target" "-e" "CARGO_INCREMENTAL=0" "-e" "RUST_BACKTRACE=full" "-e" "RUSTFLAGS=--cap-lints=warn" "-e" "RUSTDOCFLAGS=--cap-lints=warn" "-e" "CARGO_HOME=/opt/rustwide/cargo-home" "-e" "RUSTUP_HOME=/opt/rustwide/rustup-home" "-w" "/opt/rustwide/workdir" "-m" "1610612736" "--user" "0:0" "--network" "none" "ghcr.io/rust-lang/crates-build-env/linux@sha256:2788e3201cd34a07e3172128adcd8b3090168a8e3bcc40d7c032b9dda1df7d1c" "/opt/rustwide/cargo-home/bin/cargo" "+beta-2023-12-22" "test" "--frozen" "--no-run" "--message-format=json", kill_on_drop: false }`
[INFO] [stdout] 26db005c2022a43d0dc77898bd7a3dad39be71dc4a1fa062321f648200d75974
[INFO] running `Command { std: "docker" "start" "-a" "26db005c2022a43d0dc77898bd7a3dad39be71dc4a1fa062321f648200d75974", kill_on_drop: false }`
[INFO] [stderr]    Compiling cortex-m-semihosting v0.3.7
[INFO] [stderr]    Compiling cortex-m-semihosting v0.5.0
[INFO] [stderr]    Compiling log v0.4.17
[INFO] [stderr]    Compiling ufmt-write v0.1.0
[INFO] [stderr]    Compiling cortex-m-log v0.7.0
[INFO] [stderr]    Compiling spin v0.5.2
[INFO] [stderr]    Compiling panic-halt v0.2.0
[INFO] [stderr]    Compiling panic-itm v0.4.2
[INFO] [stderr]    Compiling rtt-target v0.3.1
[INFO] [stderr]    Compiling lazy_static v1.4.0
[INFO] [stderr]    Compiling panic-rtt-target v0.1.2
[INFO] [stderr]    Compiling panic-semihosting v0.6.0
[INFO] [stderr]    Compiling nucleo-h7xx v0.2.1 (/opt/rustwide/workdir)
[INFO] [stdout] error: linking with `cc` failed: exit status: 1
[INFO] [stdout]   |
[INFO] [stdout]   = note: LC_ALL="C" PATH="/opt/rustwide/rustup-home/toolchains/beta-2023-12-22-x86_64-unknown-linux-gnu/lib/rustlib/x86_64-unknown-linux-gnu/bin:/opt/rustwide/cargo-home/bin:/usr/local/sbin:/usr/local/bin:/usr/sbin:/usr/bin:/sbin:/bin" VSLANG="1033" "cc" "-m64" "/tmp/rustc0cPqrc/symbols.o" "/opt/rustwide/target/debug/examples/blinky_hal-3856a596746cee10.blinky_hal.ec1540e3ee6fd9a3-cgu.0.rcgu.o" "/opt/rustwide/target/debug/examples/blinky_hal-3856a596746cee10.3b8eursiqao5norc.rcgu.o" "-Wl,--as-needed" "-L" "/opt/rustwide/target/debug/deps" "-L" "/opt/rustwide/target/debug/build/nucleo-h7xx-0cb2485d3641dbfe/out" "-L" "/opt/rustwide/target/debug/build/cortex-m-rt-77c41e5e22f6bb56/out" "-L" "/opt/rustwide/target/debug/build/stm32h7-40dea1bc292b2521/out" "-L" "/opt/rustwide/rustup-home/toolchains/beta-2023-12-22-x86_64-unknown-linux-gnu/lib/rustlib/x86_64-unknown-linux-gnu/lib" "-Wl,-Bstatic" "/opt/rustwide/target/debug/deps/libnucleo_h7xx-fb1cc0127fb85b9a.rlib" "/opt/rustwide/target/debug/deps/libstm32h7xx_hal-f15fee64881d258c.rlib" "/opt/rustwide/target/debug/deps/libembedded_dma-4972d66761bd45bf.rlib" "/opt/rustwide/target/debug/deps/libstable_deref_trait-8a99dcd5e5cbe421.rlib" "/opt/rustwide/target/debug/deps/libfugit-46257ba68d3b2940.rlib" "/opt/rustwide/target/debug/deps/libgcd-6ef5f8c3e467685f.rlib" "/opt/rustwide/target/debug/deps/libcast-99d915c1c3f7d8bf.rlib" "/opt/rustwide/target/debug/deps/libstm32h7-bc0aa11f9af84878.rlib" "/opt/rustwide/target/debug/deps/libcortex_m_rt-37024ccc3a5b0727.rlib" "/opt/rustwide/target/debug/deps/libcortex_m-7d57e2b084d43275.rlib" "/opt/rustwide/target/debug/deps/libvolatile_register-17b72fd121270a6b.rlib" "/opt/rustwide/target/debug/deps/libvcell-655c7e21aef9f24b.rlib" "/opt/rustwide/target/debug/deps/libbare_metal-d981cc6745986370.rlib" "/opt/rustwide/target/debug/deps/libembedded_hal-3454b5b207e0b651.rlib" "/opt/rustwide/target/debug/deps/libvoid-83564eafa4ffe73c.rlib" "/opt/rustwide/target/debug/deps/libnb-78bb867e03f26f96.rlib" "/opt/rustwide/target/debug/deps/libnb-0273079d9740cce1.rlib" "/opt/rustwide/target/debug/deps/libpanic_semihosting-67fdbd455974446c.rlib" "/opt/rustwide/rustup-home/toolchains/beta-2023-12-22-x86_64-unknown-linux-gnu/lib/rustlib/x86_64-unknown-linux-gnu/lib/libstd-0672489a78b613de.rlib" "/opt/rustwide/rustup-home/toolchains/beta-2023-12-22-x86_64-unknown-linux-gnu/lib/rustlib/x86_64-unknown-linux-gnu/lib/libpanic_unwind-7eb3ffc34a49f675.rlib" "/opt/rustwide/rustup-home/toolchains/beta-2023-12-22-x86_64-unknown-linux-gnu/lib/rustlib/x86_64-unknown-linux-gnu/lib/libobject-6478a9daa4bee8e2.rlib" "/opt/rustwide/rustup-home/toolchains/beta-2023-12-22-x86_64-unknown-linux-gnu/lib/rustlib/x86_64-unknown-linux-gnu/lib/libmemchr-0c75d871a5c3923d.rlib" "/opt/rustwide/rustup-home/toolchains/beta-2023-12-22-x86_64-unknown-linux-gnu/lib/rustlib/x86_64-unknown-linux-gnu/lib/libaddr2line-d163ef63ad37bb71.rlib" "/opt/rustwide/rustup-home/toolchains/beta-2023-12-22-x86_64-unknown-linux-gnu/lib/rustlib/x86_64-unknown-linux-gnu/lib/libgimli-8a3fd810a85b9f4c.rlib" "/opt/rustwide/rustup-home/toolchains/beta-2023-12-22-x86_64-unknown-linux-gnu/lib/rustlib/x86_64-unknown-linux-gnu/lib/librustc_demangle-462a2cde8c5dfc10.rlib" "/opt/rustwide/rustup-home/toolchains/beta-2023-12-22-x86_64-unknown-linux-gnu/lib/rustlib/x86_64-unknown-linux-gnu/lib/libstd_detect-cb06ac9f54713f71.rlib" "/opt/rustwide/rustup-home/toolchains/beta-2023-12-22-x86_64-unknown-linux-gnu/lib/rustlib/x86_64-unknown-linux-gnu/lib/libhashbrown-f20bfd1f8e59b393.rlib" "/opt/rustwide/rustup-home/toolchains/beta-2023-12-22-x86_64-unknown-linux-gnu/lib/rustlib/x86_64-unknown-linux-gnu/lib/librustc_std_workspace_alloc-1ef460949b49da4b.rlib" "/opt/rustwide/rustup-home/toolchains/beta-2023-12-22-x86_64-unknown-linux-gnu/lib/rustlib/x86_64-unknown-linux-gnu/lib/libminiz_oxide-2cb0c0ffe4f87514.rlib" "/opt/rustwide/rustup-home/toolchains/beta-2023-12-22-x86_64-unknown-linux-gnu/lib/rustlib/x86_64-unknown-linux-gnu/lib/libadler-58d841eb322a11a2.rlib" "/opt/rustwide/rustup-home/toolchains/beta-2023-12-22-x86_64-unknown-linux-gnu/lib/rustlib/x86_64-unknown-linux-gnu/lib/libunwind-aa2ae0b0a9d11533.rlib" "/opt/rustwide/rustup-home/toolchains/beta-2023-12-22-x86_64-unknown-linux-gnu/lib/rustlib/x86_64-unknown-linux-gnu/lib/libcfg_if-23874e15830ed336.rlib" "/opt/rustwide/rustup-home/toolchains/beta-2023-12-22-x86_64-unknown-linux-gnu/lib/rustlib/x86_64-unknown-linux-gnu/lib/liblibc-e47cddc003bce885.rlib" "/opt/rustwide/rustup-home/toolchains/beta-2023-12-22-x86_64-unknown-linux-gnu/lib/rustlib/x86_64-unknown-linux-gnu/lib/liballoc-c22b13b48a8f128e.rlib" "/opt/rustwide/rustup-home/toolchains/beta-2023-12-22-x86_64-unknown-linux-gnu/lib/rustlib/x86_64-unknown-linux-gnu/lib/librustc_std_workspace_core-e46bc3da6d7c462f.rlib" "/opt/rustwide/rustup-home/toolchains/beta-2023-12-22-x86_64-unknown-linux-gnu/lib/rustlib/x86_64-unknown-linux-gnu/lib/libcore-8d1ac131d3cb2645.rlib" "/opt/rustwide/rustup-home/toolchains/beta-2023-12-22-x86_64-unknown-linux-gnu/lib/rustlib/x86_64-unknown-linux-gnu/lib/libcompiler_builtins-a1b43df8c6899c1f.rlib" "-Wl,-Bdynamic" "-lgcc_s" "-lutil" "-lrt" "-lpthread" "-lm" "-ldl" "-lc" "-Wl,--eh-frame-hdr" "-Wl,-z,noexecstack" "-L" "/opt/rustwide/rustup-home/toolchains/beta-2023-12-22-x86_64-unknown-linux-gnu/lib/rustlib/x86_64-unknown-linux-gnu/lib" "-o" "/opt/rustwide/target/debug/examples/blinky_hal-3856a596746cee10" "-Wl,--gc-sections" "-pie" "-Wl,-z,relro,-z,now" "-nodefaultlibs"
[INFO] [stdout]   = note: /usr/bin/ld: /opt/rustwide/target/debug/examples/blinky_hal-3856a596746cee10.blinky_hal.ec1540e3ee6fd9a3-cgu.0.rcgu.o: in function `cortex_m::asm::delay':
[INFO] [stdout]           /opt/rustwide/cargo-home/registry/src/index.crates.io-6f17d22bba15001f/cortex-m-0.7.6/src/asm.rs:29: undefined reference to `__delay'
[INFO] [stdout]           /usr/bin/ld: /opt/rustwide/target/debug/examples/blinky_hal-3856a596746cee10.blinky_hal.ec1540e3ee6fd9a3-cgu.0.rcgu.o: in function `cortex_m::register::primask::read':
[INFO] [stdout]           /opt/rustwide/cargo-home/registry/src/index.crates.io-6f17d22bba15001f/cortex-m-0.7.6/src/register/primask.rs:29: undefined reference to `__primask_r'
[INFO] [stdout]           /usr/bin/ld: /opt/rustwide/target/debug/examples/blinky_hal-3856a596746cee10.blinky_hal.ec1540e3ee6fd9a3-cgu.0.rcgu.o: in function `cortex_m::interrupt::enable':
[INFO] [stdout]           /opt/rustwide/cargo-home/registry/src/index.crates.io-6f17d22bba15001f/cortex-m-0.7.6/src/interrupt.rs:48: undefined reference to `__cpsie'
[INFO] [stdout]           /usr/bin/ld: /opt/rustwide/target/debug/examples/blinky_hal-3856a596746cee10.blinky_hal.ec1540e3ee6fd9a3-cgu.0.rcgu.o: in function `cortex_m::interrupt::disable':
[INFO] [stdout]           /opt/rustwide/cargo-home/registry/src/index.crates.io-6f17d22bba15001f/cortex-m-0.7.6/src/interrupt.rs:38: undefined reference to `__cpsid'
[INFO] [stdout]           /usr/bin/ld: /opt/rustwide/target/debug/deps/libstm32h7xx_hal-f15fee64881d258c.rlib(stm32h7xx_hal-f15fee64881d258c.stm32h7xx_hal.4e415039735a0438-cgu.07.rcgu.o): in function `cortex_m::interrupt::enable':
[INFO] [stdout]           /opt/rustwide/cargo-home/registry/src/index.crates.io-6f17d22bba15001f/cortex-m-0.7.6/src/interrupt.rs:48: undefined reference to `__cpsie'
[INFO] [stdout]           /usr/bin/ld: /opt/rustwide/target/debug/deps/libstm32h7xx_hal-f15fee64881d258c.rlib(stm32h7xx_hal-f15fee64881d258c.stm32h7xx_hal.4e415039735a0438-cgu.07.rcgu.o): in function `cortex_m::interrupt::disable':
[INFO] [stdout]           /opt/rustwide/cargo-home/registry/src/index.crates.io-6f17d22bba15001f/cortex-m-0.7.6/src/interrupt.rs:38: undefined reference to `__cpsid'
[INFO] [stdout]           /usr/bin/ld: /opt/rustwide/target/debug/deps/libstm32h7xx_hal-f15fee64881d258c.rlib(stm32h7xx_hal-f15fee64881d258c.stm32h7xx_hal.4e415039735a0438-cgu.12.rcgu.o): in function `cortex_m::register::primask::read':
[INFO] [stdout]           /opt/rustwide/cargo-home/registry/src/index.crates.io-6f17d22bba15001f/cortex-m-0.7.6/src/register/primask.rs:29: undefined reference to `__primask_r'
[INFO] [stdout]           collect2: error: ld returned 1 exit status
[INFO] [stdout]           
[INFO] [stdout]   = note: some `extern` functions couldn't be found; some native libraries may need to be installed or have their path specified
[INFO] [stdout]   = note: use the `-l` flag to specify native libraries to link
[INFO] [stdout]   = note: use the `cargo:rustc-link-lib` directive to specify the native libraries to link with Cargo (see https://doc.rust-lang.org/cargo/reference/build-scripts.html#cargorustc-link-libkindname)
[INFO] [stdout] 
[INFO] [stdout] 
[INFO] [stdout] error: aborting due to 1 previous error
[INFO] [stdout] 
[INFO] [stdout] 
[INFO] [stderr] error: could not compile `nucleo-h7xx` (example "blinky_hal") due to 2 previous errors
[INFO] [stderr] warning: build failed, waiting for other jobs to finish...
[INFO] [stdout] error: linking with `cc` failed: exit status: 1
[INFO] [stdout]   |
[INFO] [stdout]   = note: LC_ALL="C" PATH="/opt/rustwide/rustup-home/toolchains/beta-2023-12-22-x86_64-unknown-linux-gnu/lib/rustlib/x86_64-unknown-linux-gnu/bin:/opt/rustwide/cargo-home/bin:/usr/local/sbin:/usr/local/bin:/usr/sbin:/usr/bin:/sbin:/bin" VSLANG="1033" "cc" "-m64" "/tmp/rustcVP8MtO/symbols.o" "/opt/rustwide/target/debug/examples/blinky_pac-1fd14491ab495b7e.blinky_pac.9e55f32e31b98698-cgu.0.rcgu.o" "/opt/rustwide/target/debug/examples/blinky_pac-1fd14491ab495b7e.4h7514intj0ea9vw.rcgu.o" "-Wl,--as-needed" "-L" "/opt/rustwide/target/debug/deps" "-L" "/opt/rustwide/target/debug/build/nucleo-h7xx-0cb2485d3641dbfe/out" "-L" "/opt/rustwide/target/debug/build/cortex-m-rt-77c41e5e22f6bb56/out" "-L" "/opt/rustwide/target/debug/build/stm32h7-40dea1bc292b2521/out" "-L" "/opt/rustwide/rustup-home/toolchains/beta-2023-12-22-x86_64-unknown-linux-gnu/lib/rustlib/x86_64-unknown-linux-gnu/lib" "-Wl,-Bstatic" "/opt/rustwide/target/debug/deps/libnucleo_h7xx-fb1cc0127fb85b9a.rlib" "/opt/rustwide/target/debug/deps/libstm32h7xx_hal-f15fee64881d258c.rlib" "/opt/rustwide/target/debug/deps/libembedded_dma-4972d66761bd45bf.rlib" "/opt/rustwide/target/debug/deps/libstable_deref_trait-8a99dcd5e5cbe421.rlib" "/opt/rustwide/target/debug/deps/libfugit-46257ba68d3b2940.rlib" "/opt/rustwide/target/debug/deps/libgcd-6ef5f8c3e467685f.rlib" "/opt/rustwide/target/debug/deps/libcast-99d915c1c3f7d8bf.rlib" "/opt/rustwide/target/debug/deps/libstm32h7-bc0aa11f9af84878.rlib" "/opt/rustwide/target/debug/deps/libcortex_m-7d57e2b084d43275.rlib" "/opt/rustwide/target/debug/deps/libvolatile_register-17b72fd121270a6b.rlib" "/opt/rustwide/target/debug/deps/libvcell-655c7e21aef9f24b.rlib" "/opt/rustwide/target/debug/deps/libbare_metal-d981cc6745986370.rlib" "/opt/rustwide/target/debug/deps/libembedded_hal-3454b5b207e0b651.rlib" "/opt/rustwide/target/debug/deps/libvoid-83564eafa4ffe73c.rlib" "/opt/rustwide/target/debug/deps/libnb-78bb867e03f26f96.rlib" "/opt/rustwide/target/debug/deps/libnb-0273079d9740cce1.rlib" "/opt/rustwide/target/debug/deps/libpanic_semihosting-67fdbd455974446c.rlib" "/opt/rustwide/rustup-home/toolchains/beta-2023-12-22-x86_64-unknown-linux-gnu/lib/rustlib/x86_64-unknown-linux-gnu/lib/libstd-0672489a78b613de.rlib" "/opt/rustwide/rustup-home/toolchains/beta-2023-12-22-x86_64-unknown-linux-gnu/lib/rustlib/x86_64-unknown-linux-gnu/lib/libpanic_unwind-7eb3ffc34a49f675.rlib" "/opt/rustwide/rustup-home/toolchains/beta-2023-12-22-x86_64-unknown-linux-gnu/lib/rustlib/x86_64-unknown-linux-gnu/lib/libobject-6478a9daa4bee8e2.rlib" "/opt/rustwide/rustup-home/toolchains/beta-2023-12-22-x86_64-unknown-linux-gnu/lib/rustlib/x86_64-unknown-linux-gnu/lib/libmemchr-0c75d871a5c3923d.rlib" "/opt/rustwide/rustup-home/toolchains/beta-2023-12-22-x86_64-unknown-linux-gnu/lib/rustlib/x86_64-unknown-linux-gnu/lib/libaddr2line-d163ef63ad37bb71.rlib" "/opt/rustwide/rustup-home/toolchains/beta-2023-12-22-x86_64-unknown-linux-gnu/lib/rustlib/x86_64-unknown-linux-gnu/lib/libgimli-8a3fd810a85b9f4c.rlib" "/opt/rustwide/rustup-home/toolchains/beta-2023-12-22-x86_64-unknown-linux-gnu/lib/rustlib/x86_64-unknown-linux-gnu/lib/librustc_demangle-462a2cde8c5dfc10.rlib" "/opt/rustwide/rustup-home/toolchains/beta-2023-12-22-x86_64-unknown-linux-gnu/lib/rustlib/x86_64-unknown-linux-gnu/lib/libstd_detect-cb06ac9f54713f71.rlib" "/opt/rustwide/rustup-home/toolchains/beta-2023-12-22-x86_64-unknown-linux-gnu/lib/rustlib/x86_64-unknown-linux-gnu/lib/libhashbrown-f20bfd1f8e59b393.rlib" "/opt/rustwide/rustup-home/toolchains/beta-2023-12-22-x86_64-unknown-linux-gnu/lib/rustlib/x86_64-unknown-linux-gnu/lib/librustc_std_workspace_alloc-1ef460949b49da4b.rlib" "/opt/rustwide/rustup-home/toolchains/beta-2023-12-22-x86_64-unknown-linux-gnu/lib/rustlib/x86_64-unknown-linux-gnu/lib/libminiz_oxide-2cb0c0ffe4f87514.rlib" "/opt/rustwide/rustup-home/toolchains/beta-2023-12-22-x86_64-unknown-linux-gnu/lib/rustlib/x86_64-unknown-linux-gnu/lib/libadler-58d841eb322a11a2.rlib" "/opt/rustwide/rustup-home/toolchains/beta-2023-12-22-x86_64-unknown-linux-gnu/lib/rustlib/x86_64-unknown-linux-gnu/lib/libunwind-aa2ae0b0a9d11533.rlib" "/opt/rustwide/rustup-home/toolchains/beta-2023-12-22-x86_64-unknown-linux-gnu/lib/rustlib/x86_64-unknown-linux-gnu/lib/libcfg_if-23874e15830ed336.rlib" "/opt/rustwide/rustup-home/toolchains/beta-2023-12-22-x86_64-unknown-linux-gnu/lib/rustlib/x86_64-unknown-linux-gnu/lib/liblibc-e47cddc003bce885.rlib" "/opt/rustwide/rustup-home/toolchains/beta-2023-12-22-x86_64-unknown-linux-gnu/lib/rustlib/x86_64-unknown-linux-gnu/lib/liballoc-c22b13b48a8f128e.rlib" "/opt/rustwide/target/debug/deps/libcortex_m_rt-37024ccc3a5b0727.rlib" "/opt/rustwide/rustup-home/toolchains/beta-2023-12-22-x86_64-unknown-linux-gnu/lib/rustlib/x86_64-unknown-linux-gnu/lib/librustc_std_workspace_core-e46bc3da6d7c462f.rlib" "/opt/rustwide/rustup-home/toolchains/beta-2023-12-22-x86_64-unknown-linux-gnu/lib/rustlib/x86_64-unknown-linux-gnu/lib/libcore-8d1ac131d3cb2645.rlib" "/opt/rustwide/rustup-home/toolchains/beta-2023-12-22-x86_64-unknown-linux-gnu/lib/rustlib/x86_64-unknown-linux-gnu/lib/libcompiler_builtins-a1b43df8c6899c1f.rlib" "-Wl,-Bdynamic" "-lgcc_s" "-lutil" "-lrt" "-lpthread" "-lm" "-ldl" "-lc" "-Wl,--eh-frame-hdr" "-Wl,-z,noexecstack" "-L" "/opt/rustwide/rustup-home/toolchains/beta-2023-12-22-x86_64-unknown-linux-gnu/lib/rustlib/x86_64-unknown-linux-gnu/lib" "-o" "/opt/rustwide/target/debug/examples/blinky_pac-1fd14491ab495b7e" "-Wl,--gc-sections" "-pie" "-Wl,-z,relro,-z,now" "-nodefaultlibs"
[INFO] [stdout]   = note: /usr/bin/ld: /opt/rustwide/target/debug/examples/blinky_pac-1fd14491ab495b7e.blinky_pac.9e55f32e31b98698-cgu.0.rcgu.o: in function `cortex_m::asm::delay':
[INFO] [stdout]           /opt/rustwide/cargo-home/registry/src/index.crates.io-6f17d22bba15001f/cortex-m-0.7.6/src/asm.rs:29: undefined reference to `__delay'
[INFO] [stdout]           /usr/bin/ld: /opt/rustwide/target/debug/examples/blinky_pac-1fd14491ab495b7e.blinky_pac.9e55f32e31b98698-cgu.0.rcgu.o: in function `cortex_m::register::primask::read':
[INFO] [stdout]           /opt/rustwide/cargo-home/registry/src/index.crates.io-6f17d22bba15001f/cortex-m-0.7.6/src/register/primask.rs:29: undefined reference to `__primask_r'
[INFO] [stdout]           /usr/bin/ld: /opt/rustwide/target/debug/examples/blinky_pac-1fd14491ab495b7e.blinky_pac.9e55f32e31b98698-cgu.0.rcgu.o: in function `cortex_m::interrupt::enable':
[INFO] [stdout]           /opt/rustwide/cargo-home/registry/src/index.crates.io-6f17d22bba15001f/cortex-m-0.7.6/src/interrupt.rs:48: undefined reference to `__cpsie'
[INFO] [stdout]           /usr/bin/ld: /opt/rustwide/target/debug/examples/blinky_pac-1fd14491ab495b7e.blinky_pac.9e55f32e31b98698-cgu.0.rcgu.o: in function `cortex_m::interrupt::disable':
[INFO] [stdout]           /opt/rustwide/cargo-home/registry/src/index.crates.io-6f17d22bba15001f/cortex-m-0.7.6/src/interrupt.rs:38: undefined reference to `__cpsid'
[INFO] [stdout]           collect2: error: ld returned 1 exit status
[INFO] [stdout]           
[INFO] [stdout]   = note: some `extern` functions couldn't be found; some native libraries may need to be installed or have their path specified
[INFO] [stdout]   = note: use the `-l` flag to specify native libraries to link
[INFO] [stdout]   = note: use the `cargo:rustc-link-lib` directive to specify the native libraries to link with Cargo (see https://doc.rust-lang.org/cargo/reference/build-scripts.html#cargorustc-link-libkindname)
[INFO] [stdout] 
[INFO] [stdout] 
[INFO] [stdout] error: aborting due to 1 previous error
[INFO] [stdout] 
[INFO] [stdout] 
[INFO] [stdout] error: linking with `cc` failed: exit status: 1
[INFO] [stdout]   |
[INFO] [stdout]   = note: LC_ALL="C" PATH="/opt/rustwide/rustup-home/toolchains/beta-2023-12-22-x86_64-unknown-linux-gnu/lib/rustlib/x86_64-unknown-linux-gnu/bin:/opt/rustwide/cargo-home/bin:/usr/local/sbin:/usr/local/bin:/usr/sbin:/usr/bin:/sbin:/bin" VSLANG="1033" "cc" "-m64" "/tmp/rustcEadxIM/symbols.o" "/opt/rustwide/target/debug/examples/blinky-7d7e9a14deaff5fb.blinky.c0936d5e75e7de5b-cgu.0.rcgu.o" "/opt/rustwide/target/debug/examples/blinky-7d7e9a14deaff5fb.1ll0q9eg6dc54kkw.rcgu.o" "-Wl,--as-needed" "-L" "/opt/rustwide/target/debug/deps" "-L" "/opt/rustwide/target/debug/build/nucleo-h7xx-0cb2485d3641dbfe/out" "-L" "/opt/rustwide/target/debug/build/cortex-m-rt-77c41e5e22f6bb56/out" "-L" "/opt/rustwide/target/debug/build/stm32h7-40dea1bc292b2521/out" "-L" "/opt/rustwide/rustup-home/toolchains/beta-2023-12-22-x86_64-unknown-linux-gnu/lib/rustlib/x86_64-unknown-linux-gnu/lib" "-Wl,-Bstatic" "/opt/rustwide/target/debug/deps/libnucleo_h7xx-fb1cc0127fb85b9a.rlib" "/opt/rustwide/target/debug/deps/libstm32h7xx_hal-f15fee64881d258c.rlib" "/opt/rustwide/target/debug/deps/libembedded_dma-4972d66761bd45bf.rlib" "/opt/rustwide/target/debug/deps/libstable_deref_trait-8a99dcd5e5cbe421.rlib" "/opt/rustwide/target/debug/deps/libfugit-46257ba68d3b2940.rlib" "/opt/rustwide/target/debug/deps/libgcd-6ef5f8c3e467685f.rlib" "/opt/rustwide/target/debug/deps/libcast-99d915c1c3f7d8bf.rlib" "/opt/rustwide/target/debug/deps/libstm32h7-bc0aa11f9af84878.rlib" "/opt/rustwide/target/debug/deps/libcortex_m-7d57e2b084d43275.rlib" "/opt/rustwide/target/debug/deps/libvolatile_register-17b72fd121270a6b.rlib" "/opt/rustwide/target/debug/deps/libvcell-655c7e21aef9f24b.rlib" "/opt/rustwide/target/debug/deps/libbare_metal-d981cc6745986370.rlib" "/opt/rustwide/target/debug/deps/libembedded_hal-3454b5b207e0b651.rlib" "/opt/rustwide/target/debug/deps/libvoid-83564eafa4ffe73c.rlib" "/opt/rustwide/target/debug/deps/libnb-78bb867e03f26f96.rlib" "/opt/rustwide/target/debug/deps/libnb-0273079d9740cce1.rlib" "/opt/rustwide/target/debug/deps/libpanic_semihosting-67fdbd455974446c.rlib" "/opt/rustwide/rustup-home/toolchains/beta-2023-12-22-x86_64-unknown-linux-gnu/lib/rustlib/x86_64-unknown-linux-gnu/lib/libstd-0672489a78b613de.rlib" "/opt/rustwide/rustup-home/toolchains/beta-2023-12-22-x86_64-unknown-linux-gnu/lib/rustlib/x86_64-unknown-linux-gnu/lib/libpanic_unwind-7eb3ffc34a49f675.rlib" "/opt/rustwide/rustup-home/toolchains/beta-2023-12-22-x86_64-unknown-linux-gnu/lib/rustlib/x86_64-unknown-linux-gnu/lib/libobject-6478a9daa4bee8e2.rlib" "/opt/rustwide/rustup-home/toolchains/beta-2023-12-22-x86_64-unknown-linux-gnu/lib/rustlib/x86_64-unknown-linux-gnu/lib/libmemchr-0c75d871a5c3923d.rlib" "/opt/rustwide/rustup-home/toolchains/beta-2023-12-22-x86_64-unknown-linux-gnu/lib/rustlib/x86_64-unknown-linux-gnu/lib/libaddr2line-d163ef63ad37bb71.rlib" "/opt/rustwide/rustup-home/toolchains/beta-2023-12-22-x86_64-unknown-linux-gnu/lib/rustlib/x86_64-unknown-linux-gnu/lib/libgimli-8a3fd810a85b9f4c.rlib" "/opt/rustwide/rustup-home/toolchains/beta-2023-12-22-x86_64-unknown-linux-gnu/lib/rustlib/x86_64-unknown-linux-gnu/lib/librustc_demangle-462a2cde8c5dfc10.rlib" "/opt/rustwide/rustup-home/toolchains/beta-2023-12-22-x86_64-unknown-linux-gnu/lib/rustlib/x86_64-unknown-linux-gnu/lib/libstd_detect-cb06ac9f54713f71.rlib" "/opt/rustwide/rustup-home/toolchains/beta-2023-12-22-x86_64-unknown-linux-gnu/lib/rustlib/x86_64-unknown-linux-gnu/lib/libhashbrown-f20bfd1f8e59b393.rlib" "/opt/rustwide/rustup-home/toolchains/beta-2023-12-22-x86_64-unknown-linux-gnu/lib/rustlib/x86_64-unknown-linux-gnu/lib/librustc_std_workspace_alloc-1ef460949b49da4b.rlib" "/opt/rustwide/rustup-home/toolchains/beta-2023-12-22-x86_64-unknown-linux-gnu/lib/rustlib/x86_64-unknown-linux-gnu/lib/libminiz_oxide-2cb0c0ffe4f87514.rlib" "/opt/rustwide/rustup-home/toolchains/beta-2023-12-22-x86_64-unknown-linux-gnu/lib/rustlib/x86_64-unknown-linux-gnu/lib/libadler-58d841eb322a11a2.rlib" "/opt/rustwide/rustup-home/toolchains/beta-2023-12-22-x86_64-unknown-linux-gnu/lib/rustlib/x86_64-unknown-linux-gnu/lib/libunwind-aa2ae0b0a9d11533.rlib" "/opt/rustwide/rustup-home/toolchains/beta-2023-12-22-x86_64-unknown-linux-gnu/lib/rustlib/x86_64-unknown-linux-gnu/lib/libcfg_if-23874e15830ed336.rlib" "/opt/rustwide/rustup-home/toolchains/beta-2023-12-22-x86_64-unknown-linux-gnu/lib/rustlib/x86_64-unknown-linux-gnu/lib/liblibc-e47cddc003bce885.rlib" "/opt/rustwide/rustup-home/toolchains/beta-2023-12-22-x86_64-unknown-linux-gnu/lib/rustlib/x86_64-unknown-linux-gnu/lib/liballoc-c22b13b48a8f128e.rlib" "/opt/rustwide/target/debug/deps/libcortex_m_rt-37024ccc3a5b0727.rlib" "/opt/rustwide/rustup-home/toolchains/beta-2023-12-22-x86_64-unknown-linux-gnu/lib/rustlib/x86_64-unknown-linux-gnu/lib/librustc_std_workspace_core-e46bc3da6d7c462f.rlib" "/opt/rustwide/rustup-home/toolchains/beta-2023-12-22-x86_64-unknown-linux-gnu/lib/rustlib/x86_64-unknown-linux-gnu/lib/libcore-8d1ac131d3cb2645.rlib" "/opt/rustwide/rustup-home/toolchains/beta-2023-12-22-x86_64-unknown-linux-gnu/lib/rustlib/x86_64-unknown-linux-gnu/lib/libcompiler_builtins-a1b43df8c6899c1f.rlib" "-Wl,-Bdynamic" "-lgcc_s" "-lutil" "-lrt" "-lpthread" "-lm" "-ldl" "-lc" "-Wl,--eh-frame-hdr" "-Wl,-z,noexecstack" "-L" "/opt/rustwide/rustup-home/toolchains/beta-2023-12-22-x86_64-unknown-linux-gnu/lib/rustlib/x86_64-unknown-linux-gnu/lib" "-o" "/opt/rustwide/target/debug/examples/blinky-7d7e9a14deaff5fb" "-Wl,--gc-sections" "-pie" "-Wl,-z,relro,-z,now" "-nodefaultlibs"
[INFO] [stdout]   = note: /usr/bin/ld: /opt/rustwide/target/debug/examples/blinky-7d7e9a14deaff5fb.blinky.c0936d5e75e7de5b-cgu.0.rcgu.o: in function `cortex_m::asm::delay':
[INFO] [stdout]           /opt/rustwide/cargo-home/registry/src/index.crates.io-6f17d22bba15001f/cortex-m-0.7.6/src/asm.rs:29: undefined reference to `__delay'
[INFO] [stdout]           /usr/bin/ld: /opt/rustwide/target/debug/examples/blinky-7d7e9a14deaff5fb.blinky.c0936d5e75e7de5b-cgu.0.rcgu.o: in function `cortex_m::register::primask::read':
[INFO] [stdout]           /opt/rustwide/cargo-home/registry/src/index.crates.io-6f17d22bba15001f/cortex-m-0.7.6/src/register/primask.rs:29: undefined reference to `__primask_r'
[INFO] [stdout]           /usr/bin/ld: /opt/rustwide/target/debug/examples/blinky-7d7e9a14deaff5fb.blinky.c0936d5e75e7de5b-cgu.0.rcgu.o: in function `cortex_m::interrupt::enable':
[INFO] [stdout]           /opt/rustwide/cargo-home/registry/src/index.crates.io-6f17d22bba15001f/cortex-m-0.7.6/src/interrupt.rs:48: undefined reference to `__cpsie'
[INFO] [stdout]           /usr/bin/ld: /opt/rustwide/target/debug/examples/blinky-7d7e9a14deaff5fb.blinky.c0936d5e75e7de5b-cgu.0.rcgu.o: in function `cortex_m::interrupt::disable':
[INFO] [stdout]           /opt/rustwide/cargo-home/registry/src/index.crates.io-6f17d22bba15001f/cortex-m-0.7.6/src/interrupt.rs:38: undefined reference to `__cpsid'
[INFO] [stdout]           /usr/bin/ld: /opt/rustwide/target/debug/deps/libnucleo_h7xx-fb1cc0127fb85b9a.rlib(nucleo_h7xx-fb1cc0127fb85b9a.nucleo_h7xx.7bc85e6eac5d3624-cgu.0.rcgu.o): in function `cortex_m::peripheral::scb::<impl cortex_m::peripheral::SCB>::enable_icache':
[INFO] [stdout]           /opt/rustwide/cargo-home/registry/src/index.crates.io-6f17d22bba15001f/cortex-m-0.7.6/src/peripheral/scb.rs:346: undefined reference to `__enable_icache'
[INFO] [stdout]           /usr/bin/ld: /opt/rustwide/target/debug/deps/libnucleo_h7xx-fb1cc0127fb85b9a.rlib(nucleo_h7xx-fb1cc0127fb85b9a.nucleo_h7xx.7bc85e6eac5d3624-cgu.0.rcgu.o): in function `cortex_m::asm::dsb':
[INFO] [stdout]           /opt/rustwide/cargo-home/registry/src/index.crates.io-6f17d22bba15001f/cortex-m-0.7.6/src/asm.rs:82: undefined reference to `__dsb'
[INFO] [stdout]           /usr/bin/ld: /opt/rustwide/target/debug/deps/libnucleo_h7xx-fb1cc0127fb85b9a.rlib(nucleo_h7xx-fb1cc0127fb85b9a.nucleo_h7xx.7bc85e6eac5d3624-cgu.0.rcgu.o): in function `cortex_m::asm::isb':
[INFO] [stdout]           /opt/rustwide/cargo-home/registry/src/index.crates.io-6f17d22bba15001f/cortex-m-0.7.6/src/asm.rs:70: undefined reference to `__isb'
[INFO] [stdout]           /usr/bin/ld: /opt/rustwide/target/debug/deps/libstm32h7xx_hal-f15fee64881d258c.rlib(stm32h7xx_hal-f15fee64881d258c.stm32h7xx_hal.4e415039735a0438-cgu.07.rcgu.o): in function `cortex_m::interrupt::enable':
[INFO] [stdout]           /opt/rustwide/cargo-home/registry/src/index.crates.io-6f17d22bba15001f/cortex-m-0.7.6/src/interrupt.rs:48: undefined reference to `__cpsie'
[INFO] [stdout]           /usr/bin/ld: /opt/rustwide/target/debug/deps/libstm32h7xx_hal-f15fee64881d258c.rlib(stm32h7xx_hal-f15fee64881d258c.stm32h7xx_hal.4e415039735a0438-cgu.07.rcgu.o): in function `cortex_m::interrupt::disable':
[INFO] [stdout]           /opt/rustwide/cargo-home/registry/src/index.crates.io-6f17d22bba15001f/cortex-m-0.7.6/src/interrupt.rs:38: undefined reference to `__cpsid'
[INFO] [stdout]           /usr/bin/ld: /opt/rustwide/target/debug/deps/libstm32h7xx_hal-f15fee64881d258c.rlib(stm32h7xx_hal-f15fee64881d258c.stm32h7xx_hal.4e415039735a0438-cgu.12.rcgu.o): in function `cortex_m::register::primask::read':
[INFO] [stdout]           /opt/rustwide/cargo-home/registry/src/index.crates.io-6f17d22bba15001f/cortex-m-0.7.6/src/register/primask.rs:29: undefined reference to `__primask_r'
[INFO] [stdout]           collect2: error: ld returned 1 exit status
[INFO] [stdout]           
[INFO] [stdout]   = note: some `extern` functions couldn't be found; some native libraries may need to be installed or have their path specified
[INFO] [stdout]   = note: use the `-l` flag to specify native libraries to link
[INFO] [stdout]   = note: use the `cargo:rustc-link-lib` directive to specify the native libraries to link with Cargo (see https://doc.rust-lang.org/cargo/reference/build-scripts.html#cargorustc-link-libkindname)
[INFO] [stdout] 
[INFO] [stdout] 
[INFO] [stdout] error: aborting due to 1 previous error
[INFO] [stdout] 
[INFO] [stdout] 
[INFO] [stderr] error: could not compile `nucleo-h7xx` (example "blinky_pac") due to 2 previous errors
[INFO] [stderr] error: could not compile `nucleo-h7xx` (example "blinky") due to 2 previous errors
[INFO] [stdout] error: linking with `cc` failed: exit status: 1
[INFO] [stdout]   |
[INFO] [stdout]   = note: LC_ALL="C" PATH="/opt/rustwide/rustup-home/toolchains/beta-2023-12-22-x86_64-unknown-linux-gnu/lib/rustlib/x86_64-unknown-linux-gnu/bin:/opt/rustwide/cargo-home/bin:/usr/local/sbin:/usr/local/bin:/usr/sbin:/usr/bin:/sbin:/bin" VSLANG="1033" "cc" "-m64" "/tmp/rustcxGHzoG/symbols.o" "/opt/rustwide/target/debug/examples/button-5642638322b680f8.button.f26f874a34d2edd7-cgu.0.rcgu.o" "/opt/rustwide/target/debug/examples/button-5642638322b680f8.1sr56i7sgr9xov2x.rcgu.o" "-Wl,--as-needed" "-L" "/opt/rustwide/target/debug/deps" "-L" "/opt/rustwide/target/debug/build/nucleo-h7xx-0cb2485d3641dbfe/out" "-L" "/opt/rustwide/target/debug/build/cortex-m-rt-77c41e5e22f6bb56/out" "-L" "/opt/rustwide/target/debug/build/stm32h7-40dea1bc292b2521/out" "-L" "/opt/rustwide/rustup-home/toolchains/beta-2023-12-22-x86_64-unknown-linux-gnu/lib/rustlib/x86_64-unknown-linux-gnu/lib" "-Wl,-Bstatic" "/opt/rustwide/target/debug/deps/libnucleo_h7xx-fb1cc0127fb85b9a.rlib" "/opt/rustwide/target/debug/deps/libstm32h7xx_hal-f15fee64881d258c.rlib" "/opt/rustwide/target/debug/deps/libembedded_dma-4972d66761bd45bf.rlib" "/opt/rustwide/target/debug/deps/libstable_deref_trait-8a99dcd5e5cbe421.rlib" "/opt/rustwide/target/debug/deps/libfugit-46257ba68d3b2940.rlib" "/opt/rustwide/target/debug/deps/libgcd-6ef5f8c3e467685f.rlib" "/opt/rustwide/target/debug/deps/libcast-99d915c1c3f7d8bf.rlib" "/opt/rustwide/target/debug/deps/libstm32h7-bc0aa11f9af84878.rlib" "/opt/rustwide/target/debug/deps/libpanic_semihosting-67fdbd455974446c.rlib" "/opt/rustwide/rustup-home/toolchains/beta-2023-12-22-x86_64-unknown-linux-gnu/lib/rustlib/x86_64-unknown-linux-gnu/lib/libstd-0672489a78b613de.rlib" "/opt/rustwide/rustup-home/toolchains/beta-2023-12-22-x86_64-unknown-linux-gnu/lib/rustlib/x86_64-unknown-linux-gnu/lib/libpanic_unwind-7eb3ffc34a49f675.rlib" "/opt/rustwide/rustup-home/toolchains/beta-2023-12-22-x86_64-unknown-linux-gnu/lib/rustlib/x86_64-unknown-linux-gnu/lib/libobject-6478a9daa4bee8e2.rlib" "/opt/rustwide/rustup-home/toolchains/beta-2023-12-22-x86_64-unknown-linux-gnu/lib/rustlib/x86_64-unknown-linux-gnu/lib/libmemchr-0c75d871a5c3923d.rlib" "/opt/rustwide/rustup-home/toolchains/beta-2023-12-22-x86_64-unknown-linux-gnu/lib/rustlib/x86_64-unknown-linux-gnu/lib/libaddr2line-d163ef63ad37bb71.rlib" "/opt/rustwide/rustup-home/toolchains/beta-2023-12-22-x86_64-unknown-linux-gnu/lib/rustlib/x86_64-unknown-linux-gnu/lib/libgimli-8a3fd810a85b9f4c.rlib" "/opt/rustwide/rustup-home/toolchains/beta-2023-12-22-x86_64-unknown-linux-gnu/lib/rustlib/x86_64-unknown-linux-gnu/lib/librustc_demangle-462a2cde8c5dfc10.rlib" "/opt/rustwide/rustup-home/toolchains/beta-2023-12-22-x86_64-unknown-linux-gnu/lib/rustlib/x86_64-unknown-linux-gnu/lib/libstd_detect-cb06ac9f54713f71.rlib" "/opt/rustwide/rustup-home/toolchains/beta-2023-12-22-x86_64-unknown-linux-gnu/lib/rustlib/x86_64-unknown-linux-gnu/lib/libhashbrown-f20bfd1f8e59b393.rlib" "/opt/rustwide/rustup-home/toolchains/beta-2023-12-22-x86_64-unknown-linux-gnu/lib/rustlib/x86_64-unknown-linux-gnu/lib/librustc_std_workspace_alloc-1ef460949b49da4b.rlib" "/opt/rustwide/rustup-home/toolchains/beta-2023-12-22-x86_64-unknown-linux-gnu/lib/rustlib/x86_64-unknown-linux-gnu/lib/libminiz_oxide-2cb0c0ffe4f87514.rlib" "/opt/rustwide/rustup-home/toolchains/beta-2023-12-22-x86_64-unknown-linux-gnu/lib/rustlib/x86_64-unknown-linux-gnu/lib/libadler-58d841eb322a11a2.rlib" "/opt/rustwide/rustup-home/toolchains/beta-2023-12-22-x86_64-unknown-linux-gnu/lib/rustlib/x86_64-unknown-linux-gnu/lib/libunwind-aa2ae0b0a9d11533.rlib" "/opt/rustwide/rustup-home/toolchains/beta-2023-12-22-x86_64-unknown-linux-gnu/lib/rustlib/x86_64-unknown-linux-gnu/lib/libcfg_if-23874e15830ed336.rlib" "/opt/rustwide/rustup-home/toolchains/beta-2023-12-22-x86_64-unknown-linux-gnu/lib/rustlib/x86_64-unknown-linux-gnu/lib/liblibc-e47cddc003bce885.rlib" "/opt/rustwide/rustup-home/toolchains/beta-2023-12-22-x86_64-unknown-linux-gnu/lib/rustlib/x86_64-unknown-linux-gnu/lib/liballoc-c22b13b48a8f128e.rlib" "/opt/rustwide/target/debug/deps/libcortex_m_rt-37024ccc3a5b0727.rlib" "/opt/rustwide/target/debug/deps/libcortex_m-7d57e2b084d43275.rlib" "/opt/rustwide/target/debug/deps/libembedded_hal-3454b5b207e0b651.rlib" "/opt/rustwide/target/debug/deps/libvoid-83564eafa4ffe73c.rlib" "/opt/rustwide/target/debug/deps/libnb-78bb867e03f26f96.rlib" "/opt/rustwide/target/debug/deps/libnb-0273079d9740cce1.rlib" "/opt/rustwide/target/debug/deps/libvolatile_register-17b72fd121270a6b.rlib" "/opt/rustwide/target/debug/deps/libvcell-655c7e21aef9f24b.rlib" "/opt/rustwide/target/debug/deps/libbare_metal-d981cc6745986370.rlib" "/opt/rustwide/rustup-home/toolchains/beta-2023-12-22-x86_64-unknown-linux-gnu/lib/rustlib/x86_64-unknown-linux-gnu/lib/librustc_std_workspace_core-e46bc3da6d7c462f.rlib" "/opt/rustwide/rustup-home/toolchains/beta-2023-12-22-x86_64-unknown-linux-gnu/lib/rustlib/x86_64-unknown-linux-gnu/lib/libcore-8d1ac131d3cb2645.rlib" "/opt/rustwide/rustup-home/toolchains/beta-2023-12-22-x86_64-unknown-linux-gnu/lib/rustlib/x86_64-unknown-linux-gnu/lib/libcompiler_builtins-a1b43df8c6899c1f.rlib" "-Wl,-Bdynamic" "-lgcc_s" "-lutil" "-lrt" "-lpthread" "-lm" "-ldl" "-lc" "-Wl,--eh-frame-hdr" "-Wl,-z,noexecstack" "-L" "/opt/rustwide/rustup-home/toolchains/beta-2023-12-22-x86_64-unknown-linux-gnu/lib/rustlib/x86_64-unknown-linux-gnu/lib" "-o" "/opt/rustwide/target/debug/examples/button-5642638322b680f8" "-Wl,--gc-sections" "-pie" "-Wl,-z,relro,-z,now" "-nodefaultlibs"
[INFO] [stdout]   = note: /usr/bin/ld: /opt/rustwide/target/debug/examples/button-5642638322b680f8.button.f26f874a34d2edd7-cgu.0.rcgu.o: in function `cortex_m::asm::wfi':
[INFO] [stdout]           /opt/rustwide/cargo-home/registry/src/index.crates.io-6f17d22bba15001f/cortex-m-0.7.6/src/asm.rs:55: undefined reference to `__wfi'
[INFO] [stdout]           /usr/bin/ld: /opt/rustwide/target/debug/examples/button-5642638322b680f8.button.f26f874a34d2edd7-cgu.0.rcgu.o: in function `cortex_m::register::primask::read':
[INFO] [stdout]           /opt/rustwide/cargo-home/registry/src/index.crates.io-6f17d22bba15001f/cortex-m-0.7.6/src/register/primask.rs:29: undefined reference to `__primask_r'
[INFO] [stdout]           /usr/bin/ld: /opt/rustwide/target/debug/examples/button-5642638322b680f8.button.f26f874a34d2edd7-cgu.0.rcgu.o: in function `cortex_m::interrupt::enable':
[INFO] [stdout]           /opt/rustwide/cargo-home/registry/src/index.crates.io-6f17d22bba15001f/cortex-m-0.7.6/src/interrupt.rs:48: undefined reference to `__cpsie'
[INFO] [stdout]           /usr/bin/ld: /opt/rustwide/target/debug/examples/button-5642638322b680f8.button.f26f874a34d2edd7-cgu.0.rcgu.o: in function `cortex_m::interrupt::disable':
[INFO] [stdout]           /opt/rustwide/cargo-home/registry/src/index.crates.io-6f17d22bba15001f/cortex-m-0.7.6/src/interrupt.rs:38: undefined reference to `__cpsid'
[INFO] [stdout]           /usr/bin/ld: /opt/rustwide/target/debug/deps/libnucleo_h7xx-fb1cc0127fb85b9a.rlib(nucleo_h7xx-fb1cc0127fb85b9a.nucleo_h7xx.7bc85e6eac5d3624-cgu.0.rcgu.o): in function `cortex_m::peripheral::scb::<impl cortex_m::peripheral::SCB>::enable_icache':
[INFO] [stdout]           /opt/rustwide/cargo-home/registry/src/index.crates.io-6f17d22bba15001f/cortex-m-0.7.6/src/peripheral/scb.rs:346: undefined reference to `__enable_icache'
[INFO] [stdout]           /usr/bin/ld: /opt/rustwide/target/debug/deps/libnucleo_h7xx-fb1cc0127fb85b9a.rlib(nucleo_h7xx-fb1cc0127fb85b9a.nucleo_h7xx.7bc85e6eac5d3624-cgu.0.rcgu.o): in function `cortex_m::asm::dsb':
[INFO] [stdout]           /opt/rustwide/cargo-home/registry/src/index.crates.io-6f17d22bba15001f/cortex-m-0.7.6/src/asm.rs:82: undefined reference to `__dsb'
[INFO] [stdout]           /usr/bin/ld: /opt/rustwide/target/debug/deps/libnucleo_h7xx-fb1cc0127fb85b9a.rlib(nucleo_h7xx-fb1cc0127fb85b9a.nucleo_h7xx.7bc85e6eac5d3624-cgu.0.rcgu.o): in function `cortex_m::asm::isb':
[INFO] [stdout]           /opt/rustwide/cargo-home/registry/src/index.crates.io-6f17d22bba15001f/cortex-m-0.7.6/src/asm.rs:70: undefined reference to `__isb'
[INFO] [stdout]           /usr/bin/ld: /opt/rustwide/target/debug/deps/libstm32h7xx_hal-f15fee64881d258c.rlib(stm32h7xx_hal-f15fee64881d258c.stm32h7xx_hal.4e415039735a0438-cgu.07.rcgu.o): in function `cortex_m::interrupt::enable':
[INFO] [stdout]           /opt/rustwide/cargo-home/registry/src/index.crates.io-6f17d22bba15001f/cortex-m-0.7.6/src/interrupt.rs:48: undefined reference to `__cpsie'
[INFO] [stdout]           /usr/bin/ld: /opt/rustwide/target/debug/deps/libstm32h7xx_hal-f15fee64881d258c.rlib(stm32h7xx_hal-f15fee64881d258c.stm32h7xx_hal.4e415039735a0438-cgu.07.rcgu.o): in function `cortex_m::interrupt::disable':
[INFO] [stdout]           /opt/rustwide/cargo-home/registry/src/index.crates.io-6f17d22bba15001f/cortex-m-0.7.6/src/interrupt.rs:38: undefined reference to `__cpsid'
[INFO] [stdout]           /usr/bin/ld: /opt/rustwide/target/debug/deps/libstm32h7xx_hal-f15fee64881d258c.rlib(stm32h7xx_hal-f15fee64881d258c.stm32h7xx_hal.4e415039735a0438-cgu.12.rcgu.o): in function `cortex_m::register::primask::read':
[INFO] [stdout]           /opt/rustwide/cargo-home/registry/src/index.crates.io-6f17d22bba15001f/cortex-m-0.7.6/src/register/primask.rs:29: undefined reference to `__primask_r'
[INFO] [stdout]           collect2: error: ld returned 1 exit status
[INFO] [stdout]           
[INFO] [stdout]   = note: some `extern` functions couldn't be found; some native libraries may need to be installed or have their path specified
[INFO] [stdout]   = note: use the `-l` flag to specify native libraries to link
[INFO] [stdout]   = note: use the `cargo:rustc-link-lib` directive to specify the native libraries to link with Cargo (see https://doc.rust-lang.org/cargo/reference/build-scripts.html#cargorustc-link-libkindname)
[INFO] [stdout] 
[INFO] [stdout] 
[INFO] [stdout] error: aborting due to 1 previous error
[INFO] [stdout] 
[INFO] [stdout] 
[INFO] [stderr] error: could not compile `nucleo-h7xx` (example "button") due to 2 previous errors
[INFO] running `Command { std: "docker" "inspect" "26db005c2022a43d0dc77898bd7a3dad39be71dc4a1fa062321f648200d75974", kill_on_drop: false }`
[INFO] running `Command { std: "docker" "rm" "-f" "26db005c2022a43d0dc77898bd7a3dad39be71dc4a1fa062321f648200d75974", kill_on_drop: false }`
[INFO] [stdout] 26db005c2022a43d0dc77898bd7a3dad39be71dc4a1fa062321f648200d75974
